The Swift Package Index logo.Swift Package Index

Build Information

Failed to build sendOtp, reference 1.0.2 (b00762), with Swift 6.4 for Android on 29 Sep 2026 00:08:42 UTC.

Build Command

bash -c docker run --pull=always --rm -v "checkouts-54344845-0":/host -w "$PWD" -e JAVA_HOME="/root/.sdkman/candidates/java/current" -e SPI_BUILD="1" -e SPI_PROCESSING="1" registry.gitlab.com/saguaro1/spi-images:android-6.4-latest swift build --swift-sdk aarch64-unknown-linux-android28 2>&1

Build Log

========================================
RunAll
========================================
Builder version: 5.1.0
Interrupt handler set up.
========================================
Checkout
========================================
Clone URL: https://github.com/Walkover-Web-Solution/MSG91-sendOTP_Swift_SDK.git
Reference: 1.0.2
Initialized empty Git repository in /host/spi-builder-workspace/.git/
hint: Using 'master' as the name for the initial branch. This default branch name
hint: is subject to change. To configure the initial branch name to use in all
hint: of your new repositories, which will suppress this warning, call:
hint:
hint: 	git config --global init.defaultBranch <name>
hint:
hint: Names commonly chosen instead of 'master' are 'main', 'trunk' and
hint: 'development'. The just-created branch can be renamed via this command:
hint:
hint: 	git branch -m <name>
From https://github.com/Walkover-Web-Solution/MSG91-sendOTP_Swift_SDK
 * tag               1.0.2      -> FETCH_HEAD
HEAD is now at b007622 Update Swift package installation instructions to latest release
Cloned https://github.com/Walkover-Web-Solution/MSG91-sendOTP_Swift_SDK.git
Revision (git rev-parse @):
b007622e0b146e984cd78f5124527a8b41108c31
SUCCESS checkout https://github.com/Walkover-Web-Solution/MSG91-sendOTP_Swift_SDK.git at 1.0.2
========================================
Build
========================================
Selected platform:         android
Swift version:             6.4
Building package at path:  $PWD
https://github.com/Walkover-Web-Solution/MSG91-sendOTP_Swift_SDK.git
Running build ...
bash -c docker run --pull=always --rm -v "checkouts-54344845-0":/host -w "$PWD" -e JAVA_HOME="/root/.sdkman/candidates/java/current" -e SPI_BUILD="1" -e SPI_PROCESSING="1" registry.gitlab.com/saguaro1/spi-images:android-6.4-latest swift build --swift-sdk aarch64-unknown-linux-android28 2>&1
android-6.4-latest: Pulling from saguaro1/spi-images
Digest: sha256:abadcff584c273feba50641b454858d377ba30b35ea7287a94f45ebd8afd0ea0
Status: Image is up to date for registry.gitlab.com/saguaro1/spi-images:android-6.4-latest
Building for debugging...
[Planning deferred tasks]
[22 / 30] sendOtp
error: SwiftCompile normal aarch64 /host/spi-builder-workspace/Sources/sendOtp/ApiService.swift failed with a nonzero exit code. Command line:     cd /host
    builtin-SwiftPerFileCompile ApiService.swift
/host/spi-builder-workspace/Sources/sendOtp/ApiService.swift:53:23: error: cannot find 'URLRequest' in scope
 51 |         }
 52 |
 53 |         var request = URLRequest(url: url)
    |                       `- error: cannot find 'URLRequest' in scope
 54 |         request.httpMethod = "POST"
 55 |         request.addValue("application/json", forHTTPHeaderField: "Content-Type")
/host/spi-builder-workspace/Sources/sendOtp/ApiService.swift:67:31: error: type 'URLSession' (aka 'AnyObject') has no member 'shared'
 65 |
 66 |
 67 |         let task = URLSession.shared.dataTask(with: request) { data, response, error in
    |                               `- error: type 'URLSession' (aka 'AnyObject') has no member 'shared'
 68 |             if let error = error {
 69 |                 completion(.failure(error))
/host/spi-builder-workspace/Sources/sendOtp/ApiService.swift:100:23: error: cannot find 'URLRequest' in scope
 98 |         }
 99 |
100 |         var request = URLRequest(url: url)
    |                       `- error: cannot find 'URLRequest' in scope
101 |         request.httpMethod = "GET"
102 |         request.setValue("application/json", forHTTPHeaderField: "Content-Type")
/host/spi-builder-workspace/Sources/sendOtp/ApiService.swift:104:20: error: type 'URLSession' (aka 'AnyObject') has no member 'shared'
102 |         request.setValue("application/json", forHTTPHeaderField: "Content-Type")
103 |
104 |         URLSession.shared.dataTask(with: request){ data, response, error in
    |                    `- error: type 'URLSession' (aka 'AnyObject') has no member 'shared'
105 |             if let error = error {
106 |                 completion(.failure(error))
Failed frontend command:
/root/.local/share/swiftly/toolchains/6.4.x-snapshot-2026-09-04/usr/bin/swift-frontend -frontend -c -primary-file /host/spi-builder-workspace/Sources/sendOtp/ApiService.swift /host/spi-builder-workspace/Sources/sendOtp/sendOtp.swift -emit-dependencies-path /host/spi-builder-workspace/.build/out/Intermediates.noindex/sendOtp.build/Debug-android-aarch64/sendOtp-t.build/Objects-normal/aarch64/ApiService.d -emit-const-values-path /host/spi-builder-workspace/.build/out/Intermediates.noindex/sendOtp.build/Debug-android-aarch64/sendOtp-t.build/Objects-normal/aarch64/ApiService.swiftconstvalues -emit-reference-dependencies-path /host/spi-builder-workspace/.build/out/Intermediates.noindex/sendOtp.build/Debug-android-aarch64/sendOtp-t.build/Objects-normal/aarch64/ApiService.swiftdeps -serialize-diagnostics-path /host/spi-builder-workspace/.build/out/Intermediates.noindex/sendOtp.build/Debug-android-aarch64/sendOtp-t.build/Objects-normal/aarch64/ApiService.dia -target aarch64-unknown-linux-android28 -Xllvm -aarch64-use-tbi -disable-objc-interop -sdk /android-ndk/android-ndk-r27d/toolchains/llvm/prebuilt/linux-x86_64/sysroot -sysroot /android-ndk/android-ndk-r27d/toolchains/llvm/prebuilt/linux-x86_64/sysroot -I /host/spi-builder-workspace/.build/out/Products/Debug-android-aarch64 -module-cache-path /host/spi-builder-workspace/.build/out/ModuleCache.noindex -color-diagnostics -Xcc -fcolor-diagnostics -enable-testing -g -debug-info-format\=dwarf -dwarf-version\=4 -swift-version 5 -Onone -D SWIFT_PACKAGE -D DEBUG -D SWIFT_MODULE_RESOURCE_BUNDLE_UNAVAILABLE -D Xcode -serialize-debugging-options -enable-experimental-feature DebugDescriptionMacro -empty-abi-descriptor -external-plugin-path /root/.local/share/swiftly/toolchains/6.4.x-snapshot-2026-09-04/usr/lib/swift/host/plugins/testing\#/root/.local/share/swiftly/toolchains/6.4.x-snapshot-2026-09-04/usr/bin/swift-plugin-server -validate-clang-modules-once -clang-build-session-file /host/spi-builder-workspace/.build/out/ModuleCache.noindex/Session.modulevalidation -Xcc -working-directory -Xcc /host -resource-dir /root/.swiftpm/swift-sdks/swift-6.4.x-DEVELOPMENT-SNAPSHOT-2026-09-04-a_android.artifactbundle/swift-android/swift-resources/usr/lib/swift-aarch64 -enable-anonymous-context-mangled-names -file-compilation-dir /host -Xcc -resource-dir -Xcc /android-ndk/android-ndk-r27d/toolchains/llvm/prebuilt/linux-x86_64/lib/clang/18 -Xcc -fno-omit-frame-pointer -Xcc -D_LIBCPP_HARDENING_MODE\=_LIBCPP_HARDENING_MODE_DEBUG -Xcc -fmodules-prune-interval\=86400 -Xcc -fmodules-prune-after\=345600 -Xcc -I/host/spi-builder-workspace/.build/out/Products/Debug-android-aarch64/include -Xcc -I/host/spi-builder-workspace/.build/out/Intermediates.noindex/sendOtp.build/Debug-android-aarch64/sendOtp-t.build/DerivedSources-normal/aarch64 -Xcc -I/host/spi-builder-workspace/.build/out/Intermediates.noindex/sendOtp.build/Debug-android-aarch64/sendOtp-t.build/DerivedSources/aarch64 -Xcc -I/host/spi-builder-workspace/.build/out/Intermediates.noindex/sendOtp.build/Debug-android-aarch64/sendOtp-t.build/DerivedSources -Xcc -DSWIFT_PACKAGE -Xcc -DDEBUG\=1 -no-auto-bridging-header-chaining -module-name sendOtp -package-name spi_builder_workspace -const-gather-protocols-file /host/spi-builder-workspace/.build/out/Intermediates.noindex/sendOtp.build/Debug-android-aarch64/sendOtp-t.build/Objects-normal/aarch64/sendOtp_const_extract_protocols.json -in-process-plugin-server-path /root/.local/share/swiftly/toolchains/6.4.x-snapshot-2026-09-04/usr/lib/swift/host/libSwiftInProcPluginServer.so -plugin-path /root/.local/share/swiftly/toolchains/6.4.x-snapshot-2026-09-04/usr/lib/swift/host/plugins -plugin-path /root/.local/share/swiftly/toolchains/6.4.x-snapshot-2026-09-04/usr/local/lib/swift/host/plugins -parse-as-library -o /host/spi-builder-workspace/.build/out/Intermediates.noindex/sendOtp.build/Debug-android-aar[27 / 30] sendOtp
ch64/sendOtp-t.build/Objects-normal/aarch64/ApiService.o -index-unit-output-path /sendOtp.build/Debug-android-aarch64/sendOtp-t.build/Objects-normal/aarch64/ApiService.o -index-store-path /host/spi-builder-workspace/.build/out -index-system-modules
error: Build failed
BUILD FAILURE 6.4 android