Build Information
Failed to build SwiftySensors, reference master (334b9a), with Swift 6.4 for watchOS using Xcode 27.0 on 16 Sep 2026 23:39:30 UTC.
Build Command
env DEVELOPER_DIR=/Applications/Xcode-27.0.0-Release.Candidate.app xcrun xcodebuild -IDEClonedSourcePackagesDirPathOverride=$PWD/.dependencies -skipMacroValidation -skipPackagePluginValidation -derivedDataPath $PWD/.derivedData build -scheme SwiftySensors -destination generic/platform=watchOSBuild Log
========================================
RunAll
========================================
Builder version: 5.1.0
Interrupt handler set up.
========================================
Checkout
========================================
Clone URL: https://github.com/codeinversion/sensors-swift.git
Reference: master
Initialized empty Git repository in /Users/admin/builder/spi-builder-workspace/.git/
From https://github.com/codeinversion/sensors-swift
* branch master -> FETCH_HEAD
* [new branch] master -> origin/master
HEAD is now at 334b9a4 Adding additional platforms to SPM Package file
Cloned https://github.com/codeinversion/sensors-swift.git
Revision (git rev-parse @):
334b9a4636501bc10daae26ecef23dd667fc3054
SUCCESS checkout https://github.com/codeinversion/sensors-swift.git at master
========================================
Build
========================================
Selected platform: watchOS
Swift version: 6.4
Building package at path: $PWD
https://github.com/codeinversion/sensors-swift.git
Command line invocation:
/Applications/Xcode-27.0.0-Release.Candidate.app/Contents/Developer/usr/bin/xcodebuild -IDEClonedSourcePackagesDirPathOverride=/Users/admin/builder/spi-builder-workspace/.dependencies -resolvePackageDependencies
resolved source packages:
{
"dependencies" : [
{
"identity" : "signals",
"requirement" : {
"range" : [
{
"lower_bound" : "6.1.0",
"upper_bound" : "7.0.0"
}
]
},
"type" : "sourceControl",
"url" : "https://github.com/artman/Signals"
}
],
"manifest_display_name" : "SwiftySensors",
"name" : "SwiftySensors",
"path" : "/Users/admin/builder/spi-builder-workspace",
"platforms" : [
{
"name" : "macos",
"version" : "10.13"
},
{
"name" : "ios",
"version" : "9.0"
},
{
"name" : "tvos",
"version" : "9.0"
},
{
"name" : "watchos",
"version" : "4.0"
}
],
"products" : [
{
"name" : "SwiftySensors",
"targets" : [
"SwiftySensors"
],
"type" : {
"library" : [
"automatic"
]
}
}
],
"targets" : [
{
"c99name" : "SwiftySensors",
"module_type" : "SwiftTarget",
"name" : "SwiftySensors",
"path" : "Sources/SwiftySensors",
"product_dependencies" : [
"Signals"
],
"product_memberships" : [
"SwiftySensors"
],
"sources" : [
"Characteristic.swift",
"CoreBluetooth.swift",
"CyclingPowerSerializer.swift",
"CyclingPowerService.swift",
"CyclingSerializer.swift",
"CyclingSpeedCadenceSerializer.swift",
"CyclingSpeedCadenceService.swift",
"DeviceInformationService.swift",
"FitnessMachineSerializer.swift",
"FitnessMachineService.swift",
"HeartRateSerializer.swift",
"HeartRateService.swift",
"Operators.swift",
"RSSINormalizer.swift",
"Sensor.swift",
"SensorManager.swift",
"Service.swift"
],
"type" : "library"
}
],
"tools_version" : "5.1"
}
{
"project" : {
"configurations" : [
"Debug",
"Release"
],
"name" : "SwiftySensors",
"schemes" : [
"SwiftySensors iOS",
"SwiftySensors macOS",
"SwiftySensors tvOS",
"SwiftySensorsExample"
],
"targets" : [
"SwiftySensors iOS",
"SwiftySensors macOS",
"SwiftySensors tvOS",
"SwiftySensorsExample"
]
}
}
{
"workspace" : {
"name" : "SwiftySensors",
"schemes" : [
"SwiftySensors"
]
}
}
2026-09-16 19:39:18.449 xcodebuild[651:4139] [MT] IDERunDestination: Supported platforms for the buildables in the current scheme is empty.
Running build ...
env DEVELOPER_DIR=/Applications/Xcode-27.0.0-Release.Candidate.app xcrun xcodebuild -IDEClonedSourcePackagesDirPathOverride=$PWD/.dependencies -skipMacroValidation -skipPackagePluginValidation -derivedDataPath $PWD/.derivedData build -scheme SwiftySensors -destination generic/platform=watchOS
Command line invocation:
/Applications/Xcode-27.0.0-Release.Candidate.app/Contents/Developer/usr/bin/xcodebuild -IDEClonedSourcePackagesDirPathOverride=/Users/admin/builder/spi-builder-workspace/.dependencies -skipMacroValidation -skipPackagePluginValidation -derivedDataPath /Users/admin/builder/spi-builder-workspace/.derivedData build -scheme SwiftySensors -destination generic/platform=watchOS
Resolve Package Graph
Resolve Package Graph
Resolved source packages:
SwiftySensors: /Users/admin/builder/spi-builder-workspace
Signals: https://github.com/artman/Signals @ 6.1.0
ComputePackagePrebuildTargetDependencyGraph
Prepare packages
CreateBuildRequest
SendProjectDescription
CreateBuildOperation
ComputeTargetDependencyGraph
note: Building targets in dependency order
note: Target dependency graph (4 targets)
Target 'SwiftySensors-product' in project 'SwiftySensors'
➜ Explicit dependency on target 'SwiftySensors' in project 'SwiftySensors'
➜ Explicit dependency on target 'Signals-product' in project 'Signals'
Target 'SwiftySensors' in project 'SwiftySensors'
➜ Explicit dependency on target 'Signals-product' in project 'Signals'
Target 'Signals-product' in project 'Signals'
➜ Explicit dependency on target 'Signals' in project 'Signals'
Target 'Signals' in project 'Signals' (no dependencies)
GatherProvisioningInputs
CreateBuildDescription
ExecuteExternalTool /Applications/Xcode-27.0.0-Release.Candidate.app/Contents/Developer/Toolchains/XcodeDefault.xctoolchain/usr/bin/clang -v -E -dM -isysroot /Applications/Xcode-27.0.0-Release.Candidate.app/Contents/Developer/Platforms/WatchOS.platform/Developer/SDKs/WatchOS27.0.sdk -x c -c /dev/null
ExecuteExternalTool /Applications/Xcode-27.0.0-Release.Candidate.app/Contents/Developer/Toolchains/XcodeDefault.xctoolchain/usr/bin/swiftc --version
ExecuteExternalTool /Applications/Xcode-27.0.0-Release.Candidate.app/Contents/Developer/Toolchains/XcodeDefault.xctoolchain/usr/bin/ld -version_details
Build description signature: f6c68cfbb84c80eb03b3682139ea4e62
Build description path: /Users/admin/builder/spi-builder-workspace/.derivedData/Build/Intermediates.noindex/XCBuildData/f6c68cfbb84c80eb03b3682139ea4e62.xcbuilddata
CreateBuildDirectory /Users/admin/builder/spi-builder-workspace/.derivedData/SDKExplicitPrecompiledModules
cd /Users/admin/builder/spi-builder-workspace/.swiftpm/xcode
builtin-create-build-directory /Users/admin/builder/spi-builder-workspace/.derivedData/SDKExplicitPrecompiledModules
CreateBuildDirectory /Users/admin/builder/spi-builder-workspace/.derivedData/CompilationCache.noindex
cd /Users/admin/builder/spi-builder-workspace/.swiftpm/xcode
builtin-create-build-directory /Users/admin/builder/spi-builder-workspace/.derivedData/CompilationCache.noindex
CreateBuildDirectory /Users/admin/builder/spi-builder-workspace/.derivedData/ModuleCache.noindex
cd /Users/admin/builder/spi-builder-workspace/.swiftpm/xcode
builtin-create-build-directory /Users/admin/builder/spi-builder-workspace/.derivedData/ModuleCache.noindex
CreateBuildDirectory /Users/admin/builder/spi-builder-workspace/.derivedData/Build/Products
cd /Users/admin/builder/spi-builder-workspace/.swiftpm/xcode
builtin-create-build-directory /Users/admin/builder/spi-builder-workspace/.derivedData/Build/Products
CreateBuildDirectory /Users/admin/builder/spi-builder-workspace/.derivedData/Build/Intermediates.noindex
cd /Users/admin/builder/spi-builder-workspace/.swiftpm/xcode
builtin-create-build-directory /Users/admin/builder/spi-builder-workspace/.derivedData/Build/Intermediates.noindex
ClangStatCache /Applications/Xcode-27.0.0-Release.Candidate.app/Contents/Developer/Toolchains/XcodeDefault.xctoolchain/usr/bin/clang-stat-cache /Applications/Xcode-27.0.0-Release.Candidate.app/Contents/Developer/Platforms/WatchOS.platform/Developer/SDKs/WatchOS27.0.sdk /Users/admin/builder/spi-builder-workspace/.derivedData/SDKStatCaches.noindex/watchos27.0-24R360-e829b21a6f8c9b70876ba0858053c04477534ef55a1706bf4c1112bbb242f0a2.sdkstatcache
cd /Users/admin/builder/spi-builder-workspace/.swiftpm/xcode
/Applications/Xcode-27.0.0-Release.Candidate.app/Contents/Developer/Toolchains/XcodeDefault.xctoolchain/usr/bin/clang-stat-cache /Applications/Xcode-27.0.0-Release.Candidate.app/Contents/Developer/Platforms/WatchOS.platform/Developer/SDKs/WatchOS27.0.sdk -o /Users/admin/builder/spi-builder-workspace/.derivedData/SDKStatCaches.noindex/watchos27.0-24R360-e829b21a6f8c9b70876ba0858053c04477534ef55a1706bf4c1112bbb242f0a2.sdkstatcache
CreateBuildDirectory /Users/admin/builder/spi-builder-workspace/.derivedData/Build/Intermediates.noindex/SwiftExplicitPrecompiledModules
cd /Users/admin/builder/spi-builder-workspace/.swiftpm/xcode
builtin-create-build-directory /Users/admin/builder/spi-builder-workspace/.derivedData/Build/Intermediates.noindex/SwiftExplicitPrecompiledModules
CreateBuildDirectory /Users/admin/builder/spi-builder-workspace/.derivedData/Build/Intermediates.noindex/PrecompiledHeaders
cd /Users/admin/builder/spi-builder-workspace/.swiftpm/xcode
builtin-create-build-directory /Users/admin/builder/spi-builder-workspace/.derivedData/Build/Intermediates.noindex/PrecompiledHeaders
CreateBuildDirectory /Users/admin/builder/spi-builder-workspace/.derivedData/Build/Products/Debug-watchos
cd /Users/admin/builder/spi-builder-workspace/.swiftpm/xcode
builtin-create-build-directory /Users/admin/builder/spi-builder-workspace/.derivedData/Build/Products/Debug-watchos
CreateBuildDirectory /Users/admin/builder/spi-builder-workspace/.derivedData/Build/Intermediates.noindex/ExplicitPrecompiledModules
cd /Users/admin/builder/spi-builder-workspace/.swiftpm/xcode
builtin-create-build-directory /Users/admin/builder/spi-builder-workspace/.derivedData/Build/Intermediates.noindex/ExplicitPrecompiledModules
CreateBuildDirectory /Users/admin/builder/spi-builder-workspace/.derivedData/Build/Intermediates.noindex/EagerLinkingTBDs/Debug-watchos
cd /Users/admin/builder/spi-builder-workspace/.swiftpm/xcode
builtin-create-build-directory /Users/admin/builder/spi-builder-workspace/.derivedData/Build/Intermediates.noindex/EagerLinkingTBDs/Debug-watchos
CreateBuildDirectory /Users/admin/builder/spi-builder-workspace/.derivedData/Build/Products/Debug-watchos/PackageFrameworks
cd /Users/admin/builder/spi-builder-workspace/.swiftpm/xcode
builtin-create-build-directory /Users/admin/builder/spi-builder-workspace/.derivedData/Build/Products/Debug-watchos/PackageFrameworks
WriteAuxiliaryFile /Users/admin/builder/spi-builder-workspace/.derivedData/Build/Intermediates.noindex/SwiftySensors.build/Debug-watchos/SwiftySensors-t.build/SwiftySensors.modulemap (in target 'SwiftySensors' from project 'SwiftySensors')
cd /Users/admin/builder/spi-builder-workspace
write-file /Users/admin/builder/spi-builder-workspace/.derivedData/Build/Intermediates.noindex/SwiftySensors.build/Debug-watchos/SwiftySensors-t.build/SwiftySensors.modulemap
WriteAuxiliaryFile /Users/admin/builder/spi-builder-workspace/.derivedData/Build/Intermediates.noindex/SwiftySensors.build/Debug-watchos/SwiftySensors-t.build/SwiftySensors.DependencyStaticMetadataFileList (in target 'SwiftySensors' from project 'SwiftySensors')
cd /Users/admin/builder/spi-builder-workspace
write-file /Users/admin/builder/spi-builder-workspace/.derivedData/Build/Intermediates.noindex/SwiftySensors.build/Debug-watchos/SwiftySensors-t.build/SwiftySensors.DependencyStaticMetadataFileList
WriteAuxiliaryFile /Users/admin/builder/spi-builder-workspace/.derivedData/Build/Intermediates.noindex/SwiftySensors.build/Debug-watchos/SwiftySensors-t.build/SwiftySensors.DependencyMetadataFileList (in target 'SwiftySensors' from project 'SwiftySensors')
cd /Users/admin/builder/spi-builder-workspace
write-file /Users/admin/builder/spi-builder-workspace/.derivedData/Build/Intermediates.noindex/SwiftySensors.build/Debug-watchos/SwiftySensors-t.build/SwiftySensors.DependencyMetadataFileList
WriteAuxiliaryFile /Users/admin/builder/spi-builder-workspace/.derivedData/Build/Intermediates.noindex/SwiftySensors.build/Debug-watchos/SwiftySensors-t.build/Objects-normal/arm64/SwiftySensors_const_extract_protocols.json (in target 'SwiftySensors' from project 'SwiftySensors')
cd /Users/admin/builder/spi-builder-workspace
write-file /Users/admin/builder/spi-builder-workspace/.derivedData/Build/Intermediates.noindex/SwiftySensors.build/Debug-watchos/SwiftySensors-t.build/Objects-normal/arm64/SwiftySensors_const_extract_protocols.json
WriteAuxiliaryFile /Users/admin/builder/spi-builder-workspace/.derivedData/Build/Intermediates.noindex/SwiftySensors.build/Debug-watchos/SwiftySensors-t.build/Objects-normal/arm64_32/SwiftySensors.SwiftFileList (in target 'SwiftySensors' from project 'SwiftySensors')
cd /Users/admin/builder/spi-builder-workspace
write-file /Users/admin/builder/spi-builder-workspace/.derivedData/Build/Intermediates.noindex/SwiftySensors.build/Debug-watchos/SwiftySensors-t.build/Objects-normal/arm64_32/SwiftySensors.SwiftFileList
WriteAuxiliaryFile /Users/admin/builder/spi-builder-workspace/.derivedData/Build/Intermediates.noindex/SwiftySensors.build/Debug-watchos/SwiftySensors-t.build/Objects-normal/arm64_32/SwiftySensors_const_extract_protocols.json (in target 'SwiftySensors' from project 'SwiftySensors')
cd /Users/admin/builder/spi-builder-workspace
write-file /Users/admin/builder/spi-builder-workspace/.derivedData/Build/Intermediates.noindex/SwiftySensors.build/Debug-watchos/SwiftySensors-t.build/Objects-normal/arm64_32/SwiftySensors_const_extract_protocols.json
WriteAuxiliaryFile /Users/admin/builder/spi-builder-workspace/.derivedData/Build/Intermediates.noindex/SwiftySensors.build/Debug-watchos/SwiftySensors-t.build/Objects-normal/arm64_32/SwiftySensors.SwiftConstValuesFileList (in target 'SwiftySensors' from project 'SwiftySensors')
cd /Users/admin/builder/spi-builder-workspace
write-file /Users/admin/builder/spi-builder-workspace/.derivedData/Build/Intermediates.noindex/SwiftySensors.build/Debug-watchos/SwiftySensors-t.build/Objects-normal/arm64_32/SwiftySensors.SwiftConstValuesFileList
WriteAuxiliaryFile /Users/admin/builder/spi-builder-workspace/.derivedData/Build/Intermediates.noindex/SwiftySensors.build/Debug-watchos/SwiftySensors-t.build/Objects-normal/arm64_32/SwiftySensors.LinkFileList (in target 'SwiftySensors' from project 'SwiftySensors')
cd /Users/admin/builder/spi-builder-workspace
write-file /Users/admin/builder/spi-builder-workspace/.derivedData/Build/Intermediates.noindex/SwiftySensors.build/Debug-watchos/SwiftySensors-t.build/Objects-normal/arm64_32/SwiftySensors.LinkFileList
WriteAuxiliaryFile /Users/admin/builder/spi-builder-workspace/.derivedData/Build/Intermediates.noindex/SwiftySensors.build/Debug-watchos/SwiftySensors-t.build/Objects-normal/arm64_32/SwiftySensors-OutputFileMap.json (in target 'SwiftySensors' from project 'SwiftySensors')
cd /Users/admin/builder/spi-builder-workspace
write-file /Users/admin/builder/spi-builder-workspace/.derivedData/Build/Intermediates.noindex/SwiftySensors.build/Debug-watchos/SwiftySensors-t.build/Objects-normal/arm64_32/SwiftySensors-OutputFileMap.json
WriteAuxiliaryFile /Users/admin/builder/spi-builder-workspace/.derivedData/Build/Intermediates.noindex/SwiftySensors.build/Debug-watchos/SwiftySensors-t.build/Objects-normal/arm64/SwiftySensors.SwiftFileList (in target 'SwiftySensors' from project 'SwiftySensors')
cd /Users/admin/builder/spi-builder-workspace
write-file /Users/admin/builder/spi-builder-workspace/.derivedData/Build/Intermediates.noindex/SwiftySensors.build/Debug-watchos/SwiftySensors-t.build/Objects-normal/arm64/SwiftySensors.SwiftFileList
WriteAuxiliaryFile /Users/admin/builder/spi-builder-workspace/.derivedData/Build/Intermediates.noindex/SwiftySensors.build/Debug-watchos/SwiftySensors-t.build/Objects-normal/arm64/SwiftySensors.SwiftConstValuesFileList (in target 'SwiftySensors' from project 'SwiftySensors')
cd /Users/admin/builder/spi-builder-workspace
write-file /Users/admin/builder/spi-builder-workspace/.derivedData/Build/Intermediates.noindex/SwiftySensors.build/Debug-watchos/SwiftySensors-t.build/Objects-normal/arm64/SwiftySensors.SwiftConstValuesFileList
WriteAuxiliaryFile /Users/admin/builder/spi-builder-workspace/.derivedData/Build/Intermediates.noindex/SwiftySensors.build/Debug-watchos/SwiftySensors-t.build/Objects-normal/arm64/SwiftySensors.LinkFileList (in target 'SwiftySensors' from project 'SwiftySensors')
cd /Users/admin/builder/spi-builder-workspace
write-file /Users/admin/builder/spi-builder-workspace/.derivedData/Build/Intermediates.noindex/SwiftySensors.build/Debug-watchos/SwiftySensors-t.build/Objects-normal/arm64/SwiftySensors.LinkFileList
WriteAuxiliaryFile /Users/admin/builder/spi-builder-workspace/.derivedData/Build/Intermediates.noindex/SwiftySensors.build/Debug-watchos/SwiftySensors-t.build/Objects-normal/arm64/SwiftySensors-OutputFileMap.json (in target 'SwiftySensors' from project 'SwiftySensors')
cd /Users/admin/builder/spi-builder-workspace
write-file /Users/admin/builder/spi-builder-workspace/.derivedData/Build/Intermediates.noindex/SwiftySensors.build/Debug-watchos/SwiftySensors-t.build/Objects-normal/arm64/SwiftySensors-OutputFileMap.json
Copy /Users/admin/builder/spi-builder-workspace/.derivedData/Build/Intermediates.noindex/GeneratedModuleMaps-watchos/SwiftySensors.modulemap /Users/admin/builder/spi-builder-workspace/.derivedData/Build/Intermediates.noindex/SwiftySensors.build/Debug-watchos/SwiftySensors-t.build/SwiftySensors.modulemap (in target 'SwiftySensors' from project 'SwiftySensors')
cd /Users/admin/builder/spi-builder-workspace
builtin-copy -exclude .DS_Store -exclude CVS -exclude .svn -exclude .git -exclude .hg -resolve-src-symlinks /Users/admin/builder/spi-builder-workspace/.derivedData/Build/Intermediates.noindex/SwiftySensors.build/Debug-watchos/SwiftySensors-t.build/SwiftySensors.modulemap /Users/admin/builder/spi-builder-workspace/.derivedData/Build/Intermediates.noindex/GeneratedModuleMaps-watchos
WriteAuxiliaryFile /Users/admin/builder/spi-builder-workspace/.derivedData/Build/Intermediates.noindex/Signals.build/Debug-watchos/Signals-t.build/Signals.DependencyStaticMetadataFileList (in target 'Signals' from project 'Signals')
cd /Users/admin/builder/spi-builder-workspace/.dependencies/checkouts/Signals
write-file /Users/admin/builder/spi-builder-workspace/.derivedData/Build/Intermediates.noindex/Signals.build/Debug-watchos/Signals-t.build/Signals.DependencyStaticMetadataFileList
WriteAuxiliaryFile /Users/admin/builder/spi-builder-workspace/.derivedData/Build/Intermediates.noindex/Signals.build/Debug-watchos/Signals-t.build/Signals.modulemap (in target 'Signals' from project 'Signals')
cd /Users/admin/builder/spi-builder-workspace/.dependencies/checkouts/Signals
write-file /Users/admin/builder/spi-builder-workspace/.derivedData/Build/Intermediates.noindex/Signals.build/Debug-watchos/Signals-t.build/Signals.modulemap
WriteAuxiliaryFile /Users/admin/builder/spi-builder-workspace/.derivedData/Build/Intermediates.noindex/Signals.build/Debug-watchos/Signals-t.build/Signals.DependencyMetadataFileList (in target 'Signals' from project 'Signals')
cd /Users/admin/builder/spi-builder-workspace/.dependencies/checkouts/Signals
write-file /Users/admin/builder/spi-builder-workspace/.derivedData/Build/Intermediates.noindex/Signals.build/Debug-watchos/Signals-t.build/Signals.DependencyMetadataFileList
WriteAuxiliaryFile /Users/admin/builder/spi-builder-workspace/.derivedData/Build/Intermediates.noindex/Signals.build/Debug-watchos/Signals-t.build/Objects-normal/arm64_32/Signals_const_extract_protocols.json (in target 'Signals' from project 'Signals')
cd /Users/admin/builder/spi-builder-workspace/.dependencies/checkouts/Signals
write-file /Users/admin/builder/spi-builder-workspace/.derivedData/Build/Intermediates.noindex/Signals.build/Debug-watchos/Signals-t.build/Objects-normal/arm64_32/Signals_const_extract_protocols.json
WriteAuxiliaryFile /Users/admin/builder/spi-builder-workspace/.derivedData/Build/Intermediates.noindex/Signals.build/Debug-watchos/Signals-t.build/Objects-normal/arm64_32/Signals.SwiftFileList (in target 'Signals' from project 'Signals')
cd /Users/admin/builder/spi-builder-workspace/.dependencies/checkouts/Signals
write-file /Users/admin/builder/spi-builder-workspace/.derivedData/Build/Intermediates.noindex/Signals.build/Debug-watchos/Signals-t.build/Objects-normal/arm64_32/Signals.SwiftFileList
WriteAuxiliaryFile /Users/admin/builder/spi-builder-workspace/.derivedData/Build/Intermediates.noindex/Signals.build/Debug-watchos/Signals-t.build/Objects-normal/arm64_32/Signals.SwiftConstValuesFileList (in target 'Signals' from project 'Signals')
cd /Users/admin/builder/spi-builder-workspace/.dependencies/checkouts/Signals
write-file /Users/admin/builder/spi-builder-workspace/.derivedData/Build/Intermediates.noindex/Signals.build/Debug-watchos/Signals-t.build/Objects-normal/arm64_32/Signals.SwiftConstValuesFileList
WriteAuxiliaryFile /Users/admin/builder/spi-builder-workspace/.derivedData/Build/Intermediates.noindex/Signals.build/Debug-watchos/Signals-t.build/Objects-normal/arm64_32/Signals.LinkFileList (in target 'Signals' from project 'Signals')
cd /Users/admin/builder/spi-builder-workspace/.dependencies/checkouts/Signals
write-file /Users/admin/builder/spi-builder-workspace/.derivedData/Build/Intermediates.noindex/Signals.build/Debug-watchos/Signals-t.build/Objects-normal/arm64_32/Signals.LinkFileList
WriteAuxiliaryFile /Users/admin/builder/spi-builder-workspace/.derivedData/Build/Intermediates.noindex/Signals.build/Debug-watchos/Signals-t.build/Objects-normal/arm64_32/Signals-OutputFileMap.json (in target 'Signals' from project 'Signals')
cd /Users/admin/builder/spi-builder-workspace/.dependencies/checkouts/Signals
write-file /Users/admin/builder/spi-builder-workspace/.derivedData/Build/Intermediates.noindex/Signals.build/Debug-watchos/Signals-t.build/Objects-normal/arm64_32/Signals-OutputFileMap.json
WriteAuxiliaryFile /Users/admin/builder/spi-builder-workspace/.derivedData/Build/Intermediates.noindex/Signals.build/Debug-watchos/Signals-t.build/Objects-normal/arm64/Signals_const_extract_protocols.json (in target 'Signals' from project 'Signals')
cd /Users/admin/builder/spi-builder-workspace/.dependencies/checkouts/Signals
write-file /Users/admin/builder/spi-builder-workspace/.derivedData/Build/Intermediates.noindex/Signals.build/Debug-watchos/Signals-t.build/Objects-normal/arm64/Signals_const_extract_protocols.json
WriteAuxiliaryFile /Users/admin/builder/spi-builder-workspace/.derivedData/Build/Intermediates.noindex/Signals.build/Debug-watchos/Signals-t.build/Objects-normal/arm64/Signals.SwiftFileList (in target 'Signals' from project 'Signals')
cd /Users/admin/builder/spi-builder-workspace/.dependencies/checkouts/Signals
write-file /Users/admin/builder/spi-builder-workspace/.derivedData/Build/Intermediates.noindex/Signals.build/Debug-watchos/Signals-t.build/Objects-normal/arm64/Signals.SwiftFileList
WriteAuxiliaryFile /Users/admin/builder/spi-builder-workspace/.derivedData/Build/Intermediates.noindex/Signals.build/Debug-watchos/Signals-t.build/Objects-normal/arm64/Signals.SwiftConstValuesFileList (in target 'Signals' from project 'Signals')
cd /Users/admin/builder/spi-builder-workspace/.dependencies/checkouts/Signals
write-file /Users/admin/builder/spi-builder-workspace/.derivedData/Build/Intermediates.noindex/Signals.build/Debug-watchos/Signals-t.build/Objects-normal/arm64/Signals.SwiftConstValuesFileList
WriteAuxiliaryFile /Users/admin/builder/spi-builder-workspace/.derivedData/Build/Intermediates.noindex/Signals.build/Debug-watchos/Signals-t.build/Objects-normal/arm64/Signals.LinkFileList (in target 'Signals' from project 'Signals')
cd /Users/admin/builder/spi-builder-workspace/.dependencies/checkouts/Signals
write-file /Users/admin/builder/spi-builder-workspace/.derivedData/Build/Intermediates.noindex/Signals.build/Debug-watchos/Signals-t.build/Objects-normal/arm64/Signals.LinkFileList
WriteAuxiliaryFile /Users/admin/builder/spi-builder-workspace/.derivedData/Build/Intermediates.noindex/Signals.build/Debug-watchos/Signals-t.build/Objects-normal/arm64/Signals-OutputFileMap.json (in target 'Signals' from project 'Signals')
cd /Users/admin/builder/spi-builder-workspace/.dependencies/checkouts/Signals
write-file /Users/admin/builder/spi-builder-workspace/.derivedData/Build/Intermediates.noindex/Signals.build/Debug-watchos/Signals-t.build/Objects-normal/arm64/Signals-OutputFileMap.json
Copy /Users/admin/builder/spi-builder-workspace/.derivedData/Build/Intermediates.noindex/GeneratedModuleMaps-watchos/Signals.modulemap /Users/admin/builder/spi-builder-workspace/.derivedData/Build/Intermediates.noindex/Signals.build/Debug-watchos/Signals-t.build/Signals.modulemap (in target 'Signals' from project 'Signals')
cd /Users/admin/builder/spi-builder-workspace/.dependencies/checkouts/Signals
builtin-copy -exclude .DS_Store -exclude CVS -exclude .svn -exclude .git -exclude .hg -resolve-src-symlinks /Users/admin/builder/spi-builder-workspace/.derivedData/Build/Intermediates.noindex/Signals.build/Debug-watchos/Signals-t.build/Signals.modulemap /Users/admin/builder/spi-builder-workspace/.derivedData/Build/Intermediates.noindex/GeneratedModuleMaps-watchos
SwiftDriver Signals normal arm64_32 com.apple.xcode.tools.swift.compiler (in target 'Signals' from project 'Signals')
cd /Users/admin/builder/spi-builder-workspace/.swiftpm/xcode
builtin-SwiftDriver -- /Applications/Xcode-27.0.0-Release.Candidate.app/Contents/Developer/Toolchains/XcodeDefault.xctoolchain/usr/bin/swiftc -parse-as-library -module-name Signals -Onone @/Users/admin/builder/spi-builder-workspace/.derivedData/Build/Intermediates.noindex/Signals.build/Debug-watchos/Signals-t.build/Objects-normal/arm64_32/Signals.SwiftFileList -DSWIFT_PACKAGE -DDEBUG -DSWIFT_MODULE_RESOURCE_BUNDLE_UNAVAILABLE -DXcode -plugin-path /Applications/Xcode-27.0.0-Release.Candidate.app/Contents/Developer/Toolchains/XcodeDefault.xctoolchain/usr/lib/swift/host/plugins/testing -enable-experimental-feature DebugDescriptionMacro -sdk /Applications/Xcode-27.0.0-Release.Candidate.app/Contents/Developer/Platforms/WatchOS.platform/Developer/SDKs/WatchOS27.0.sdk -target arm64_32-apple-watchos9.0 -g -module-cache-path /Users/admin/builder/spi-builder-workspace/.derivedData/ModuleCache.noindex -Xfrontend -serialize-debugging-options -enable-testing -suppress-warnings -index-store-path /Users/admin/builder/spi-builder-workspace/.derivedData/Index.noindex/DataStore -Xcc -D_LIBCPP_HARDENING_MODE\=_LIBCPP_HARDENING_MODE_DEBUG -swift-version 4.2 -I /Users/admin/builder/spi-builder-workspace/.derivedData/Build/Products/Debug-watchos -Isystem /Applications/Xcode-27.0.0-Release.Candidate.app/Contents/Developer/Platforms/WatchOS.platform/Developer/usr/lib -F /Users/admin/builder/spi-builder-workspace/.derivedData/Build/Products/Debug-watchos -F /Applications/Xcode-27.0.0-Release.Candidate.app/Contents/Developer/Platforms/WatchOS.platform/Developer/Library/Frameworks -F /Applications/Xcode-27.0.0-Release.Candidate.app/Contents/Developer/Platforms/WatchOS.platform/Developer/SDKs/WatchOS27.0.sdk/Developer/Library/Frameworks -c -j10 -enable-batch-mode -incremental -Xcc -ivfsstatcache -Xcc /Users/admin/builder/spi-builder-workspace/.derivedData/SDKStatCaches.noindex/watchos27.0-24R360-e829b21a6f8c9b70876ba0858053c04477534ef55a1706bf4c1112bbb242f0a2.sdkstatcache -output-file-map /Users/admin/builder/spi-builder-workspace/.derivedData/Build/Intermediates.noindex/Signals.build/Debug-watchos/Signals-t.build/Objects-normal/arm64_32/Signals-OutputFileMap.json -save-temps -no-color-diagnostics -emit-dependencies -emit-module -emit-module-path /Users/admin/builder/spi-builder-workspace/.derivedData/Build/Intermediates.noindex/Signals.build/Debug-watchos/Signals-t.build/Objects-normal/arm64_32/Signals.swiftmodule -serialize-diagnostics -validate-clang-modules-once -clang-build-session-file /Users/admin/builder/spi-builder-workspace/.derivedData/ModuleCache.noindex/Session.modulevalidation -Xcc -fmodules-prune-interval\=86400 -Xcc -fmodules-prune-after\=345600 -emit-const-values -const-gather-protocols-list /Users/admin/builder/spi-builder-workspace/.derivedData/Build/Intermediates.noindex/Signals.build/Debug-watchos/Signals-t.build/Objects-normal/arm64_32/Signals_const_extract_protocols.json -Xcc -I/Users/admin/builder/spi-builder-workspace/.derivedData/Build/Products/Debug-watchos/include -Xcc -I/Users/admin/builder/spi-builder-workspace/.derivedData/Build/Intermediates.noindex/Signals.build/Debug-watchos/Signals-t.build/DerivedSources-normal/arm64_32 -Xcc -I/Users/admin/builder/spi-builder-workspace/.derivedData/Build/Intermediates.noindex/Signals.build/Debug-watchos/Signals-t.build/DerivedSources/arm64_32 -Xcc -I/Users/admin/builder/spi-builder-workspace/.derivedData/Build/Intermediates.noindex/Signals.build/Debug-watchos/Signals-t.build/DerivedSources -Xcc -DSWIFT_PACKAGE -Xcc -DDEBUG\=1 -emit-objc-header -emit-objc-header-path /Users/admin/builder/spi-builder-workspace/.derivedData/Build/Intermediates.noindex/Signals.build/Debug-watchos/Signals-t.build/Objects-normal/arm64_32/Signals-Swift.h -working-directory /Users/admin/builder/spi-builder-workspace/.swiftpm/xcode -experimental-emit-module-separately -disable-cmo
SwiftDriver Signals normal arm64 com.apple.xcode.tools.swift.compiler (in target 'Signals' from project 'Signals')
cd /Users/admin/builder/spi-builder-workspace/.swiftpm/xcode
builtin-SwiftDriver -- /Applications/Xcode-27.0.0-Release.Candidate.app/Contents/Developer/Toolchains/XcodeDefault.xctoolchain/usr/bin/swiftc -parse-as-library -module-name Signals -Onone @/Users/admin/builder/spi-builder-workspace/.derivedData/Build/Intermediates.noindex/Signals.build/Debug-watchos/Signals-t.build/Objects-normal/arm64/Signals.SwiftFileList -DSWIFT_PACKAGE -DDEBUG -DSWIFT_MODULE_RESOURCE_BUNDLE_UNAVAILABLE -DXcode -plugin-path /Applications/Xcode-27.0.0-Release.Candidate.app/Contents/Developer/Toolchains/XcodeDefault.xctoolchain/usr/lib/swift/host/plugins/testing -enable-experimental-feature DebugDescriptionMacro -sdk /Applications/Xcode-27.0.0-Release.Candidate.app/Contents/Developer/Platforms/WatchOS.platform/Developer/SDKs/WatchOS27.0.sdk -target arm64-apple-watchos9.0 -g -module-cache-path /Users/admin/builder/spi-builder-workspace/.derivedData/ModuleCache.noindex -Xfrontend -serialize-debugging-options -enable-testing -suppress-warnings -index-store-path /Users/admin/builder/spi-builder-workspace/.derivedData/Index.noindex/DataStore -Xcc -D_LIBCPP_HARDENING_MODE\=_LIBCPP_HARDENING_MODE_DEBUG -swift-version 4.2 -I /Users/admin/builder/spi-builder-workspace/.derivedData/Build/Products/Debug-watchos -Isystem /Applications/Xcode-27.0.0-Release.Candidate.app/Contents/Developer/Platforms/WatchOS.platform/Developer/usr/lib -F /Users/admin/builder/spi-builder-workspace/.derivedData/Build/Products/Debug-watchos -F /Applications/Xcode-27.0.0-Release.Candidate.app/Contents/Developer/Platforms/WatchOS.platform/Developer/Library/Frameworks -F /Applications/Xcode-27.0.0-Release.Candidate.app/Contents/Developer/Platforms/WatchOS.platform/Developer/SDKs/WatchOS27.0.sdk/Developer/Library/Frameworks -c -j10 -enable-batch-mode -incremental -Xcc -ivfsstatcache -Xcc /Users/admin/builder/spi-builder-workspace/.derivedData/SDKStatCaches.noindex/watchos27.0-24R360-e829b21a6f8c9b70876ba0858053c04477534ef55a1706bf4c1112bbb242f0a2.sdkstatcache -output-file-map /Users/admin/builder/spi-builder-workspace/.derivedData/Build/Intermediates.noindex/Signals.build/Debug-watchos/Signals-t.build/Objects-normal/arm64/Signals-OutputFileMap.json -save-temps -no-color-diagnostics -emit-dependencies -emit-module -emit-module-path /Users/admin/builder/spi-builder-workspace/.derivedData/Build/Intermediates.noindex/Signals.build/Debug-watchos/Signals-t.build/Objects-normal/arm64/Signals.swiftmodule -serialize-diagnostics -validate-clang-modules-once -clang-build-session-file /Users/admin/builder/spi-builder-workspace/.derivedData/ModuleCache.noindex/Session.modulevalidation -Xcc -fmodules-prune-interval\=86400 -Xcc -fmodules-prune-after\=345600 -emit-const-values -const-gather-protocols-list /Users/admin/builder/spi-builder-workspace/.derivedData/Build/Intermediates.noindex/Signals.build/Debug-watchos/Signals-t.build/Objects-normal/arm64/Signals_const_extract_protocols.json -Xcc -I/Users/admin/builder/spi-builder-workspace/.derivedData/Build/Products/Debug-watchos/include -Xcc -I/Users/admin/builder/spi-builder-workspace/.derivedData/Build/Intermediates.noindex/Signals.build/Debug-watchos/Signals-t.build/DerivedSources-normal/arm64 -Xcc -I/Users/admin/builder/spi-builder-workspace/.derivedData/Build/Intermediates.noindex/Signals.build/Debug-watchos/Signals-t.build/DerivedSources/arm64 -Xcc -I/Users/admin/builder/spi-builder-workspace/.derivedData/Build/Intermediates.noindex/Signals.build/Debug-watchos/Signals-t.build/DerivedSources -Xcc -DSWIFT_PACKAGE -Xcc -DDEBUG\=1 -emit-objc-header -emit-objc-header-path /Users/admin/builder/spi-builder-workspace/.derivedData/Build/Intermediates.noindex/Signals.build/Debug-watchos/Signals-t.build/Objects-normal/arm64/Signals-Swift.h -working-directory /Users/admin/builder/spi-builder-workspace/.swiftpm/xcode -experimental-emit-module-separately -disable-cmo
SwiftCompile normal arm64_32 Compiling\ UIBarButtonItem+Signals.swift /Users/admin/builder/spi-builder-workspace/.dependencies/checkouts/Signals/Signals/ios/UIBarButtonItem+Signals.swift (in target 'Signals' from project 'Signals')
SwiftCompile normal arm64_32 /Users/admin/builder/spi-builder-workspace/.dependencies/checkouts/Signals/Signals/ios/UIBarButtonItem+Signals.swift (in target 'Signals' from project 'Signals')
cd /Users/admin/builder/spi-builder-workspace/.swiftpm/xcode
builtin-SwiftPerFileCompile UIBarButtonItem+Signals.swift
SwiftEmitModule normal arm64_32 Emitting\ module\ for\ Signals (in target 'Signals' from project 'Signals')
SwiftCompile normal arm64_32 (in target 'Signals' from project 'Signals')
cd /Users/admin/builder/spi-builder-workspace/.swiftpm/xcode
SwiftCompile normal arm64_32 Compiling\ AssociatedObject.swift /Users/admin/builder/spi-builder-workspace/.dependencies/checkouts/Signals/Signals/ios/AssociatedObject.swift (in target 'Signals' from project 'Signals')
SwiftCompile normal arm64_32 /Users/admin/builder/spi-builder-workspace/.dependencies/checkouts/Signals/Signals/ios/AssociatedObject.swift (in target 'Signals' from project 'Signals')
cd /Users/admin/builder/spi-builder-workspace/.swiftpm/xcode
builtin-SwiftPerFileCompile AssociatedObject.swift
SwiftCompile normal arm64_32 Compiling\ UIControl+Signals.swift /Users/admin/builder/spi-builder-workspace/.dependencies/checkouts/Signals/Signals/ios/UIControl+Signals.swift (in target 'Signals' from project 'Signals')
SwiftCompile normal arm64_32 /Users/admin/builder/spi-builder-workspace/.dependencies/checkouts/Signals/Signals/ios/UIControl+Signals.swift (in target 'Signals' from project 'Signals')
cd /Users/admin/builder/spi-builder-workspace/.swiftpm/xcode
builtin-SwiftPerFileCompile UIControl+Signals.swift
SwiftCompile normal arm64_32 Compiling\ Signal.swift /Users/admin/builder/spi-builder-workspace/.dependencies/checkouts/Signals/Signals/Signal.swift (in target 'Signals' from project 'Signals')
SwiftCompile normal arm64_32 /Users/admin/builder/spi-builder-workspace/.dependencies/checkouts/Signals/Signals/Signal.swift (in target 'Signals' from project 'Signals')
cd /Users/admin/builder/spi-builder-workspace/.swiftpm/xcode
builtin-SwiftPerFileCompile Signal.swift
SwiftCompile normal arm64 Compiling\ AssociatedObject.swift /Users/admin/builder/spi-builder-workspace/.dependencies/checkouts/Signals/Signals/ios/AssociatedObject.swift (in target 'Signals' from project 'Signals')
SwiftCompile normal arm64 /Users/admin/builder/spi-builder-workspace/.dependencies/checkouts/Signals/Signals/ios/AssociatedObject.swift (in target 'Signals' from project 'Signals')
cd /Users/admin/builder/spi-builder-workspace/.swiftpm/xcode
builtin-SwiftPerFileCompile AssociatedObject.swift
SwiftCompile normal arm64 Compiling\ Signal.swift /Users/admin/builder/spi-builder-workspace/.dependencies/checkouts/Signals/Signals/Signal.swift (in target 'Signals' from project 'Signals')
SwiftCompile normal arm64 /Users/admin/builder/spi-builder-workspace/.dependencies/checkouts/Signals/Signals/Signal.swift (in target 'Signals' from project 'Signals')
cd /Users/admin/builder/spi-builder-workspace/.swiftpm/xcode
builtin-SwiftPerFileCompile Signal.swift
SwiftCompile normal arm64 Compiling\ UIBarButtonItem+Signals.swift /Users/admin/builder/spi-builder-workspace/.dependencies/checkouts/Signals/Signals/ios/UIBarButtonItem+Signals.swift (in target 'Signals' from project 'Signals')
SwiftCompile normal arm64 /Users/admin/builder/spi-builder-workspace/.dependencies/checkouts/Signals/Signals/ios/UIBarButtonItem+Signals.swift (in target 'Signals' from project 'Signals')
cd /Users/admin/builder/spi-builder-workspace/.swiftpm/xcode
builtin-SwiftPerFileCompile UIBarButtonItem+Signals.swift
SwiftEmitModule normal arm64 Emitting\ module\ for\ Signals (in target 'Signals' from project 'Signals')
SwiftCompile normal arm64 (in target 'Signals' from project 'Signals')
cd /Users/admin/builder/spi-builder-workspace/.swiftpm/xcode
SwiftCompile normal arm64 Compiling\ UIControl+Signals.swift /Users/admin/builder/spi-builder-workspace/.dependencies/checkouts/Signals/Signals/ios/UIControl+Signals.swift (in target 'Signals' from project 'Signals')
SwiftCompile normal arm64 /Users/admin/builder/spi-builder-workspace/.dependencies/checkouts/Signals/Signals/ios/UIControl+Signals.swift (in target 'Signals' from project 'Signals')
cd /Users/admin/builder/spi-builder-workspace/.swiftpm/xcode
builtin-SwiftPerFileCompile UIControl+Signals.swift
SwiftDriverJobDiscovery normal arm64 Emitting module for Signals (in target 'Signals' from project 'Signals')
SwiftDriver\ Compilation\ Requirements Signals normal arm64 com.apple.xcode.tools.swift.compiler (in target 'Signals' from project 'Signals')
cd /Users/admin/builder/spi-builder-workspace/.swiftpm/xcode
builtin-Swift-Compilation-Requirements -- /Applications/Xcode-27.0.0-Release.Candidate.app/Contents/Developer/Toolchains/XcodeDefault.xctoolchain/usr/bin/swiftc -parse-as-library -module-name Signals -Onone @/Users/admin/builder/spi-builder-workspace/.derivedData/Build/Intermediates.noindex/Signals.build/Debug-watchos/Signals-t.build/Objects-normal/arm64/Signals.SwiftFileList -DSWIFT_PACKAGE -DDEBUG -DSWIFT_MODULE_RESOURCE_BUNDLE_UNAVAILABLE -DXcode -plugin-path /Applications/Xcode-27.0.0-Release.Candidate.app/Contents/Developer/Toolchains/XcodeDefault.xctoolchain/usr/lib/swift/host/plugins/testing -enable-experimental-feature DebugDescriptionMacro -sdk /Applications/Xcode-27.0.0-Release.Candidate.app/Contents/Developer/Platforms/WatchOS.platform/Developer/SDKs/WatchOS27.0.sdk -target arm64-apple-watchos9.0 -g -module-cache-path /Users/admin/builder/spi-builder-workspace/.derivedData/ModuleCache.noindex -Xfrontend -serialize-debugging-options -enable-testing -suppress-warnings -index-store-path /Users/admin/builder/spi-builder-workspace/.derivedData/Index.noindex/DataStore -Xcc -D_LIBCPP_HARDENING_MODE\=_LIBCPP_HARDENING_MODE_DEBUG -swift-version 4.2 -I /Users/admin/builder/spi-builder-workspace/.derivedData/Build/Products/Debug-watchos -Isystem /Applications/Xcode-27.0.0-Release.Candidate.app/Contents/Developer/Platforms/WatchOS.platform/Developer/usr/lib -F /Users/admin/builder/spi-builder-workspace/.derivedData/Build/Products/Debug-watchos -F /Applications/Xcode-27.0.0-Release.Candidate.app/Contents/Developer/Platforms/WatchOS.platform/Developer/Library/Frameworks -F /Applications/Xcode-27.0.0-Release.Candidate.app/Contents/Developer/Platforms/WatchOS.platform/Developer/SDKs/WatchOS27.0.sdk/Developer/Library/Frameworks -c -j10 -enable-batch-mode -incremental -Xcc -ivfsstatcache -Xcc /Users/admin/builder/spi-builder-workspace/.derivedData/SDKStatCaches.noindex/watchos27.0-24R360-e829b21a6f8c9b70876ba0858053c04477534ef55a1706bf4c1112bbb242f0a2.sdkstatcache -output-file-map /Users/admin/builder/spi-builder-workspace/.derivedData/Build/Intermediates.noindex/Signals.build/Debug-watchos/Signals-t.build/Objects-normal/arm64/Signals-OutputFileMap.json -save-temps -no-color-diagnostics -emit-dependencies -emit-module -emit-module-path /Users/admin/builder/spi-builder-workspace/.derivedData/Build/Intermediates.noindex/Signals.build/Debug-watchos/Signals-t.build/Objects-normal/arm64/Signals.swiftmodule -serialize-diagnostics -validate-clang-modules-once -clang-build-session-file /Users/admin/builder/spi-builder-workspace/.derivedData/ModuleCache.noindex/Session.modulevalidation -Xcc -fmodules-prune-interval\=86400 -Xcc -fmodules-prune-after\=345600 -emit-const-values -const-gather-protocols-list /Users/admin/builder/spi-builder-workspace/.derivedData/Build/Intermediates.noindex/Signals.build/Debug-watchos/Signals-t.build/Objects-normal/arm64/Signals_const_extract_protocols.json -Xcc -I/Users/admin/builder/spi-builder-workspace/.derivedData/Build/Products/Debug-watchos/include -Xcc -I/Users/admin/builder/spi-builder-workspace/.derivedData/Build/Intermediates.noindex/Signals.build/Debug-watchos/Signals-t.build/DerivedSources-normal/arm64 -Xcc -I/Users/admin/builder/spi-builder-workspace/.derivedData/Build/Intermediates.noindex/Signals.build/Debug-watchos/Signals-t.build/DerivedSources/arm64 -Xcc -I/Users/admin/builder/spi-builder-workspace/.derivedData/Build/Intermediates.noindex/Signals.build/Debug-watchos/Signals-t.build/DerivedSources -Xcc -DSWIFT_PACKAGE -Xcc -DDEBUG\=1 -emit-objc-header -emit-objc-header-path /Users/admin/builder/spi-builder-workspace/.derivedData/Build/Intermediates.noindex/Signals.build/Debug-watchos/Signals-t.build/Objects-normal/arm64/Signals-Swift.h -working-directory /Users/admin/builder/spi-builder-workspace/.swiftpm/xcode -experimental-emit-module-separately -disable-cmo
Copy /Users/admin/builder/spi-builder-workspace/.derivedData/Build/Products/Debug-watchos/Signals.swiftmodule/arm64-apple-watchos.swiftmodule /Users/admin/builder/spi-builder-workspace/.derivedData/Build/Intermediates.noindex/Signals.build/Debug-watchos/Signals-t.build/Objects-normal/arm64/Signals.swiftmodule (in target 'Signals' from project 'Signals')
cd /Users/admin/builder/spi-builder-workspace/.dependencies/checkouts/Signals
builtin-copy -exclude .DS_Store -exclude CVS -exclude .svn -exclude .git -exclude .hg -resolve-src-symlinks -rename /Users/admin/builder/spi-builder-workspace/.derivedData/Build/Intermediates.noindex/Signals.build/Debug-watchos/Signals-t.build/Objects-normal/arm64/Signals.swiftmodule /Users/admin/builder/spi-builder-workspace/.derivedData/Build/Products/Debug-watchos/Signals.swiftmodule/arm64-apple-watchos.swiftmodule
Copy /Users/admin/builder/spi-builder-workspace/.derivedData/Build/Products/Debug-watchos/Signals.swiftmodule/arm64-apple-watchos.swiftdoc /Users/admin/builder/spi-builder-workspace/.derivedData/Build/Intermediates.noindex/Signals.build/Debug-watchos/Signals-t.build/Objects-normal/arm64/Signals.swiftdoc (in target 'Signals' from project 'Signals')
cd /Users/admin/builder/spi-builder-workspace/.dependencies/checkouts/Signals
builtin-copy -exclude .DS_Store -exclude CVS -exclude .svn -exclude .git -exclude .hg -resolve-src-symlinks -rename /Users/admin/builder/spi-builder-workspace/.derivedData/Build/Intermediates.noindex/Signals.build/Debug-watchos/Signals-t.build/Objects-normal/arm64/Signals.swiftdoc /Users/admin/builder/spi-builder-workspace/.derivedData/Build/Products/Debug-watchos/Signals.swiftmodule/arm64-apple-watchos.swiftdoc
Copy /Users/admin/builder/spi-builder-workspace/.derivedData/Build/Products/Debug-watchos/Signals.swiftmodule/arm64-apple-watchos.abi.json /Users/admin/builder/spi-builder-workspace/.derivedData/Build/Intermediates.noindex/Signals.build/Debug-watchos/Signals-t.build/Objects-normal/arm64/Signals.abi.json (in target 'Signals' from project 'Signals')
cd /Users/admin/builder/spi-builder-workspace/.dependencies/checkouts/Signals
builtin-copy -exclude .DS_Store -exclude CVS -exclude .svn -exclude .git -exclude .hg -resolve-src-symlinks -rename /Users/admin/builder/spi-builder-workspace/.derivedData/Build/Intermediates.noindex/Signals.build/Debug-watchos/Signals-t.build/Objects-normal/arm64/Signals.abi.json /Users/admin/builder/spi-builder-workspace/.derivedData/Build/Products/Debug-watchos/Signals.swiftmodule/arm64-apple-watchos.abi.json
Copy /Users/admin/builder/spi-builder-workspace/.derivedData/Build/Products/Debug-watchos/Signals.swiftmodule/Project/arm64-apple-watchos.swiftsourceinfo /Users/admin/builder/spi-builder-workspace/.derivedData/Build/Intermediates.noindex/Signals.build/Debug-watchos/Signals-t.build/Objects-normal/arm64/Signals.swiftsourceinfo (in target 'Signals' from project 'Signals')
cd /Users/admin/builder/spi-builder-workspace/.dependencies/checkouts/Signals
builtin-copy -exclude .DS_Store -exclude CVS -exclude .svn -exclude .git -exclude .hg -resolve-src-symlinks -rename /Users/admin/builder/spi-builder-workspace/.derivedData/Build/Intermediates.noindex/Signals.build/Debug-watchos/Signals-t.build/Objects-normal/arm64/Signals.swiftsourceinfo /Users/admin/builder/spi-builder-workspace/.derivedData/Build/Products/Debug-watchos/Signals.swiftmodule/Project/arm64-apple-watchos.swiftsourceinfo
SwiftDriverJobDiscovery normal arm64_32 Emitting module for Signals (in target 'Signals' from project 'Signals')
SwiftDriver\ Compilation\ Requirements Signals normal arm64_32 com.apple.xcode.tools.swift.compiler (in target 'Signals' from project 'Signals')
cd /Users/admin/builder/spi-builder-workspace/.swiftpm/xcode
builtin-Swift-Compilation-Requirements -- /Applications/Xcode-27.0.0-Release.Candidate.app/Contents/Developer/Toolchains/XcodeDefault.xctoolchain/usr/bin/swiftc -parse-as-library -module-name Signals -Onone @/Users/admin/builder/spi-builder-workspace/.derivedData/Build/Intermediates.noindex/Signals.build/Debug-watchos/Signals-t.build/Objects-normal/arm64_32/Signals.SwiftFileList -DSWIFT_PACKAGE -DDEBUG -DSWIFT_MODULE_RESOURCE_BUNDLE_UNAVAILABLE -DXcode -plugin-path /Applications/Xcode-27.0.0-Release.Candidate.app/Contents/Developer/Toolchains/XcodeDefault.xctoolchain/usr/lib/swift/host/plugins/testing -enable-experimental-feature DebugDescriptionMacro -sdk /Applications/Xcode-27.0.0-Release.Candidate.app/Contents/Developer/Platforms/WatchOS.platform/Developer/SDKs/WatchOS27.0.sdk -target arm64_32-apple-watchos9.0 -g -module-cache-path /Users/admin/builder/spi-builder-workspace/.derivedData/ModuleCache.noindex -Xfrontend -serialize-debugging-options -enable-testing -suppress-warnings -index-store-path /Users/admin/builder/spi-builder-workspace/.derivedData/Index.noindex/DataStore -Xcc -D_LIBCPP_HARDENING_MODE\=_LIBCPP_HARDENING_MODE_DEBUG -swift-version 4.2 -I /Users/admin/builder/spi-builder-workspace/.derivedData/Build/Products/Debug-watchos -Isystem /Applications/Xcode-27.0.0-Release.Candidate.app/Contents/Developer/Platforms/WatchOS.platform/Developer/usr/lib -F /Users/admin/builder/spi-builder-workspace/.derivedData/Build/Products/Debug-watchos -F /Applications/Xcode-27.0.0-Release.Candidate.app/Contents/Developer/Platforms/WatchOS.platform/Developer/Library/Frameworks -F /Applications/Xcode-27.0.0-Release.Candidate.app/Contents/Developer/Platforms/WatchOS.platform/Developer/SDKs/WatchOS27.0.sdk/Developer/Library/Frameworks -c -j10 -enable-batch-mode -incremental -Xcc -ivfsstatcache -Xcc /Users/admin/builder/spi-builder-workspace/.derivedData/SDKStatCaches.noindex/watchos27.0-24R360-e829b21a6f8c9b70876ba0858053c04477534ef55a1706bf4c1112bbb242f0a2.sdkstatcache -output-file-map /Users/admin/builder/spi-builder-workspace/.derivedData/Build/Intermediates.noindex/Signals.build/Debug-watchos/Signals-t.build/Objects-normal/arm64_32/Signals-OutputFileMap.json -save-temps -no-color-diagnostics -emit-dependencies -emit-module -emit-module-path /Users/admin/builder/spi-builder-workspace/.derivedData/Build/Intermediates.noindex/Signals.build/Debug-watchos/Signals-t.build/Objects-normal/arm64_32/Signals.swiftmodule -serialize-diagnostics -validate-clang-modules-once -clang-build-session-file /Users/admin/builder/spi-builder-workspace/.derivedData/ModuleCache.noindex/Session.modulevalidation -Xcc -fmodules-prune-interval\=86400 -Xcc -fmodules-prune-after\=345600 -emit-const-values -const-gather-protocols-list /Users/admin/builder/spi-builder-workspace/.derivedData/Build/Intermediates.noindex/Signals.build/Debug-watchos/Signals-t.build/Objects-normal/arm64_32/Signals_const_extract_protocols.json -Xcc -I/Users/admin/builder/spi-builder-workspace/.derivedData/Build/Products/Debug-watchos/include -Xcc -I/Users/admin/builder/spi-builder-workspace/.derivedData/Build/Intermediates.noindex/Signals.build/Debug-watchos/Signals-t.build/DerivedSources-normal/arm64_32 -Xcc -I/Users/admin/builder/spi-builder-workspace/.derivedData/Build/Intermediates.noindex/Signals.build/Debug-watchos/Signals-t.build/DerivedSources/arm64_32 -Xcc -I/Users/admin/builder/spi-builder-workspace/.derivedData/Build/Intermediates.noindex/Signals.build/Debug-watchos/Signals-t.build/DerivedSources -Xcc -DSWIFT_PACKAGE -Xcc -DDEBUG\=1 -emit-objc-header -emit-objc-header-path /Users/admin/builder/spi-builder-workspace/.derivedData/Build/Intermediates.noindex/Signals.build/Debug-watchos/Signals-t.build/Objects-normal/arm64_32/Signals-Swift.h -working-directory /Users/admin/builder/spi-builder-workspace/.swiftpm/xcode -experimental-emit-module-separately -disable-cmo
SwiftMergeGeneratedHeaders /Users/admin/builder/spi-builder-workspace/.derivedData/Build/Intermediates.noindex/GeneratedModuleMaps-watchos/Signals-Swift.h /Users/admin/builder/spi-builder-workspace/.derivedData/Build/Intermediates.noindex/Signals.build/Debug-watchos/Signals-t.build/Objects-normal/arm64/Signals-Swift.h /Users/admin/builder/spi-builder-workspace/.derivedData/Build/Intermediates.noindex/Signals.build/Debug-watchos/Signals-t.build/Objects-normal/arm64_32/Signals-Swift.h (in target 'Signals' from project 'Signals')
cd /Users/admin/builder/spi-builder-workspace/.dependencies/checkouts/Signals
builtin-swiftHeaderTool -arch arm64 /Users/admin/builder/spi-builder-workspace/.derivedData/Build/Intermediates.noindex/Signals.build/Debug-watchos/Signals-t.build/Objects-normal/arm64/Signals-Swift.h -arch arm64_32 /Users/admin/builder/spi-builder-workspace/.derivedData/Build/Intermediates.noindex/Signals.build/Debug-watchos/Signals-t.build/Objects-normal/arm64_32/Signals-Swift.h -o /Users/admin/builder/spi-builder-workspace/.derivedData/Build/Intermediates.noindex/GeneratedModuleMaps-watchos/Signals-Swift.h
Copy /Users/admin/builder/spi-builder-workspace/.derivedData/Build/Products/Debug-watchos/Signals.swiftmodule/arm64_32-apple-watchos.swiftmodule /Users/admin/builder/spi-builder-workspace/.derivedData/Build/Intermediates.noindex/Signals.build/Debug-watchos/Signals-t.build/Objects-normal/arm64_32/Signals.swiftmodule (in target 'Signals' from project 'Signals')
cd /Users/admin/builder/spi-builder-workspace/.dependencies/checkouts/Signals
builtin-copy -exclude .DS_Store -exclude CVS -exclude .svn -exclude .git -exclude .hg -resolve-src-symlinks -rename /Users/admin/builder/spi-builder-workspace/.derivedData/Build/Intermediates.noindex/Signals.build/Debug-watchos/Signals-t.build/Objects-normal/arm64_32/Signals.swiftmodule /Users/admin/builder/spi-builder-workspace/.derivedData/Build/Products/Debug-watchos/Signals.swiftmodule/arm64_32-apple-watchos.swiftmodule
Copy /Users/admin/builder/spi-builder-workspace/.derivedData/Build/Products/Debug-watchos/Signals.swiftmodule/arm64_32-apple-watchos.swiftdoc /Users/admin/builder/spi-builder-workspace/.derivedData/Build/Intermediates.noindex/Signals.build/Debug-watchos/Signals-t.build/Objects-normal/arm64_32/Signals.swiftdoc (in target 'Signals' from project 'Signals')
cd /Users/admin/builder/spi-builder-workspace/.dependencies/checkouts/Signals
builtin-copy -exclude .DS_Store -exclude CVS -exclude .svn -exclude .git -exclude .hg -resolve-src-symlinks -rename /Users/admin/builder/spi-builder-workspace/.derivedData/Build/Intermediates.noindex/Signals.build/Debug-watchos/Signals-t.build/Objects-normal/arm64_32/Signals.swiftdoc /Users/admin/builder/spi-builder-workspace/.derivedData/Build/Products/Debug-watchos/Signals.swiftmodule/arm64_32-apple-watchos.swiftdoc
Copy /Users/admin/builder/spi-builder-workspace/.derivedData/Build/Products/Debug-watchos/Signals.swiftmodule/arm64_32-apple-watchos.abi.json /Users/admin/builder/spi-builder-workspace/.derivedData/Build/Intermediates.noindex/Signals.build/Debug-watchos/Signals-t.build/Objects-normal/arm64_32/Signals.abi.json (in target 'Signals' from project 'Signals')
cd /Users/admin/builder/spi-builder-workspace/.dependencies/checkouts/Signals
builtin-copy -exclude .DS_Store -exclude CVS -exclude .svn -exclude .git -exclude .hg -resolve-src-symlinks -rename /Users/admin/builder/spi-builder-workspace/.derivedData/Build/Intermediates.noindex/Signals.build/Debug-watchos/Signals-t.build/Objects-normal/arm64_32/Signals.abi.json /Users/admin/builder/spi-builder-workspace/.derivedData/Build/Products/Debug-watchos/Signals.swiftmodule/arm64_32-apple-watchos.abi.json
Copy /Users/admin/builder/spi-builder-workspace/.derivedData/Build/Products/Debug-watchos/Signals.swiftmodule/Project/arm64_32-apple-watchos.swiftsourceinfo /Users/admin/builder/spi-builder-workspace/.derivedData/Build/Intermediates.noindex/Signals.build/Debug-watchos/Signals-t.build/Objects-normal/arm64_32/Signals.swiftsourceinfo (in target 'Signals' from project 'Signals')
cd /Users/admin/builder/spi-builder-workspace/.dependencies/checkouts/Signals
builtin-copy -exclude .DS_Store -exclude CVS -exclude .svn -exclude .git -exclude .hg -resolve-src-symlinks -rename /Users/admin/builder/spi-builder-workspace/.derivedData/Build/Intermediates.noindex/Signals.build/Debug-watchos/Signals-t.build/Objects-normal/arm64_32/Signals.swiftsourceinfo /Users/admin/builder/spi-builder-workspace/.derivedData/Build/Products/Debug-watchos/Signals.swiftmodule/Project/arm64_32-apple-watchos.swiftsourceinfo
SwiftDriver SwiftySensors normal arm64_32 com.apple.xcode.tools.swift.compiler (in target 'SwiftySensors' from project 'SwiftySensors')
cd /Users/admin/builder/spi-builder-workspace/.swiftpm/xcode
builtin-SwiftDriver -- /Applications/Xcode-27.0.0-Release.Candidate.app/Contents/Developer/Toolchains/XcodeDefault.xctoolchain/usr/bin/swiftc -parse-as-library -module-name SwiftySensors -Onone @/Users/admin/builder/spi-builder-workspace/.derivedData/Build/Intermediates.noindex/SwiftySensors.build/Debug-watchos/SwiftySensors-t.build/Objects-normal/arm64_32/SwiftySensors.SwiftFileList -DSWIFT_PACKAGE -DDEBUG -DSWIFT_MODULE_RESOURCE_BUNDLE_UNAVAILABLE -DXcode -plugin-path /Applications/Xcode-27.0.0-Release.Candidate.app/Contents/Developer/Toolchains/XcodeDefault.xctoolchain/usr/lib/swift/host/plugins/testing -enable-experimental-feature DebugDescriptionMacro -sdk /Applications/Xcode-27.0.0-Release.Candidate.app/Contents/Developer/Platforms/WatchOS.platform/Developer/SDKs/WatchOS27.0.sdk -target arm64_32-apple-watchos9.0 -g -module-cache-path /Users/admin/builder/spi-builder-workspace/.derivedData/ModuleCache.noindex -Xfrontend -serialize-debugging-options -enable-testing -index-store-path /Users/admin/builder/spi-builder-workspace/.derivedData/Index.noindex/DataStore -Xcc -D_LIBCPP_HARDENING_MODE\=_LIBCPP_HARDENING_MODE_DEBUG -swift-version 5 -I /Users/admin/builder/spi-builder-workspace/.derivedData/Build/Products/Debug-watchos -Isystem /Applications/Xcode-27.0.0-Release.Candidate.app/Contents/Developer/Platforms/WatchOS.platform/Developer/usr/lib -F /Users/admin/builder/spi-builder-workspace/.derivedData/Build/Products/Debug-watchos/PackageFrameworks -F /Users/admin/builder/spi-builder-workspace/.derivedData/Build/Products/Debug-watchos -F /Applications/Xcode-27.0.0-Release.Candidate.app/Contents/Developer/Platforms/WatchOS.platform/Developer/Library/Frameworks -F /Applications/Xcode-27.0.0-Release.Candidate.app/Contents/Developer/Platforms/WatchOS.platform/Developer/SDKs/WatchOS27.0.sdk/Developer/Library/Frameworks -c -j10 -enable-batch-mode -incremental -Xcc -ivfsstatcache -Xcc /Users/admin/builder/spi-builder-workspace/.derivedData/SDKStatCaches.noindex/watchos27.0-24R360-e829b21a6f8c9b70876ba0858053c04477534ef55a1706bf4c1112bbb242f0a2.sdkstatcache -output-file-map /Users/admin/builder/spi-builder-workspace/.derivedData/Build/Intermediates.noindex/SwiftySensors.build/Debug-watchos/SwiftySensors-t.build/Objects-normal/arm64_32/SwiftySensors-OutputFileMap.json -save-temps -no-color-diagnostics -explicit-module-build -module-cache-path /Users/admin/builder/spi-builder-workspace/.derivedData/Build/Intermediates.noindex/SwiftExplicitPrecompiledModules -clang-scanner-module-cache-path /Users/admin/builder/spi-builder-workspace/.derivedData/ModuleCache.noindex -sdk-module-cache-path /Users/admin/builder/spi-builder-workspace/.derivedData/SDKExplicitPrecompiledModules -emit-dependencies -emit-module -emit-module-path /Users/admin/builder/spi-builder-workspace/.derivedData/Build/Intermediates.noindex/SwiftySensors.build/Debug-watchos/SwiftySensors-t.build/Objects-normal/arm64_32/SwiftySensors.swiftmodule -serialize-diagnostics -dependency-scan-serialize-diagnostics-path /Users/admin/builder/spi-builder-workspace/.derivedData/Build/Intermediates.noindex/SwiftySensors.build/Debug-watchos/SwiftySensors-t.build/Objects-normal/arm64_32/SwiftySensors-dependency-scan.dia -validate-clang-modules-once -clang-build-session-file /Users/admin/builder/spi-builder-workspace/.derivedData/ModuleCache.noindex/Session.modulevalidation -Xcc -fmodules-prune-interval\=86400 -Xcc -fmodules-prune-after\=345600 -emit-const-values -const-gather-protocols-list /Users/admin/builder/spi-builder-workspace/.derivedData/Build/Intermediates.noindex/SwiftySensors.build/Debug-watchos/SwiftySensors-t.build/Objects-normal/arm64_32/SwiftySensors_const_extract_protocols.json -Xcc -I/Users/admin/builder/spi-builder-workspace/.derivedData/Build/Products/Debug-watchos/include -Xcc -I/Users/admin/builder/spi-builder-workspace/.derivedData/Build/Intermediates.noindex/SwiftySensors.build/Debug-watchos/SwiftySensors-t.build/DerivedSources-normal/arm64_32 -Xcc -I/Users/admin/builder/spi-builder-workspace/.derivedData/Build/Intermediates.noindex/SwiftySensors.build/Debug-watchos/SwiftySensors-t.build/DerivedSources/arm64_32 -Xcc -I/Users/admin/builder/spi-builder-workspace/.derivedData/Build/Intermediates.noindex/SwiftySensors.build/Debug-watchos/SwiftySensors-t.build/DerivedSources -Xcc -DSWIFT_PACKAGE -Xcc -DDEBUG\=1 -emit-objc-header -emit-objc-header-path /Users/admin/builder/spi-builder-workspace/.derivedData/Build/Intermediates.noindex/SwiftySensors.build/Debug-watchos/SwiftySensors-t.build/Objects-normal/arm64_32/SwiftySensors-Swift.h -working-directory /Users/admin/builder/spi-builder-workspace/.swiftpm/xcode -experimental-emit-module-separately -disable-cmo
SwiftDriver SwiftySensors normal arm64 com.apple.xcode.tools.swift.compiler (in target 'SwiftySensors' from project 'SwiftySensors')
cd /Users/admin/builder/spi-builder-workspace/.swiftpm/xcode
builtin-SwiftDriver -- /Applications/Xcode-27.0.0-Release.Candidate.app/Contents/Developer/Toolchains/XcodeDefault.xctoolchain/usr/bin/swiftc -parse-as-library -module-name SwiftySensors -Onone @/Users/admin/builder/spi-builder-workspace/.derivedData/Build/Intermediates.noindex/SwiftySensors.build/Debug-watchos/SwiftySensors-t.build/Objects-normal/arm64/SwiftySensors.SwiftFileList -DSWIFT_PACKAGE -DDEBUG -DSWIFT_MODULE_RESOURCE_BUNDLE_UNAVAILABLE -DXcode -plugin-path /Applications/Xcode-27.0.0-Release.Candidate.app/Contents/Developer/Toolchains/XcodeDefault.xctoolchain/usr/lib/swift/host/plugins/testing -enable-experimental-feature DebugDescriptionMacro -sdk /Applications/Xcode-27.0.0-Release.Candidate.app/Contents/Developer/Platforms/WatchOS.platform/Developer/SDKs/WatchOS27.0.sdk -target arm64-apple-watchos9.0 -g -module-cache-path /Users/admin/builder/spi-builder-workspace/.derivedData/ModuleCache.noindex -Xfrontend -serialize-debugging-options -enable-testing -index-store-path /Users/admin/builder/spi-builder-workspace/.derivedData/Index.noindex/DataStore -Xcc -D_LIBCPP_HARDENING_MODE\=_LIBCPP_HARDENING_MODE_DEBUG -swift-version 5 -I /Users/admin/builder/spi-builder-workspace/.derivedData/Build/Products/Debug-watchos -Isystem /Applications/Xcode-27.0.0-Release.Candidate.app/Contents/Developer/Platforms/WatchOS.platform/Developer/usr/lib -F /Users/admin/builder/spi-builder-workspace/.derivedData/Build/Products/Debug-watchos/PackageFrameworks -F /Users/admin/builder/spi-builder-workspace/.derivedData/Build/Products/Debug-watchos -F /Applications/Xcode-27.0.0-Release.Candidate.app/Contents/Developer/Platforms/WatchOS.platform/Developer/Library/Frameworks -F /Applications/Xcode-27.0.0-Release.Candidate.app/Contents/Developer/Platforms/WatchOS.platform/Developer/SDKs/WatchOS27.0.sdk/Developer/Library/Frameworks -c -j10 -enable-batch-mode -incremental -Xcc -ivfsstatcache -Xcc /Users/admin/builder/spi-builder-workspace/.derivedData/SDKStatCaches.noindex/watchos27.0-24R360-e829b21a6f8c9b70876ba0858053c04477534ef55a1706bf4c1112bbb242f0a2.sdkstatcache -output-file-map /Users/admin/builder/spi-builder-workspace/.derivedData/Build/Intermediates.noindex/SwiftySensors.build/Debug-watchos/SwiftySensors-t.build/Objects-normal/arm64/SwiftySensors-OutputFileMap.json -save-temps -no-color-diagnostics -explicit-module-build -module-cache-path /Users/admin/builder/spi-builder-workspace/.derivedData/Build/Intermediates.noindex/SwiftExplicitPrecompiledModules -clang-scanner-module-cache-path /Users/admin/builder/spi-builder-workspace/.derivedData/ModuleCache.noindex -sdk-module-cache-path /Users/admin/builder/spi-builder-workspace/.derivedData/SDKExplicitPrecompiledModules -emit-dependencies -emit-module -emit-module-path /Users/admin/builder/spi-builder-workspace/.derivedData/Build/Intermediates.noindex/SwiftySensors.build/Debug-watchos/SwiftySensors-t.build/Objects-normal/arm64/SwiftySensors.swiftmodule -serialize-diagnostics -dependency-scan-serialize-diagnostics-path /Users/admin/builder/spi-builder-workspace/.derivedData/Build/Intermediates.noindex/SwiftySensors.build/Debug-watchos/SwiftySensors-t.build/Objects-normal/arm64/SwiftySensors-dependency-scan.dia -validate-clang-modules-once -clang-build-session-file /Users/admin/builder/spi-builder-workspace/.derivedData/ModuleCache.noindex/Session.modulevalidation -Xcc -fmodules-prune-interval\=86400 -Xcc -fmodules-prune-after\=345600 -emit-const-values -const-gather-protocols-list /Users/admin/builder/spi-builder-workspace/.derivedData/Build/Intermediates.noindex/SwiftySensors.build/Debug-watchos/SwiftySensors-t.build/Objects-normal/arm64/SwiftySensors_const_extract_protocols.json -Xcc -I/Users/admin/builder/spi-builder-workspace/.derivedData/Build/Products/Debug-watchos/include -Xcc -I/Users/admin/builder/spi-builder-workspace/.derivedData/Build/Intermediates.noindex/SwiftySensors.build/Debug-watchos/SwiftySensors-t.build/DerivedSources-normal/arm64 -Xcc -I/Users/admin/builder/spi-builder-workspace/.derivedData/Build/Intermediates.noindex/SwiftySensors.build/Debug-watchos/SwiftySensors-t.build/DerivedSources/arm64 -Xcc -I/Users/admin/builder/spi-builder-workspace/.derivedData/Build/Intermediates.noindex/SwiftySensors.build/Debug-watchos/SwiftySensors-t.build/DerivedSources -Xcc -DSWIFT_PACKAGE -Xcc -DDEBUG\=1 -emit-objc-header -emit-objc-header-path /Users/admin/builder/spi-builder-workspace/.derivedData/Build/Intermediates.noindex/SwiftySensors.build/Debug-watchos/SwiftySensors-t.build/Objects-normal/arm64/SwiftySensors-Swift.h -working-directory /Users/admin/builder/spi-builder-workspace/.swiftpm/xcode -experimental-emit-module-separately -disable-cmo
SwiftDriverJobDiscovery normal arm64_32 Compiling UIBarButtonItem+Signals.swift (in target 'Signals' from project 'Signals')
SwiftDriverJobDiscovery normal arm64 Compiling UIBarButtonItem+Signals.swift (in target 'Signals' from project 'Signals')
SwiftDriverJobDiscovery normal arm64 Compiling UIControl+Signals.swift (in target 'Signals' from project 'Signals')
SwiftDriverJobDiscovery normal arm64_32 Compiling UIControl+Signals.swift (in target 'Signals' from project 'Signals')
SwiftDriverJobDiscovery normal arm64 Compiling AssociatedObject.swift (in target 'Signals' from project 'Signals')
SwiftDriverJobDiscovery normal arm64_32 Compiling AssociatedObject.swift (in target 'Signals' from project 'Signals')
SwiftExplicitDependencyGeneratePcm arm64 /Users/admin/builder/spi-builder-workspace/.derivedData/SDKExplicitPrecompiledModules/ptrauth-3TZ9WJCGLYD25HQPWH4968ONX.pcm
SwiftExplicitDependencyGeneratePcm arm64_32 /Users/admin/builder/spi-builder-workspace/.derivedData/SDKExplicitPrecompiledModules/_Builtin_stddef-H44EFHQX6XSS5MZ7QP6YJZ76.pcm
SwiftExplicitDependencyGeneratePcm arm64_32 /Users/admin/builder/spi-builder-workspace/.derivedData/SDKExplicitPrecompiledModules/_SwiftConcurrencyShims-6RTBPQ03V7BM9SPRK8SUE055H.pcm
SwiftExplicitDependencyGeneratePcm arm64 /Users/admin/builder/spi-builder-workspace/.derivedData/SDKExplicitPrecompiledModules/_SwiftConcurrencyShims-659N52XSKR5F0QSB880BH2FJR.pcm
SwiftExplicitDependencyGeneratePcm arm64 /Users/admin/builder/spi-builder-workspace/.derivedData/SDKExplicitPrecompiledModules/_AvailabilityInternal-BUNV3UXM65NT37THI4W1AM0SF.pcm
SwiftExplicitDependencyGeneratePcm arm64_32 /Users/admin/builder/spi-builder-workspace/.derivedData/SDKExplicitPrecompiledModules/_Builtin_stdarg-D305JG44A2WPI6CJY37X3QJE8.pcm
SwiftExplicitDependencyGeneratePcm arm64_32 /Users/admin/builder/spi-builder-workspace/.derivedData/SDKExplicitPrecompiledModules/ptrauth-BFXF358ME5AK535N5A9Z766WU.pcm
SwiftExplicitDependencyGeneratePcm arm64_32 /Users/admin/builder/spi-builder-workspace/.derivedData/SDKExplicitPrecompiledModules/ptrcheck-7ELIH9BTIGVKX3UBITM9N72WD.pcm
SwiftExplicitDependencyGeneratePcm arm64_32 /Users/admin/builder/spi-builder-workspace/.derivedData/SDKExplicitPrecompiledModules/_Builtin_float-6KO8O3PEWRCA4WC6PPLOYO6WJ.pcm
SwiftExplicitDependencyGeneratePcm arm64 /Users/admin/builder/spi-builder-workspace/.derivedData/SDKExplicitPrecompiledModules/_Builtin_stddef-1FU30Y8SWFB7OUUHMJQH5J6FM.pcm
SwiftExplicitDependencyGeneratePcm arm64_32 /Users/admin/builder/spi-builder-workspace/.derivedData/SDKExplicitPrecompiledModules/SwiftShims-9CQQGWTSNTN9EB5NSHDWUJICH.pcm
SwiftExplicitDependencyGeneratePcm arm64 /Users/admin/builder/spi-builder-workspace/.derivedData/SDKExplicitPrecompiledModules/_Builtin_float-C0CW5Q4HGBQYKE77TC42IAFB5.pcm
SwiftExplicitDependencyGeneratePcm arm64 /Users/admin/builder/spi-builder-workspace/.derivedData/SDKExplicitPrecompiledModules/_Builtin_stdbool-83J96QSOFE9VX04AAS6310UAE.pcm
SwiftExplicitDependencyGeneratePcm arm64_32 /Users/admin/builder/spi-builder-workspace/.derivedData/SDKExplicitPrecompiledModules/_AvailabilityInternal-244WAN3Z1QBT7PIA64EZEFY1R.pcm
SwiftExplicitDependencyGeneratePcm arm64_32 /Users/admin/builder/spi-builder-workspace/.derivedData/SDKExplicitPrecompiledModules/_Builtin_stdbool-A967K8W8YUYEC9SN52KJ7OO88.pcm
SwiftExplicitDependencyGeneratePcm arm64 /Users/admin/builder/spi-builder-workspace/.derivedData/SDKExplicitPrecompiledModules/SwiftShims-4MXFZPV6FEB0XBYXCGPWAMQGL.pcm
SwiftExplicitDependencyGeneratePcm arm64 /Users/admin/builder/spi-builder-workspace/.derivedData/SDKExplicitPrecompiledModules/ptrcheck-AIF0NDOYZ8ORBNHQAQR5NNB8M.pcm
SwiftExplicitDependencyGeneratePcm arm64 /Users/admin/builder/spi-builder-workspace/.derivedData/SDKExplicitPrecompiledModules/_Builtin_stdarg-A7UU8LE6MP85SM26YO7PBZNUQ.pcm
SwiftExplicitDependencyGeneratePcm arm64_32 /Users/admin/builder/spi-builder-workspace/.derivedData/SDKExplicitPrecompiledModules/_DarwinFoundation1-2GWF9RFMPLQW4PDHS3NARVI3G.pcm
SwiftExplicitDependencyGeneratePcm arm64 /Users/admin/builder/spi-builder-workspace/.derivedData/SDKExplicitPrecompiledModules/_DarwinFoundation1-7SPX3MD0HMP55E4OLNCPNDQ53.pcm
SwiftExplicitDependencyGeneratePcm arm64_32 /Users/admin/builder/spi-builder-workspace/.derivedData/SDKExplicitPrecompiledModules/_DarwinFoundation2-9MY8GOSYRO0M9MKNXF6D3MBNK.pcm
SwiftExplicitDependencyGeneratePcm arm64_32 /Users/admin/builder/spi-builder-workspace/.derivedData/SDKExplicitPrecompiledModules/_Builtin_limits-3VKBU2AFTD65PAJZ5CJ3LHFM2.pcm
SwiftDriverJobDiscovery normal arm64 Compiling Signal.swift (in target 'Signals' from project 'Signals')
SwiftDriver\ Compilation Signals normal arm64 com.apple.xcode.tools.swift.compiler (in target 'Signals' from project 'Signals')
cd /Users/admin/builder/spi-builder-workspace/.swiftpm/xcode
builtin-Swift-Compilation -- /Applications/Xcode-27.0.0-Release.Candidate.app/Contents/Developer/Toolchains/XcodeDefault.xctoolchain/usr/bin/swiftc -parse-as-library -module-name Signals -Onone @/Users/admin/builder/spi-builder-workspace/.derivedData/Build/Intermediates.noindex/Signals.build/Debug-watchos/Signals-t.build/Objects-normal/arm64/Signals.SwiftFileList -DSWIFT_PACKAGE -DDEBUG -DSWIFT_MODULE_RESOURCE_BUNDLE_UNAVAILABLE -DXcode -plugin-path /Applications/Xcode-27.0.0-Release.Candidate.app/Contents/Developer/Toolchains/XcodeDefault.xctoolchain/usr/lib/swift/host/plugins/testing -enable-experimental-feature DebugDescriptionMacro -sdk /Applications/Xcode-27.0.0-Release.Candidate.app/Contents/Developer/Platforms/WatchOS.platform/Developer/SDKs/WatchOS27.0.sdk -target arm64-apple-watchos9.0 -g -module-cache-path /Users/admin/builder/spi-builder-workspace/.derivedData/ModuleCache.noindex -Xfrontend -serialize-debugging-options -enable-testing -suppress-warnings -index-store-path /Users/admin/builder/spi-builder-workspace/.derivedData/Index.noindex/DataStore -Xcc -D_LIBCPP_HARDENING_MODE\=_LIBCPP_HARDENING_MODE_DEBUG -swift-version 4.2 -I /Users/admin/builder/spi-builder-workspace/.derivedData/Build/Products/Debug-watchos -Isystem /Applications/Xcode-27.0.0-Release.Candidate.app/Contents/Developer/Platforms/WatchOS.platform/Developer/usr/lib -F /Users/admin/builder/spi-builder-workspace/.derivedData/Build/Products/Debug-watchos -F /Applications/Xcode-27.0.0-Release.Candidate.app/Contents/Developer/Platforms/WatchOS.platform/Developer/Library/Frameworks -F /Applications/Xcode-27.0.0-Release.Candidate.app/Contents/Developer/Platforms/WatchOS.platform/Developer/SDKs/WatchOS27.0.sdk/Developer/Library/Frameworks -c -j10 -enable-batch-mode -incremental -Xcc -ivfsstatcache -Xcc /Users/admin/builder/spi-builder-workspace/.derivedData/SDKStatCaches.noindex/watchos27.0-24R360-e829b21a6f8c9b70876ba0858053c04477534ef55a1706bf4c1112bbb242f0a2.sdkstatcache -output-file-map /Users/admin/builder/spi-builder-workspace/.derivedData/Build/Intermediates.noindex/Signals.build/Debug-watchos/Signals-t.build/Objects-normal/arm64/Signals-OutputFileMap.json -save-temps -no-color-diagnostics -emit-dependencies -emit-module -emit-module-path /Users/admin/builder/spi-builder-workspace/.derivedData/Build/Intermediates.noindex/Signals.build/Debug-watchos/Signals-t.build/Objects-normal/arm64/Signals.swiftmodule -serialize-diagnostics -validate-clang-modules-once -clang-build-session-file /Users/admin/builder/spi-builder-workspace/.derivedData/ModuleCache.noindex/Session.modulevalidation -Xcc -fmodules-prune-interval\=86400 -Xcc -fmodules-prune-after\=345600 -emit-const-values -const-gather-protocols-list /Users/admin/builder/spi-builder-workspace/.derivedData/Build/Intermediates.noindex/Signals.build/Debug-watchos/Signals-t.build/Objects-normal/arm64/Signals_const_extract_protocols.json -Xcc -I/Users/admin/builder/spi-builder-workspace/.derivedData/Build/Products/Debug-watchos/include -Xcc -I/Users/admin/builder/spi-builder-workspace/.derivedData/Build/Intermediates.noindex/Signals.build/Debug-watchos/Signals-t.build/DerivedSources-normal/arm64 -Xcc -I/Users/admin/builder/spi-builder-workspace/.derivedData/Build/Intermediates.noindex/Signals.build/Debug-watchos/Signals-t.build/DerivedSources/arm64 -Xcc -I/Users/admin/builder/spi-builder-workspace/.derivedData/Build/Intermediates.noindex/Signals.build/Debug-watchos/Signals-t.build/DerivedSources -Xcc -DSWIFT_PACKAGE -Xcc -DDEBUG\=1 -emit-objc-header -emit-objc-header-path /Users/admin/builder/spi-builder-workspace/.derivedData/Build/Intermediates.noindex/Signals.build/Debug-watchos/Signals-t.build/Objects-normal/arm64/Signals-Swift.h -working-directory /Users/admin/builder/spi-builder-workspace/.swiftpm/xcode -experimental-emit-module-separately -disable-cmo
Ld /Users/admin/builder/spi-builder-workspace/.derivedData/Build/Intermediates.noindex/Signals.build/Debug-watchos/Signals-t.build/Objects-normal/arm64/Binary/Signals.o normal arm64 (in target 'Signals' from project 'Signals')
cd /Users/admin/builder/spi-builder-workspace/.dependencies/checkouts/Signals
/Applications/Xcode-27.0.0-Release.Candidate.app/Contents/Developer/Toolchains/XcodeDefault.xctoolchain/usr/bin/clang -Xlinker -reproducible -target arm64-apple-watchos9.0 -r -isysroot /Applications/Xcode-27.0.0-Release.Candidate.app/Contents/Developer/Platforms/WatchOS.platform/Developer/SDKs/WatchOS27.0.sdk -O0 -w -Xlinker -no_warn_duplicate_libraries -F/Users/admin/builder/spi-builder-workspace/.derivedData/Build/Intermediates.noindex/EagerLinkingTBDs/Debug-watchos -F/Users/admin/builder/spi-builder-workspace/.derivedData/Build/Products/Debug-watchos -iframework /Applications/Xcode-27.0.0-Release.Candidate.app/Contents/Developer/Platforms/WatchOS.platform/Developer/Library/Frameworks -iframework /Applications/Xcode-27.0.0-Release.Candidate.app/Contents/Developer/Platforms/WatchOS.platform/Developer/SDKs/WatchOS27.0.sdk/Developer/Library/Frameworks -filelist /Users/admin/builder/spi-builder-workspace/.derivedData/Build/Intermediates.noindex/Signals.build/Debug-watchos/Signals-t.build/Objects-normal/arm64/Signals.LinkFileList -nostdlib -Xlinker -object_path_lto -Xlinker /Users/admin/builder/spi-builder-workspace/.derivedData/Build/Intermediates.noindex/Signals.build/Debug-watchos/Signals-t.build/Objects-normal/arm64/Signals_lto.o -Xlinker -no_deduplicate -Xlinker -dependency_info -Xlinker /Users/admin/builder/spi-builder-workspace/.derivedData/Build/Intermediates.noindex/Signals.build/Debug-watchos/Signals-t.build/Objects-normal/arm64/Signals_dependency_info.dat -fobjc-link-runtime -L/Applications/Xcode-27.0.0-Release.Candidate.app/Contents/Developer/Toolchains/XcodeDefault.xctoolchain/usr/lib/swift/watchos -L/usr/lib/swift -Xlinker -add_ast_path -Xlinker /Users/admin/builder/spi-builder-workspace/.derivedData/Build/Intermediates.noindex/Signals.build/Debug-watchos/Signals-t.build/Objects-normal/arm64/Signals.swiftmodule -o /Users/admin/builder/spi-builder-workspace/.derivedData/Build/Intermediates.noindex/Signals.build/Debug-watchos/Signals-t.build/Objects-normal/arm64/Binary/Signals.o
SwiftDriverJobDiscovery normal arm64_32 Compiling Signal.swift (in target 'Signals' from project 'Signals')
SwiftDriver\ Compilation Signals normal arm64_32 com.apple.xcode.tools.swift.compiler (in target 'Signals' from project 'Signals')
cd /Users/admin/builder/spi-builder-workspace/.swiftpm/xcode
builtin-Swift-Compilation -- /Applications/Xcode-27.0.0-Release.Candidate.app/Contents/Developer/Toolchains/XcodeDefault.xctoolchain/usr/bin/swiftc -parse-as-library -module-name Signals -Onone @/Users/admin/builder/spi-builder-workspace/.derivedData/Build/Intermediates.noindex/Signals.build/Debug-watchos/Signals-t.build/Objects-normal/arm64_32/Signals.SwiftFileList -DSWIFT_PACKAGE -DDEBUG -DSWIFT_MODULE_RESOURCE_BUNDLE_UNAVAILABLE -DXcode -plugin-path /Applications/Xcode-27.0.0-Release.Candidate.app/Contents/Developer/Toolchains/XcodeDefault.xctoolchain/usr/lib/swift/host/plugins/testing -enable-experimental-feature DebugDescriptionMacro -sdk /Applications/Xcode-27.0.0-Release.Candidate.app/Contents/Developer/Platforms/WatchOS.platform/Developer/SDKs/WatchOS27.0.sdk -target arm64_32-apple-watchos9.0 -g -module-cache-path /Users/admin/builder/spi-builder-workspace/.derivedData/ModuleCache.noindex -Xfrontend -serialize-debugging-options -enable-testing -suppress-warnings -index-store-path /Users/admin/builder/spi-builder-workspace/.derivedData/Index.noindex/DataStore -Xcc -D_LIBCPP_HARDENING_MODE\=_LIBCPP_HARDENING_MODE_DEBUG -swift-version 4.2 -I /Users/admin/builder/spi-builder-workspace/.derivedData/Build/Products/Debug-watchos -Isystem /Applications/Xcode-27.0.0-Release.Candidate.app/Contents/Developer/Platforms/WatchOS.platform/Developer/usr/lib -F /Users/admin/builder/spi-builder-workspace/.derivedData/Build/Products/Debug-watchos -F /Applications/Xcode-27.0.0-Release.Candidate.app/Contents/Developer/Platforms/WatchOS.platform/Developer/Library/Frameworks -F /Applications/Xcode-27.0.0-Release.Candidate.app/Contents/Developer/Platforms/WatchOS.platform/Developer/SDKs/WatchOS27.0.sdk/Developer/Library/Frameworks -c -j10 -enable-batch-mode -incremental -Xcc -ivfsstatcache -Xcc /Users/admin/builder/spi-builder-workspace/.derivedData/SDKStatCaches.noindex/watchos27.0-24R360-e829b21a6f8c9b70876ba0858053c04477534ef55a1706bf4c1112bbb242f0a2.sdkstatcache -output-file-map /Users/admin/builder/spi-builder-workspace/.derivedData/Build/Intermediates.noindex/Signals.build/Debug-watchos/Signals-t.build/Objects-normal/arm64_32/Signals-OutputFileMap.json -save-temps -no-color-diagnostics -emit-dependencies -emit-module -emit-module-path /Users/admin/builder/spi-builder-workspace/.derivedData/Build/Intermediates.noindex/Signals.build/Debug-watchos/Signals-t.build/Objects-normal/arm64_32/Signals.swiftmodule -serialize-diagnostics -validate-clang-modules-once -clang-build-session-file /Users/admin/builder/spi-builder-workspace/.derivedData/ModuleCache.noindex/Session.modulevalidation -Xcc -fmodules-prune-interval\=86400 -Xcc -fmodules-prune-after\=345600 -emit-const-values -const-gather-protocols-list /Users/admin/builder/spi-builder-workspace/.derivedData/Build/Intermediates.noindex/Signals.build/Debug-watchos/Signals-t.build/Objects-normal/arm64_32/Signals_const_extract_protocols.json -Xcc -I/Users/admin/builder/spi-builder-workspace/.derivedData/Build/Products/Debug-watchos/include -Xcc -I/Users/admin/builder/spi-builder-workspace/.derivedData/Build/Intermediates.noindex/Signals.build/Debug-watchos/Signals-t.build/DerivedSources-normal/arm64_32 -Xcc -I/Users/admin/builder/spi-builder-workspace/.derivedData/Build/Intermediates.noindex/Signals.build/Debug-watchos/Signals-t.build/DerivedSources/arm64_32 -Xcc -I/Users/admin/builder/spi-builder-workspace/.derivedData/Build/Intermediates.noindex/Signals.build/Debug-watchos/Signals-t.build/DerivedSources -Xcc -DSWIFT_PACKAGE -Xcc -DDEBUG\=1 -emit-objc-header -emit-objc-header-path /Users/admin/builder/spi-builder-workspace/.derivedData/Build/Intermediates.noindex/Signals.build/Debug-watchos/Signals-t.build/Objects-normal/arm64_32/Signals-Swift.h -working-directory /Users/admin/builder/spi-builder-workspace/.swiftpm/xcode -experimental-emit-module-separately -disable-cmo
Ld /Users/admin/builder/spi-builder-workspace/.derivedData/Build/Intermediates.noindex/Signals.build/Debug-watchos/Signals-t.build/Objects-normal/arm64_32/Binary/Signals.o normal arm64_32 (in target 'Signals' from project 'Signals')
cd /Users/admin/builder/spi-builder-workspace/.dependencies/checkouts/Signals
/Applications/Xcode-27.0.0-Release.Candidate.app/Contents/Developer/Toolchains/XcodeDefault.xctoolchain/usr/bin/clang -Xlinker -reproducible -target arm64_32-apple-watchos9.0 -r -isysroot /Applications/Xcode-27.0.0-Release.Candidate.app/Contents/Developer/Platforms/WatchOS.platform/Developer/SDKs/WatchOS27.0.sdk -O0 -w -Xlinker -no_warn_duplicate_libraries -F/Users/admin/builder/spi-builder-workspace/.derivedData/Build/Intermediates.noindex/EagerLinkingTBDs/Debug-watchos -F/Users/admin/builder/spi-builder-workspace/.derivedData/Build/Products/Debug-watchos -iframework /Applications/Xcode-27.0.0-Release.Candidate.app/Contents/Developer/Platforms/WatchOS.platform/Developer/Library/Frameworks -iframework /Applications/Xcode-27.0.0-Release.Candidate.app/Contents/Developer/Platforms/WatchOS.platform/Developer/SDKs/WatchOS27.0.sdk/Developer/Library/Frameworks -filelist /Users/admin/builder/spi-builder-workspace/.derivedData/Build/Intermediates.noindex/Signals.build/Debug-watchos/Signals-t.build/Objects-normal/arm64_32/Signals.LinkFileList -nostdlib -Xlinker -object_path_lto -Xlinker /Users/admin/builder/spi-builder-workspace/.derivedData/Build/Intermediates.noindex/Signals.build/Debug-watchos/Signals-t.build/Objects-normal/arm64_32/Signals_lto.o -Xlinker -no_deduplicate -Xlinker -dependency_info -Xlinker /Users/admin/builder/spi-builder-workspace/.derivedData/Build/Intermediates.noindex/Signals.build/Debug-watchos/Signals-t.build/Objects-normal/arm64_32/Signals_dependency_info.dat -fobjc-link-runtime -L/Applications/Xcode-27.0.0-Release.Candidate.app/Contents/Developer/Toolchains/XcodeDefault.xctoolchain/usr/lib/swift/watchos -L/usr/lib/swift -Xlinker -add_ast_path -Xlinker /Users/admin/builder/spi-builder-workspace/.derivedData/Build/Intermediates.noindex/Signals.build/Debug-watchos/Signals-t.build/Objects-normal/arm64_32/Signals.swiftmodule -o /Users/admin/builder/spi-builder-workspace/.derivedData/Build/Intermediates.noindex/Signals.build/Debug-watchos/Signals-t.build/Objects-normal/arm64_32/Binary/Signals.o
SwiftExplicitDependencyGeneratePcm arm64 /Users/admin/builder/spi-builder-workspace/.derivedData/SDKExplicitPrecompiledModules/_Builtin_limits-9GWPA2B0H20DYUNYHYCWKABJG.pcm
SwiftExplicitDependencyGeneratePcm arm64 /Users/admin/builder/spi-builder-workspace/.derivedData/SDKExplicitPrecompiledModules/_DarwinFoundation2-D0XAPJU49S5E9XMKYOFGSTB1Q.pcm
CreateUniversalBinary /Users/admin/builder/spi-builder-workspace/.derivedData/Build/Products/Debug-watchos/Signals.o normal arm64\ arm64_32 (in target 'Signals' from project 'Signals')
cd /Users/admin/builder/spi-builder-workspace/.dependencies/checkouts/Signals
/Applications/Xcode-27.0.0-Release.Candidate.app/Contents/Developer/Toolchains/XcodeDefault.xctoolchain/usr/bin/lipo -create /Users/admin/builder/spi-builder-workspace/.derivedData/Build/Intermediates.noindex/Signals.build/Debug-watchos/Signals-t.build/Objects-normal/arm64/Binary/Signals.o /Users/admin/builder/spi-builder-workspace/.derivedData/Build/Intermediates.noindex/Signals.build/Debug-watchos/Signals-t.build/Objects-normal/arm64_32/Binary/Signals.o -output /Users/admin/builder/spi-builder-workspace/.derivedData/Build/Products/Debug-watchos/Signals.o
ExtractAppIntentsMetadata (in target 'Signals' from project 'Signals')
cd /Users/admin/builder/spi-builder-workspace/.dependencies/checkouts/Signals
/Applications/Xcode-27.0.0-Release.Candidate.app/Contents/Developer/Toolchains/XcodeDefault.xctoolchain/usr/bin/appintentsmetadataprocessor --toolchain-dir /var/run/com.apple.security.cryptexd/mnt/com.apple.MobileAsset.MetalToolchain-v27.1.266.1.53kHTZ/Metal.xctoolchain --module-name Signals --sdk-root /Applications/Xcode-27.0.0-Release.Candidate.app/Contents/Developer/Platforms/WatchOS.platform/Developer/SDKs/WatchOS27.0.sdk --xcode-version 27A266a --platform-family watchOS --deployment-target 9.0 --bundle-identifier signals.Signals --output /Users/admin/builder/spi-builder-workspace/.derivedData/Build/Products/Debug-watchos/Signals.appintents --target-triple arm64-apple-watchos9.0 --target-triple arm64_32-apple-watchos9.0 --binary-file /Users/admin/builder/spi-builder-workspace/.derivedData/Build/Products/Debug-watchos/Signals.o --dependency-file /Users/admin/builder/spi-builder-workspace/.derivedData/Build/Intermediates.noindex/Signals.build/Debug-watchos/Signals-t.build/Objects-normal/arm64/Signals_dependency_info.dat --dependency-file /Users/admin/builder/spi-builder-workspace/.derivedData/Build/Intermediates.noindex/Signals.build/Debug-watchos/Signals-t.build/Objects-normal/arm64_32/Signals_dependency_info.dat --stringsdata-file /Users/admin/builder/spi-builder-workspace/.derivedData/Build/Intermediates.noindex/Signals.build/Debug-watchos/Signals-t.build/Objects-normal/arm64/ExtractedAppShortcutsMetadata.stringsdata --stringsdata-file /Users/admin/builder/spi-builder-workspace/.derivedData/Build/Intermediates.noindex/Signals.build/Debug-watchos/Signals-t.build/Objects-normal/arm64_32/ExtractedAppShortcutsMetadata.stringsdata --source-file-list /Users/admin/builder/spi-builder-workspace/.derivedData/Build/Intermediates.noindex/Signals.build/Debug-watchos/Signals-t.build/Objects-normal/arm64/Signals.SwiftFileList --source-file-list /Users/admin/builder/spi-builder-workspace/.derivedData/Build/Intermediates.noindex/Signals.build/Debug-watchos/Signals-t.build/Objects-normal/arm64_32/Signals.SwiftFileList --metadata-file-list /Users/admin/builder/spi-builder-workspace/.derivedData/Build/Intermediates.noindex/Signals.build/Debug-watchos/Signals-t.build/Signals.DependencyMetadataFileList --static-metadata-file-list /Users/admin/builder/spi-builder-workspace/.derivedData/Build/Intermediates.noindex/Signals.build/Debug-watchos/Signals-t.build/Signals.DependencyStaticMetadataFileList --swift-const-vals-list /Users/admin/builder/spi-builder-workspace/.derivedData/Build/Intermediates.noindex/Signals.build/Debug-watchos/Signals-t.build/Objects-normal/arm64/Signals.SwiftConstValuesFileList --swift-const-vals-list /Users/admin/builder/spi-builder-workspace/.derivedData/Build/Intermediates.noindex/Signals.build/Debug-watchos/Signals-t.build/Objects-normal/arm64_32/Signals.SwiftConstValuesFileList --force --compile-time-extraction --deployment-aware-processing --no-app-shortcuts-localization
2026-09-16 19:39:24.824 appintentsmetadataprocessor[759:4897] Starting appintentsmetadataprocessor export
2026-09-16 19:39:24.927 appintentsmetadataprocessor[759:4897] Extracted no relevant App Intents symbols, skipping writing output
SwiftExplicitDependencyGeneratePcm arm64_32 /Users/admin/builder/spi-builder-workspace/.derivedData/SDKExplicitPrecompiledModules/string_h-BFVLUQUSBZWYMLCU9QI7VZALW.pcm
SwiftExplicitDependencyGeneratePcm arm64_32 /Users/admin/builder/spi-builder-workspace/.derivedData/SDKExplicitPrecompiledModules/_Builtin_stdint-1HMXWI3V0V4TXHRWZOMZGZ80Y.pcm
SwiftExplicitDependencyGeneratePcm arm64_32 /Users/admin/builder/spi-builder-workspace/.derivedData/SDKExplicitPrecompiledModules/sys_types-8TLLMW08ZJWDGIIPKOYFGHHZW.pcm
SwiftExplicitDependencyGeneratePcm arm64 /Users/admin/builder/spi-builder-workspace/.derivedData/SDKExplicitPrecompiledModules/_Builtin_stdint-8XMILLJZEGRN2XG7XZUXZ5RLX.pcm
SwiftExplicitDependencyGeneratePcm arm64 /Users/admin/builder/spi-builder-workspace/.derivedData/SDKExplicitPrecompiledModules/sys_types-2KXQLI78OUCDP779AE68GZJ2.pcm
SwiftExplicitDependencyGeneratePcm arm64 /Users/admin/builder/spi-builder-workspace/.derivedData/SDKExplicitPrecompiledModules/string_h-E6PRXK75PHIPCZFWOFCQ3QBMK.pcm
SwiftExplicitDependencyGeneratePcm arm64_32 /Users/admin/builder/spi-builder-workspace/.derivedData/SDKExplicitPrecompiledModules/_DarwinFoundation3-3DUTYQDQSD9HUAAVY947NMWOI.pcm
SwiftExplicitDependencyGeneratePcm arm64 /Users/admin/builder/spi-builder-workspace/.derivedData/SDKExplicitPrecompiledModules/_DarwinFoundation3-B97LRG0E9GON2NUE65TVG81HU.pcm
SwiftExplicitDependencyGeneratePcm arm64_32 /Users/admin/builder/spi-builder-workspace/.derivedData/SDKExplicitPrecompiledModules/_Builtin_inttypes-D2KPCR4PEX9AQA33NGLUT5SBR.pcm
SwiftExplicitDependencyGeneratePcm arm64 /Users/admin/builder/spi-builder-workspace/.derivedData/SDKExplicitPrecompiledModules/_Builtin_inttypes-3UQSCM7WNM9EK4HZML8TY5J3D.pcm
SwiftExplicitDependencyGeneratePcm arm64_32 /Users/admin/builder/spi-builder-workspace/.derivedData/SDKExplicitPrecompiledModules/Darwin-3FVT1SKLN2ZQ5RVOABMTQBB34.pcm
SwiftExplicitDependencyGeneratePcm arm64 /Users/admin/builder/spi-builder-workspace/.derivedData/SDKExplicitPrecompiledModules/Darwin-3984OXKFNSPE77NT743WK8SEX.pcm
SwiftExplicitDependencyGeneratePcm arm64_32 /Users/admin/builder/spi-builder-workspace/.derivedData/SDKExplicitPrecompiledModules/ObjectiveC-6IJNELR2E80E7LUKESVCP2KET.pcm
SwiftExplicitDependencyGeneratePcm arm64 /Users/admin/builder/spi-builder-workspace/.derivedData/SDKExplicitPrecompiledModules/ObjectiveC-72IVD3VS2RS8Q28D9PIMY0KQP.pcm
SwiftExplicitDependencyGeneratePcm arm64_32 /Users/admin/builder/spi-builder-workspace/.derivedData/SDKExplicitPrecompiledModules/os_object-5YWTC6L4756IWSTPGXS5NM0D0.pcm
SwiftExplicitDependencyGeneratePcm arm64 /Users/admin/builder/spi-builder-workspace/.derivedData/SDKExplicitPrecompiledModules/os_object-3SDKD7F87FTZ26OON37DRYT6O.pcm
SwiftExplicitDependencyGeneratePcm arm64_32 /Users/admin/builder/spi-builder-workspace/.derivedData/SDKExplicitPrecompiledModules/os_workgroup-5JHTPDMNBUNHLJI8LPHKQK1JK.pcm
SwiftExplicitDependencyGeneratePcm arm64 /Users/admin/builder/spi-builder-workspace/.derivedData/SDKExplicitPrecompiledModules/os_workgroup-89GG5G7YC2D0ZTK6AZXXQ20DH.pcm
SwiftExplicitDependencyGeneratePcm arm64_32 /Users/admin/builder/spi-builder-workspace/.derivedData/SDKExplicitPrecompiledModules/Dispatch-2P62F1T4XV63S4P99TUDTOK2Q.pcm
SwiftExplicitDependencyGeneratePcm arm64 /Users/admin/builder/spi-builder-workspace/.derivedData/SDKExplicitPrecompiledModules/Dispatch-1NLJOVAK60XP0DUB05XA59EIM.pcm
SwiftExplicitDependencyGeneratePcm arm64_32 /Users/admin/builder/spi-builder-workspace/.derivedData/SDKExplicitPrecompiledModules/CoreFoundation-8E6Y4BA3EXYKUGJ24GT9LGV3N.pcm
SwiftExplicitDependencyGeneratePcm arm64_32 /Users/admin/builder/spi-builder-workspace/.derivedData/SDKExplicitPrecompiledModules/XPC-81Y45QFY96XYYFCW2GT6FY8S4.pcm
SwiftExplicitDependencyGeneratePcm arm64 /Users/admin/builder/spi-builder-workspace/.derivedData/SDKExplicitPrecompiledModules/XPC-40DR0X1DHKGCV4J1IOLFS8MOU.pcm
SwiftExplicitDependencyGeneratePcm arm64 /Users/admin/builder/spi-builder-workspace/.derivedData/SDKExplicitPrecompiledModules/CoreFoundation-8T2L24YC5NU7WO6WQJWRY7W08.pcm
SwiftExplicitDependencyGeneratePcm arm64_32 /Users/admin/builder/spi-builder-workspace/.derivedData/SDKExplicitPrecompiledModules/Security-D7TOWF88VWF67TB9HAFP5UWB1.pcm
SwiftExplicitDependencyGeneratePcm arm64 /Users/admin/builder/spi-builder-workspace/.derivedData/SDKExplicitPrecompiledModules/Security-6RZ6YBRU8WCUHRFFRVUK5WKMM.pcm
SwiftExplicitDependencyGeneratePcm arm64_32 /Users/admin/builder/spi-builder-workspace/.derivedData/SDKExplicitPrecompiledModules/Foundation-BJ2VQGI3OGR34500MEQ1VKHPH.pcm
SwiftExplicitDependencyGeneratePcm arm64 /Users/admin/builder/spi-builder-workspace/.derivedData/SDKExplicitPrecompiledModules/Foundation-DLBKUSGXN8QHAT8W0OARR9S8A.pcm
SwiftExplicitDependencyGeneratePcm arm64_32 /Users/admin/builder/spi-builder-workspace/.derivedData/SDKExplicitPrecompiledModules/CoreBluetooth-73SEOPSF5MVOHFBWYJZMOKDD7.pcm
SwiftExplicitDependencyGeneratePcm arm64 /Users/admin/builder/spi-builder-workspace/.derivedData/SDKExplicitPrecompiledModules/CoreBluetooth-34FGKKVDZ0TTFGN4IH4I2Q1RY.pcm
SwiftCompile normal arm64_32 Compiling\ Service.swift /Users/admin/builder/spi-builder-workspace/Sources/SwiftySensors/Service.swift (in target 'SwiftySensors' from project 'SwiftySensors')
SwiftCompile normal arm64_32 /Users/admin/builder/spi-builder-workspace/Sources/SwiftySensors/Service.swift (in target 'SwiftySensors' from project 'SwiftySensors')
cd /Users/admin/builder/spi-builder-workspace/.swiftpm/xcode
builtin-SwiftPerFileCompile Service.swift
SwiftCompile normal arm64_32 Compiling\ Sensor.swift /Users/admin/builder/spi-builder-workspace/Sources/SwiftySensors/Sensor.swift (in target 'SwiftySensors' from project 'SwiftySensors')
/Users/admin/builder/spi-builder-workspace/Sources/SwiftySensors/Sensor.swift:278:53: error: value of optional type 'CBService?' must be unwrapped to refer to member 'uuid' of wrapped base type 'CBService'
276 | /// :nodoc:
277 | public func peripheral(_ peripheral: CBPeripheral, didUpdateValueFor characteristic: CBCharacteristic, error: Error?) {
278 | guard let service = services[characteristic.service.uuid.uuidString] else { return }
| |- error: value of optional type 'CBService?' must be unwrapped to refer to member 'uuid' of wrapped base type 'CBService'
| |- note: chain the optional using '?' to access member 'uuid' only for non-'nil' base values
| `- note: force-unwrap using '!' to abort execution if the optional value contains 'nil'
279 | guard let char = service.characteristics[characteristic.uuid.uuidString] else { return }
280 | if char.cbCharacteristic !== characteristic {
/Users/admin/builder/spi-builder-workspace/Sources/SwiftySensors/Sensor.swift:289:53: error: value of optional type 'CBService?' must be unwrapped to refer to member 'uuid' of wrapped base type 'CBService'
287 | /// :nodoc:
288 | public func peripheral(_ peripheral: CBPeripheral, didWriteValueFor characteristic: CBCharacteristic, error: Error?) {
289 | guard let service = services[characteristic.service.uuid.uuidString] else { return }
| |- error: value of optional type 'CBService?' must be unwrapped to refer to member 'uuid' of wrapped base type 'CBService'
| |- note: chain the optional using '?' to access member 'uuid' only for non-'nil' base values
| `- note: force-unwrap using '!' to abort execution if the optional value contains 'nil'
290 | guard let char = service.characteristics[characteristic.uuid.uuidString] else { return }
291 | if char.cbCharacteristic !== characteristic {
Failed frontend command:
/Applications/Xcode-27.0.0-Release.Candidate.app/Contents/Developer/Toolchains/XcodeDefault.xctoolchain/usr/bin/swift-frontend -frontend -c /Users/admin/builder/spi-builder-workspace/Sources/SwiftySensors/Characteristic.swift /Users/admin/builder/spi-builder-workspace/Sources/SwiftySensors/CoreBluetooth.swift /Users/admin/builder/spi-builder-workspace/Sources/SwiftySensors/CyclingPowerSerializer.swift /Users/admin/builder/spi-builder-workspace/Sources/SwiftySensors/CyclingPowerService.swift /Users/admin/builder/spi-builder-workspace/Sources/SwiftySensors/CyclingSerializer.swift /Users/admin/builder/spi-builder-workspace/Sources/SwiftySensors/CyclingSpeedCadenceSerializer.swift /Users/admin/builder/spi-builder-workspace/Sources/SwiftySensors/CyclingSpeedCadenceService.swift /Users/admin/builder/spi-builder-workspace/Sources/SwiftySensors/DeviceInformationService.swift /Users/admin/builder/spi-builder-workspace/Sources/SwiftySensors/FitnessMachineSerializer.swift /Users/admin/builder/spi-builder-workspace/Sources/SwiftySensors/FitnessMachineService.swift /Users/admin/builder/spi-builder-workspace/Sources/SwiftySensors/HeartRateSerializer.swift /Users/admin/builder/spi-builder-workspace/Sources/SwiftySensors/HeartRateService.swift /Users/admin/builder/spi-builder-workspace/Sources/SwiftySensors/Operators.swift /Users/admin/builder/spi-builder-workspace/Sources/SwiftySensors/RSSINormalizer.swift -primary-file /Users/admin/builder/spi-builder-workspace/Sources/SwiftySensors/Sensor.swift /Users/admin/builder/spi-builder-workspace/Sources/SwiftySensors/SensorManager.swift /Users/admin/builder/spi-builder-workspace/Sources/SwiftySensors/Service.swift -emit-dependencies-path /Users/admin/builder/spi-builder-workspace/.derivedData/Build/Intermediates.noindex/SwiftySensors.build/Debug-watchos/SwiftySensors-t.build/Objects-normal/arm64_32/Sensor.d -emit-const-values-path /Users/admin/builder/spi-builder-workspace/.derivedData/Build/Intermediates.noindex/SwiftySensors.build/Debug-watchos/SwiftySensors-t.build/Objects-normal/arm64_32/Sensor.swiftconstvalues -emit-reference-dependencies-path /Users/admin/builder/spi-builder-workspace/.derivedData/Build/Intermediates.noindex/SwiftySensors.build/Debug-watchos/SwiftySensors-t.build/Objects-normal/arm64_32/Sensor.swiftdeps -serialize-diagnostics-path /Users/admin/builder/spi-builder-workspace/.derivedData/Build/Intermediates.noindex/SwiftySensors.build/Debug-watchos/SwiftySensors-t.build/Objects-normal/arm64_32/Sensor.dia -target arm64_32-apple-watchos9.0 -disable-cross-import-overlay-search -load-resolved-plugin /Applications/Xcode-27.0.0-Release.Candidate.app/Contents/Developer/Platforms/WatchOS.platform/Developer/usr/lib/swift/host/plugins/libFoundationMacros.dylib\#/Applications/Xcode-27.0.0-Release.Candidate.app/Contents/Developer/Platforms/WatchOS.platform/Developer/usr/bin/swift-plugin-server\#FoundationMacros -load-resolved-plugin /Applications/Xcode-27.0.0-Release.Candidate.app/Contents/Developer/Platforms/WatchOS.platform/Developer/usr/lib/swift/host/plugins/libObservationMacros.dylib\#/Applications/Xcode-27.0.0-Release.Candidate.app/Contents/Developer/Platforms/WatchOS.platform/Developer/usr/bin/swift-plugin-server\#ObservationMacros -load-resolved-plugin /Applications/Xcode-27.0.0-Release.Candidate.app/Contents/Developer/Platforms/WatchOS.platform/Developer/usr/lib/swift/host/plugins/libSwiftMacros.dylib\#/Applications/Xcode-27.0.0-Release.Candidate.app/Contents/Developer/Platforms/WatchOS.platform/Developer/usr/bin/swift-plugin-server\#SwiftMacros -disable-implicit-swift-modules -Xcc -fno-implicit-modules -Xcc -fno-implicit-module-maps -explicit-swift-module-map-file /Users/admin/builder/spi-builder-workspace/.derivedData/Build/Intermediates.noindex/SwiftySensors.build/Debug-watchos/SwiftySensors-t.build/Objects-normal/arm64_32/SwiftySensors-dependencies-1.json -enable-objc-interop -sdk /Applications/Xcode-27.0.0-Release.Candidate.app/Contents/Developer/Platforms/WatchOS.platform/Developer/SDKs/WatchOS27.0.sdk -I /Users/admin/builder/spi-builder-workspace/.derivedData/Build/Products/Debug-watchos -Isystem /Applications/Xcode-27.0.0-Release.Candidate.app/Contents/Developer/Platforms/WatchOS.platform/Developer/usr/lib -F /Users/admin/builder/spi-builder-workspace/.derivedData/Build/Products/Debug-watchos/PackageFrameworks -F /Users/admin/builder/spi-builder-workspace/.derivedData/Build/Products/Debug-watchos -F /Applications/Xcode-27.0.0-Release.Candidate.app/Contents/Developer/Platforms/WatchOS.platform/Developer/Library/Frameworks -F /Applications/Xcode-27.0.0-Release.Candidate.app/Contents/Developer/Platforms/WatchOS.platform/Developer/SDKs/WatchOS27.0.sdk/Developer/Library/Frameworks -module-cache-path /Users/admin/builder/spi-builder-workspace/.derivedData/Build/Intermediates.noindex/SwiftExplicitPrecompiledModules -no-color-diagnostics -Xcc -fno-color-diagnostics -enable-testing -g -debug-info-format\=dwarf -dwarf-version\=4 -swift-version 5 -Onone -D SWIFT_PACKAGE -D DEBUG -D SWIFT_MODULE_RESOURCE_BUNDLE_UNAVAILABLE -D Xcode -serialize-debugging-options -enable-experimental-feature DebugDescriptionMacro -empty-abi-descriptor -validate-clang-modules-once -clang-build-session-file /Users/admin/builder/spi-builder-workspace/.derivedData/ModuleCache.noindex/Session.modulevalidation -Xcc -working-directory -Xcc /Users/admin/builder/spi-builder-workspace/.swiftpm/xcode -enable-anonymous-context-mangled-names -file-compilation-dir /Users/admin/builder/spi-builder-workspace/.swiftpm/xcode -Xcc -D_LIBCPP_HARDENING_MODE\=_LIBCPP_HARDENING_MODE_DEBUG -Xcc -ivfsstatcache -Xcc /Users/admin/builder/spi-builder-workspace/.derivedData/SDKStatCaches.noindex/watchos27.0-24R360-e829b21a6f8c9b70876ba0858053c04477534ef55a1706bf4c1112bbb242f0a2.sdkstatcache -Xcc -fmodules-prune-interval\=86400 -Xcc -fmodules-prune-after\=345600 -Xcc -I/Users/admin/builder/spi-builder-workspace/.derivedData/Build/Products/Debug-watchos/include -Xcc -I/Users/admin/builder/spi-builder-workspace/.derivedData/Build/Intermediates.noindex/SwiftySensors.build/Debug-watchos/SwiftySensors-t.build/DerivedSources-normal/arm64_32 -Xcc -I/Users/admin/builder/spi-builder-workspace/.derivedData/Build/Intermediates.noindex/SwiftySensors.build/Debug-watchos/SwiftySensors-t.build/DerivedSources/arm64_32 -Xcc -I/Users/admin/builder/spi-builder-workspace/.derivedData/Build/Intermediates.noindex/SwiftySensors.build/Debug-watchos/SwiftySensors-t.build/DerivedSources -Xcc -DSWIFT_PACKAGE -Xcc -DDEBUG\=1 -no-auto-bridging-header-chaining -module-name SwiftySensors -const-gather-protocols-file /Users/admin/builder/spi-builder-workspace/.derivedData/Build/Intermediates.noindex/SwiftySensors.build/Debug-watchos/SwiftySensors-t.build/Objects-normal/arm64_32/SwiftySensors_const_extract_protocols.json -disable-clang-spi -clang-target arm64_32-apple-watchos27.0 -target-sdk-version 27.0 -target-sdk-name watchos27.0 -in-process-plugin-server-path /Applications/Xcode-27.0.0-Release.Candidate.app/Contents/Developer/Toolchains/XcodeDefault.xctoolchain/usr/lib/swift/host/libSwiftInProcPluginServer.dylib -parse-as-library -o /Users/admin/builder/spi-builder-workspace/.derivedData/Build/Intermediates.noindex/SwiftySensors.build/Debug-watchos/SwiftySensors-t.build/Objects-normal/arm64_32/Sensor.o -debug-module-path /Users/admin/builder/spi-builder-workspace/.derivedData/Build/Intermediates.noindex/SwiftySensors.build/Debug-watchos/SwiftySensors-t.build/Objects-normal/arm64_32/SwiftySensors.swiftmodule -index-unit-output-path /SwiftySensors.build/Debug-watchos/SwiftySensors-t.build/Objects-normal/arm64_32/Sensor.o -index-store-path /Users/admin/builder/spi-builder-workspace/.derivedData/Index.noindex/DataStore -index-system-modules
SwiftCompile normal arm64_32 /Users/admin/builder/spi-builder-workspace/Sources/SwiftySensors/Sensor.swift (in target 'SwiftySensors' from project 'SwiftySensors')
cd /Users/admin/builder/spi-builder-workspace/.swiftpm/xcode
builtin-SwiftPerFileCompile Sensor.swift
SwiftCompile normal arm64_32 Compiling\ CyclingPowerSerializer.swift,\ CyclingPowerService.swift /Users/admin/builder/spi-builder-workspace/Sources/SwiftySensors/CyclingPowerSerializer.swift /Users/admin/builder/spi-builder-workspace/Sources/SwiftySensors/CyclingPowerService.swift (in target 'SwiftySensors' from project 'SwiftySensors')
SwiftCompile normal arm64_32 /Users/admin/builder/spi-builder-workspace/Sources/SwiftySensors/CyclingPowerSerializer.swift (in target 'SwiftySensors' from project 'SwiftySensors')
cd /Users/admin/builder/spi-builder-workspace/.swiftpm/xcode
builtin-SwiftPerFileCompile CyclingPowerSerializer.swift
SwiftCompile normal arm64_32 /Users/admin/builder/spi-builder-workspace/Sources/SwiftySensors/CyclingPowerService.swift (in target 'SwiftySensors' from project 'SwiftySensors')
cd /Users/admin/builder/spi-builder-workspace/.swiftpm/xcode
builtin-SwiftPerFileCompile CyclingPowerService.swift
SwiftCompile normal arm64_32 Compiling\ CyclingSpeedCadenceService.swift,\ DeviceInformationService.swift /Users/admin/builder/spi-builder-workspace/Sources/SwiftySensors/CyclingSpeedCadenceService.swift /Users/admin/builder/spi-builder-workspace/Sources/SwiftySensors/DeviceInformationService.swift (in target 'SwiftySensors' from project 'SwiftySensors')
SwiftCompile normal arm64_32 /Users/admin/builder/spi-builder-workspace/Sources/SwiftySensors/CyclingSpeedCadenceService.swift (in target 'SwiftySensors' from project 'SwiftySensors')
cd /Users/admin/builder/spi-builder-workspace/.swiftpm/xcode
builtin-SwiftPerFileCompile CyclingSpeedCadenceService.swift
SwiftCompile normal arm64_32 /Users/admin/builder/spi-builder-workspace/Sources/SwiftySensors/DeviceInformationService.swift (in target 'SwiftySensors' from project 'SwiftySensors')
cd /Users/admin/builder/spi-builder-workspace/.swiftpm/xcode
builtin-SwiftPerFileCompile DeviceInformationService.swift
SwiftCompile normal arm64_32 Compiling\ HeartRateSerializer.swift,\ HeartRateService.swift /Users/admin/builder/spi-builder-workspace/Sources/SwiftySensors/HeartRateSerializer.swift /Users/admin/builder/spi-builder-workspace/Sources/SwiftySensors/HeartRateService.swift (in target 'SwiftySensors' from project 'SwiftySensors')
SwiftCompile normal arm64_32 /Users/admin/builder/spi-builder-workspace/Sources/SwiftySensors/HeartRateSerializer.swift (in target 'SwiftySensors' from project 'SwiftySensors')
cd /Users/admin/builder/spi-builder-workspace/.swiftpm/xcode
builtin-SwiftPerFileCompile HeartRateSerializer.swift
SwiftCompile normal arm64_32 /Users/admin/builder/spi-builder-workspace/Sources/SwiftySensors/HeartRateService.swift (in target 'SwiftySensors' from project 'SwiftySensors')
cd /Users/admin/builder/spi-builder-workspace/.swiftpm/xcode
builtin-SwiftPerFileCompile HeartRateService.swift
SwiftCompile normal arm64_32 Compiling\ FitnessMachineSerializer.swift,\ FitnessMachineService.swift /Users/admin/builder/spi-builder-workspace/Sources/SwiftySensors/FitnessMachineSerializer.swift /Users/admin/builder/spi-builder-workspace/Sources/SwiftySensors/FitnessMachineService.swift (in target 'SwiftySensors' from project 'SwiftySensors')
SwiftCompile normal arm64_32 /Users/admin/builder/spi-builder-workspace/Sources/SwiftySensors/FitnessMachineSerializer.swift (in target 'SwiftySensors' from project 'SwiftySensors')
cd /Users/admin/builder/spi-builder-workspace/.swiftpm/xcode
builtin-SwiftPerFileCompile FitnessMachineSerializer.swift
SwiftCompile normal arm64_32 /Users/admin/builder/spi-builder-workspace/Sources/SwiftySensors/FitnessMachineService.swift (in target 'SwiftySensors' from project 'SwiftySensors')
cd /Users/admin/builder/spi-builder-workspace/.swiftpm/xcode
builtin-SwiftPerFileCompile FitnessMachineService.swift
SwiftEmitModule normal arm64_32 Emitting\ module\ for\ SwiftySensors (in target 'SwiftySensors' from project 'SwiftySensors')
/Users/admin/builder/spi-builder-workspace/Sources/SwiftySensors/SensorManager.swift:144:48: warning: 'CBCentralManagerState' was deprecated in watchOS 3.0: Use CBManagerState instead [#DeprecatedDeclaration]
142 |
143 | /// Bluetooth State Change Signal
144 | public let onBluetoothStateChange = Signal<CBCentralManagerState>()
| `- warning: 'CBCentralManagerState' was deprecated in watchOS 3.0: Use CBManagerState instead [#DeprecatedDeclaration]
145 |
146 | /// Sensor Discovered Signal
SwiftCompile normal arm64_32 (in target 'SwiftySensors' from project 'SwiftySensors')
cd /Users/admin/builder/spi-builder-workspace/.swiftpm/xcode
SwiftCompile normal arm64_32 Compiling\ Operators.swift,\ RSSINormalizer.swift /Users/admin/builder/spi-builder-workspace/Sources/SwiftySensors/Operators.swift /Users/admin/builder/spi-builder-workspace/Sources/SwiftySensors/RSSINormalizer.swift (in target 'SwiftySensors' from project 'SwiftySensors')
SwiftCompile normal arm64_32 /Users/admin/builder/spi-builder-workspace/Sources/SwiftySensors/Operators.swift (in target 'SwiftySensors' from project 'SwiftySensors')
cd /Users/admin/builder/spi-builder-workspace/.swiftpm/xcode
builtin-SwiftPerFileCompile Operators.swift
SwiftCompile normal arm64_32 /Users/admin/builder/spi-builder-workspace/Sources/SwiftySensors/RSSINormalizer.swift (in target 'SwiftySensors' from project 'SwiftySensors')
cd /Users/admin/builder/spi-builder-workspace/.swiftpm/xcode
builtin-SwiftPerFileCompile RSSINormalizer.swift
SwiftCompile normal arm64_32 Compiling\ Characteristic.swift,\ CoreBluetooth.swift /Users/admin/builder/spi-builder-workspace/Sources/SwiftySensors/Characteristic.swift /Users/admin/builder/spi-builder-workspace/Sources/SwiftySensors/CoreBluetooth.swift (in target 'SwiftySensors' from project 'SwiftySensors')
/Users/admin/builder/spi-builder-workspace/Sources/SwiftySensors/CoreBluetooth.swift:20:9: error: value of optional type 'CBService?' must be unwrapped to refer to member 'peripheral' of wrapped base type 'CBService'
18 | */
19 | public func notify(_ enabled: Bool) {
20 | service.peripheral.setNotifyValue(enabled, for: self)
| |- error: value of optional type 'CBService?' must be unwrapped to refer to member 'peripheral' of wrapped base type 'CBService'
| `- note: chain the optional using '?' to access member 'peripheral' only for non-'nil' base values
21 | }
22 |
/Users/admin/builder/spi-builder-workspace/Sources/SwiftySensors/CoreBluetooth.swift:20:17: error: value of optional type 'CBPeripheral?' must be unwrapped to refer to member 'setNotifyValue' of wrapped base type 'CBPeripheral'
18 | */
19 | public func notify(_ enabled: Bool) {
20 | service.peripheral.setNotifyValue(enabled, for: self)
| |- error: value of optional type 'CBPeripheral?' must be unwrapped to refer to member 'setNotifyValue' of wrapped base type 'CBPeripheral'
| |- note: chain the optional using '?' to access member 'setNotifyValue' only for non-'nil' base values
| `- note: force-unwrap using '!' to abort execution if the optional value contains 'nil'
21 | }
22 |
/Users/admin/builder/spi-builder-workspace/Sources/SwiftySensors/CoreBluetooth.swift:25:9: error: value of optional type 'CBService?' must be unwrapped to refer to member 'peripheral' of wrapped base type 'CBService'
23 | /// Read the value of the Characteristic
24 | public func read() {
25 | service.peripheral.readValue(for: self)
| |- error: value of optional type 'CBService?' must be unwrapped to refer to member 'peripheral' of wrapped base type 'CBService'
| `- note: chain the optional using '?' to access member 'peripheral' only for non-'nil' base values
26 | }
27 |
/Users/admin/builder/spi-builder-workspace/Sources/SwiftySensors/CoreBluetooth.swift:25:17: error: value of optional type 'CBPeripheral?' must be unwrapped to refer to member 'readValue' of wrapped base type 'CBPeripheral'
23 | /// Read the value of the Characteristic
24 | public func read() {
25 | service.peripheral.readValue(for: self)
| |- error: value of optional type 'CBPeripheral?' must be unwrapped to refer to member 'readValue' of wrapped base type 'CBPeripheral'
| |- note: chain the optional using '?' to access member 'readValue' only for non-'nil' base values
| `- note: force-unwrap using '!' to abort execution if the optional value contains 'nil'
26 | }
27 |
/Users/admin/builder/spi-builder-workspace/Sources/SwiftySensors/CoreBluetooth.swift:37:12: error: value of optional type 'CBService?' must be unwrapped to refer to member 'peripheral' of wrapped base type 'CBService'
35 | */
36 | @discardableResult public func write(_ data: Data, writeType: CBCharacteristicWriteType) -> Bool {
37 | if service.peripheral.state == .connected {
| |- error: value of optional type 'CBService?' must be unwrapped to refer to member 'peripheral' of wrapped base type 'CBService'
| `- note: chain the optional using '?' to access member 'peripheral' only for non-'nil' base values
38 | service.peripheral.writeValue(data, for: self, type: writeType)
39 | return true
/Users/admin/builder/spi-builder-workspace/Sources/SwiftySensors/CoreBluetooth.swift:37:20: error: value of optional type 'CBPeripheral?' must be unwrapped to refer to member 'state' of wrapped base type 'CBPeripheral'
35 | */
36 | @discardableResult public func write(_ data: Data, writeType: CBCharacteristicWriteType) -> Bool {
37 | if service.peripheral.state == .connected {
| |- error: value of optional type 'CBPeripheral?' must be unwrapped to refer to member 'state' of wrapped base type 'CBPeripheral'
| |- note: chain the optional using '?' to access member 'state' only for non-'nil' base values
| `- note: force-unwrap using '!' to abort execution if the optional value contains 'nil'
38 | service.peripheral.writeValue(data, for: self, type: writeType)
39 | return true
/Users/admin/builder/spi-builder-workspace/Sources/SwiftySensors/CoreBluetooth.swift:38:13: error: value of optional type 'CBService?' must be unwrapped to refer to member 'peripheral' of wrapped base type 'CBService'
36 | @discardableResult public func write(_ data: Data, writeType: CBCharacteristicWriteType) -> Bool {
37 | if service.peripheral.state == .connected {
38 | service.peripheral.writeValue(data, for: self, type: writeType)
| |- error: value of optional type 'CBService?' must be unwrapped to refer to member 'peripheral' of wrapped base type 'CBService'
| `- note: chain the optional using '?' to access member 'peripheral' only for non-'nil' base values
39 | return true
40 | }
/Users/admin/builder/spi-builder-workspace/Sources/SwiftySensors/CoreBluetooth.swift:38:21: error: value of optional type 'CBPeripheral?' must be unwrapped to refer to member 'writeValue' of wrapped base type 'CBPeripheral'
36 | @discardableResult public func write(_ data: Data, writeType: CBCharacteristicWriteType) -> Bool {
37 | if service.peripheral.state == .connected {
38 | service.peripheral.writeValue(data, for: self, type: writeType)
| |- error: value of optional type 'CBPeripheral?' must be unwrapped to refer to member 'writeValue' of wrapped base type 'CBPeripheral'
| |- note: chain the optional using '?' to access member 'writeValue' only for non-'nil' base values
| `- note: force-unwrap using '!' to abort execution if the optional value contains 'nil'
39 | return true
40 | }
Failed frontend command:
/Applications/Xcode-27.0.0-Release.Candidate.app/Contents/Developer/Toolchains/XcodeDefault.xctoolchain/usr/bin/swift-frontend -frontend -c -primary-file /Users/admin/builder/spi-builder-workspace/Sources/SwiftySensors/Characteristic.swift -primary-file /Users/admin/builder/spi-builder-workspace/Sources/SwiftySensors/CoreBluetooth.swift /Users/admin/builder/spi-builder-workspace/Sources/SwiftySensors/CyclingPowerSerializer.swift /Users/admin/builder/spi-builder-workspace/Sources/SwiftySensors/CyclingPowerService.swift /Users/admin/builder/spi-builder-workspace/Sources/SwiftySensors/CyclingSerializer.swift /Users/admin/builder/spi-builder-workspace/Sources/SwiftySensors/CyclingSpeedCadenceSerializer.swift /Users/admin/builder/spi-builder-workspace/Sources/SwiftySensors/CyclingSpeedCadenceService.swift /Users/admin/builder/spi-builder-workspace/Sources/SwiftySensors/DeviceInformationService.swift /Users/admin/builder/spi-builder-workspace/Sources/SwiftySensors/FitnessMachineSerializer.swift /Users/admin/builder/spi-builder-workspace/Sources/SwiftySensors/FitnessMachineService.swift /Users/admin/builder/spi-builder-workspace/Sources/SwiftySensors/HeartRateSerializer.swift /Users/admin/builder/spi-builder-workspace/Sources/SwiftySensors/HeartRateService.swift /Users/admin/builder/spi-builder-workspace/Sources/SwiftySensors/Operators.swift /Users/admin/builder/spi-builder-workspace/Sources/SwiftySensors/RSSINormalizer.swift /Users/admin/builder/spi-builder-workspace/Sources/SwiftySensors/Sensor.swift /Users/admin/builder/spi-builder-workspace/Sources/SwiftySensors/SensorManager.swift /Users/admin/builder/spi-builder-workspace/Sources/SwiftySensors/Service.swift -emit-dependencies-path /Users/admin/builder/spi-builder-workspace/.derivedData/Build/Intermediates.noindex/SwiftySensors.build/Debug-watchos/SwiftySensors-t.build/Objects-normal/arm64_32/Characteristic.d -emit-const-values-path /Users/admin/builder/spi-builder-workspace/.derivedData/Build/Intermediates.noindex/SwiftySensors.build/Debug-watchos/SwiftySensors-t.build/Objects-normal/arm64_32/Characteristic.swiftconstvalues -emit-reference-dependencies-path /Users/admin/builder/spi-builder-workspace/.derivedData/Build/Intermediates.noindex/SwiftySensors.build/Debug-watchos/SwiftySensors-t.build/Objects-normal/arm64_32/Characteristic.swiftdeps -serialize-diagnostics-path /Users/admin/builder/spi-builder-workspace/.derivedData/Build/Intermediates.noindex/SwiftySensors.build/Debug-watchos/SwiftySensors-t.build/Objects-normal/arm64_32/Characteristic.dia -emit-dependencies-path /Users/admin/builder/spi-builder-workspace/.derivedData/Build/Intermediates.noindex/SwiftySensors.build/Debug-watchos/SwiftySensors-t.build/Objects-normal/arm64_32/CoreBluetooth.d -emit-const-values-path /Users/admin/builder/spi-builder-workspace/.derivedData/Build/Intermediates.noindex/SwiftySensors.build/Debug-watchos/SwiftySensors-t.build/Objects-normal/arm64_32/CoreBluetooth.swiftconstvalues -emit-reference-dependencies-path /Users/admin/builder/spi-builder-workspace/.derivedData/Build/Intermediates.noindex/SwiftySensors.build/Debug-watchos/SwiftySensors-t.build/Objects-normal/arm64_32/CoreBluetooth.swiftdeps -serialize-diagnostics-path /Users/admin/builder/spi-builder-workspace/.derivedData/Build/Intermediates.noindex/SwiftySensors.build/Debug-watchos/SwiftySensors-t.build/Objects-normal/arm64_32/CoreBluetooth.dia -target arm64_32-apple-watchos9.0 -disable-cross-import-overlay-search -load-resolved-plugin /Applications/Xcode-27.0.0-Release.Candidate.app/Contents/Developer/Platforms/WatchOS.platform/Developer/usr/lib/swift/host/plugins/libFoundationMacros.dylib\#/Applications/Xcode-27.0.0-Release.Candidate.app/Contents/Developer/Platforms/WatchOS.platform/Developer/usr/bin/swift-plugin-server\#FoundationMacros -load-resolved-plugin /Applications/Xcode-27.0.0-Release.Candidate.app/Contents/Developer/Platforms/WatchOS.platform/Developer/usr/lib/swift/host/plugins/libObservationMacros.dylib\#/Applications/Xcode-27.0.0-Release.Candidate.app/Contents/Developer/Platforms/WatchOS.platform/Developer/usr/bin/swift-plugin-server\#ObservationMacros -load-resolved-plugin /Applications/Xcode-27.0.0-Release.Candidate.app/Contents/Developer/Platforms/WatchOS.platform/Developer/usr/lib/swift/host/plugins/libSwiftMacros.dylib\#/Applications/Xcode-27.0.0-Release.Candidate.app/Contents/Developer/Platforms/WatchOS.platform/Developer/usr/bin/swift-plugin-server\#SwiftMacros -disable-implicit-swift-modules -Xcc -fno-implicit-modules -Xcc -fno-implicit-module-maps -explicit-swift-module-map-file /Users/admin/builder/spi-builder-workspace/.derivedData/Build/Intermediates.noindex/SwiftySensors.build/Debug-watchos/SwiftySensors-t.build/Objects-normal/arm64_32/SwiftySensors-dependencies-1.json -enable-objc-interop -sdk /Applications/Xcode-27.0.0-Release.Candidate.app/Contents/Developer/Platforms/WatchOS.platform/Developer/SDKs/WatchOS27.0.sdk -I /Users/admin/builder/spi-builder-workspace/.derivedData/Build/Products/Debug-watchos -Isystem /Applications/Xcode-27.0.0-Release.Candidate.app/Contents/Developer/Platforms/WatchOS.platform/Developer/usr/lib -F /Users/admin/builder/spi-builder-workspace/.derivedData/Build/Products/Debug-watchos/PackageFrameworks -F /Users/admin/builder/spi-builder-workspace/.derivedData/Build/Products/Debug-watchos -F /Applications/Xcode-27.0.0-Release.Candidate.app/Contents/Developer/Platforms/WatchOS.platform/Developer/Library/Frameworks -F /Applications/Xcode-27.0.0-Release.Candidate.app/Contents/Developer/Platforms/WatchOS.platform/Developer/SDKs/WatchOS27.0.sdk/Developer/Library/Frameworks -module-cache-path /Users/admin/builder/spi-builder-workspace/.derivedData/Build/Intermediates.noindex/SwiftExplicitPrecompiledModules -no-color-diagnostics -Xcc -fno-color-diagnostics -enable-testing -g -debug-info-format\=dwarf -dwarf-version\=4 -swift-version 5 -Onone -D SWIFT_PACKAGE -D DEBUG -D SWIFT_MODULE_RESOURCE_BUNDLE_UNAVAILABLE -D Xcode -serialize-debugging-options -enable-experimental-feature DebugDescriptionMacro -empty-abi-descriptor -validate-clang-modules-once -clang-build-session-file /Users/admin/builder/spi-builder-workspace/.derivedData/ModuleCache.noindex/Session.modulevalidation -Xcc -working-directory -Xcc /Users/admin/builder/spi-builder-workspace/.swiftpm/xcode -enable-anonymous-context-mangled-names -file-compilation-dir /Users/admin/builder/spi-builder-workspace/.swiftpm/xcode -Xcc -D_LIBCPP_HARDENING_MODE\=_LIBCPP_HARDENING_MODE_DEBUG -Xcc -ivfsstatcache -Xcc /Users/admin/builder/spi-builder-workspace/.derivedData/SDKStatCaches.noindex/watchos27.0-24R360-e829b21a6f8c9b70876ba0858053c04477534ef55a1706bf4c1112bbb242f0a2.sdkstatcache -Xcc -fmodules-prune-interval\=86400 -Xcc -fmodules-prune-after\=345600 -Xcc -I/Users/admin/builder/spi-builder-workspace/.derivedData/Build/Products/Debug-watchos/include -Xcc -I/Users/admin/builder/spi-builder-workspace/.derivedData/Build/Intermediates.noindex/SwiftySensors.build/Debug-watchos/SwiftySensors-t.build/DerivedSources-normal/arm64_32 -Xcc -I/Users/admin/builder/spi-builder-workspace/.derivedData/Build/Intermediates.noindex/SwiftySensors.build/Debug-watchos/SwiftySensors-t.build/DerivedSources/arm64_32 -Xcc -I/Users/admin/builder/spi-builder-workspace/.derivedData/Build/Intermediates.noindex/SwiftySensors.build/Debug-watchos/SwiftySensors-t.build/DerivedSources -Xcc -DSWIFT_PACKAGE -Xcc -DDEBUG\=1 -no-auto-bridging-header-chaining -module-name SwiftySensors -const-gather-protocols-file /Users/admin/builder/spi-builder-workspace/.derivedData/Build/Intermediates.noindex/SwiftySensors.build/Debug-watchos/SwiftySensors-t.build/Objects-normal/arm64_32/SwiftySensors_const_extract_protocols.json -disable-clang-spi -clang-target arm64_32-apple-watchos27.0 -target-sdk-version 27.0 -target-sdk-name watchos27.0 -in-process-plugin-server-path /Applications/Xcode-27.0.0-Release.Candidate.app/Contents/Developer/Toolchains/XcodeDefault.xctoolchain/usr/lib/swift/host/libSwiftInProcPluginServer.dylib -parse-as-library -o /Users/admin/builder/spi-builder-workspace/.derivedData/Build/Intermediates.noindex/SwiftySensors.build/Debug-watchos/SwiftySensors-t.build/Objects-normal/arm64_32/Characteristic.o -o /Users/admin/builder/spi-builder-workspace/.derivedData/Build/Intermediates.noindex/SwiftySensors.build/Debug-watchos/SwiftySensors-t.build/Objects-normal/arm64_32/CoreBluetooth.o -debug-module-path /Users/admin/builder/spi-builder-workspace/.derivedData/Build/Intermediates.noindex/SwiftySensors.build/Debug-watchos/SwiftySensors-t.build/Objects-normal/arm64_32/SwiftySensors.swiftmodule -index-unit-output-path /SwiftySensors.build/Debug-watchos/SwiftySensors-t.build/Objects-normal/arm64_32/Characteristic.o -index-unit-output-path /SwiftySensors.build/Debug-watchos/SwiftySensors-t.build/Objects-normal/arm64_32/CoreBluetooth.o -index-store-path /Users/admin/builder/spi-builder-workspace/.derivedData/Index.noindex/DataStore -index-system-modules
SwiftCompile normal arm64_32 /Users/admin/builder/spi-builder-workspace/Sources/SwiftySensors/Characteristic.swift (in target 'SwiftySensors' from project 'SwiftySensors')
cd /Users/admin/builder/spi-builder-workspace/.swiftpm/xcode
builtin-SwiftPerFileCompile Characteristic.swift
SwiftCompile normal arm64_32 /Users/admin/builder/spi-builder-workspace/Sources/SwiftySensors/CoreBluetooth.swift (in target 'SwiftySensors' from project 'SwiftySensors')
cd /Users/admin/builder/spi-builder-workspace/.swiftpm/xcode
builtin-SwiftPerFileCompile CoreBluetooth.swift
SwiftCompile normal arm64_32 Compiling\ CyclingSerializer.swift,\ CyclingSpeedCadenceSerializer.swift /Users/admin/builder/spi-builder-workspace/Sources/SwiftySensors/CyclingSerializer.swift /Users/admin/builder/spi-builder-workspace/Sources/SwiftySensors/CyclingSpeedCadenceSerializer.swift (in target 'SwiftySensors' from project 'SwiftySensors')
SwiftCompile normal arm64_32 /Users/admin/builder/spi-builder-workspace/Sources/SwiftySensors/CyclingSerializer.swift (in target 'SwiftySensors' from project 'SwiftySensors')
cd /Users/admin/builder/spi-builder-workspace/.swiftpm/xcode
builtin-SwiftPerFileCompile CyclingSerializer.swift
SwiftCompile normal arm64_32 /Users/admin/builder/spi-builder-workspace/Sources/SwiftySensors/CyclingSpeedCadenceSerializer.swift (in target 'SwiftySensors' from project 'SwiftySensors')
cd /Users/admin/builder/spi-builder-workspace/.swiftpm/xcode
builtin-SwiftPerFileCompile CyclingSpeedCadenceSerializer.swift
SwiftEmitModule normal arm64 Emitting\ module\ for\ SwiftySensors (in target 'SwiftySensors' from project 'SwiftySensors')
SwiftCompile normal arm64 (in target 'SwiftySensors' from project 'SwiftySensors')
cd /Users/admin/builder/spi-builder-workspace/.swiftpm/xcode
SwiftDriverJobDiscovery normal arm64_32 Compiling Operators.swift, RSSINormalizer.swift (in target 'SwiftySensors' from project 'SwiftySensors')
SwiftCompile normal arm64 Compiling\ CyclingSerializer.swift,\ CyclingSpeedCadenceSerializer.swift /Users/admin/builder/spi-builder-workspace/Sources/SwiftySensors/CyclingSerializer.swift /Users/admin/builder/spi-builder-workspace/Sources/SwiftySensors/CyclingSpeedCadenceSerializer.swift (in target 'SwiftySensors' from project 'SwiftySensors')
SwiftCompile normal arm64 /Users/admin/builder/spi-builder-workspace/Sources/SwiftySensors/CyclingSerializer.swift (in target 'SwiftySensors' from project 'SwiftySensors')
cd /Users/admin/builder/spi-builder-workspace/.swiftpm/xcode
builtin-SwiftPerFileCompile CyclingSerializer.swift
SwiftCompile normal arm64 /Users/admin/builder/spi-builder-workspace/Sources/SwiftySensors/CyclingSpeedCadenceSerializer.swift (in target 'SwiftySensors' from project 'SwiftySensors')
cd /Users/admin/builder/spi-builder-workspace/.swiftpm/xcode
builtin-SwiftPerFileCompile CyclingSpeedCadenceSerializer.swift
PruneExplicitPrecompiledModules /Users/admin/builder/spi-builder-workspace/.derivedData/Build/Intermediates.noindex/ExplicitPrecompiledModules
PruneExplicitPrecompiledModules /Users/admin/builder/spi-builder-workspace/.derivedData/Build/Intermediates.noindex/SwiftExplicitPrecompiledModules
PruneExplicitPrecompiledModules /Users/admin/builder/spi-builder-workspace/.derivedData/SDKExplicitPrecompiledModules
2026-09-16 19:39:20.737 xcodebuild[697:4510] [MT] IDERunDestination: Supported platforms for the buildables in the current scheme is empty.
** BUILD FAILED **
The following build commands failed:
SwiftCompile normal arm64_32 Compiling\ Sensor.swift /Users/admin/builder/spi-builder-workspace/Sources/SwiftySensors/Sensor.swift (in target 'SwiftySensors' from project 'SwiftySensors')
SwiftCompile normal arm64_32 /Users/admin/builder/spi-builder-workspace/Sources/SwiftySensors/Sensor.swift (in target 'SwiftySensors' from project 'SwiftySensors')
SwiftCompile normal arm64_32 Compiling\ Characteristic.swift,\ CoreBluetooth.swift /Users/admin/builder/spi-builder-workspace/Sources/SwiftySensors/Characteristic.swift /Users/admin/builder/spi-builder-workspace/Sources/SwiftySensors/CoreBluetooth.swift (in target 'SwiftySensors' from project 'SwiftySensors')
SwiftCompile normal arm64_32 /Users/admin/builder/spi-builder-workspace/Sources/SwiftySensors/CoreBluetooth.swift (in target 'SwiftySensors' from project 'SwiftySensors')
Building workspace SwiftySensors with scheme SwiftySensors
(5 failures)
Command line invocation:
/Applications/Xcode-27.0.0-Release.Candidate.app/Contents/Developer/usr/bin/xcodebuild -IDEClonedSourcePackagesDirPathOverride=/Users/admin/builder/spi-builder-workspace/.dependencies -resolvePackageDependencies
Resolve Package Graph
Resolved source packages:
SwiftySensors: /Users/admin/builder/spi-builder-workspace
Signals: https://github.com/artman/Signals @ 6.1.0
resolved source packages: SwiftySensors, Signals
2026-09-16 19:39:27.467 xcodebuild[801:5024] [MT] IDERunDestination: Supported platforms for the buildables in the current scheme is empty.
{
"dependencies" : [
{
"identity" : "signals",
"requirement" : {
"range" : [
{
"lower_bound" : "6.1.0",
"upper_bound" : "7.0.0"
}
]
},
"type" : "sourceControl",
"url" : "https://github.com/artman/Signals"
}
],
"manifest_display_name" : "SwiftySensors",
"name" : "SwiftySensors",
"path" : "/Users/admin/builder/spi-builder-workspace",
"platforms" : [
{
"name" : "macos",
"version" : "10.13"
},
{
"name" : "ios",
"version" : "9.0"
},
{
"name" : "tvos",
"version" : "9.0"
},
{
"name" : "watchos",
"version" : "4.0"
}
],
"products" : [
{
"name" : "SwiftySensors",
"targets" : [
"SwiftySensors"
],
"type" : {
"library" : [
"automatic"
]
}
}
],
"targets" : [
{
"c99name" : "SwiftySensors",
"module_type" : "SwiftTarget",
"name" : "SwiftySensors",
"path" : "Sources/SwiftySensors",
"product_dependencies" : [
"Signals"
],
"product_memberships" : [
"SwiftySensors"
],
"sources" : [
"Characteristic.swift",
"CoreBluetooth.swift",
"CyclingPowerSerializer.swift",
"CyclingPowerService.swift",
"CyclingSerializer.swift",
"CyclingSpeedCadenceSerializer.swift",
"CyclingSpeedCadenceService.swift",
"DeviceInformationService.swift",
"FitnessMachineSerializer.swift",
"FitnessMachineService.swift",
"HeartRateSerializer.swift",
"HeartRateService.swift",
"Operators.swift",
"RSSINormalizer.swift",
"Sensor.swift",
"SensorManager.swift",
"Service.swift"
],
"type" : "library"
}
],
"tools_version" : "5.1"
}
{
"workspace" : {
"name" : "SwiftySensors",
"schemes" : [
"SwiftySensors"
]
}
}
2026-09-16 19:39:28.727 xcodebuild[809:5092] [MT] IDERunDestination: Supported platforms for the buildables in the current scheme is empty.
Running build ...
env DEVELOPER_DIR=/Applications/Xcode-27.0.0-Release.Candidate.app xcrun xcodebuild -IDEClonedSourcePackagesDirPathOverride=$PWD/.dependencies -skipMacroValidation -skipPackagePluginValidation -derivedDataPath $PWD/.derivedData build -scheme SwiftySensors -destination generic/platform=watchOS
Command line invocation:
/Applications/Xcode-27.0.0-Release.Candidate.app/Contents/Developer/usr/bin/xcodebuild -IDEClonedSourcePackagesDirPathOverride=/Users/admin/builder/spi-builder-workspace/.dependencies -skipMacroValidation -skipPackagePluginValidation -derivedDataPath /Users/admin/builder/spi-builder-workspace/.derivedData build -scheme SwiftySensors -destination generic/platform=watchOS
Resolve Package Graph
Resolved source packages:
Signals: https://github.com/artman/Signals @ 6.1.0
SwiftySensors: /Users/admin/builder/spi-builder-workspace
ComputePackagePrebuildTargetDependencyGraph
Prepare packages
CreateBuildRequest
SendProjectDescription
CreateBuildOperation
ComputeTargetDependencyGraph
note: Building targets in dependency order
note: Target dependency graph (4 targets)
Target 'SwiftySensors-product' in project 'SwiftySensors'
➜ Explicit dependency on target 'SwiftySensors' in project 'SwiftySensors'
➜ Explicit dependency on target 'Signals-product' in project 'Signals'
Target 'SwiftySensors' in project 'SwiftySensors'
➜ Explicit dependency on target 'Signals-product' in project 'Signals'
Target 'Signals-product' in project 'Signals'
➜ Explicit dependency on target 'Signals' in project 'Signals'
Target 'Signals' in project 'Signals' (no dependencies)
GatherProvisioningInputs
CreateBuildDescription
ClangStatCache /Applications/Xcode-27.0.0-Release.Candidate.app/Contents/Developer/Toolchains/XcodeDefault.xctoolchain/usr/bin/clang-stat-cache /Applications/Xcode-27.0.0-Release.Candidate.app/Contents/Developer/Platforms/WatchOS.platform/Developer/SDKs/WatchOS27.0.sdk /Users/admin/builder/spi-builder-workspace/.derivedData/SDKStatCaches.noindex/watchos27.0-24R360-e829b21a6f8c9b70876ba0858053c04477534ef55a1706bf4c1112bbb242f0a2.sdkstatcache
cd /Users/admin/builder/spi-builder-workspace/.swiftpm/xcode
/Applications/Xcode-27.0.0-Release.Candidate.app/Contents/Developer/Toolchains/XcodeDefault.xctoolchain/usr/bin/clang-stat-cache /Applications/Xcode-27.0.0-Release.Candidate.app/Contents/Developer/Platforms/WatchOS.platform/Developer/SDKs/WatchOS27.0.sdk -o /Users/admin/builder/spi-builder-workspace/.derivedData/SDKStatCaches.noindex/watchos27.0-24R360-e829b21a6f8c9b70876ba0858053c04477534ef55a1706bf4c1112bbb242f0a2.sdkstatcache
SwiftDriver SwiftySensors normal arm64_32 com.apple.xcode.tools.swift.compiler (in target 'SwiftySensors' from project 'SwiftySensors')
cd /Users/admin/builder/spi-builder-workspace/.swiftpm/xcode
builtin-SwiftDriver -- /Applications/Xcode-27.0.0-Release.Candidate.app/Contents/Developer/Toolchains/XcodeDefault.xctoolchain/usr/bin/swiftc -parse-as-library -module-name SwiftySensors -Onone @/Users/admin/builder/spi-builder-workspace/.derivedData/Build/Intermediates.noindex/SwiftySensors.build/Debug-watchos/SwiftySensors-t.build/Objects-normal/arm64_32/SwiftySensors.SwiftFileList -DSWIFT_PACKAGE -DDEBUG -DSWIFT_MODULE_RESOURCE_BUNDLE_UNAVAILABLE -DXcode -plugin-path /Applications/Xcode-27.0.0-Release.Candidate.app/Contents/Developer/Toolchains/XcodeDefault.xctoolchain/usr/lib/swift/host/plugins/testing -enable-experimental-feature DebugDescriptionMacro -sdk /Applications/Xcode-27.0.0-Release.Candidate.app/Contents/Developer/Platforms/WatchOS.platform/Developer/SDKs/WatchOS27.0.sdk -target arm64_32-apple-watchos9.0 -g -module-cache-path /Users/admin/builder/spi-builder-workspace/.derivedData/ModuleCache.noindex -Xfrontend -serialize-debugging-options -enable-testing -index-store-path /Users/admin/builder/spi-builder-workspace/.derivedData/Index.noindex/DataStore -Xcc -D_LIBCPP_HARDENING_MODE\=_LIBCPP_HARDENING_MODE_DEBUG -swift-version 5 -I /Users/admin/builder/spi-builder-workspace/.derivedData/Build/Products/Debug-watchos -Isystem /Applications/Xcode-27.0.0-Release.Candidate.app/Contents/Developer/Platforms/WatchOS.platform/Developer/usr/lib -F /Users/admin/builder/spi-builder-workspace/.derivedData/Build/Products/Debug-watchos/PackageFrameworks -F /Users/admin/builder/spi-builder-workspace/.derivedData/Build/Products/Debug-watchos -F /Applications/Xcode-27.0.0-Release.Candidate.app/Contents/Developer/Platforms/WatchOS.platform/Developer/Library/Frameworks -F /Applications/Xcode-27.0.0-Release.Candidate.app/Contents/Developer/Platforms/WatchOS.platform/Developer/SDKs/WatchOS27.0.sdk/Developer/Library/Frameworks -c -j10 -enable-batch-mode -incremental -Xcc -ivfsstatcache -Xcc /Users/admin/builder/spi-builder-workspace/.derivedData/SDKStatCaches.noindex/watchos27.0-24R360-e829b21a6f8c9b70876ba0858053c04477534ef55a1706bf4c1112bbb242f0a2.sdkstatcache -output-file-map /Users/admin/builder/spi-builder-workspace/.derivedData/Build/Intermediates.noindex/SwiftySensors.build/Debug-watchos/SwiftySensors-t.build/Objects-normal/arm64_32/SwiftySensors-OutputFileMap.json -save-temps -no-color-diagnostics -explicit-module-build -module-cache-path /Users/admin/builder/spi-builder-workspace/.derivedData/Build/Intermediates.noindex/SwiftExplicitPrecompiledModules -clang-scanner-module-cache-path /Users/admin/builder/spi-builder-workspace/.derivedData/ModuleCache.noindex -sdk-module-cache-path /Users/admin/builder/spi-builder-workspace/.derivedData/SDKExplicitPrecompiledModules -emit-dependencies -emit-module -emit-module-path /Users/admin/builder/spi-builder-workspace/.derivedData/Build/Intermediates.noindex/SwiftySensors.build/Debug-watchos/SwiftySensors-t.build/Objects-normal/arm64_32/SwiftySensors.swiftmodule -serialize-diagnostics -dependency-scan-serialize-diagnostics-path /Users/admin/builder/spi-builder-workspace/.derivedData/Build/Intermediates.noindex/SwiftySensors.build/Debug-watchos/SwiftySensors-t.build/Objects-normal/arm64_32/SwiftySensors-dependency-scan.dia -validate-clang-modules-once -clang-build-session-file /Users/admin/builder/spi-builder-workspace/.derivedData/ModuleCache.noindex/Session.modulevalidation -Xcc -fmodules-prune-interval\=86400 -Xcc -fmodules-prune-after\=345600 -emit-const-values -const-gather-protocols-list /Users/admin/builder/spi-builder-workspace/.derivedData/Build/Intermediates.noindex/SwiftySensors.build/Debug-watchos/SwiftySensors-t.build/Objects-normal/arm64_32/SwiftySensors_const_extract_protocols.json -Xcc -I/Users/admin/builder/spi-builder-workspace/.derivedData/Build/Products/Debug-watchos/include -Xcc -I/Users/admin/builder/spi-builder-workspace/.derivedData/Build/Intermediates.noindex/SwiftySensors.build/Debug-watchos/SwiftySensors-t.build/DerivedSources-normal/arm64_32 -Xcc -I/Users/admin/builder/spi-builder-workspace/.derivedData/Build/Intermediates.noindex/SwiftySensors.build/Debug-watchos/SwiftySensors-t.build/DerivedSources/arm64_32 -Xcc -I/Users/admin/builder/spi-builder-workspace/.derivedData/Build/Intermediates.noindex/SwiftySensors.build/Debug-watchos/SwiftySensors-t.build/DerivedSources -Xcc -DSWIFT_PACKAGE -Xcc -DDEBUG\=1 -emit-objc-header -emit-objc-header-path /Users/admin/builder/spi-builder-workspace/.derivedData/Build/Intermediates.noindex/SwiftySensors.build/Debug-watchos/SwiftySensors-t.build/Objects-normal/arm64_32/SwiftySensors-Swift.h -working-directory /Users/admin/builder/spi-builder-workspace/.swiftpm/xcode -experimental-emit-module-separately -disable-cmo
SwiftDriver SwiftySensors normal arm64 com.apple.xcode.tools.swift.compiler (in target 'SwiftySensors' from project 'SwiftySensors')
cd /Users/admin/builder/spi-builder-workspace/.swiftpm/xcode
builtin-SwiftDriver -- /Applications/Xcode-27.0.0-Release.Candidate.app/Contents/Developer/Toolchains/XcodeDefault.xctoolchain/usr/bin/swiftc -parse-as-library -module-name SwiftySensors -Onone @/Users/admin/builder/spi-builder-workspace/.derivedData/Build/Intermediates.noindex/SwiftySensors.build/Debug-watchos/SwiftySensors-t.build/Objects-normal/arm64/SwiftySensors.SwiftFileList -DSWIFT_PACKAGE -DDEBUG -DSWIFT_MODULE_RESOURCE_BUNDLE_UNAVAILABLE -DXcode -plugin-path /Applications/Xcode-27.0.0-Release.Candidate.app/Contents/Developer/Toolchains/XcodeDefault.xctoolchain/usr/lib/swift/host/plugins/testing -enable-experimental-feature DebugDescriptionMacro -sdk /Applications/Xcode-27.0.0-Release.Candidate.app/Contents/Developer/Platforms/WatchOS.platform/Developer/SDKs/WatchOS27.0.sdk -target arm64-apple-watchos9.0 -g -module-cache-path /Users/admin/builder/spi-builder-workspace/.derivedData/ModuleCache.noindex -Xfrontend -serialize-debugging-options -enable-testing -index-store-path /Users/admin/builder/spi-builder-workspace/.derivedData/Index.noindex/DataStore -Xcc -D_LIBCPP_HARDENING_MODE\=_LIBCPP_HARDENING_MODE_DEBUG -swift-version 5 -I /Users/admin/builder/spi-builder-workspace/.derivedData/Build/Products/Debug-watchos -Isystem /Applications/Xcode-27.0.0-Release.Candidate.app/Contents/Developer/Platforms/WatchOS.platform/Developer/usr/lib -F /Users/admin/builder/spi-builder-workspace/.derivedData/Build/Products/Debug-watchos/PackageFrameworks -F /Users/admin/builder/spi-builder-workspace/.derivedData/Build/Products/Debug-watchos -F /Applications/Xcode-27.0.0-Release.Candidate.app/Contents/Developer/Platforms/WatchOS.platform/Developer/Library/Frameworks -F /Applications/Xcode-27.0.0-Release.Candidate.app/Contents/Developer/Platforms/WatchOS.platform/Developer/SDKs/WatchOS27.0.sdk/Developer/Library/Frameworks -c -j10 -enable-batch-mode -incremental -Xcc -ivfsstatcache -Xcc /Users/admin/builder/spi-builder-workspace/.derivedData/SDKStatCaches.noindex/watchos27.0-24R360-e829b21a6f8c9b70876ba0858053c04477534ef55a1706bf4c1112bbb242f0a2.sdkstatcache -output-file-map /Users/admin/builder/spi-builder-workspace/.derivedData/Build/Intermediates.noindex/SwiftySensors.build/Debug-watchos/SwiftySensors-t.build/Objects-normal/arm64/SwiftySensors-OutputFileMap.json -save-temps -no-color-diagnostics -explicit-module-build -module-cache-path /Users/admin/builder/spi-builder-workspace/.derivedData/Build/Intermediates.noindex/SwiftExplicitPrecompiledModules -clang-scanner-module-cache-path /Users/admin/builder/spi-builder-workspace/.derivedData/ModuleCache.noindex -sdk-module-cache-path /Users/admin/builder/spi-builder-workspace/.derivedData/SDKExplicitPrecompiledModules -emit-dependencies -emit-module -emit-module-path /Users/admin/builder/spi-builder-workspace/.derivedData/Build/Intermediates.noindex/SwiftySensors.build/Debug-watchos/SwiftySensors-t.build/Objects-normal/arm64/SwiftySensors.swiftmodule -serialize-diagnostics -dependency-scan-serialize-diagnostics-path /Users/admin/builder/spi-builder-workspace/.derivedData/Build/Intermediates.noindex/SwiftySensors.build/Debug-watchos/SwiftySensors-t.build/Objects-normal/arm64/SwiftySensors-dependency-scan.dia -validate-clang-modules-once -clang-build-session-file /Users/admin/builder/spi-builder-workspace/.derivedData/ModuleCache.noindex/Session.modulevalidation -Xcc -fmodules-prune-interval\=86400 -Xcc -fmodules-prune-after\=345600 -emit-const-values -const-gather-protocols-list /Users/admin/builder/spi-builder-workspace/.derivedData/Build/Intermediates.noindex/SwiftySensors.build/Debug-watchos/SwiftySensors-t.build/Objects-normal/arm64/SwiftySensors_const_extract_protocols.json -Xcc -I/Users/admin/builder/spi-builder-workspace/.derivedData/Build/Products/Debug-watchos/include -Xcc -I/Users/admin/builder/spi-builder-workspace/.derivedData/Build/Intermediates.noindex/SwiftySensors.build/Debug-watchos/SwiftySensors-t.build/DerivedSources-normal/arm64 -Xcc -I/Users/admin/builder/spi-builder-workspace/.derivedData/Build/Intermediates.noindex/SwiftySensors.build/Debug-watchos/SwiftySensors-t.build/DerivedSources/arm64 -Xcc -I/Users/admin/builder/spi-builder-workspace/.derivedData/Build/Intermediates.noindex/SwiftySensors.build/Debug-watchos/SwiftySensors-t.build/DerivedSources -Xcc -DSWIFT_PACKAGE -Xcc -DDEBUG\=1 -emit-objc-header -emit-objc-header-path /Users/admin/builder/spi-builder-workspace/.derivedData/Build/Intermediates.noindex/SwiftySensors.build/Debug-watchos/SwiftySensors-t.build/Objects-normal/arm64/SwiftySensors-Swift.h -working-directory /Users/admin/builder/spi-builder-workspace/.swiftpm/xcode -experimental-emit-module-separately -disable-cmo
SwiftCompile normal arm64 Compiling\ Characteristic.swift,\ CoreBluetooth.swift /Users/admin/builder/spi-builder-workspace/Sources/SwiftySensors/Characteristic.swift /Users/admin/builder/spi-builder-workspace/Sources/SwiftySensors/CoreBluetooth.swift (in target 'SwiftySensors' from project 'SwiftySensors')
/Users/admin/builder/spi-builder-workspace/Sources/SwiftySensors/CoreBluetooth.swift:20:9: error: value of optional type 'CBService?' must be unwrapped to refer to member 'peripheral' of wrapped base type 'CBService'
18 | */
19 | public func notify(_ enabled: Bool) {
20 | service.peripheral.setNotifyValue(enabled, for: self)
| |- error: value of optional type 'CBService?' must be unwrapped to refer to member 'peripheral' of wrapped base type 'CBService'
| `- note: chain the optional using '?' to access member 'peripheral' only for non-'nil' base values
21 | }
22 |
/Users/admin/builder/spi-builder-workspace/Sources/SwiftySensors/CoreBluetooth.swift:20:17: error: value of optional type 'CBPeripheral?' must be unwrapped to refer to member 'setNotifyValue' of wrapped base type 'CBPeripheral'
18 | */
19 | public func notify(_ enabled: Bool) {
20 | service.peripheral.setNotifyValue(enabled, for: self)
| |- error: value of optional type 'CBPeripheral?' must be unwrapped to refer to member 'setNotifyValue' of wrapped base type 'CBPeripheral'
| |- note: chain the optional using '?' to access member 'setNotifyValue' only for non-'nil' base values
| `- note: force-unwrap using '!' to abort execution if the optional value contains 'nil'
21 | }
22 |
/Users/admin/builder/spi-builder-workspace/Sources/SwiftySensors/CoreBluetooth.swift:25:9: error: value of optional type 'CBService?' must be unwrapped to refer to member 'peripheral' of wrapped base type 'CBService'
23 | /// Read the value of the Characteristic
24 | public func read() {
25 | service.peripheral.readValue(for: self)
| |- error: value of optional type 'CBService?' must be unwrapped to refer to member 'peripheral' of wrapped base type 'CBService'
| `- note: chain the optional using '?' to access member 'peripheral' only for non-'nil' base values
26 | }
27 |
/Users/admin/builder/spi-builder-workspace/Sources/SwiftySensors/CoreBluetooth.swift:25:17: error: value of optional type 'CBPeripheral?' must be unwrapped to refer to member 'readValue' of wrapped base type 'CBPeripheral'
23 | /// Read the value of the Characteristic
24 | public func read() {
25 | service.peripheral.readValue(for: self)
| |- error: value of optional type 'CBPeripheral?' must be unwrapped to refer to member 'readValue' of wrapped base type 'CBPeripheral'
| |- note: chain the optional using '?' to access member 'readValue' only for non-'nil' base values
| `- note: force-unwrap using '!' to abort execution if the optional value contains 'nil'
26 | }
27 |
/Users/admin/builder/spi-builder-workspace/Sources/SwiftySensors/CoreBluetooth.swift:37:12: error: value of optional type 'CBService?' must be unwrapped to refer to member 'peripheral' of wrapped base type 'CBService'
35 | */
36 | @discardableResult public func write(_ data: Data, writeType: CBCharacteristicWriteType) -> Bool {
37 | if service.peripheral.state == .connected {
| |- error: value of optional type 'CBService?' must be unwrapped to refer to member 'peripheral' of wrapped base type 'CBService'
| `- note: chain the optional using '?' to access member 'peripheral' only for non-'nil' base values
38 | service.peripheral.writeValue(data, for: self, type: writeType)
39 | return true
/Users/admin/builder/spi-builder-workspace/Sources/SwiftySensors/CoreBluetooth.swift:37:20: error: value of optional type 'CBPeripheral?' must be unwrapped to refer to member 'state' of wrapped base type 'CBPeripheral'
35 | */
36 | @discardableResult public func write(_ data: Data, writeType: CBCharacteristicWriteType) -> Bool {
37 | if service.peripheral.state == .connected {
| |- error: value of optional type 'CBPeripheral?' must be unwrapped to refer to member 'state' of wrapped base type 'CBPeripheral'
| |- note: chain the optional using '?' to access member 'state' only for non-'nil' base values
| `- note: force-unwrap using '!' to abort execution if the optional value contains 'nil'
38 | service.peripheral.writeValue(data, for: self, type: writeType)
39 | return true
/Users/admin/builder/spi-builder-workspace/Sources/SwiftySensors/CoreBluetooth.swift:38:13: error: value of optional type 'CBService?' must be unwrapped to refer to member 'peripheral' of wrapped base type 'CBService'
36 | @discardableResult public func write(_ data: Data, writeType: CBCharacteristicWriteType) -> Bool {
37 | if service.peripheral.state == .connected {
38 | service.peripheral.writeValue(data, for: self, type: writeType)
| |- error: value of optional type 'CBService?' must be unwrapped to refer to member 'peripheral' of wrapped base type 'CBService'
| `- note: chain the optional using '?' to access member 'peripheral' only for non-'nil' base values
39 | return true
40 | }
/Users/admin/builder/spi-builder-workspace/Sources/SwiftySensors/CoreBluetooth.swift:38:21: error: value of optional type 'CBPeripheral?' must be unwrapped to refer to member 'writeValue' of wrapped base type 'CBPeripheral'
36 | @discardableResult public func write(_ data: Data, writeType: CBCharacteristicWriteType) -> Bool {
37 | if service.peripheral.state == .connected {
38 | service.peripheral.writeValue(data, for: self, type: writeType)
| |- error: value of optional type 'CBPeripheral?' must be unwrapped to refer to member 'writeValue' of wrapped base type 'CBPeripheral'
| |- note: chain the optional using '?' to access member 'writeValue' only for non-'nil' base values
| `- note: force-unwrap using '!' to abort execution if the optional value contains 'nil'
39 | return true
40 | }
Failed frontend command:
SwiftCompile normal arm64 /Users/admin/builder/spi-builder-workspace/Sources/SwiftySensors/Characteristic.swift (in target 'SwiftySensors' from project 'SwiftySensors')
cd /Users/admin/builder/spi-builder-workspace/.swiftpm/xcode
builtin-SwiftPerFileCompile Characteristic.swift
SwiftCompile normal arm64 /Users/admin/builder/spi-builder-workspace/Sources/SwiftySensors/CoreBluetooth.swift (in target 'SwiftySensors' from project 'SwiftySensors')
cd /Users/admin/builder/spi-builder-workspace/.swiftpm/xcode
builtin-SwiftPerFileCompile CoreBluetooth.swift
/Applications/Xcode-27.0.0-Release.Candidate.app/Contents/Developer/Toolchains/XcodeDefault.xctoolchain/usr/bin/swift-frontend -frontend -c -primary-file /Users/admin/builder/spi-builder-workspace/Sources/SwiftySensors/Characteristic.swift -primary-file /Users/admin/builder/spi-builder-workspace/Sources/SwiftySensors/CoreBluetooth.swift /Users/admin/builder/spi-builder-workspace/Sources/SwiftySensors/CyclingPowerSerializer.swift /Users/admin/builder/spi-builder-workspace/Sources/SwiftySensors/CyclingPowerService.swift /Users/admin/builder/spi-builder-workspace/Sources/SwiftySensors/CyclingSerializer.swift /Users/admin/builder/spi-builder-workspace/Sources/SwiftySensors/CyclingSpeedCadenceSerializer.swift /Users/admin/builder/spi-builder-workspace/Sources/SwiftySensors/CyclingSpeedCadenceService.swift /Users/admin/builder/spi-builder-workspace/Sources/SwiftySensors/DeviceInformationService.swift /Users/admin/builder/spi-builder-workspace/Sources/SwiftySensors/FitnessMachineSerializer.swift /Users/admin/builder/spi-builder-workspace/Sources/SwiftySensors/FitnessMachineService.swift /Users/admin/builder/spi-builder-workspace/Sources/SwiftySensors/HeartRateSerializer.swift /Users/admin/builder/spi-builder-workspace/Sources/SwiftySensors/HeartRateService.swift /Users/admin/builder/spi-builder-workspace/Sources/SwiftySensors/Operators.swift /Users/admin/builder/spi-builder-workspace/Sources/SwiftySensors/RSSINormalizer.swift /Users/admin/builder/spi-builder-workspace/Sources/SwiftySensors/Sensor.swift /Users/admin/builder/spi-builder-workspace/Sources/SwiftySensors/SensorManager.swift /Users/admin/builder/spi-builder-workspace/Sources/SwiftySensors/Service.swift -emit-dependencies-path /Users/admin/builder/spi-builder-workspace/.derivedData/Build/Intermediates.noindex/SwiftySensors.build/Debug-watchos/SwiftySensors-t.build/Objects-normal/arm64/Characteristic.d -emit-const-values-path /Users/admin/builder/spi-builder-workspace/.derivedData/Build/Intermediates.noindex/SwiftySensors.build/Debug-watchos/SwiftySensors-t.build/Objects-normal/arm64/Characteristic.swiftconstvalues -emit-reference-dependencies-path /Users/admin/builder/spi-builder-workspace/.derivedData/Build/Intermediates.noindex/SwiftySensors.build/Debug-watchos/SwiftySensors-t.build/Objects-normal/arm64/Characteristic.swiftdeps -serialize-diagnostics-path /Users/admin/builder/spi-builder-workspace/.derivedData/Build/Intermediates.noindex/SwiftySensors.build/Debug-watchos/SwiftySensors-t.build/Objects-normal/arm64/Characteristic.dia -emit-dependencies-path /Users/admin/builder/spi-builder-workspace/.derivedData/Build/Intermediates.noindex/SwiftySensors.build/Debug-watchos/SwiftySensors-t.build/Objects-normal/arm64/CoreBluetooth.d -emit-const-values-path /Users/admin/builder/spi-builder-workspace/.derivedData/Build/Intermediates.noindex/SwiftySensors.build/Debug-watchos/SwiftySensors-t.build/Objects-normal/arm64/CoreBluetooth.swiftconstvalues -emit-reference-dependencies-path /Users/admin/builder/spi-builder-workspace/.derivedData/Build/Intermediates.noindex/SwiftySensors.build/Debug-watchos/SwiftySensors-t.build/Objects-normal/arm64/CoreBluetooth.swiftdeps -serialize-diagnostics-path /Users/admin/builder/spi-builder-workspace/.derivedData/Build/Intermediates.noindex/SwiftySensors.build/Debug-watchos/SwiftySensors-t.build/Objects-normal/arm64/CoreBluetooth.dia -target arm64-apple-watchos9.0 -disable-cross-import-overlay-search -load-resolved-plugin /Applications/Xcode-27.0.0-Release.Candidate.app/Contents/Developer/Platforms/WatchOS.platform/Developer/usr/lib/swift/host/plugins/libFoundationMacros.dylib\#/Applications/Xcode-27.0.0-Release.Candidate.app/Contents/Developer/Platforms/WatchOS.platform/Developer/usr/bin/swift-plugin-server\#FoundationMacros -load-resolved-plugin /Applications/Xcode-27.0.0-Release.Candidate.app/Contents/Developer/Platforms/WatchOS.platform/Developer/usr/lib/swift/host/plugins/libObservationMacros.dylib\#/Applications/Xcode-27.0.0-Release.Candidate.app/Contents/Developer/Platforms/WatchOS.platform/Developer/usr/bin/swift-plugin-server\#ObservationMacros -load-resolved-plugin /Applications/Xcode-27.0.0-Release.Candidate.app/Contents/Developer/Platforms/WatchOS.platform/Developer/usr/lib/swift/host/plugins/libSwiftMacros.dylib\#/Applications/Xcode-27.0.0-Release.Candidate.app/Contents/Developer/Platforms/WatchOS.platform/Developer/usr/bin/swift-plugin-server\#SwiftMacros -disable-implicit-swift-modules -Xcc -fno-implicit-modules -Xcc -fno-implicit-module-maps -explicit-swift-module-map-file /Users/admin/builder/spi-builder-workspace/.derivedData/Build/Intermediates.noindex/SwiftySensors.build/Debug-watchos/SwiftySensors-t.build/Objects-normal/arm64/SwiftySensors-dependencies-1.json -Xllvm -aarch64-use-tbi -enable-objc-interop -stack-check -sdk /Applications/Xcode-27.0.0-Release.Candidate.app/Contents/Developer/Platforms/WatchOS.platform/Developer/SDKs/WatchOS27.0.sdk -I /Users/admin/builder/spi-builder-workspace/.derivedData/Build/Products/Debug-watchos -Isystem /Applications/Xcode-27.0.0-Release.Candidate.app/Contents/Developer/Platforms/WatchOS.platform/Developer/usr/lib -F /Users/admin/builder/spi-builder-workspace/.derivedData/Build/Products/Debug-watchos/PackageFrameworks -F /Users/admin/builder/spi-builder-workspace/.derivedData/Build/Products/Debug-watchos -F /Applications/Xcode-27.0.0-Release.Candidate.app/Contents/Developer/Platforms/WatchOS.platform/Developer/Library/Frameworks -F /Applications/Xcode-27.0.0-Release.Candidate.app/Contents/Developer/Platforms/WatchOS.platform/Developer/SDKs/WatchOS27.0.sdk/Developer/Library/Frameworks -module-cache-path /Users/admin/builder/spi-builder-workspace/.derivedData/Build/Intermediates.noindex/SwiftExplicitPrecompiledModules -no-color-diagnostics -Xcc -fno-color-diagnostics -enable-testing -g -debug-info-format\=dwarf -dwarf-version\=4 -swift-version 5 -Onone -D SWIFT_PACKAGE -D DEBUG -D SWIFT_MODULE_RESOURCE_BUNDLE_UNAVAILABLE -D Xcode -serialize-debugging-options -enable-experimental-feature DebugDescriptionMacro -empty-abi-descriptor -validate-clang-modules-once -clang-build-session-file /Users/admin/builder/spi-builder-workspace/.derivedData/ModuleCache.noindex/Session.modulevalidation -Xcc -working-directory -Xcc /Users/admin/builder/spi-builder-workspace/.swiftpm/xcode -enable-anonymous-context-mangled-names -file-compilation-dir /Users/admin/builder/spi-builder-workspace/.swiftpm/xcode -Xcc -D_LIBCPP_HARDENING_MODE\=_LIBCPP_HARDENING_MODE_DEBUG -Xcc -ivfsstatcache -Xcc /Users/admin/builder/spi-builder-workspace/.derivedData/SDKStatCaches.noindex/watchos27.0-24R360-e829b21a6f8c9b70876ba0858053c04477534ef55a1706bf4c1112bbb242f0a2.sdkstatcache -Xcc -fmodules-prune-interval\=86400 -Xcc -fmodules-prune-after\=345600 -Xcc -I/Users/admin/builder/spi-builder-workspace/.derivedData/Build/Products/Debug-watchos/include -Xcc -I/Users/admin/builder/spi-builder-workspace/.derivedData/Build/Intermediates.noindex/SwiftySensors.build/Debug-watchos/SwiftySensors-t.build/DerivedSources-normal/arm64 -Xcc -I/Users/admin/builder/spi-builder-workspace/.derivedData/Build/Intermediates.noindex/SwiftySensors.build/Debug-watchos/SwiftySensors-t.build/DerivedSources/arm64 -Xcc -I/Users/admin/builder/spi-builder-workspace/.derivedData/Build/Intermediates.noindex/SwiftySensors.build/Debug-watchos/SwiftySensors-t.build/DerivedSources -Xcc -DSWIFT_PACKAGE -Xcc -DDEBUG\=1 -no-auto-bridging-header-chaining -module-name SwiftySensors -const-gather-protocols-file /Users/admin/builder/spi-builder-workspace/.derivedData/Build/Intermediates.noindex/SwiftySensors.build/Debug-watchos/SwiftySensors-t.build/Objects-normal/arm64/SwiftySensors_const_extract_protocols.json -disable-clang-spi -clang-target arm64-apple-watchos27.0 -target-sdk-version 27.0 -target-sdk-name watchos27.0 -in-process-plugin-server-path /Applications/Xcode-27.0.0-Release.Candidate.app/Contents/Developer/Toolchains/XcodeDefault.xctoolchain/usr/lib/swift/host/libSwiftInProcPluginServer.dylib -parse-as-library -o /Users/admin/builder/spi-builder-workspace/.derivedData/Build/Intermediates.noindex/SwiftySensors.build/Debug-watchos/SwiftySensors-t.build/Objects-normal/arm64/Characteristic.o -o /Users/admin/builder/spi-builder-workspace/.derivedData/Build/Intermediates.noindex/SwiftySensors.build/Debug-watchos/SwiftySensors-t.build/Objects-normal/arm64/CoreBluetooth.o -debug-module-path /Users/admin/builder/spi-builder-workspace/.derivedData/Build/Intermediates.noindex/SwiftySensors.build/Debug-watchos/SwiftySensors-t.build/Objects-normal/arm64/SwiftySensors.swiftmodule -index-unit-output-path /SwiftySensors.build/Debug-watchos/SwiftySensors-t.build/Objects-normal/arm64/Characteristic.o -index-unit-output-path /SwiftySensors.build/Debug-watchos/SwiftySensors-t.build/Objects-normal/arm64/CoreBluetooth.o -index-store-path /Users/admin/builder/spi-builder-workspace/.derivedData/Index.noindex/DataStore -index-system-modules
SwiftCompile normal arm64 Compiling\ CyclingPowerSerializer.swift,\ CyclingPowerService.swift /Users/admin/builder/spi-builder-workspace/Sources/SwiftySensors/CyclingPowerSerializer.swift /Users/admin/builder/spi-builder-workspace/Sources/SwiftySensors/CyclingPowerService.swift (in target 'SwiftySensors' from project 'SwiftySensors')
SwiftCompile normal arm64 /Users/admin/builder/spi-builder-workspace/Sources/SwiftySensors/CyclingPowerSerializer.swift (in target 'SwiftySensors' from project 'SwiftySensors')
cd /Users/admin/builder/spi-builder-workspace/.swiftpm/xcode
builtin-SwiftPerFileCompile CyclingPowerSerializer.swift
SwiftCompile normal arm64 /Users/admin/builder/spi-builder-workspace/Sources/SwiftySensors/CyclingPowerService.swift (in target 'SwiftySensors' from project 'SwiftySensors')
cd /Users/admin/builder/spi-builder-workspace/.swiftpm/xcode
builtin-SwiftPerFileCompile CyclingPowerService.swift
SwiftCompile normal arm64 Compiling\ FitnessMachineSerializer.swift,\ FitnessMachineService.swift /Users/admin/builder/spi-builder-workspace/Sources/SwiftySensors/FitnessMachineSerializer.swift /Users/admin/builder/spi-builder-workspace/Sources/SwiftySensors/FitnessMachineService.swift (in target 'SwiftySensors' from project 'SwiftySensors')
SwiftCompile normal arm64 /Users/admin/builder/spi-builder-workspace/Sources/SwiftySensors/FitnessMachineSerializer.swift (in target 'SwiftySensors' from project 'SwiftySensors')
cd /Users/admin/builder/spi-builder-workspace/.swiftpm/xcode
builtin-SwiftPerFileCompile FitnessMachineSerializer.swift
SwiftCompile normal arm64 /Users/admin/builder/spi-builder-workspace/Sources/SwiftySensors/FitnessMachineService.swift (in target 'SwiftySensors' from project 'SwiftySensors')
cd /Users/admin/builder/spi-builder-workspace/.swiftpm/xcode
builtin-SwiftPerFileCompile FitnessMachineService.swift
SwiftCompile normal arm64 Compiling\ SensorManager.swift /Users/admin/builder/spi-builder-workspace/Sources/SwiftySensors/SensorManager.swift (in target 'SwiftySensors' from project 'SwiftySensors')
SwiftCompile normal arm64 /Users/admin/builder/spi-builder-workspace/Sources/SwiftySensors/SensorManager.swift (in target 'SwiftySensors' from project 'SwiftySensors')
cd /Users/admin/builder/spi-builder-workspace/.swiftpm/xcode
builtin-SwiftPerFileCompile SensorManager.swift
/Users/admin/builder/spi-builder-workspace/Sources/SwiftySensors/SensorManager.swift:144:48: warning: 'CBCentralManagerState' was deprecated in watchOS 3.0: Use CBManagerState instead [#DeprecatedDeclaration]
142 |
143 | /// Bluetooth State Change Signal
144 | public let onBluetoothStateChange = Signal<CBCentralManagerState>()
| `- warning: 'CBCentralManagerState' was deprecated in watchOS 3.0: Use CBManagerState instead [#DeprecatedDeclaration]
145 |
146 | /// Sensor Discovered Signal
SwiftCompile normal arm64 Compiling\ CyclingSerializer.swift,\ CyclingSpeedCadenceSerializer.swift /Users/admin/builder/spi-builder-workspace/Sources/SwiftySensors/CyclingSerializer.swift /Users/admin/builder/spi-builder-workspace/Sources/SwiftySensors/CyclingSpeedCadenceSerializer.swift (in target 'SwiftySensors' from project 'SwiftySensors')
SwiftCompile normal arm64 /Users/admin/builder/spi-builder-workspace/Sources/SwiftySensors/CyclingSerializer.swift (in target 'SwiftySensors' from project 'SwiftySensors')
cd /Users/admin/builder/spi-builder-workspace/.swiftpm/xcode
builtin-SwiftPerFileCompile CyclingSerializer.swift
SwiftCompile normal arm64 /Users/admin/builder/spi-builder-workspace/Sources/SwiftySensors/CyclingSpeedCadenceSerializer.swift (in target 'SwiftySensors' from project 'SwiftySensors')
cd /Users/admin/builder/spi-builder-workspace/.swiftpm/xcode
builtin-SwiftPerFileCompile CyclingSpeedCadenceSerializer.swift
SwiftCompile normal arm64 Compiling\ HeartRateSerializer.swift,\ HeartRateService.swift /Users/admin/builder/spi-builder-workspace/Sources/SwiftySensors/HeartRateSerializer.swift /Users/admin/builder/spi-builder-workspace/Sources/SwiftySensors/HeartRateService.swift (in target 'SwiftySensors' from project 'SwiftySensors')
SwiftCompile normal arm64 /Users/admin/builder/spi-builder-workspace/Sources/SwiftySensors/HeartRateSerializer.swift (in target 'SwiftySensors' from project 'SwiftySensors')
cd /Users/admin/builder/spi-builder-workspace/.swiftpm/xcode
builtin-SwiftPerFileCompile HeartRateSerializer.swift
SwiftCompile normal arm64 /Users/admin/builder/spi-builder-workspace/Sources/SwiftySensors/HeartRateService.swift (in target 'SwiftySensors' from project 'SwiftySensors')
cd /Users/admin/builder/spi-builder-workspace/.swiftpm/xcode
builtin-SwiftPerFileCompile HeartRateService.swift
SwiftEmitModule normal arm64 Emitting\ module\ for\ SwiftySensors (in target 'SwiftySensors' from project 'SwiftySensors')
/Users/admin/builder/spi-builder-workspace/Sources/SwiftySensors/SensorManager.swift:144:48: warning: 'CBCentralManagerState' was deprecated in watchOS 3.0: Use CBManagerState instead [#DeprecatedDeclaration]
142 |
143 | /// Bluetooth State Change Signal
144 | public let onBluetoothStateChange = Signal<CBCentralManagerState>()
| `- warning: 'CBCentralManagerState' was deprecated in watchOS 3.0: Use CBManagerState instead [#DeprecatedDeclaration]
145 |
146 | /// Sensor Discovered Signal
SwiftCompile normal arm64 (in target 'SwiftySensors' from project 'SwiftySensors')
cd /Users/admin/builder/spi-builder-workspace/.swiftpm/xcode
SwiftCompile normal arm64 Compiling\ CyclingSpeedCadenceService.swift,\ DeviceInformationService.swift /Users/admin/builder/spi-builder-workspace/Sources/SwiftySensors/CyclingSpeedCadenceService.swift /Users/admin/builder/spi-builder-workspace/Sources/SwiftySensors/DeviceInformationService.swift (in target 'SwiftySensors' from project 'SwiftySensors')
SwiftCompile normal arm64 /Users/admin/builder/spi-builder-workspace/Sources/SwiftySensors/CyclingSpeedCadenceService.swift (in target 'SwiftySensors' from project 'SwiftySensors')
cd /Users/admin/builder/spi-builder-workspace/.swiftpm/xcode
builtin-SwiftPerFileCompile CyclingSpeedCadenceService.swift
SwiftCompile normal arm64 /Users/admin/builder/spi-builder-workspace/Sources/SwiftySensors/DeviceInformationService.swift (in target 'SwiftySensors' from project 'SwiftySensors')
cd /Users/admin/builder/spi-builder-workspace/.swiftpm/xcode
builtin-SwiftPerFileCompile DeviceInformationService.swift
SwiftCompile normal arm64 Compiling\ Operators.swift,\ RSSINormalizer.swift /Users/admin/builder/spi-builder-workspace/Sources/SwiftySensors/Operators.swift /Users/admin/builder/spi-builder-workspace/Sources/SwiftySensors/RSSINormalizer.swift (in target 'SwiftySensors' from project 'SwiftySensors')
SwiftCompile normal arm64 /Users/admin/builder/spi-builder-workspace/Sources/SwiftySensors/Operators.swift (in target 'SwiftySensors' from project 'SwiftySensors')
cd /Users/admin/builder/spi-builder-workspace/.swiftpm/xcode
builtin-SwiftPerFileCompile Operators.swift
SwiftCompile normal arm64 /Users/admin/builder/spi-builder-workspace/Sources/SwiftySensors/RSSINormalizer.swift (in target 'SwiftySensors' from project 'SwiftySensors')
cd /Users/admin/builder/spi-builder-workspace/.swiftpm/xcode
builtin-SwiftPerFileCompile RSSINormalizer.swift
SwiftCompile normal arm64 Compiling\ Sensor.swift /Users/admin/builder/spi-builder-workspace/Sources/SwiftySensors/Sensor.swift (in target 'SwiftySensors' from project 'SwiftySensors')
/Users/admin/builder/spi-builder-workspace/Sources/SwiftySensors/Sensor.swift:278:53: error: value of optional type 'CBService?' must be unwrapped to refer to member 'uuid' of wrapped base type 'CBService'
276 | /// :nodoc:
277 | public func peripheral(_ peripheral: CBPeripheral, didUpdateValueFor characteristic: CBCharacteristic, error: Error?) {
278 | guard let service = services[characteristic.service.uuid.uuidString] else { return }
| |- error: value of optional type 'CBService?' must be unwrapped to refer to member 'uuid' of wrapped base type 'CBService'
| |- note: chain the optional using '?' to access member 'uuid' only for non-'nil' base values
| `- note: force-unwrap using '!' to abort execution if the optional value contains 'nil'
279 | guard let char = service.characteristics[characteristic.uuid.uuidString] else { return }
280 | if char.cbCharacteristic !== characteristic {
/Users/admin/builder/spi-builder-workspace/Sources/SwiftySensors/Sensor.swift:289:53: error: value of optional type 'CBService?' must be unwrapped to refer to member 'uuid' of wrapped base type 'CBService'
287 | /// :nodoc:
288 | public func peripheral(_ peripheral: CBPeripheral, didWriteValueFor characteristic: CBCharacteristic, error: Error?) {
289 | guard let service = services[characteristic.service.uuid.uuidString] else { return }
| |- error: value of optional type 'CBService?' must be unwrapped to refer to member 'uuid' of wrapped base type 'CBService'
| |- note: chain the optional using '?' to access member 'uuid' only for non-'nil' base values
| `- note: force-unwrap using '!' to abort execution if the optional value contains 'nil'
290 | guard let char = service.characteristics[characteristic.uuid.uuidString] else { return }
291 | if char.cbCharacteristic !== characteristic {
Failed frontend command:
/Applications/Xcode-27.0.0-Release.Candidate.app/Contents/Developer/Toolchains/XcodeDefault.xctoolchain/usr/bin/swift-frontend -frontend -c /Users/admin/builder/spi-builder-workspace/Sources/SwiftySensors/Characteristic.swift /Users/admin/builder/spi-builder-workspace/Sources/SwiftySensors/CoreBluetooth.swift /Users/admin/builder/spi-builder-workspace/Sources/SwiftySensors/CyclingPowerSerializer.swift /Users/admin/builder/spi-builder-workspace/Sources/SwiftySensors/CyclingPowerService.swift /Users/admin/builder/spi-builder-workspace/Sources/SwiftySensors/CyclingSerializer.swift /Users/admin/builder/spi-builder-workspace/Sources/SwiftySensors/CyclingSpeedCadenceSerializer.swift /Users/admin/builder/spi-builder-workspace/Sources/SwiftySensors/CyclingSpeedCadenceService.swift /Users/admin/builder/spi-builder-workspace/Sources/SwiftySensors/DeviceInformationService.swift /Users/admin/builder/spi-builder-workspace/Sources/SwiftySensors/FitnessMachineSerializer.swift /Users/admin/builder/spi-builder-workspace/Sources/SwiftySensors/FitnessMachineService.swift /Users/admin/builder/spi-builder-workspace/Sources/SwiftySensors/HeartRateSerializer.swift /Users/admin/builder/spi-builder-workspace/Sources/SwiftySensors/HeartRateService.swift /Users/admin/builder/spi-builder-workspace/Sources/SwiftySensors/Operators.swift /Users/admin/builder/spi-builder-workspace/Sources/SwiftySensors/RSSINormalizer.swift -primary-file /Users/admin/builder/spi-builder-workspace/Sources/SwiftySensors/Sensor.swift /Users/admin/builder/spi-builder-workspace/Sources/SwiftySensors/SensorManager.swift /Users/admin/builder/spi-builder-workspace/Sources/SwiftySensors/Service.swift -emit-dependencies-path /Users/admin/builder/spi-builder-workspace/.derivedData/Build/Intermediates.noindex/SwiftySensors.build/Debug-watchos/SwiftySensors-t.build/Objects-normal/arm64/Sensor.d -emit-const-values-path /Users/admin/builder/spi-builder-workspace/.derivedData/Build/Intermediates.noindex/SwiftySensors.build/Debug-watchos/SwiftySensors-t.build/Objects-normal/arm64/Sensor.swiftconstvalues -emit-reference-dependencies-path /Users/admin/builder/spi-builder-workspace/.derivedData/Build/Intermediates.noindex/SwiftySensors.build/Debug-watchos/SwiftySensors-t.build/Objects-normal/arm64/Sensor.swiftdeps -serialize-diagnostics-path /Users/admin/builder/spi-builder-workspace/.derivedData/Build/Intermediates.noindex/SwiftySensors.build/Debug-watchos/SwiftySensors-t.build/Objects-normal/arm64/Sensor.dia -target arm64-apple-watchos9.0 -disable-cross-import-overlay-search -load-resolved-plugin /Applications/Xcode-27.0.0-Release.Candidate.app/Contents/Developer/Platforms/WatchOS.platform/Developer/usr/lib/swift/host/plugins/libFoundationMacros.dylib\#/Applications/Xcode-27.0.0-Release.Candidate.app/Contents/Developer/Platforms/WatchOS.platform/Developer/usr/bin/swift-plugin-server\#FoundationMacros -load-resolved-plugin /Applications/Xcode-27.0.0-Release.Candidate.app/Contents/Developer/Platforms/WatchOS.platform/Developer/usr/lib/swift/host/plugins/libObservationMacros.dylib\#/Applications/Xcode-27.0.0-Release.Candidate.app/Contents/Developer/Platforms/WatchOS.platform/Developer/usr/bin/swift-plugin-server\#ObservationMacros -load-resolved-plugin /Applications/Xcode-27.0.0-Release.Candidate.app/Contents/Developer/Platforms/WatchOS.platform/Developer/usr/lib/swift/host/plugins/libSwiftMacros.dylib\#/Applications/Xcode-27.0.0-Release.Candidate.app/Contents/Developer/Platforms/WatchOS.platform/Developer/usr/bin/swift-plugin-server\#SwiftMacros -disable-implicit-swift-modules -Xcc -fno-implicit-modules -Xcc -fno-implicit-module-maps -explicit-swift-module-map-file /Users/admin/builder/spi-builder-workspace/.derivedData/Build/Intermediates.noindex/SwiftySensors.build/Debug-watchos/SwiftySensors-t.build/Objects-normal/arm64/SwiftySensors-dependencies-1.json -Xllvm -aarch64-use-tbi -enable-objc-interop -stack-check -sdk /Applications/Xcode-27.0.0-Release.Candidate.app/Contents/Developer/Platforms/WatchOS.platform/Developer/SDKs/WatchOS27.0.sdk -I /Users/admin/builder/spi-builder-workspace/.derivedData/Build/Products/Debug-watchos -Isystem /Applications/Xcode-27.0.0-Release.Candidate.app/Contents/Developer/Platforms/WatchOS.platform/Developer/usr/lib -F /Users/admin/builder/spi-builder-workspace/.derivedData/Build/Products/Debug-watchos/PackageFrameworks -F /Users/admin/builder/spi-builder-workspace/.derivedData/Build/Products/Debug-watchos -F /Applications/Xcode-27.0.0-Release.Candidate.app/Contents/Developer/Platforms/WatchOS.platform/Developer/Library/Frameworks -F /Applications/Xcode-27.0.0-Release.Candidate.app/Contents/Developer/Platforms/WatchOS.platform/Developer/SDKs/WatchOS27.0.sdk/Developer/Library/Frameworks -module-cache-path /Users/admin/builder/spi-builder-workspace/.derivedData/Build/Intermediates.noindex/SwiftExplicitPrecompiledModules -no-color-diagnostics -Xcc -fno-color-diagnostics -enable-testing -g -debug-info-format\=dwarf -dwarf-version\=4 -swift-version 5 -Onone -D SWIFT_PACKAGE -D DEBUG -D SWIFT_MODULE_RESOURCE_BUNDLE_UNAVAILABLE -D Xcode -serialize-debugging-options -enable-experimental-feature DebugDescriptionMacro -empty-abi-descriptor -validate-clang-modules-once -clang-build-session-file /Users/admin/builder/spi-builder-workspace/.derivedData/ModuleCache.noindex/Session.modulevalidation -Xcc -working-directory -Xcc /Users/admin/builder/spi-builder-workspace/.swiftpm/xcode -enable-anonymous-context-mangled-names -file-compilation-dir /Users/admin/builder/spi-builder-workspace/.swiftpm/xcode -Xcc -D_LIBCPP_HARDENING_MODE\=_LIBCPP_HARDENING_MODE_DEBUG -Xcc -ivfsstatcache -Xcc /Users/admin/builder/spi-builder-workspace/.derivedData/SDKStatCaches.noindex/watchos27.0-24R360-e829b21a6f8c9b70876ba0858053c04477534ef55a1706bf4c1112bbb242f0a2.sdkstatcache -Xcc -fmodules-prune-interval\=86400 -Xcc -fmodules-prune-after\=345600 -Xcc -I/Users/admin/builder/spi-builder-workspace/.derivedData/Build/Products/Debug-watchos/include -Xcc -I/Users/admin/builder/spi-builder-workspace/.derivedData/Build/Intermediates.noindex/SwiftySensors.build/Debug-watchos/SwiftySensors-t.build/DerivedSources-normal/arm64 -Xcc -I/Users/admin/builder/spi-builder-workspace/.derivedData/Build/Intermediates.noindex/SwiftySensors.build/Debug-watchos/SwiftySensors-t.build/DerivedSources/arm64 -Xcc -I/Users/admin/builder/spi-builder-workspace/.derivedData/Build/Intermediates.noindex/SwiftySensors.build/Debug-watchos/SwiftySensors-t.build/DerivedSources -Xcc -DSWIFT_PACKAGE -Xcc -DDEBUG\=1 -no-auto-bridging-header-chaining -module-name SwiftySensors -const-gather-protocols-file /Users/admin/builder/spi-builder-workspace/.derivedData/Build/Intermediates.noindex/SwiftySensors.build/Debug-watchos/SwiftySensors-t.build/Objects-normal/arm64/SwiftySensors_const_extract_protocols.json -disable-clang-spi -clang-target arm64-apple-watchos27.0 -target-sdk-version 27.0 -target-sdk-name watchos27.0 -in-process-plugin-server-path /Applications/Xcode-27.0.0-Release.Candidate.app/Contents/Developer/Toolchains/XcodeDefault.xctoolchain/usr/lib/swift/host/libSwiftInProcPluginServer.dylib -parse-as-library -o /Users/admin/builder/spi-builder-workspace/.derivedData/Build/Intermediates.noindex/SwiftySensors.build/Debug-watchos/SwiftySensors-t.build/Objects-normal/arm64/Sensor.o -debug-module-path /Users/admin/builder/spi-builder-workspace/.derivedData/Build/Intermediates.noindex/SwiftySensors.build/Debug-watchos/SwiftySensors-t.build/Objects-normal/arm64/SwiftySensors.swiftmodule -index-unit-output-path /SwiftySensors.build/Debug-watchos/SwiftySensors-t.build/Objects-normal/arm64/Sensor.o -index-store-path /Users/admin/builder/spi-builder-workspace/.derivedData/Index.noindex/DataStore -index-system-modules
SwiftCompile normal arm64 /Users/admin/builder/spi-builder-workspace/Sources/SwiftySensors/Sensor.swift (in target 'SwiftySensors' from project 'SwiftySensors')
cd /Users/admin/builder/spi-builder-workspace/.swiftpm/xcode
builtin-SwiftPerFileCompile Sensor.swift
SwiftEmitModule normal arm64_32 Emitting\ module\ for\ SwiftySensors (in target 'SwiftySensors' from project 'SwiftySensors')
SwiftCompile normal arm64_32 (in target 'SwiftySensors' from project 'SwiftySensors')
cd /Users/admin/builder/spi-builder-workspace/.swiftpm/xcode
SwiftDriverJobDiscovery normal arm64 Compiling Operators.swift, RSSINormalizer.swift (in target 'SwiftySensors' from project 'SwiftySensors')
SwiftCompile normal arm64_32 Compiling\ SensorManager.swift /Users/admin/builder/spi-builder-workspace/Sources/SwiftySensors/SensorManager.swift (in target 'SwiftySensors' from project 'SwiftySensors')
SwiftCompile normal arm64_32 /Users/admin/builder/spi-builder-workspace/Sources/SwiftySensors/SensorManager.swift (in target 'SwiftySensors' from project 'SwiftySensors')
cd /Users/admin/builder/spi-builder-workspace/.swiftpm/xcode
builtin-SwiftPerFileCompile SensorManager.swift
PruneExplicitPrecompiledModules /Users/admin/builder/spi-builder-workspace/.derivedData/SDKExplicitPrecompiledModules
PruneExplicitPrecompiledModules /Users/admin/builder/spi-builder-workspace/.derivedData/Build/Intermediates.noindex/SwiftExplicitPrecompiledModules
PruneExplicitPrecompiledModules /Users/admin/builder/spi-builder-workspace/.derivedData/Build/Intermediates.noindex/ExplicitPrecompiledModules
2026-09-16 19:39:29.720 xcodebuild[810:5117] [MT] IDERunDestination: Supported platforms for the buildables in the current scheme is empty.
** BUILD FAILED **
The following build commands failed:
SwiftCompile normal arm64 /Users/admin/builder/spi-builder-workspace/Sources/SwiftySensors/CoreBluetooth.swift (in target 'SwiftySensors' from project 'SwiftySensors')
SwiftCompile normal arm64 Compiling\ Characteristic.swift,\ CoreBluetooth.swift /Users/admin/builder/spi-builder-workspace/Sources/SwiftySensors/Characteristic.swift /Users/admin/builder/spi-builder-workspace/Sources/SwiftySensors/CoreBluetooth.swift (in target 'SwiftySensors' from project 'SwiftySensors')
SwiftCompile normal arm64 Compiling\ Sensor.swift /Users/admin/builder/spi-builder-workspace/Sources/SwiftySensors/Sensor.swift (in target 'SwiftySensors' from project 'SwiftySensors')
SwiftCompile normal arm64 /Users/admin/builder/spi-builder-workspace/Sources/SwiftySensors/Sensor.swift (in target 'SwiftySensors' from project 'SwiftySensors')
Building workspace SwiftySensors with scheme SwiftySensors
(5 failures)
BUILD FAILURE 6.4 watchOS