Build Information
Failed to build swift-structured-queries, reference main (a834ac), with Swift 6.3 for Wasm on 11 Sep 2026 12:47:43 UTC.
Build Command
bash -c docker run --pull=always --rm -v "checkouts-53886769-1":/host -w "$PWD" -e JAVA_HOME="/root/.sdkman/candidates/java/current" -e SPI_BUILD="1" -e SPI_PROCESSING="1" registry.gitlab.com/saguaro1/spi-images:wasm-6.3-latest swift build --swift-sdk swift-6.3.2-RELEASE_wasm 2>&1Build Log
========================================
RunAll
========================================
Builder version: 5.0.2
Interrupt handler set up.
========================================
Checkout
========================================
Clone URL: https://github.com/pointfreeco/swift-structured-queries.git
Reference: main
Initialized empty Git repository in /host/spi-builder-workspace/.git/
hint: Using 'master' as the name for the initial branch. This default branch name
hint: is subject to change. To configure the initial branch name to use in all
hint: of your new repositories, which will suppress this warning, call:
hint:
hint: git config --global init.defaultBranch <name>
hint:
hint: Names commonly chosen instead of 'master' are 'main', 'trunk' and
hint: 'development'. The just-created branch can be renamed via this command:
hint:
hint: git branch -m <name>
From https://github.com/pointfreeco/swift-structured-queries
* branch main -> FETCH_HEAD
* [new branch] main -> origin/main
HEAD is now at a834ac7 Suppress warning when binding optional values into `#sql` (#370)
Cloned https://github.com/pointfreeco/swift-structured-queries.git
Revision (git rev-parse @):
a834ac7849d51df9d52f5699a2c94716c7a30933
SPI manifest file found: $PWD/.spi.yml
SUCCESS checkout https://github.com/pointfreeco/swift-structured-queries.git at main
========================================
Build
========================================
Selected platform: wasm
Swift version: 6.3
Building package at path: $PWD
https://github.com/pointfreeco/swift-structured-queries.git
Running build ...
bash -c docker run --pull=always --rm -v "checkouts-53886769-1":/host -w "$PWD" -e JAVA_HOME="/root/.sdkman/candidates/java/current" -e SPI_BUILD="1" -e SPI_PROCESSING="1" registry.gitlab.com/saguaro1/spi-images:wasm-6.3-latest swift build --swift-sdk swift-6.3.2-RELEASE_wasm 2>&1
wasm-6.3-latest: Pulling from saguaro1/spi-images
Digest: sha256:253aad7f5b11d25cf9eaef34120b94cd8a325782929c57fb304a7711494a3f9a
Status: Image is up to date for registry.gitlab.com/saguaro1/spi-images:wasm-6.3-latest
Fetching https://github.com/pointfreeco/swift-snapshot-testing
Fetching https://github.com/pointfreeco/xctest-dynamic-overlay
Fetching https://github.com/pointfreeco/swift-dependencies
Fetching https://github.com/swiftlang/swift-syntax
Fetching https://github.com/pointfreeco/swift-custom-dump
Fetching https://github.com/apple/swift-docc-plugin
[1/7591] Fetching swift-dependencies
[2734/9936] Fetching swift-dependencies, swift-docc-plugin
Fetched https://github.com/apple/swift-docc-plugin from cache (0.76s)
Fetching https://github.com/pointfreeco/swift-macro-testing
[1/2727] Fetching xctest-dynamic-overlay
Fetched https://github.com/pointfreeco/xctest-dynamic-overlay from cache (0.88s)
[1/5656] Fetching swift-custom-dump
[5657/22059] Fetching swift-custom-dump, swift-snapshot-testing
[5986/23061] Fetching swift-custom-dump, swift-snapshot-testing, swift-macro-testing
Fetched https://github.com/pointfreeco/swift-macro-testing from cache (0.54s)
[6477/22059] Fetching swift-custom-dump, swift-snapshot-testing
[6806/101839] Fetching swift-custom-dump, swift-snapshot-testing, swift-syntax
Fetched https://github.com/pointfreeco/swift-custom-dump from cache (3.96s)
Fetched https://github.com/pointfreeco/swift-dependencies from cache (3.96s)
Fetched https://github.com/swiftlang/swift-syntax from cache (3.98s)
Fetched https://github.com/pointfreeco/swift-snapshot-testing from cache (3.99s)
Computing version for https://github.com/pointfreeco/xctest-dynamic-overlay
Computed https://github.com/pointfreeco/xctest-dynamic-overlay at 1.13.1 (4.44s)
Computing version for https://github.com/pointfreeco/swift-macro-testing
Computed https://github.com/pointfreeco/swift-macro-testing at 0.7.0 (0.14s)
Computing version for https://github.com/pointfreeco/swift-dependencies
Computed https://github.com/pointfreeco/swift-dependencies at 1.17.1 (0.17s)
Fetching https://github.com/pointfreeco/swift-concurrency-extras
Fetching https://github.com/pointfreeco/swift-clocks
Fetching https://github.com/pointfreeco/combine-schedulers
[1/2686] Fetching combine-schedulers
[512/4132] Fetching combine-schedulers, swift-clocks
[3936/5190] Fetching combine-schedulers, swift-clocks, swift-concurrency-extras
Fetched https://github.com/pointfreeco/swift-clocks from cache (0.53s)
Fetched https://github.com/pointfreeco/combine-schedulers from cache (0.53s)
Fetched https://github.com/pointfreeco/swift-concurrency-extras from cache (0.55s)
Computing version for https://github.com/pointfreeco/swift-clocks
Computed https://github.com/pointfreeco/swift-clocks at 1.1.1 (0.70s)
Computing version for https://github.com/pointfreeco/combine-schedulers
Computed https://github.com/pointfreeco/combine-schedulers at 1.2.2 (0.15s)
Fetching https://github.com/OpenCombine/OpenCombine.git
[1/8284] Fetching opencombine
Fetched https://github.com/OpenCombine/OpenCombine.git from cache (0.74s)
Computing version for https://github.com/OpenCombine/OpenCombine.git
Computed https://github.com/OpenCombine/OpenCombine.git at 0.14.0 (1.64s)
Computing version for https://github.com/apple/swift-docc-plugin
Computed https://github.com/apple/swift-docc-plugin at 1.5.0 (0.17s)
Fetching https://github.com/swiftlang/swift-docc-symbolkit
[1/3820] Fetching swift-docc-symbolkit
Fetched https://github.com/swiftlang/swift-docc-symbolkit from cache (0.63s)
Computing version for https://github.com/swiftlang/swift-docc-symbolkit
Computed https://github.com/swiftlang/swift-docc-symbolkit at 1.0.0 (0.83s)
Computing version for https://github.com/swiftlang/swift-syntax
Computed https://github.com/swiftlang/swift-syntax at 603.0.2 (0.27s)
Computing version for https://github.com/pointfreeco/swift-concurrency-extras
Computed https://github.com/pointfreeco/swift-concurrency-extras at 1.4.1 (0.17s)
Computing version for https://github.com/pointfreeco/swift-snapshot-testing
Computed https://github.com/pointfreeco/swift-snapshot-testing at 1.19.4 (0.15s)
Computing version for https://github.com/pointfreeco/swift-custom-dump
Computed https://github.com/pointfreeco/swift-custom-dump at 1.7.3 (0.19s)
Creating working copy for https://github.com/swiftlang/swift-docc-symbolkit
Working copy of https://github.com/swiftlang/swift-docc-symbolkit resolved at 1.0.0
Creating working copy for https://github.com/pointfreeco/swift-clocks
Working copy of https://github.com/pointfreeco/swift-clocks resolved at 1.1.1
Creating working copy for https://github.com/apple/swift-docc-plugin
Working copy of https://github.com/apple/swift-docc-plugin resolved at 1.5.0
Creating working copy for https://github.com/pointfreeco/swift-concurrency-extras
Working copy of https://github.com/pointfreeco/swift-concurrency-extras resolved at 1.4.1
Creating working copy for https://github.com/pointfreeco/swift-macro-testing
Working copy of https://github.com/pointfreeco/swift-macro-testing resolved at 0.7.0
Creating working copy for https://github.com/OpenCombine/OpenCombine.git
Working copy of https://github.com/OpenCombine/OpenCombine.git resolved at 0.14.0
Creating working copy for https://github.com/pointfreeco/xctest-dynamic-overlay
Working copy of https://github.com/pointfreeco/xctest-dynamic-overlay resolved at 1.13.1
Creating working copy for https://github.com/pointfreeco/swift-dependencies
Working copy of https://github.com/pointfreeco/swift-dependencies resolved at 1.17.1
Creating working copy for https://github.com/swiftlang/swift-syntax
Working copy of https://github.com/swiftlang/swift-syntax resolved at 603.0.2
Creating working copy for https://github.com/pointfreeco/swift-custom-dump
Working copy of https://github.com/pointfreeco/swift-custom-dump resolved at 1.7.3
Creating working copy for https://github.com/pointfreeco/combine-schedulers
Working copy of https://github.com/pointfreeco/combine-schedulers resolved at 1.2.2
Creating working copy for https://github.com/pointfreeco/swift-snapshot-testing
Working copy of https://github.com/pointfreeco/swift-snapshot-testing resolved at 1.19.4
Downloading package prebuilt https://download.swift.org/prebuilts/swift-syntax/603.0.2/swift-6.3.2-RELEASE-ubuntu_jammy_x86_64-MacroSupport.tar.gz
Downloaded https://download.swift.org/prebuilts/swift-syntax/603.0.2/swift-6.3.2-RELEASE-ubuntu_jammy_x86_64-MacroSupport.tar.gz (0.18s)
[1/1] Compiling plugin Swift-DocC Preview
[2/2] Compiling plugin Swift-DocC
Building for debugging...
[2/83] Write sources
[33/83] Compiling _SwiftSyntaxCShims PlatformMutex.c
[34/83] Write sources
[48/83] Compiling _SwiftSyntaxCShims PlatformMutex.c
[49/83] Write sources
[58/83] Write swift-version-24593BA9C3E375BF.txt
[60/99] Emitting module SwiftSyntax601
[61/99] Emitting module SwiftSyntax600
[62/99] Compiling SwiftSyntax603 Empty.swift
[63/99] Emitting module SwiftSyntax603
[64/100] Compiling SwiftSyntax601 Empty.swift
[67/101] Emitting module SwiftSyntax602
[68/101] Compiling SwiftSyntax602 Empty.swift
[70/104] Emitting module SwiftSyntax601
[71/104] Compiling SwiftSyntax601 Empty.swift
[72/107] Compiling SwiftSyntax600 Empty.swift
[73/107] Emitting module SwiftSyntax600
[75/109] Compiling SwiftSyntax600 Empty.swift
[76/110] Emitting module SwiftSyntax510
[77/111] Compiling SwiftSyntax510 Empty.swift
[79/112] Compiling SwiftSyntax509 Empty.swift
[82/112] Emitting module SwiftSyntax509
[84/115] Compiling SwiftSyntax603 Empty.swift
[85/115] Emitting module SwiftSyntax603
[86/116] Emitting module SwiftSyntax509
[87/116] Compiling SwiftSyntax509 Empty.swift
[89/200] Wrapping AST for SwiftSyntax603 for debugging
[90/221] Wrapping AST for SwiftSyntax601 for debugging
[91/221] Wrapping AST for SwiftSyntax510 for debugging
[92/221] Wrapping AST for SwiftSyntax600 for debugging
[94/221] Compiling SwiftSyntax510 Empty.swift
[95/221] Emitting module SwiftSyntax510
[95/222] Wrapping AST for SwiftSyntax509 for debugging
[98/222] Emitting module SwiftSyntax602
[99/222] Compiling SwiftSyntax602 Empty.swift
[100/286] Wrapping AST for SwiftSyntax602 for debugging
[102/349] Compiling SwiftSyntax AbsolutePosition.swift
[103/349] Compiling SwiftSyntax AbsoluteSyntaxInfo.swift
[104/349] Compiling SwiftSyntax ArenaAllocatedBuffer.swift
[105/349] Compiling SwiftSyntax Assert.swift
[106/349] Compiling SwiftSyntax BumpPtrAllocator.swift
[107/349] Compiling SwiftSyntax CommonAncestor.swift
[108/349] Compiling SwiftSyntax Convenience.swift
[109/349] Compiling SwiftSyntax CustomTraits.swift
[110/349] Compiling SwiftSyntax EditorPlaceholder.swift
[120/365] Compiling SwiftSyntax RawSyntaxNodeProtocol.swift
[121/365] Compiling SwiftSyntax RawSyntaxTokenView.swift
[122/365] Compiling SwiftSyntax SourceEdit.swift
[126/367] Compiling SwiftSyntax SourceLength.swift
[127/367] Compiling SwiftSyntax SourceLocation.swift
[131/369] Compiling SwiftSyntax Identifier.swift
[132/369] Compiling SwiftSyntax MemoryLayout.swift
[133/369] Compiling IssueReporting WithExpectedIssue.swift
[134/369] Compiling IssueReporting WithIssueContext.swift
[135/369] Emitting module IssueReporting
error: emit-module command failed with exit code 1 (use -v to see invocation)
[136/369] Emitting module SnapshotTesting
/host/spi-builder-workspace/.build/checkouts/swift-snapshot-testing/Sources/SnapshotTesting/AssertSnapshot.swift:577:10: error: no such module 'CoreServices'
575 |
576 | #if !os(Android) && !os(Linux) && !os(Windows)
577 | import CoreServices
| `- error: no such module 'CoreServices'
578 |
579 | func uniformTypeIdentifier(fromExtension pathExtension: String) -> String? {
[137/373] Compiling SnapshotTesting UIImage.swift
/host/spi-builder-workspace/.build/checkouts/swift-snapshot-testing/Sources/SnapshotTesting/AssertSnapshot.swift:577:10: error: no such module 'CoreServices'
575 |
576 | #if !os(Android) && !os(Linux) && !os(Windows)
577 | import CoreServices
| `- error: no such module 'CoreServices'
578 |
579 | func uniformTypeIdentifier(fromExtension pathExtension: String) -> String? {
[138/373] Compiling SnapshotTesting UIView.swift
/host/spi-builder-workspace/.build/checkouts/swift-snapshot-testing/Sources/SnapshotTesting/AssertSnapshot.swift:577:10: error: no such module 'CoreServices'
575 |
576 | #if !os(Android) && !os(Linux) && !os(Windows)
577 | import CoreServices
| `- error: no such module 'CoreServices'
578 |
579 | func uniformTypeIdentifier(fromExtension pathExtension: String) -> String? {
[139/373] Compiling SnapshotTesting UIViewController.swift
/host/spi-builder-workspace/.build/checkouts/swift-snapshot-testing/Sources/SnapshotTesting/AssertSnapshot.swift:577:10: error: no such module 'CoreServices'
575 |
576 | #if !os(Android) && !os(Linux) && !os(Windows)
577 | import CoreServices
| `- error: no such module 'CoreServices'
578 |
579 | func uniformTypeIdentifier(fromExtension pathExtension: String) -> String? {
[140/373] Compiling SnapshotTesting URLRequest.swift
/host/spi-builder-workspace/.build/checkouts/swift-snapshot-testing/Sources/SnapshotTesting/AssertSnapshot.swift:577:10: error: no such module 'CoreServices'
575 |
576 | #if !os(Android) && !os(Linux) && !os(Windows)
577 | import CoreServices
| `- error: no such module 'CoreServices'
578 |
579 | func uniformTypeIdentifier(fromExtension pathExtension: String) -> String? {
[143/373] Compiling SwiftSyntax RawSyntaxArena.swift
[144/373] Compiling SwiftSyntax RawSyntaxLayoutView.swift
[147/377] Compiling SwiftSyntax SyntaxRewriter.swift
[148/377] Compiling SwiftSyntax SyntaxTraits.swift
[149/377] Compiling SwiftSyntax SyntaxVisitor.swift
[150/377] Compiling SwiftSyntax TokenKind.swift
[151/377] Compiling SwiftSyntax Tokens.swift
[152/377] Compiling SwiftSyntax TriviaPieces.swift
[153/377] Compiling SwiftSyntax RawSyntaxNodesAB.swift
[154/377] Compiling SwiftSyntax RawSyntaxNodesC.swift
[155/377] Compiling SwiftSyntax RawSyntaxNodesD.swift
[159/377] Compiling SwiftSyntax Syntax.swift
/host/spi-builder-workspace/.build/checkouts/swift-snapshot-testing/Sources/SnapshotTesting/AssertSnapshot.swift:577:10: error: no such module 'CoreServices'
575 |
576 | #if !os(Android) && !os(Linux) && !os(Windows)
577 | import CoreServices
| `- error: no such module 'CoreServices'
578 |
579 | func uniformTypeIdentifier(fromExtension pathExtension: String) -> String? {
[160/377] Compiling SwiftSyntax SyntaxChildren.swift
/host/spi-builder-workspace/.build/checkouts/swift-snapshot-testing/Sources/SnapshotTesting/AssertSnapshot.swift:577:10: error: no such module 'CoreServices'
575 |
576 | #if !os(Android) && !os(Linux) && !os(Windows)
577 | import CoreServices
| `- error: no such module 'CoreServices'
578 |
579 | func uniformTypeIdentifier(fromExtension pathExtension: String) -> String? {
[161/377] Compiling SwiftSyntax SyntaxCollection.swift
/host/spi-builder-workspace/.build/checkouts/swift-snapshot-testing/Sources/SnapshotTesting/AssertSnapshot.swift:577:10: error: no such module 'CoreServices'
575 |
576 | #if !os(Android) && !os(Linux) && !os(Windows)
577 | import CoreServices
| `- error: no such module 'CoreServices'
578 |
579 | func uniformTypeIdentifier(fromExtension pathExtension: String) -> String? {
[162/377] Compiling SwiftSyntax SyntaxHashable.swift
/host/spi-builder-workspace/.build/checkouts/swift-snapshot-testing/Sources/SnapshotTesting/AssertSnapshot.swift:577:10: error: no such module 'CoreServices'
575 |
576 | #if !os(Android) && !os(Linux) && !os(Windows)
577 | import CoreServices
| `- error: no such module 'CoreServices'
578 |
579 | func uniformTypeIdentifier(fromExtension pathExtension: String) -> String? {
[163/377] Emitting module IssueReporting
[169/377] Compiling SwiftSyntax MissingNodeInitializers.swift
[170/377] Compiling SwiftSyntax RawSyntax.swift
/host/spi-builder-workspace/.build/checkouts/swift-snapshot-testing/Sources/SnapshotTesting/AssertSnapshot.swift:577:10: error: no such module 'CoreServices'
575 |
576 | #if !os(Android) && !os(Linux) && !os(Windows)
577 | import CoreServices
| `- error: no such module 'CoreServices'
578 |
579 | func uniformTypeIdentifier(fromExtension pathExtension: String) -> String? {
/host/spi-builder-workspace/.build/checkouts/swift-snapshot-testing/Sources/SnapshotTesting/AssertSnapshot.swift:577:10: error: no such module 'CoreServices'
575 |
576 | #if !os(Android) && !os(Linux) && !os(Windows)
577 | import CoreServices
| `- error: no such module 'CoreServices'
578 |
579 | func uniformTypeIdentifier(fromExtension pathExtension: String) -> String? {
/host/spi-builder-workspace/.build/checkouts/swift-snapshot-testing/Sources/SnapshotTesting/AssertSnapshot.swift:577:10: error: no such module 'CoreServices'
575 |
576 | #if !os(Android) && !os(Linux) && !os(Windows)
577 | import CoreServices
| `- error: no such module 'CoreServices'
578 |
579 | func uniformTypeIdentifier(fromExtension pathExtension: String) -> String? {
/host/spi-builder-workspace/.build/checkouts/swift-snapshot-testing/Sources/SnapshotTesting/AssertSnapshot.swift:577:10: error: no such module 'CoreServices'
575 |
576 | #if !os(Android) && !os(Linux) && !os(Windows)
577 | import CoreServices
| `- error: no such module 'CoreServices'
578 |
579 | func uniformTypeIdentifier(fromExtension pathExtension: String) -> String? {
/host/spi-builder-workspace/.build/checkouts/swift-snapshot-testing/Sources/SnapshotTesting/AssertSnapshot.swift:577:10: error: no such module 'CoreServices'
575 |
576 | #if !os(Android) && !os(Linux) && !os(Windows)
577 | import CoreServices
| `- error: no such module 'CoreServices'
578 |
579 | func uniformTypeIdentifier(fromExtension pathExtension: String) -> String? {
[181/377] Compiling SwiftSyntax SyntaxIdentifier.swift
/host/spi-builder-workspace/.build/checkouts/swift-snapshot-testing/Sources/SnapshotTesting/AssertSnapshot.swift:577:10: error: no such module 'CoreServices'
575 |
576 | #if !os(Android) && !os(Linux) && !os(Windows)
577 | import CoreServices
| `- error: no such module 'CoreServices'
578 |
579 | func uniformTypeIdentifier(fromExtension pathExtension: String) -> String? {
[182/377] Compiling SwiftSyntax RawSyntaxNodesEF.swift
/host/spi-builder-workspace/.build/checkouts/swift-snapshot-testing/Sources/SnapshotTesting/AssertSnapshot.swift:577:10: error: no such module 'CoreServices'
575 |
576 | #if !os(Android) && !os(Linux) && !os(Windows)
577 | import CoreServices
| `- error: no such module 'CoreServices'
578 |
579 | func uniformTypeIdentifier(fromExtension pathExtension: String) -> String? {
[183/377] Compiling SwiftSyntax RawSyntaxNodesGHI.swift
/host/spi-builder-workspace/.build/checkouts/swift-snapshot-testing/Sources/SnapshotTesting/AssertSnapshot.swift:577:10: error: no such module 'CoreServices'
575 |
576 | #if !os(Android) && !os(Linux) && !os(Windows)
577 | import CoreServices
| `- error: no such module 'CoreServices'
578 |
579 | func uniformTypeIdentifier(fromExtension pathExtension: String) -> String? {
[184/377] Compiling SwiftSyntax RawSyntaxNodesJKLMN.swift
/host/spi-builder-workspace/.build/checkouts/swift-snapshot-testing/Sources/SnapshotTesting/AssertSnapshot.swift:577:10: error: no such module 'CoreServices'
575 |
576 | #if !os(Android) && !os(Linux) && !os(Windows)
577 | import CoreServices
| `- error: no such module 'CoreServices'
578 |
579 | func uniformTypeIdentifier(fromExtension pathExtension: String) -> String? {
/host/spi-builder-workspace/.build/checkouts/swift-snapshot-testing/Sources/SnapshotTesting/AssertSnapshot.swift:577:10: error: no such module 'CoreServices'
575 |
576 | #if !os(Android) && !os(Linux) && !os(Windows)
577 | import CoreServices
| `- error: no such module 'CoreServices'
578 |
579 | func uniformTypeIdentifier(fromExtension pathExtension: String) -> String? {
/host/spi-builder-workspace/.build/checkouts/swift-snapshot-testing/Sources/SnapshotTesting/AssertSnapshot.swift:577:10: error: no such module 'CoreServices'
575 |
576 | #if !os(Android) && !os(Linux) && !os(Windows)
577 | import CoreServices
| `- error: no such module 'CoreServices'
578 |
579 | func uniformTypeIdentifier(fromExtension pathExtension: String) -> String? {
/host/spi-builder-workspace/.build/checkouts/swift-snapshot-testing/Sources/SnapshotTesting/AssertSnapshot.swift:577:10: error: no such module 'CoreServices'
575 |
576 | #if !os(Android) && !os(Linux) && !os(Windows)
577 | import CoreServices
| `- error: no such module 'CoreServices'
578 |
579 | func uniformTypeIdentifier(fromExtension pathExtension: String) -> String? {
/host/spi-builder-workspace/.build/checkouts/swift-snapshot-testing/Sources/SnapshotTesting/AssertSnapshot.swift:577:10: error: no such module 'CoreServices'
575 |
576 | #if !os(Android) && !os(Linux) && !os(Windows)
577 | import CoreServices
| `- error: no such module 'CoreServices'
578 |
579 | func uniformTypeIdentifier(fromExtension pathExtension: String) -> String? {
/host/spi-builder-workspace/.build/checkouts/swift-snapshot-testing/Sources/SnapshotTesting/AssertSnapshot.swift:577:10: error: no such module 'CoreServices'
575 |
576 | #if !os(Android) && !os(Linux) && !os(Windows)
577 | import CoreServices
| `- error: no such module 'CoreServices'
578 |
579 | func uniformTypeIdentifier(fromExtension pathExtension: String) -> String? {
/host/spi-builder-workspace/.build/checkouts/swift-snapshot-testing/Sources/SnapshotTesting/AssertSnapshot.swift:577:10: error: no such module 'CoreServices'
575 |
576 | #if !os(Android) && !os(Linux) && !os(Windows)
577 | import CoreServices
| `- error: no such module 'CoreServices'
578 |
579 | func uniformTypeIdentifier(fromExtension pathExtension: String) -> String? {
/host/spi-builder-workspace/.build/checkouts/swift-snapshot-testing/Sources/SnapshotTesting/AssertSnapshot.swift:577:10: error: no such module 'CoreServices'
575 |
576 | #if !os(Android) && !os(Linux) && !os(Windows)
577 | import CoreServices
| `- error: no such module 'CoreServices'
578 |
579 | func uniformTypeIdentifier(fromExtension pathExtension: String) -> String? {
/host/spi-builder-workspace/.build/checkouts/swift-snapshot-testing/Sources/SnapshotTesting/AssertSnapshot.swift:577:10: error: no such module 'CoreServices'
575 |
576 | #if !os(Android) && !os(Linux) && !os(Windows)
577 | import CoreServices
| `- error: no such module 'CoreServices'
578 |
579 | func uniformTypeIdentifier(fromExtension pathExtension: String) -> String? {
/host/spi-builder-workspace/.build/checkouts/swift-snapshot-testing/Sources/SnapshotTesting/AssertSnapshot.swift:577:10: error: no such module 'CoreServices'
575 |
576 | #if !os(Android) && !os(Linux) && !os(Windows)
577 | import CoreServices
| `- error: no such module 'CoreServices'
578 |
579 | func uniformTypeIdentifier(fromExtension pathExtension: String) -> String? {
/host/spi-builder-workspace/.build/checkouts/swift-snapshot-testing/Sources/SnapshotTesting/AssertSnapshot.swift:577:10: error: no such module 'CoreServices'
575 |
576 | #if !os(Android) && !os(Linux) && !os(Windows)
577 | import CoreServices
| `- error: no such module 'CoreServices'
578 |
579 | func uniformTypeIdentifier(fromExtension pathExtension: String) -> String? {
/host/spi-builder-workspace/.build/checkouts/swift-snapshot-testing/Sources/SnapshotTesting/AssertSnapshot.swift:577:10: error: no such module 'CoreServices'
575 |
576 | #if !os(Android) && !os(Linux) && !os(Windows)
577 | import CoreServices
| `- error: no such module 'CoreServices'
578 |
579 | func uniformTypeIdentifier(fromExtension pathExtension: String) -> String? {
/host/spi-builder-workspace/.build/checkouts/swift-snapshot-testing/Sources/SnapshotTesting/AssertSnapshot.swift:577:10: error: no such module 'CoreServices'
575 |
576 | #if !os(Android) && !os(Linux) && !os(Windows)
577 | import CoreServices
| `- error: no such module 'CoreServices'
578 |
579 | func uniformTypeIdentifier(fromExtension pathExtension: String) -> String? {
[213/378] Compiling SwiftSyntax ChildNameForKeyPath.swift
[214/378] Compiling SwiftSyntax Keyword.swift
[215/378] Compiling SwiftSyntax RenamedChildrenCompatibility.swift
[216/378] Compiling SwiftSyntax RenamedNodesCompatibility.swift
[217/378] Compiling SwiftSyntax SyntaxAnyVisitor.swift
[218/378] Compiling SwiftSyntax SyntaxBaseNodes.swift
[219/378] Compiling SwiftSyntax SyntaxCollections.swift
[220/378] Compiling SwiftSyntax SyntaxEnum.swift
[221/378] Compiling SwiftSyntax SyntaxKind.swift
/host/spi-builder-workspace/.build/checkouts/swift-snapshot-testing/Sources/SnapshotTesting/AssertSnapshot.swift:577:10: error: no such module 'CoreServices'
575 |
576 | #if !os(Android) && !os(Linux) && !os(Windows)
577 | import CoreServices
| `- error: no such module 'CoreServices'
578 |
579 | func uniformTypeIdentifier(fromExtension pathExtension: String) -> String? {
/host/spi-builder-workspace/.build/checkouts/swift-snapshot-testing/Sources/SnapshotTesting/AssertSnapshot.swift:577:10: error: no such module 'CoreServices'
575 |
576 | #if !os(Android) && !os(Linux) && !os(Windows)
577 | import CoreServices
| `- error: no such module 'CoreServices'
578 |
579 | func uniformTypeIdentifier(fromExtension pathExtension: String) -> String? {
/host/spi-builder-workspace/.build/checkouts/swift-snapshot-testing/Sources/SnapshotTesting/AssertSnapshot.swift:577:10: error: no such module 'CoreServices'
575 |
576 | #if !os(Android) && !os(Linux) && !os(Windows)
577 | import CoreServices
| `- error: no such module 'CoreServices'
578 |
579 | func uniformTypeIdentifier(fromExtension pathExtension: String) -> String? {
/host/spi-builder-workspace/.build/checkouts/swift-snapshot-testing/Sources/SnapshotTesting/AssertSnapshot.swift:577:10: error: no such module 'CoreServices'
575 |
576 | #if !os(Android) && !os(Linux) && !os(Windows)
577 | import CoreServices
| `- error: no such module 'CoreServices'
578 |
579 | func uniformTypeIdentifier(fromExtension pathExtension: String) -> String? {
/host/spi-builder-workspace/.build/checkouts/swift-snapshot-testing/Sources/SnapshotTesting/AssertSnapshot.swift:577:10: error: no such module 'CoreServices'
575 |
576 | #if !os(Android) && !os(Linux) && !os(Windows)
577 | import CoreServices
| `- error: no such module 'CoreServices'
578 |
579 | func uniformTypeIdentifier(fromExtension pathExtension: String) -> String? {
[230/405] Compiling CustomDump CoreImage.swift
[231/405] Compiling CustomDump CoreLocation.swift
[232/405] Compiling CustomDump CoreMotion.swift
[233/405] Compiling CustomDump Foundation.swift
[234/405] Compiling CustomDump GameKit.swift
[235/405] Compiling CustomDump KeyPath.swift
error: cancelled
error: cancelled
error: cancelled
[236/438] Compiling CustomDump UIKit.swift
[237/438] Compiling CustomDump CustomDumpRepresentable.swift
[238/438] Compiling StructuredQueriesCore SendableMetatype.swift
BUILD FAILURE 6.3 wasm