The Swift Package Index logo.Swift Package Index

Build Information

Failed to build ReactiveConcurrency, reference v2.1.0 (2afd10), with Swift 6.3 for Wasm on 22 Oct 2026 04:47:26 UTC.

Build Command

bash -c docker run --pull=always --rm -v "checkouts-53886770-0":/host -w "$PWD" -e JAVA_HOME="/root/.sdkman/candidates/java/current" -e SPI_BUILD="1" -e SPI_PROCESSING="1" registry.gitlab.com/saguaro1/spi-images:wasm-6.3-latest swift build --swift-sdk swift-6.3.2-RELEASE_wasm 2>&1

Build Log

========================================
RunAll
========================================
Builder version: 5.1.3
Interrupt handler set up.
========================================
Checkout
========================================
Clone URL: https://github.com/luizmb/ReactiveConcurrency.git
Reference: v2.1.0
Initialized empty Git repository in /host/spi-builder-workspace/.git/
hint: Using 'master' as the name for the initial branch. This default branch name
hint: is subject to change. To configure the initial branch name to use in all
hint: of your new repositories, which will suppress this warning, call:
hint:
hint: 	git config --global init.defaultBranch <name>
hint:
hint: Names commonly chosen instead of 'master' are 'main', 'trunk' and
hint: 'development'. The just-created branch can be renamed via this command:
hint:
hint: 	git branch -m <name>
From https://github.com/luizmb/ReactiveConcurrency
 * tag               v2.1.0     -> FETCH_HEAD
HEAD is now at 2afd10d docs: bump install version to 2.1.0 (README + DocC + docs)
Cloned https://github.com/luizmb/ReactiveConcurrency.git
Revision (git rev-parse @):
2afd10d5b4e7d2700589d33047fcfaae66827212
SPI manifest file found: $PWD/.spi.yml
SUCCESS checkout https://github.com/luizmb/ReactiveConcurrency.git at v2.1.0
========================================
Build
========================================
Selected platform:         wasm
Swift version:             6.3
Building package at path:  $PWD
https://github.com/luizmb/ReactiveConcurrency.git
Running build ...
bash -c docker run --pull=always --rm -v "checkouts-53886770-0":/host -w "$PWD" -e JAVA_HOME="/root/.sdkman/candidates/java/current" -e SPI_BUILD="1" -e SPI_PROCESSING="1" registry.gitlab.com/saguaro1/spi-images:wasm-6.3-latest swift build --swift-sdk swift-6.3.2-RELEASE_wasm 2>&1
wasm-6.3-latest: Pulling from saguaro1/spi-images
Digest: sha256:11aa8e4a9dbcd813ae44128d01e945c51d260b4dfda77b6bb7d997d0cc236164
Status: Image is up to date for registry.gitlab.com/saguaro1/spi-images:wasm-6.3-latest
Fetching https://github.com/luizmb/Hourglass.git
Fetching https://github.com/luizmb/FP.git
Fetching https://github.com/swiftlang/swift-docc-plugin
[1/423] Fetching hourglass
[424/2768] Fetching hourglass, swift-docc-plugin
[2769/13943] Fetching hourglass, swift-docc-plugin, fp
Fetched https://github.com/luizmb/Hourglass.git from cache (0.78s)
Fetched https://github.com/swiftlang/swift-docc-plugin from cache (0.78s)
Fetched https://github.com/luizmb/FP.git from cache (0.78s)
Computing version for https://github.com/luizmb/Hourglass.git
Computed https://github.com/luizmb/Hourglass.git at 1.0.1 (0.94s)
Computing version for https://github.com/luizmb/FP.git
Computed https://github.com/luizmb/FP.git at 3.0.0 (0.16s)
Fetching https://github.com/swiftlang/swift-syntax.git
[1/80971] Fetching swift-syntax
Fetched https://github.com/swiftlang/swift-syntax.git from cache (3.53s)
Computing version for https://github.com/swiftlang/swift-syntax.git
Computed https://github.com/swiftlang/swift-syntax.git at 603.0.2 (4.56s)
Computing version for https://github.com/swiftlang/swift-docc-plugin
Computed https://github.com/swiftlang/swift-docc-plugin at 1.5.0 (0.19s)
Fetching https://github.com/swiftlang/swift-docc-symbolkit
[1/3845] Fetching swift-docc-symbolkit
Fetched https://github.com/swiftlang/swift-docc-symbolkit from cache (0.58s)
Computing version for https://github.com/swiftlang/swift-docc-symbolkit
Computed https://github.com/swiftlang/swift-docc-symbolkit at 1.0.0 (0.80s)
Creating working copy for https://github.com/swiftlang/swift-docc-plugin
Working copy of https://github.com/swiftlang/swift-docc-plugin resolved at 1.5.0
Creating working copy for https://github.com/luizmb/Hourglass.git
Working copy of https://github.com/luizmb/Hourglass.git resolved at 1.0.1
Creating working copy for https://github.com/swiftlang/swift-docc-symbolkit
Working copy of https://github.com/swiftlang/swift-docc-symbolkit resolved at 1.0.0
Creating working copy for https://github.com/swiftlang/swift-syntax.git
Working copy of https://github.com/swiftlang/swift-syntax.git resolved at 603.0.2
Creating working copy for https://github.com/luizmb/FP.git
Working copy of https://github.com/luizmb/FP.git resolved at 3.0.0
Downloading package prebuilt https://download.swift.org/prebuilts/swift-syntax/603.0.2/swift-6.3.2-RELEASE-ubuntu_noble_x86_64-MacroSupport.tar.gz
Downloaded https://download.swift.org/prebuilts/swift-syntax/603.0.2/swift-6.3.2-RELEASE-ubuntu_noble_x86_64-MacroSupport.tar.gz (0.19s)
[1/1] Compiling plugin Swift-DocC Preview
[2/2] Compiling plugin Swift-DocC
Building for debugging...
[2/16] Write sources
[10/16] Write swift-version-24593BA9C3E375BF.txt
[12/154] Emitting module CoreFP
[13/171] Compiling CoreFP OptionalTResult+Traversable.swift
[14/171] Compiling CoreFP Result+Applicative.swift
[15/172] Compiling CoreFP IndexedTraversal.swift
[16/172] Compiling CoreFP Iso+Semigroup.swift
[17/172] Compiling CoreFP Iso.swift
[18/172] Compiling CoreFP IsoComposition.swift
[19/172] Compiling CoreFP JoinVoid.swift
[20/172] Compiling CoreFP KeyPath+Sendable.swift
[21/172] Compiling CoreFP Lens.swift
[22/172] Compiling CoreFP Mutable.swift
[23/172] Compiling CoreFP NumericOperations.swift
[24/172] Compiling CoreFP OpticsComposition.swift
[25/172] Compiling CoreFP Prism.swift
[26/172] Compiling CoreFP PrismFocus.swift
[27/172] Compiling CoreFP Traversal.swift
[28/172] Compiling CoreFP TraversalComposition.swift
[29/172] Compiling CoreFP Tuple.swift
[30/172] Compiling CoreFP WritableFocus+Binding.swift
[31/172] Compiling CoreFP WritableFocus.swift
[32/172] Compiling CoreFP Collection+IdentifiedSubscript.swift
[33/172] Compiling CoreFP Collection+SafeSubscript.swift
[34/172] Compiling CoreFP Collection+Traversal.swift
[35/172] Compiling CoreFP Completion+Result.swift
[36/172] Compiling CoreFP Completion+SumType.swift
[37/172] Compiling CoreFP Publisher+Alternative.swift
[38/172] Compiling CoreFP Publisher+Applicative.swift
[39/172] Compiling CoreFP Publisher+Functor.swift
[40/172] Compiling CoreFP Publisher+Monad.swift
[41/172] Compiling CoreFP PublisherTArray+Applicative.swift
[42/172] Compiling CoreFP PublisherTArray+Functor.swift
[43/172] Compiling CoreFP PublisherTOptional+Applicative.swift
[44/172] Compiling CoreFP PublisherTOptional+Functor.swift
[45/172] Compiling CoreFP PublisherTOptional+Monad.swift
[46/172] Compiling CoreFP PublisherTResult+Applicative.swift
[47/172] Compiling CoreFP PublisherTResult+Functor.swift
[48/172] Compiling CoreFP PublisherTResult+Monad.swift
[49/172] Compiling CoreFP Dictionary+Semigroup.swift
[50/172] Compiling CoreFP Result+Monad.swift
[51/172] Compiling CoreFP Result+Prism.swift
[52/172] Compiling CoreFP Result+Semigroup.swift
[53/172] Compiling CoreFP Result+SumType.swift
[54/172] Compiling Hourglass TimerSequence.swift
[55/172] Compiling CoreFP ResultTOptional+TraversableFree.swift
[56/172] Compiling CoreFP Set+Semigroup.swift
[57/172] Compiling CoreFP String+Semigroup.swift
[58/172] Compiling CoreFP SumType+Match.swift
[59/172] Compiling CoreFP SumType+Never.swift
[60/172] Compiling CoreFP SumType.swift
[61/172] Compiling CoreFP SumTypeCopyStrategy.swift
[62/172] Compiling CoreFP ArrayTOptional.swift
[63/172] Compiling CoreFP ArrayTResult.swift
[64/172] Compiling CoreFP AsyncStreamTArray.swift
[65/172] Compiling CoreFP AsyncStreamTOptional.swift
[66/172] Compiling CoreFP AsyncStreamTResult.swift
[67/172] Compiling CoreFP OptionalTArray.swift
[68/172] Compiling CoreFP OptionalTResult.swift
[69/172] Compiling CoreFP PublisherTArray.swift
[70/172] Compiling CoreFP PublisherTOptional.swift
[71/172] Compiling CoreFP PublisherTResult.swift
[72/172] Compiling CoreFP Array+Applicative.swift
[73/172] Compiling CoreFP Array+Cartesian.swift
[74/172] Compiling CoreFP Array+Foldable.swift
[75/172] Compiling CoreFP Array+Functor.swift
[76/172] Compiling CoreFP Array+Monad.swift
[77/172] Compiling CoreFP Array+Semigroup.swift
[78/172] Compiling CoreFP ArrayTArray+Traversable.swift
[79/172] Compiling CoreFP ArrayTOptional+Applicative.swift
[80/172] Compiling CoreFP ArrayTOptional+Functor.swift
[81/172] Compiling CoreFP ArrayTOptional+Monad.swift
[82/172] Compiling CoreFP ArrayTOptional+Traversable.swift
[83/172] Compiling CoreFP ArrayTOptional+TraversableFree.swift
[84/172] Compiling CoreFP ArrayTResult+Applicative.swift
[85/172] Compiling CoreFP ArrayTResult+Functor.swift
[86/172] Compiling CoreFP ArrayTResult+Monad.swift
[87/172] Compiling CoreFP ArrayTResult+Traversable.swift
[88/172] Compiling CoreFP ArrayTResult+TraversableFree.swift
[89/172] Compiling CoreFP Collection+AffineTraversal.swift
[90/172] Compiling CoreFP OptionalTArray+Monad.swift
[91/172] Compiling CoreFP OptionalTArray+Traversable.swift
[92/172] Compiling CoreFP OptionalTOptional+Traversable.swift
[93/172] Compiling CoreFP OptionalTResult+Applicative.swift
[94/172] Compiling CoreFP OptionalTResult+Functor.swift
[95/172] Compiling CoreFP OptionalTResult+Monad.swift
[98/172] Compiling CoreFP Result+Foldable.swift
[99/172] Compiling CoreFP Result+Functor.swift
[104/172] Compiling CoreFP ResultTArray+Traversable.swift
[105/172] Compiling CoreFP ResultTArray+TraversableFree.swift
[106/172] Compiling CoreFP ResultTOptional+Traversable.swift
[111/172] Emitting module Hourglass
[116/173] Wrapping AST for Hourglass for debugging
[118/217] Compiling ReactiveConcurrency Publisher+Traversable.swift
/host/spi-builder-workspace/Sources/ReactiveConcurrency/Publishers/NotificationCenter.swift:29:39: error: trailing closure passed to parameter of type 'DeferredStream<Result<Output, Never>>' that does not accept a closure
27 |         _ transform: @escaping @Sendable (Notification) -> Output
28 |     ) -> ReactiveConcurrency.Publisher<Output, Never> {
29 |         ReactiveConcurrency.Publisher { continuation in
   |                                       `- error: trailing closure passed to parameter of type 'DeferredStream<Result<Output, Never>>' that does not accept a closure
30 |             let observer = self.addObserver(forName: name, object: object, queue: nil) { continuation.yield(transform($0)) }
31 |             await continuation.suspendUntilCancelled()
/host/spi-builder-workspace/Sources/ReactiveConcurrency/Core/Publisher.swift:109:5: note: 'init(_:)' declared here
107 |
108 |     // Low-level init used by operators — direct DeferredStream wrapping.
109 |     init(_ stream: DeferredStream<Result<Output, Failure>>) {
    |     `- note: 'init(_:)' declared here
110 |         _stream = stream
111 |     }
[119/217] Compiling ReactiveConcurrency Publisher+Try.swift
/host/spi-builder-workspace/Sources/ReactiveConcurrency/Publishers/NotificationCenter.swift:29:39: error: trailing closure passed to parameter of type 'DeferredStream<Result<Output, Never>>' that does not accept a closure
27 |         _ transform: @escaping @Sendable (Notification) -> Output
28 |     ) -> ReactiveConcurrency.Publisher<Output, Never> {
29 |         ReactiveConcurrency.Publisher { continuation in
   |                                       `- error: trailing closure passed to parameter of type 'DeferredStream<Result<Output, Never>>' that does not accept a closure
30 |             let observer = self.addObserver(forName: name, object: object, queue: nil) { continuation.yield(transform($0)) }
31 |             await continuation.suspendUntilCancelled()
/host/spi-builder-workspace/Sources/ReactiveConcurrency/Core/Publisher.swift:109:5: note: 'init(_:)' declared here
107 |
108 |     // Low-level init used by operators — direct DeferredStream wrapping.
109 |     init(_ stream: DeferredStream<Result<Output, Failure>>) {
    |     `- note: 'init(_:)' declared here
110 |         _stream = stream
111 |     }
[120/217] Compiling ReactiveConcurrency Convenience.swift
/host/spi-builder-workspace/Sources/ReactiveConcurrency/Publishers/NotificationCenter.swift:29:39: error: trailing closure passed to parameter of type 'DeferredStream<Result<Output, Never>>' that does not accept a closure
27 |         _ transform: @escaping @Sendable (Notification) -> Output
28 |     ) -> ReactiveConcurrency.Publisher<Output, Never> {
29 |         ReactiveConcurrency.Publisher { continuation in
   |                                       `- error: trailing closure passed to parameter of type 'DeferredStream<Result<Output, Never>>' that does not accept a closure
30 |             let observer = self.addObserver(forName: name, object: object, queue: nil) { continuation.yield(transform($0)) }
31 |             await continuation.suspendUntilCancelled()
/host/spi-builder-workspace/Sources/ReactiveConcurrency/Core/Publisher.swift:109:5: note: 'init(_:)' declared here
107 |
108 |     // Low-level init used by operators — direct DeferredStream wrapping.
109 |     init(_ stream: DeferredStream<Result<Output, Failure>>) {
    |     `- note: 'init(_:)' declared here
110 |         _stream = stream
111 |     }
[121/217] Compiling ReactiveConcurrency Future.swift
/host/spi-builder-workspace/Sources/ReactiveConcurrency/Publishers/NotificationCenter.swift:29:39: error: trailing closure passed to parameter of type 'DeferredStream<Result<Output, Never>>' that does not accept a closure
27 |         _ transform: @escaping @Sendable (Notification) -> Output
28 |     ) -> ReactiveConcurrency.Publisher<Output, Never> {
29 |         ReactiveConcurrency.Publisher { continuation in
   |                                       `- error: trailing closure passed to parameter of type 'DeferredStream<Result<Output, Never>>' that does not accept a closure
30 |             let observer = self.addObserver(forName: name, object: object, queue: nil) { continuation.yield(transform($0)) }
31 |             await continuation.suspendUntilCancelled()
/host/spi-builder-workspace/Sources/ReactiveConcurrency/Core/Publisher.swift:109:5: note: 'init(_:)' declared here
107 |
108 |     // Low-level init used by operators — direct DeferredStream wrapping.
109 |     init(_ stream: DeferredStream<Result<Output, Failure>>) {
    |     `- note: 'init(_:)' declared here
110 |         _stream = stream
111 |     }
[122/217] Compiling ReactiveConcurrency NotificationCenter.swift
/host/spi-builder-workspace/Sources/ReactiveConcurrency/Publishers/NotificationCenter.swift:29:39: error: trailing closure passed to parameter of type 'DeferredStream<Result<Output, Never>>' that does not accept a closure
27 |         _ transform: @escaping @Sendable (Notification) -> Output
28 |     ) -> ReactiveConcurrency.Publisher<Output, Never> {
29 |         ReactiveConcurrency.Publisher { continuation in
   |                                       `- error: trailing closure passed to parameter of type 'DeferredStream<Result<Output, Never>>' that does not accept a closure
30 |             let observer = self.addObserver(forName: name, object: object, queue: nil) { continuation.yield(transform($0)) }
31 |             await continuation.suspendUntilCancelled()
/host/spi-builder-workspace/Sources/ReactiveConcurrency/Core/Publisher.swift:109:5: note: 'init(_:)' declared here
107 |
108 |     // Low-level init used by operators — direct DeferredStream wrapping.
109 |     init(_ stream: DeferredStream<Result<Output, Failure>>) {
    |     `- note: 'init(_:)' declared here
110 |         _stream = stream
111 |     }
[123/217] Compiling ReactiveConcurrency Record.swift
/host/spi-builder-workspace/Sources/ReactiveConcurrency/Publishers/NotificationCenter.swift:29:39: error: trailing closure passed to parameter of type 'DeferredStream<Result<Output, Never>>' that does not accept a closure
27 |         _ transform: @escaping @Sendable (Notification) -> Output
28 |     ) -> ReactiveConcurrency.Publisher<Output, Never> {
29 |         ReactiveConcurrency.Publisher { continuation in
   |                                       `- error: trailing closure passed to parameter of type 'DeferredStream<Result<Output, Never>>' that does not accept a closure
30 |             let observer = self.addObserver(forName: name, object: object, queue: nil) { continuation.yield(transform($0)) }
31 |             await continuation.suspendUntilCancelled()
/host/spi-builder-workspace/Sources/ReactiveConcurrency/Core/Publisher.swift:109:5: note: 'init(_:)' declared here
107 |
108 |     // Low-level init used by operators — direct DeferredStream wrapping.
109 |     init(_ stream: DeferredStream<Result<Output, Failure>>) {
    |     `- note: 'init(_:)' declared here
110 |         _stream = stream
111 |     }
[124/217] Compiling CoreFP ComparableMonoid.swift
[125/217] Compiling CoreFP Monoid+Utilities.swift
[126/217] Compiling CoreFP Monoid.swift
[127/217] Compiling CoreFP NumericMonoid.swift
[128/217] Compiling CoreFP OrderingMonoid.swift
[129/217] Compiling CoreFP SIMDMonoid.swift
[130/217] Compiling CoreFP Semigroup.swift
[131/217] Compiling CoreFP Optional+Applicative.swift
[132/217] Compiling CoreFP Optional+Collection.swift
[133/217] Compiling CoreFP Optional+Foldable.swift
[134/217] Compiling CoreFP Optional+Functor.swift
[135/217] Compiling CoreFP Optional+Monad.swift
[136/217] Compiling CoreFP Optional+Prism.swift
[137/217] Compiling CoreFP Optional+Semigroup.swift
[138/217] Compiling CoreFP Optional+SumType.swift
[139/217] Compiling CoreFP OptionalTArray+Applicative.swift
[140/217] Compiling CoreFP OptionalTArray+Functor.swift
[141/223] Compiling CoreFP InnerShape.swift
[142/223] Compiling CoreFP TransformerStack.swift
[143/223] Compiling CoreFP AffineFocus.swift
[144/223] Compiling CoreFP AffineTraversal.swift
[145/223] Compiling CoreFP BasicFreeFunctions+Composition.swift
[146/223] Compiling CoreFP BasicFreeFunctions.swift
[147/223] Compiling CoreFP Binding+Optics.swift
[148/223] Compiling CoreFP BoolOperations.swift
[149/223] Compiling CoreFP CaseMatchable.swift
[150/223] Compiling CoreFP Cast.swift
[151/223] Compiling CoreFP Comparable+Clamp.swift
[152/223] Compiling CoreFP Endo+Semigroup.swift
[153/223] Compiling CoreFP Endo.swift
[154/223] Compiling CoreFP EndoMut+Bridge.swift
[155/223] Compiling CoreFP EndoMut+Semigroup.swift
[156/223] Compiling CoreFP EndoMut.swift
[157/223] Compiling CoreFP Fanout.swift
[158/223] Compiling CoreFP Function+Applicative.swift
[159/223] Compiling CoreFP Function+Functor.swift
[160/223] Compiling CoreFP Function+Monad.swift
[161/223] Compiling CoreFP FunctionWrapper.swift
[162/223] Compiling CoreFP AsyncSequence+Applicative.swift
[163/223] Compiling CoreFP AsyncSequence+Functor.swift
[164/223] Compiling CoreFP AsyncSequence+Monad.swift
[165/223] Compiling CoreFP AsyncSequenceTArray+Applicative.swift
[166/223] Compiling CoreFP AsyncSequenceTArray+Functor.swift
[167/223] Compiling CoreFP AsyncSequenceTOptional+Applicative.swift
[168/223] Compiling CoreFP AsyncSequenceTOptional+Functor.swift
[169/223] Compiling CoreFP AsyncSequenceTOptional+Monad.swift
[170/223] Compiling CoreFP AsyncSequenceTResult+Applicative.swift
[171/223] Compiling CoreFP AsyncSequenceTResult+Functor.swift
[172/223] Compiling CoreFP AsyncSequenceTResult+Monad.swift
[173/223] Compiling CoreFP AsyncStream+Replay.swift
[174/223] Compiling CoreFP AsyncThrowingStream+Result.swift
[175/223] Compiling CoreFP BoolMonoid.swift
[176/224] Emitting module ReactiveConcurrency
[178/260] Compiling CoreFPOperators Optional+FunctorOperators.swift
[179/260] Compiling CoreFPOperators Optional+MonadOperators.swift
[180/260] Compiling CoreFPOperators Result+ApplicativeOperators.swift
[181/260] Compiling CoreFPOperators Publisher+ApplicativeOperators.swift
[182/260] Compiling CoreFPOperators Publisher+FunctorOperators.swift
[183/260] Compiling CoreFPOperators Publisher+MonadOperators.swift
[184/260] Compiling CoreFPOperators Array+AlternativeOperators.swift
[185/260] Compiling CoreFPOperators Array+ApplicativeOperators.swift
[186/260] Compiling CoreFPOperators Array+FunctorOperators.swift
[187/260] Compiling CoreFPOperators Array+MonadOperators.swift
[188/260] Compiling CoreFPOperators Publisher+AlternativeOperators.swift
[189/260] Compiling CoreFPOperators AsyncSequence+MonadOperators.swift
[190/260] Compiling CoreFPOperators Optional+ApplicativeOperators.swift
[191/260] Emitting module CoreFPOperators
[195/260] Compiling CoreFPOperators Function+ApplicativeOperators.swift
[196/260] Compiling CoreFPOperators Function+FunctorOperators.swift
[202/275] Compiling DataStructure Stateful+Optics.swift
[203/275] Compiling DataStructure Stateful+Primitives.swift
[204/275] Compiling DataStructure Stateful.swift
[205/275] Compiling DataStructure StatefulTArray+Applicative.swift
[206/275] Compiling DataStructure StatefulTArray+Functor.swift
[207/290] Compiling CoreFPOperators PublisherTOptional+Operators.swift
[208/290] Compiling CoreFPOperators PublisherTResult+Operators.swift
[209/290] Compiling CoreFPOperators IsoComposition.swift
[210/290] Compiling CoreFPOperators KeyPath.swift
[211/290] Compiling CoreFPOperators NumericOperators.swift
[212/290] Compiling DataStructure StatefulTValidation+Applicative.swift
[213/290] Compiling DataStructure StatefulTValidation+Functor.swift
[214/290] Compiling DataStructure StatefulTWriter+Applicative.swift
[215/290] Compiling DataStructure StatefulTWriter+Functor.swift
[216/290] Compiling CoreFPOperators AsyncStreamTArray+Operators.swift
[217/311] Compiling DataStructure StatefulTReader+Applicative.swift
[218/311] Compiling DataStructure StatefulTReader+Functor.swift
[219/311] Compiling DataStructure StatefulTResult+Applicative.swift
[220/311] Compiling DataStructure StatefulTResult+Functor.swift
[221/311] Compiling DataStructure StatefulTResult+Monad.swift
[222/401] Compiling DataStructure IdentifiedArray+Collection.swift
[223/401] Compiling DataStructure IdentifiedArray+Optics.swift
[224/401] Compiling DataStructure IdentifiedArray+Semigroup.swift
[225/401] Compiling DataStructure IdentifiedArray.swift
[226/401] Compiling DataStructure Loading+Applicative.swift
[227/434] Compiling DataStructure Loading+Catch.swift
[228/434] Compiling DataStructure Loading+Functor.swift
[229/434] Compiling DataStructure Loading+Monad.swift
[230/434] Compiling DataStructure Loading+Prisms.swift
[231/434] Compiling DataStructure Loading+Result.swift
[232/434] Compiling DataStructure Newtype+Literals.swift
[233/434] Compiling DataStructure Newtype+Numeric.swift
[234/434] Compiling DataStructure Newtype+NumericMonoid.swift
[235/434] Compiling DataStructure Newtype+Semigroup.swift
[236/434] Compiling DataStructure Newtype.swift
[237/434] Compiling DataStructure ReaderTResult+Applicative.swift
[239/435] Compiling DataStructure ResultTEither+Traversable.swift
[240/435] Compiling DataStructure ResultTEither+TraversableFree.swift
[241/435] Compiling DataStructure Gen+Combinators.swift
[242/435] Compiling DataStructure Gen+Primitives.swift
[243/435] Compiling DataStructure Gen.swift
[251/435] Compiling DataStructure StatefulTPublisher+Applicative.swift
[252/435] Compiling DataStructure StatefulTPublisher+Functor.swift
[262/435] Compiling DataStructure PublisherTEither+Monad.swift
BUILD FAILURE 6.3 wasm