The Swift Package Index logo.Swift Package Index

Build Information

Failed to build AppStoreCatalog, reference v1.1.1 (7b15cd), with Swift 6.4 for watchOS using Xcode 27.0 on 22 Sep 2026 19:38:31 UTC.

Build Command

env DEVELOPER_DIR=/Applications/Xcode-27.0.0-Release.Candidate.app xcrun xcodebuild -IDEClonedSourcePackagesDirPathOverride=$PWD/.dependencies -skipMacroValidation -skipPackagePluginValidation -derivedDataPath $PWD/.derivedData build -scheme AppStoreCatalog -destination generic/platform=watchOS

Build Log

========================================
RunAll
========================================
Builder version: 5.1.0
Interrupt handler set up.
========================================
Checkout
========================================
Clone URL: https://github.com/jnutting/AppStoreCatalog.git
Reference: v1.1.1
Initialized empty Git repository in /Users/admin/builder/spi-builder-workspace/.git/
From https://github.com/jnutting/AppStoreCatalog
 * tag               v1.1.1     -> FETCH_HEAD
HEAD is now at 7b15cd6 Improve documentation
Cloned https://github.com/jnutting/AppStoreCatalog.git
Revision (git rev-parse @):
7b15cd648e44505c836cd63a6d5a7cc24b06fad1
SUCCESS checkout https://github.com/jnutting/AppStoreCatalog.git at v1.1.1
========================================
Build
========================================
Selected platform:         watchOS
Swift version:             6.4
Building package at path:  $PWD
https://github.com/jnutting/AppStoreCatalog.git
Command line invocation:
    /Applications/Xcode-27.0.0-Release.Candidate.app/Contents/Developer/usr/bin/xcodebuild -IDEClonedSourcePackagesDirPathOverride=/Users/admin/builder/spi-builder-workspace/.dependencies -resolvePackageDependencies
Resolve Package Graph
Resolve Package Graph
Resolved source packages:
  AppStoreCatalog: /Users/admin/builder/spi-builder-workspace
resolved source packages: AppStoreCatalog
2026-09-22 15:37:46.576 xcodebuild[529:3031] [MT] IDERunDestination: Supported platforms for the buildables in the current scheme is empty.
{
  "dependencies" : [
  ],
  "manifest_display_name" : "AppStoreCatalog",
  "name" : "AppStoreCatalog",
  "path" : "/Users/admin/builder/spi-builder-workspace",
  "platforms" : [
    {
      "name" : "ios",
      "version" : "17.0"
    },
    {
      "name" : "macos",
      "version" : "14.0"
    }
  ],
  "products" : [
    {
      "name" : "AppStoreCatalog",
      "targets" : [
        "AppStoreCatalog"
      ],
      "type" : {
        "library" : [
          "automatic"
        ]
      }
    }
  ],
  "targets" : [
    {
      "c99name" : "AppStoreCatalogTests",
      "module_type" : "SwiftTarget",
      "name" : "AppStoreCatalogTests",
      "path" : "Tests/AppStoreCatalogTests",
      "sources" : [
        "AppStoreCatalogTests.swift"
      ],
      "target_dependencies" : [
        "AppStoreCatalog"
      ],
      "type" : "test"
    },
    {
      "c99name" : "AppStoreCatalog",
      "module_type" : "SwiftTarget",
      "name" : "AppStoreCatalog",
      "path" : "Sources/AppStoreCatalog",
      "product_memberships" : [
        "AppStoreCatalog"
      ],
      "resources" : [
        {
          "path" : "/Users/admin/builder/spi-builder-workspace/Sources/AppStoreCatalog/Resources/failedIcon-noalpha.png",
          "rule" : {
            "process" : {
            }
          }
        },
        {
          "path" : "/Users/admin/builder/spi-builder-workspace/Sources/AppStoreCatalog/Resources/failedIcon.png",
          "rule" : {
            "process" : {
            }
          }
        }
      ],
      "sources" : [
        "AppStoreCatalog.swift",
        "AppStoreCatalogView.swift",
        "ProductData.swift",
        "ProductGroupView.swift",
        "ProductView.swift",
        "StoreView.swift"
      ],
      "type" : "library"
    }
  ],
  "tools_version" : "6.0"
}
{
  "workspace" : {
    "name" : "AppStoreCatalog",
    "schemes" : [
      "AppStoreCatalog"
    ]
  }
}
2026-09-22 15:38:18.723 xcodebuild[626:3845] [MT] IDERunDestination: Supported platforms for the buildables in the current scheme is empty.
Running build ...
env DEVELOPER_DIR=/Applications/Xcode-27.0.0-Release.Candidate.app xcrun xcodebuild -IDEClonedSourcePackagesDirPathOverride=$PWD/.dependencies -skipMacroValidation -skipPackagePluginValidation -derivedDataPath $PWD/.derivedData build -scheme AppStoreCatalog -destination generic/platform=watchOS
Command line invocation:
    /Applications/Xcode-27.0.0-Release.Candidate.app/Contents/Developer/usr/bin/xcodebuild -IDEClonedSourcePackagesDirPathOverride=/Users/admin/builder/spi-builder-workspace/.dependencies -skipMacroValidation -skipPackagePluginValidation -derivedDataPath /Users/admin/builder/spi-builder-workspace/.derivedData build -scheme AppStoreCatalog -destination generic/platform=watchOS
Resolve Package Graph
Resolved source packages:
  AppStoreCatalog: /Users/admin/builder/spi-builder-workspace
ComputePackagePrebuildTargetDependencyGraph
Prepare packages
CreateBuildRequest
SendProjectDescription
CreateBuildOperation
ComputeTargetDependencyGraph
note: Building targets in dependency order
note: Target dependency graph (3 targets)
    Target 'AppStoreCatalog-product' in project 'AppStoreCatalog'
        ➜ Explicit dependency on target 'AppStoreCatalog' in project 'AppStoreCatalog'
        ➜ Explicit dependency on target 'AppStoreCatalog_AppStoreCatalog' in project 'AppStoreCatalog'
    Target 'AppStoreCatalog' in project 'AppStoreCatalog'
        ➜ Explicit dependency on target 'AppStoreCatalog_AppStoreCatalog' in project 'AppStoreCatalog'
    Target 'AppStoreCatalog_AppStoreCatalog' in project 'AppStoreCatalog' (no dependencies)
GatherProvisioningInputs
CreateBuildDescription
ExecuteExternalTool /Applications/Xcode-27.0.0-Release.Candidate.app/Contents/Developer/Toolchains/XcodeDefault.xctoolchain/usr/bin/clang -v -E -dM -isysroot /Applications/Xcode-27.0.0-Release.Candidate.app/Contents/Developer/Platforms/WatchOS.platform/Developer/SDKs/WatchOS27.0.sdk -x c -c /dev/null
ExecuteExternalTool /Applications/Xcode-27.0.0-Release.Candidate.app/Contents/Developer/Toolchains/XcodeDefault.xctoolchain/usr/bin/swiftc --version
ExecuteExternalTool /Applications/Xcode-27.0.0-Release.Candidate.app/Contents/Developer/Toolchains/XcodeDefault.xctoolchain/usr/bin/ld -version_details
Build description signature: bc02b2e26665c9409bdbdf81d427ce92
Build description path: /Users/admin/builder/spi-builder-workspace/.derivedData/Build/Intermediates.noindex/XCBuildData/bc02b2e26665c9409bdbdf81d427ce92.xcbuilddata
CreateBuildDirectory /Users/admin/builder/spi-builder-workspace/.derivedData/ModuleCache.noindex
    cd /Users/admin/builder/spi-builder-workspace/.swiftpm/xcode
    builtin-create-build-directory /Users/admin/builder/spi-builder-workspace/.derivedData/ModuleCache.noindex
CreateBuildDirectory /Users/admin/builder/spi-builder-workspace/.derivedData/CompilationCache.noindex
    cd /Users/admin/builder/spi-builder-workspace/.swiftpm/xcode
    builtin-create-build-directory /Users/admin/builder/spi-builder-workspace/.derivedData/CompilationCache.noindex
CreateBuildDirectory /Users/admin/builder/spi-builder-workspace/.derivedData/SDKExplicitPrecompiledModules
    cd /Users/admin/builder/spi-builder-workspace/.swiftpm/xcode
    builtin-create-build-directory /Users/admin/builder/spi-builder-workspace/.derivedData/SDKExplicitPrecompiledModules
ClangStatCache /Applications/Xcode-27.0.0-Release.Candidate.app/Contents/Developer/Toolchains/XcodeDefault.xctoolchain/usr/bin/clang-stat-cache /Applications/Xcode-27.0.0-Release.Candidate.app/Contents/Developer/Platforms/WatchOS.platform/Developer/SDKs/WatchOS27.0.sdk /Users/admin/builder/spi-builder-workspace/.derivedData/SDKStatCaches.noindex/watchos27.0-24R360-e829b21a6f8c9b70876ba0858053c04477534ef55a1706bf4c1112bbb242f0a2.sdkstatcache
    cd /Users/admin/builder/spi-builder-workspace/.swiftpm/xcode
    /Applications/Xcode-27.0.0-Release.Candidate.app/Contents/Developer/Toolchains/XcodeDefault.xctoolchain/usr/bin/clang-stat-cache /Applications/Xcode-27.0.0-Release.Candidate.app/Contents/Developer/Platforms/WatchOS.platform/Developer/SDKs/WatchOS27.0.sdk -o /Users/admin/builder/spi-builder-workspace/.derivedData/SDKStatCaches.noindex/watchos27.0-24R360-e829b21a6f8c9b70876ba0858053c04477534ef55a1706bf4c1112bbb242f0a2.sdkstatcache
CreateBuildDirectory /Users/admin/builder/spi-builder-workspace/.derivedData/Build/Products
    cd /Users/admin/builder/spi-builder-workspace/.swiftpm/xcode
    builtin-create-build-directory /Users/admin/builder/spi-builder-workspace/.derivedData/Build/Products
CreateBuildDirectory /Users/admin/builder/spi-builder-workspace/.derivedData/Build/Intermediates.noindex
    cd /Users/admin/builder/spi-builder-workspace/.swiftpm/xcode
    builtin-create-build-directory /Users/admin/builder/spi-builder-workspace/.derivedData/Build/Intermediates.noindex
CreateBuildDirectory /Users/admin/builder/spi-builder-workspace/.derivedData/Build/Intermediates.noindex/SwiftExplicitPrecompiledModules
    cd /Users/admin/builder/spi-builder-workspace/.swiftpm/xcode
    builtin-create-build-directory /Users/admin/builder/spi-builder-workspace/.derivedData/Build/Intermediates.noindex/SwiftExplicitPrecompiledModules
CreateBuildDirectory /Users/admin/builder/spi-builder-workspace/.derivedData/Build/Intermediates.noindex/ExplicitPrecompiledModules
    cd /Users/admin/builder/spi-builder-workspace/.swiftpm/xcode
    builtin-create-build-directory /Users/admin/builder/spi-builder-workspace/.derivedData/Build/Intermediates.noindex/ExplicitPrecompiledModules
CreateBuildDirectory /Users/admin/builder/spi-builder-workspace/.derivedData/Build/Intermediates.noindex/EagerLinkingTBDs/Debug-watchos
    cd /Users/admin/builder/spi-builder-workspace/.swiftpm/xcode
    builtin-create-build-directory /Users/admin/builder/spi-builder-workspace/.derivedData/Build/Intermediates.noindex/EagerLinkingTBDs/Debug-watchos
CreateBuildDirectory /Users/admin/builder/spi-builder-workspace/.derivedData/Build/Intermediates.noindex/PrecompiledHeaders
    cd /Users/admin/builder/spi-builder-workspace/.swiftpm/xcode
    builtin-create-build-directory /Users/admin/builder/spi-builder-workspace/.derivedData/Build/Intermediates.noindex/PrecompiledHeaders
CreateBuildDirectory /Users/admin/builder/spi-builder-workspace/.derivedData/Build/Products/Debug-watchos
    cd /Users/admin/builder/spi-builder-workspace/.swiftpm/xcode
    builtin-create-build-directory /Users/admin/builder/spi-builder-workspace/.derivedData/Build/Products/Debug-watchos
CreateBuildDirectory /Users/admin/builder/spi-builder-workspace/.derivedData/Build/Products/Debug-watchos/PackageFrameworks
    cd /Users/admin/builder/spi-builder-workspace/.swiftpm/xcode
    builtin-create-build-directory /Users/admin/builder/spi-builder-workspace/.derivedData/Build/Products/Debug-watchos/PackageFrameworks
MkDir /Users/admin/builder/spi-builder-workspace/.derivedData/Build/Products/Debug-watchos/AppStoreCatalog_AppStoreCatalog.bundle (in target 'AppStoreCatalog_AppStoreCatalog' from project 'AppStoreCatalog')
    cd /Users/admin/builder/spi-builder-workspace
    /bin/mkdir -p /Users/admin/builder/spi-builder-workspace/.derivedData/Build/Products/Debug-watchos/AppStoreCatalog_AppStoreCatalog.bundle
WriteAuxiliaryFile /Users/admin/builder/spi-builder-workspace/.derivedData/Build/Intermediates.noindex/AppStoreCatalog.build/Debug-watchos/AppStoreCatalog_AppStoreCatalog-b.build/AppStoreCatalog_AppStoreCatalog.DependencyStaticMetadataFileList (in target 'AppStoreCatalog_AppStoreCatalog' from project 'AppStoreCatalog')
    cd /Users/admin/builder/spi-builder-workspace
    write-file /Users/admin/builder/spi-builder-workspace/.derivedData/Build/Intermediates.noindex/AppStoreCatalog.build/Debug-watchos/AppStoreCatalog_AppStoreCatalog-b.build/AppStoreCatalog_AppStoreCatalog.DependencyStaticMetadataFileList
WriteAuxiliaryFile /Users/admin/builder/spi-builder-workspace/.derivedData/Build/Intermediates.noindex/AppStoreCatalog.build/Debug-watchos/AppStoreCatalog_AppStoreCatalog-b.build/empty-AppStoreCatalog_AppStoreCatalog.plist (in target 'AppStoreCatalog_AppStoreCatalog' from project 'AppStoreCatalog')
    cd /Users/admin/builder/spi-builder-workspace
    write-file /Users/admin/builder/spi-builder-workspace/.derivedData/Build/Intermediates.noindex/AppStoreCatalog.build/Debug-watchos/AppStoreCatalog_AppStoreCatalog-b.build/empty-AppStoreCatalog_AppStoreCatalog.plist
WriteAuxiliaryFile /Users/admin/builder/spi-builder-workspace/.derivedData/Build/Intermediates.noindex/AppStoreCatalog.build/Debug-watchos/AppStoreCatalog_AppStoreCatalog-b.build/AppStoreCatalog_AppStoreCatalog.DependencyMetadataFileList (in target 'AppStoreCatalog_AppStoreCatalog' from project 'AppStoreCatalog')
    cd /Users/admin/builder/spi-builder-workspace
    write-file /Users/admin/builder/spi-builder-workspace/.derivedData/Build/Intermediates.noindex/AppStoreCatalog.build/Debug-watchos/AppStoreCatalog_AppStoreCatalog-b.build/AppStoreCatalog_AppStoreCatalog.DependencyMetadataFileList
WriteAuxiliaryFile /Users/admin/builder/spi-builder-workspace/.derivedData/Build/Intermediates.noindex/AppStoreCatalog.build/Debug-watchos/AppStoreCatalog-t.build/Objects-normal/arm64_32/AppStoreCatalog.SwiftFileList (in target 'AppStoreCatalog' from project 'AppStoreCatalog')
    cd /Users/admin/builder/spi-builder-workspace
    write-file /Users/admin/builder/spi-builder-workspace/.derivedData/Build/Intermediates.noindex/AppStoreCatalog.build/Debug-watchos/AppStoreCatalog-t.build/Objects-normal/arm64_32/AppStoreCatalog.SwiftFileList
WriteAuxiliaryFile /Users/admin/builder/spi-builder-workspace/.derivedData/Build/Intermediates.noindex/AppStoreCatalog.build/Debug-watchos/AppStoreCatalog-t.build/Objects-normal/arm64_32/AppStoreCatalog_const_extract_protocols.json (in target 'AppStoreCatalog' from project 'AppStoreCatalog')
    cd /Users/admin/builder/spi-builder-workspace
    write-file /Users/admin/builder/spi-builder-workspace/.derivedData/Build/Intermediates.noindex/AppStoreCatalog.build/Debug-watchos/AppStoreCatalog-t.build/Objects-normal/arm64_32/AppStoreCatalog_const_extract_protocols.json
WriteAuxiliaryFile /Users/admin/builder/spi-builder-workspace/.derivedData/Build/Intermediates.noindex/AppStoreCatalog.build/Debug-watchos/AppStoreCatalog-t.build/Objects-normal/arm64_32/AppStoreCatalog.LinkFileList (in target 'AppStoreCatalog' from project 'AppStoreCatalog')
    cd /Users/admin/builder/spi-builder-workspace
    write-file /Users/admin/builder/spi-builder-workspace/.derivedData/Build/Intermediates.noindex/AppStoreCatalog.build/Debug-watchos/AppStoreCatalog-t.build/Objects-normal/arm64_32/AppStoreCatalog.LinkFileList
WriteAuxiliaryFile /Users/admin/builder/spi-builder-workspace/.derivedData/Build/Intermediates.noindex/AppStoreCatalog.build/Debug-watchos/AppStoreCatalog-t.build/Objects-normal/arm64_32/AppStoreCatalog.SwiftConstValuesFileList (in target 'AppStoreCatalog' from project 'AppStoreCatalog')
    cd /Users/admin/builder/spi-builder-workspace
    write-file /Users/admin/builder/spi-builder-workspace/.derivedData/Build/Intermediates.noindex/AppStoreCatalog.build/Debug-watchos/AppStoreCatalog-t.build/Objects-normal/arm64_32/AppStoreCatalog.SwiftConstValuesFileList
WriteAuxiliaryFile /Users/admin/builder/spi-builder-workspace/.derivedData/Build/Intermediates.noindex/AppStoreCatalog.build/Debug-watchos/AppStoreCatalog-t.build/Objects-normal/arm64_32/AppStoreCatalog-OutputFileMap.json (in target 'AppStoreCatalog' from project 'AppStoreCatalog')
    cd /Users/admin/builder/spi-builder-workspace
    write-file /Users/admin/builder/spi-builder-workspace/.derivedData/Build/Intermediates.noindex/AppStoreCatalog.build/Debug-watchos/AppStoreCatalog-t.build/Objects-normal/arm64_32/AppStoreCatalog-OutputFileMap.json
WriteAuxiliaryFile /Users/admin/builder/spi-builder-workspace/.derivedData/Build/Intermediates.noindex/AppStoreCatalog.build/Debug-watchos/AppStoreCatalog-t.build/Objects-normal/arm64/AppStoreCatalog_const_extract_protocols.json (in target 'AppStoreCatalog' from project 'AppStoreCatalog')
    cd /Users/admin/builder/spi-builder-workspace
    write-file /Users/admin/builder/spi-builder-workspace/.derivedData/Build/Intermediates.noindex/AppStoreCatalog.build/Debug-watchos/AppStoreCatalog-t.build/Objects-normal/arm64/AppStoreCatalog_const_extract_protocols.json
WriteAuxiliaryFile /Users/admin/builder/spi-builder-workspace/.derivedData/Build/Intermediates.noindex/AppStoreCatalog.build/Debug-watchos/AppStoreCatalog-t.build/Objects-normal/arm64/AppStoreCatalog.SwiftFileList (in target 'AppStoreCatalog' from project 'AppStoreCatalog')
    cd /Users/admin/builder/spi-builder-workspace
    write-file /Users/admin/builder/spi-builder-workspace/.derivedData/Build/Intermediates.noindex/AppStoreCatalog.build/Debug-watchos/AppStoreCatalog-t.build/Objects-normal/arm64/AppStoreCatalog.SwiftFileList
WriteAuxiliaryFile /Users/admin/builder/spi-builder-workspace/.derivedData/Build/Intermediates.noindex/AppStoreCatalog.build/Debug-watchos/AppStoreCatalog-t.build/Objects-normal/arm64/AppStoreCatalog.SwiftConstValuesFileList (in target 'AppStoreCatalog' from project 'AppStoreCatalog')
    cd /Users/admin/builder/spi-builder-workspace
    write-file /Users/admin/builder/spi-builder-workspace/.derivedData/Build/Intermediates.noindex/AppStoreCatalog.build/Debug-watchos/AppStoreCatalog-t.build/Objects-normal/arm64/AppStoreCatalog.SwiftConstValuesFileList
WriteAuxiliaryFile /Users/admin/builder/spi-builder-workspace/.derivedData/Build/Intermediates.noindex/AppStoreCatalog.build/Debug-watchos/AppStoreCatalog-t.build/Objects-normal/arm64/AppStoreCatalog.LinkFileList (in target 'AppStoreCatalog' from project 'AppStoreCatalog')
    cd /Users/admin/builder/spi-builder-workspace
    write-file /Users/admin/builder/spi-builder-workspace/.derivedData/Build/Intermediates.noindex/AppStoreCatalog.build/Debug-watchos/AppStoreCatalog-t.build/Objects-normal/arm64/AppStoreCatalog.LinkFileList
WriteAuxiliaryFile /Users/admin/builder/spi-builder-workspace/.derivedData/Build/Intermediates.noindex/AppStoreCatalog.build/Debug-watchos/AppStoreCatalog-t.build/AppStoreCatalog.modulemap (in target 'AppStoreCatalog' from project 'AppStoreCatalog')
    cd /Users/admin/builder/spi-builder-workspace
    write-file /Users/admin/builder/spi-builder-workspace/.derivedData/Build/Intermediates.noindex/AppStoreCatalog.build/Debug-watchos/AppStoreCatalog-t.build/AppStoreCatalog.modulemap
WriteAuxiliaryFile /Users/admin/builder/spi-builder-workspace/.derivedData/Build/Intermediates.noindex/AppStoreCatalog.build/Debug-watchos/AppStoreCatalog-t.build/Objects-normal/arm64/AppStoreCatalog-OutputFileMap.json (in target 'AppStoreCatalog' from project 'AppStoreCatalog')
    cd /Users/admin/builder/spi-builder-workspace
    write-file /Users/admin/builder/spi-builder-workspace/.derivedData/Build/Intermediates.noindex/AppStoreCatalog.build/Debug-watchos/AppStoreCatalog-t.build/Objects-normal/arm64/AppStoreCatalog-OutputFileMap.json
WriteAuxiliaryFile /Users/admin/builder/spi-builder-workspace/.derivedData/Build/Intermediates.noindex/AppStoreCatalog.build/Debug-watchos/AppStoreCatalog-t.build/DerivedSources/resource_bundle_accessor.swift (in target 'AppStoreCatalog' from project 'AppStoreCatalog')
    cd /Users/admin/builder/spi-builder-workspace
    write-file /Users/admin/builder/spi-builder-workspace/.derivedData/Build/Intermediates.noindex/AppStoreCatalog.build/Debug-watchos/AppStoreCatalog-t.build/DerivedSources/resource_bundle_accessor.swift
WriteAuxiliaryFile /Users/admin/builder/spi-builder-workspace/.derivedData/Build/Intermediates.noindex/AppStoreCatalog.build/Debug-watchos/AppStoreCatalog-t.build/AppStoreCatalog.DependencyStaticMetadataFileList (in target 'AppStoreCatalog' from project 'AppStoreCatalog')
    cd /Users/admin/builder/spi-builder-workspace
    write-file /Users/admin/builder/spi-builder-workspace/.derivedData/Build/Intermediates.noindex/AppStoreCatalog.build/Debug-watchos/AppStoreCatalog-t.build/AppStoreCatalog.DependencyStaticMetadataFileList
WriteAuxiliaryFile /Users/admin/builder/spi-builder-workspace/.derivedData/Build/Intermediates.noindex/AppStoreCatalog.build/Debug-watchos/AppStoreCatalog-t.build/AppStoreCatalog.DependencyMetadataFileList (in target 'AppStoreCatalog' from project 'AppStoreCatalog')
    cd /Users/admin/builder/spi-builder-workspace
    write-file /Users/admin/builder/spi-builder-workspace/.derivedData/Build/Intermediates.noindex/AppStoreCatalog.build/Debug-watchos/AppStoreCatalog-t.build/AppStoreCatalog.DependencyMetadataFileList
Copy /Users/admin/builder/spi-builder-workspace/.derivedData/Build/Intermediates.noindex/GeneratedModuleMaps-watchos/AppStoreCatalog.modulemap /Users/admin/builder/spi-builder-workspace/.derivedData/Build/Intermediates.noindex/AppStoreCatalog.build/Debug-watchos/AppStoreCatalog-t.build/AppStoreCatalog.modulemap (in target 'AppStoreCatalog' from project 'AppStoreCatalog')
    cd /Users/admin/builder/spi-builder-workspace
    builtin-copy -exclude .DS_Store -exclude CVS -exclude .svn -exclude .git -exclude .hg -resolve-src-symlinks /Users/admin/builder/spi-builder-workspace/.derivedData/Build/Intermediates.noindex/AppStoreCatalog.build/Debug-watchos/AppStoreCatalog-t.build/AppStoreCatalog.modulemap /Users/admin/builder/spi-builder-workspace/.derivedData/Build/Intermediates.noindex/GeneratedModuleMaps-watchos
CpResource /Users/admin/builder/spi-builder-workspace/.derivedData/Build/Products/Debug-watchos/AppStoreCatalog_AppStoreCatalog.bundle/failedIcon.png /Users/admin/builder/spi-builder-workspace/Sources/AppStoreCatalog/Resources/failedIcon.png (in target 'AppStoreCatalog_AppStoreCatalog' from project 'AppStoreCatalog')
    cd /Users/admin/builder/spi-builder-workspace
    builtin-copy -exclude .DS_Store -exclude CVS -exclude .svn -exclude .git -exclude .hg -resolve-src-symlinks /Users/admin/builder/spi-builder-workspace/Sources/AppStoreCatalog/Resources/failedIcon.png /Users/admin/builder/spi-builder-workspace/.derivedData/Build/Products/Debug-watchos/AppStoreCatalog_AppStoreCatalog.bundle
CpResource /Users/admin/builder/spi-builder-workspace/.derivedData/Build/Products/Debug-watchos/AppStoreCatalog_AppStoreCatalog.bundle/failedIcon-noalpha.png /Users/admin/builder/spi-builder-workspace/Sources/AppStoreCatalog/Resources/failedIcon-noalpha.png (in target 'AppStoreCatalog_AppStoreCatalog' from project 'AppStoreCatalog')
    cd /Users/admin/builder/spi-builder-workspace
    builtin-copy -exclude .DS_Store -exclude CVS -exclude .svn -exclude .git -exclude .hg -resolve-src-symlinks /Users/admin/builder/spi-builder-workspace/Sources/AppStoreCatalog/Resources/failedIcon-noalpha.png /Users/admin/builder/spi-builder-workspace/.derivedData/Build/Products/Debug-watchos/AppStoreCatalog_AppStoreCatalog.bundle
ProcessInfoPlistFile /Users/admin/builder/spi-builder-workspace/.derivedData/Build/Products/Debug-watchos/AppStoreCatalog_AppStoreCatalog.bundle/Info.plist /Users/admin/builder/spi-builder-workspace/.derivedData/Build/Intermediates.noindex/AppStoreCatalog.build/Debug-watchos/AppStoreCatalog_AppStoreCatalog-b.build/empty-AppStoreCatalog_AppStoreCatalog.plist (in target 'AppStoreCatalog_AppStoreCatalog' from project 'AppStoreCatalog')
    cd /Users/admin/builder/spi-builder-workspace
    builtin-infoPlistUtility /Users/admin/builder/spi-builder-workspace/.derivedData/Build/Intermediates.noindex/AppStoreCatalog.build/Debug-watchos/AppStoreCatalog_AppStoreCatalog-b.build/empty-AppStoreCatalog_AppStoreCatalog.plist -producttype com.apple.product-type.bundle -expandbuildsettings -format binary -platform watchos -o /Users/admin/builder/spi-builder-workspace/.derivedData/Build/Products/Debug-watchos/AppStoreCatalog_AppStoreCatalog.bundle/Info.plist
RegisterExecutionPolicyException /Users/admin/builder/spi-builder-workspace/.derivedData/Build/Products/Debug-watchos/AppStoreCatalog_AppStoreCatalog.bundle (in target 'AppStoreCatalog_AppStoreCatalog' from project 'AppStoreCatalog')
    cd /Users/admin/builder/spi-builder-workspace
    builtin-RegisterExecutionPolicyException /Users/admin/builder/spi-builder-workspace/.derivedData/Build/Products/Debug-watchos/AppStoreCatalog_AppStoreCatalog.bundle
Touch /Users/admin/builder/spi-builder-workspace/.derivedData/Build/Products/Debug-watchos/AppStoreCatalog_AppStoreCatalog.bundle (in target 'AppStoreCatalog_AppStoreCatalog' from project 'AppStoreCatalog')
    cd /Users/admin/builder/spi-builder-workspace
    /usr/bin/touch -c /Users/admin/builder/spi-builder-workspace/.derivedData/Build/Products/Debug-watchos/AppStoreCatalog_AppStoreCatalog.bundle
SwiftDriver AppStoreCatalog normal arm64 com.apple.xcode.tools.swift.compiler (in target 'AppStoreCatalog' from project 'AppStoreCatalog')
    cd /Users/admin/builder/spi-builder-workspace/.swiftpm/xcode
    builtin-SwiftDriver -- /Applications/Xcode-27.0.0-Release.Candidate.app/Contents/Developer/Toolchains/XcodeDefault.xctoolchain/usr/bin/swiftc -parse-as-library -module-name AppStoreCatalog -Onone @/Users/admin/builder/spi-builder-workspace/.derivedData/Build/Intermediates.noindex/AppStoreCatalog.build/Debug-watchos/AppStoreCatalog-t.build/Objects-normal/arm64/AppStoreCatalog.SwiftFileList -DSWIFT_PACKAGE -DDEBUG -DSWIFT_MODULE_RESOURCE_BUNDLE_AVAILABLE -DXcode -plugin-path /Applications/Xcode-27.0.0-Release.Candidate.app/Contents/Developer/Toolchains/XcodeDefault.xctoolchain/usr/lib/swift/host/plugins/testing -enable-experimental-feature DebugDescriptionMacro -sdk /Applications/Xcode-27.0.0-Release.Candidate.app/Contents/Developer/Platforms/WatchOS.platform/Developer/SDKs/WatchOS27.0.sdk -target arm64-apple-watchos10.0 -g -module-cache-path /Users/admin/builder/spi-builder-workspace/.derivedData/ModuleCache.noindex -Xfrontend -serialize-debugging-options -profile-coverage-mapping -profile-generate -enable-testing -index-store-path /Users/admin/builder/spi-builder-workspace/.derivedData/Index.noindex/DataStore -Xcc -D_LIBCPP_HARDENING_MODE\=_LIBCPP_HARDENING_MODE_DEBUG -swift-version 6 -I /Users/admin/builder/spi-builder-workspace/.derivedData/Build/Products/Debug-watchos -Isystem /Applications/Xcode-27.0.0-Release.Candidate.app/Contents/Developer/Platforms/WatchOS.platform/Developer/usr/lib -F /Users/admin/builder/spi-builder-workspace/.derivedData/Build/Products/Debug-watchos -F /Applications/Xcode-27.0.0-Release.Candidate.app/Contents/Developer/Platforms/WatchOS.platform/Developer/Library/Frameworks -F /Applications/Xcode-27.0.0-Release.Candidate.app/Contents/Developer/Platforms/WatchOS.platform/Developer/SDKs/WatchOS27.0.sdk/Developer/Library/Frameworks -c -j10 -enable-batch-mode -incremental -Xcc -ivfsstatcache -Xcc /Users/admin/builder/spi-builder-workspace/.derivedData/SDKStatCaches.noindex/watchos27.0-24R360-e829b21a6f8c9b70876ba0858053c04477534ef55a1706bf4c1112bbb242f0a2.sdkstatcache -output-file-map /Users/admin/builder/spi-builder-workspace/.derivedData/Build/Intermediates.noindex/AppStoreCatalog.build/Debug-watchos/AppStoreCatalog-t.build/Objects-normal/arm64/AppStoreCatalog-OutputFileMap.json -save-temps -no-color-diagnostics -explicit-module-build -module-cache-path /Users/admin/builder/spi-builder-workspace/.derivedData/Build/Intermediates.noindex/SwiftExplicitPrecompiledModules -clang-scanner-module-cache-path /Users/admin/builder/spi-builder-workspace/.derivedData/ModuleCache.noindex -sdk-module-cache-path /Users/admin/builder/spi-builder-workspace/.derivedData/SDKExplicitPrecompiledModules -emit-dependencies -emit-module -emit-module-path /Users/admin/builder/spi-builder-workspace/.derivedData/Build/Intermediates.noindex/AppStoreCatalog.build/Debug-watchos/AppStoreCatalog-t.build/Objects-normal/arm64/AppStoreCatalog.swiftmodule -serialize-diagnostics -dependency-scan-serialize-diagnostics-path /Users/admin/builder/spi-builder-workspace/.derivedData/Build/Intermediates.noindex/AppStoreCatalog.build/Debug-watchos/AppStoreCatalog-t.build/Objects-normal/arm64/AppStoreCatalog-dependency-scan.dia -validate-clang-modules-once -clang-build-session-file /Users/admin/builder/spi-builder-workspace/.derivedData/ModuleCache.noindex/Session.modulevalidation -Xcc -fmodules-prune-interval\=86400 -Xcc -fmodules-prune-after\=345600 -package-name spi_builder_workspace -emit-const-values -const-gather-protocols-list /Users/admin/builder/spi-builder-workspace/.derivedData/Build/Intermediates.noindex/AppStoreCatalog.build/Debug-watchos/AppStoreCatalog-t.build/Objects-normal/arm64/AppStoreCatalog_const_extract_protocols.json -Xcc -I/Users/admin/builder/spi-builder-workspace/.derivedData/Build/Products/Debug-watchos/include -Xcc -I/Users/admin/builder/spi-builder-workspace/.derivedData/Build/Intermediates.noindex/AppStoreCatalog.build/Debug-watchos/AppStoreCatalog-t.build/DerivedSources-normal/arm64 -Xcc -I/Users/admin/builder/spi-builder-workspace/.derivedData/Build/Intermediates.noindex/AppStoreCatalog.build/Debug-watchos/AppStoreCatalog-t.build/DerivedSources/arm64 -Xcc -I/Users/admin/builder/spi-builder-workspace/.derivedData/Build/Intermediates.noindex/AppStoreCatalog.build/Debug-watchos/AppStoreCatalog-t.build/DerivedSources -Xcc -DSWIFT_PACKAGE -Xcc -DDEBUG\=1 -emit-objc-header -emit-objc-header-path /Users/admin/builder/spi-builder-workspace/.derivedData/Build/Intermediates.noindex/AppStoreCatalog.build/Debug-watchos/AppStoreCatalog-t.build/Objects-normal/arm64/AppStoreCatalog-Swift.h -working-directory /Users/admin/builder/spi-builder-workspace/.swiftpm/xcode -experimental-emit-module-separately -disable-cmo
SwiftDriver AppStoreCatalog normal arm64_32 com.apple.xcode.tools.swift.compiler (in target 'AppStoreCatalog' from project 'AppStoreCatalog')
    cd /Users/admin/builder/spi-builder-workspace/.swiftpm/xcode
    builtin-SwiftDriver -- /Applications/Xcode-27.0.0-Release.Candidate.app/Contents/Developer/Toolchains/XcodeDefault.xctoolchain/usr/bin/swiftc -parse-as-library -module-name AppStoreCatalog -Onone @/Users/admin/builder/spi-builder-workspace/.derivedData/Build/Intermediates.noindex/AppStoreCatalog.build/Debug-watchos/AppStoreCatalog-t.build/Objects-normal/arm64_32/AppStoreCatalog.SwiftFileList -DSWIFT_PACKAGE -DDEBUG -DSWIFT_MODULE_RESOURCE_BUNDLE_AVAILABLE -DXcode -plugin-path /Applications/Xcode-27.0.0-Release.Candidate.app/Contents/Developer/Toolchains/XcodeDefault.xctoolchain/usr/lib/swift/host/plugins/testing -enable-experimental-feature DebugDescriptionMacro -sdk /Applications/Xcode-27.0.0-Release.Candidate.app/Contents/Developer/Platforms/WatchOS.platform/Developer/SDKs/WatchOS27.0.sdk -target arm64_32-apple-watchos10.0 -g -module-cache-path /Users/admin/builder/spi-builder-workspace/.derivedData/ModuleCache.noindex -Xfrontend -serialize-debugging-options -profile-coverage-mapping -profile-generate -enable-testing -index-store-path /Users/admin/builder/spi-builder-workspace/.derivedData/Index.noindex/DataStore -Xcc -D_LIBCPP_HARDENING_MODE\=_LIBCPP_HARDENING_MODE_DEBUG -swift-version 6 -I /Users/admin/builder/spi-builder-workspace/.derivedData/Build/Products/Debug-watchos -Isystem /Applications/Xcode-27.0.0-Release.Candidate.app/Contents/Developer/Platforms/WatchOS.platform/Developer/usr/lib -F /Users/admin/builder/spi-builder-workspace/.derivedData/Build/Products/Debug-watchos -F /Applications/Xcode-27.0.0-Release.Candidate.app/Contents/Developer/Platforms/WatchOS.platform/Developer/Library/Frameworks -F /Applications/Xcode-27.0.0-Release.Candidate.app/Contents/Developer/Platforms/WatchOS.platform/Developer/SDKs/WatchOS27.0.sdk/Developer/Library/Frameworks -c -j10 -enable-batch-mode -incremental -Xcc -ivfsstatcache -Xcc /Users/admin/builder/spi-builder-workspace/.derivedData/SDKStatCaches.noindex/watchos27.0-24R360-e829b21a6f8c9b70876ba0858053c04477534ef55a1706bf4c1112bbb242f0a2.sdkstatcache -output-file-map /Users/admin/builder/spi-builder-workspace/.derivedData/Build/Intermediates.noindex/AppStoreCatalog.build/Debug-watchos/AppStoreCatalog-t.build/Objects-normal/arm64_32/AppStoreCatalog-OutputFileMap.json -save-temps -no-color-diagnostics -explicit-module-build -module-cache-path /Users/admin/builder/spi-builder-workspace/.derivedData/Build/Intermediates.noindex/SwiftExplicitPrecompiledModules -clang-scanner-module-cache-path /Users/admin/builder/spi-builder-workspace/.derivedData/ModuleCache.noindex -sdk-module-cache-path /Users/admin/builder/spi-builder-workspace/.derivedData/SDKExplicitPrecompiledModules -emit-dependencies -emit-module -emit-module-path /Users/admin/builder/spi-builder-workspace/.derivedData/Build/Intermediates.noindex/AppStoreCatalog.build/Debug-watchos/AppStoreCatalog-t.build/Objects-normal/arm64_32/AppStoreCatalog.swiftmodule -serialize-diagnostics -dependency-scan-serialize-diagnostics-path /Users/admin/builder/spi-builder-workspace/.derivedData/Build/Intermediates.noindex/AppStoreCatalog.build/Debug-watchos/AppStoreCatalog-t.build/Objects-normal/arm64_32/AppStoreCatalog-dependency-scan.dia -validate-clang-modules-once -clang-build-session-file /Users/admin/builder/spi-builder-workspace/.derivedData/ModuleCache.noindex/Session.modulevalidation -Xcc -fmodules-prune-interval\=86400 -Xcc -fmodules-prune-after\=345600 -package-name spi_builder_workspace -emit-const-values -const-gather-protocols-list /Users/admin/builder/spi-builder-workspace/.derivedData/Build/Intermediates.noindex/AppStoreCatalog.build/Debug-watchos/AppStoreCatalog-t.build/Objects-normal/arm64_32/AppStoreCatalog_const_extract_protocols.json -Xcc -I/Users/admin/builder/spi-builder-workspace/.derivedData/Build/Products/Debug-watchos/include -Xcc -I/Users/admin/builder/spi-builder-workspace/.derivedData/Build/Intermediates.noindex/AppStoreCatalog.build/Debug-watchos/AppStoreCatalog-t.build/DerivedSources-normal/arm64_32 -Xcc -I/Users/admin/builder/spi-builder-workspace/.derivedData/Build/Intermediates.noindex/AppStoreCatalog.build/Debug-watchos/AppStoreCatalog-t.build/DerivedSources/arm64_32 -Xcc -I/Users/admin/builder/spi-builder-workspace/.derivedData/Build/Intermediates.noindex/AppStoreCatalog.build/Debug-watchos/AppStoreCatalog-t.build/DerivedSources -Xcc -DSWIFT_PACKAGE -Xcc -DDEBUG\=1 -emit-objc-header -emit-objc-header-path /Users/admin/builder/spi-builder-workspace/.derivedData/Build/Intermediates.noindex/AppStoreCatalog.build/Debug-watchos/AppStoreCatalog-t.build/Objects-normal/arm64_32/AppStoreCatalog-Swift.h -working-directory /Users/admin/builder/spi-builder-workspace/.swiftpm/xcode -experimental-emit-module-separately -disable-cmo
SwiftExplicitDependencyGeneratePcm arm64_32 /Users/admin/builder/spi-builder-workspace/.derivedData/SDKExplicitPrecompiledModules/_Builtin_float-372PLGDQ1U3B6Z5EA5DJMDORJ.pcm
SwiftExplicitDependencyGeneratePcm arm64_32 /Users/admin/builder/spi-builder-workspace/.derivedData/SDKExplicitPrecompiledModules/ptrauth-EW7YZZ7LEZE1QZF2T8148IPSA.pcm
SwiftExplicitDependencyGeneratePcm arm64_32 /Users/admin/builder/spi-builder-workspace/.derivedData/SDKExplicitPrecompiledModules/SwiftShims-D9VBB138U50XYYGW2C2V21N3L.pcm
SwiftExplicitDependencyGeneratePcm arm64_32 /Users/admin/builder/spi-builder-workspace/.derivedData/SDKExplicitPrecompiledModules/_Builtin_stddef-2F9BFIPBQ5EWNSK5G7G7V4EKL.pcm
SwiftExplicitDependencyGeneratePcm arm64_32 /Users/admin/builder/spi-builder-workspace/.derivedData/SDKExplicitPrecompiledModules/_AvailabilityInternal-22ZP1ILSQW16KHXZS5GBZHOCS.pcm
SwiftExplicitDependencyGeneratePcm arm64 /Users/admin/builder/spi-builder-workspace/.derivedData/SDKExplicitPrecompiledModules/ptrcheck-8K07997SIHO7YGY7UQ3LOQ3TJ.pcm
SwiftExplicitDependencyGeneratePcm arm64 /Users/admin/builder/spi-builder-workspace/.derivedData/SDKExplicitPrecompiledModules/ptrauth-C7VQASAJ967Q4Q6SRD4I3CFWZ.pcm
SwiftExplicitDependencyGeneratePcm arm64 /Users/admin/builder/spi-builder-workspace/.derivedData/SDKExplicitPrecompiledModules/_Builtin_float-E4M4A8689VXF1T7P7BV56IKBT.pcm
SwiftExplicitDependencyGeneratePcm arm64 /Users/admin/builder/spi-builder-workspace/.derivedData/SDKExplicitPrecompiledModules/_SwiftConcurrencyShims-CTPSFSTDCBVSSQFHL6I305U72.pcm
SwiftExplicitDependencyGeneratePcm arm64 /Users/admin/builder/spi-builder-workspace/.derivedData/SDKExplicitPrecompiledModules/_Builtin_stddef-5OH846KKUPSJJT7GCX9XU1TKG.pcm
SwiftExplicitDependencyGeneratePcm arm64_32 /Users/admin/builder/spi-builder-workspace/.derivedData/SDKExplicitPrecompiledModules/DeveloperToolsSupport-3FQKKPF3BW0SWE1YUZ86OZWIB.pcm
SwiftExplicitDependencyGeneratePcm arm64_32 /Users/admin/builder/spi-builder-workspace/.derivedData/SDKExplicitPrecompiledModules/_SwiftConcurrencyShims-58G4ISYSYDV3AT1DDGEE0QCUF.pcm
SwiftExplicitDependencyGeneratePcm arm64 /Users/admin/builder/spi-builder-workspace/.derivedData/SDKExplicitPrecompiledModules/_Builtin_stdbool-B692L2PMR118794VVYBG37897.pcm
SwiftExplicitDependencyGeneratePcm arm64 /Users/admin/builder/spi-builder-workspace/.derivedData/SDKExplicitPrecompiledModules/_AvailabilityInternal-42EVAC8Q6P1ZT6G3A168N97G4.pcm
SwiftExplicitDependencyGeneratePcm arm64 /Users/admin/builder/spi-builder-workspace/.derivedData/SDKExplicitPrecompiledModules/DeveloperToolsSupport-CL5QT3CW0ZM498PFTWG64QMLA.pcm
SwiftExplicitDependencyGeneratePcm arm64 /Users/admin/builder/spi-builder-workspace/.derivedData/SDKExplicitPrecompiledModules/_Builtin_stdarg-3X4KLXUYEI0UGBILP4X7D0CYW.pcm
SwiftExplicitDependencyGeneratePcm arm64_32 /Users/admin/builder/spi-builder-workspace/.derivedData/SDKExplicitPrecompiledModules/_StoreKit_SwiftUI-6VKYURL3B1PG7H5T29AU1N0GV.pcm
SwiftExplicitDependencyGeneratePcm arm64 /Users/admin/builder/spi-builder-workspace/.derivedData/SDKExplicitPrecompiledModules/SwiftShims-AJ4AZYHQNC33R5RLN7AGEIOMP.pcm
SwiftExplicitDependencyGeneratePcm arm64_32 /Users/admin/builder/spi-builder-workspace/.derivedData/SDKExplicitPrecompiledModules/_Builtin_stdarg-EYJP6DFYQL9GJLH1TJ84A8MHV.pcm
SwiftExplicitDependencyGeneratePcm arm64 /Users/admin/builder/spi-builder-workspace/.derivedData/SDKExplicitPrecompiledModules/_StoreKit_SwiftUI-G8NKO3P7M4VSRT6LJNUV8ET9.pcm
SwiftExplicitDependencyGeneratePcm arm64_32 /Users/admin/builder/spi-builder-workspace/.derivedData/SDKExplicitPrecompiledModules/_Builtin_stdbool-84ZA1VDW90AGWZ2LF5KOCM8DZ.pcm
SwiftExplicitDependencyGeneratePcm arm64_32 /Users/admin/builder/spi-builder-workspace/.derivedData/SDKExplicitPrecompiledModules/ptrcheck-EAZ3I917ZFA9H6ZCL6PGLG4TR.pcm
SwiftExplicitDependencyGeneratePcm arm64 /Users/admin/builder/spi-builder-workspace/.derivedData/SDKExplicitPrecompiledModules/_DarwinFoundation1-7YQ9TVI7XTOGQU9OADRXP33D1.pcm
SwiftExplicitDependencyGeneratePcm arm64_32 /Users/admin/builder/spi-builder-workspace/.derivedData/SDKExplicitPrecompiledModules/_DarwinFoundation1-5SNIO0SFHX9KJZTLQGIPAPXUZ.pcm
SwiftExplicitDependencyGeneratePcm arm64 /Users/admin/builder/spi-builder-workspace/.derivedData/SDKExplicitPrecompiledModules/_Builtin_limits-75TRA1C7IHYOFCG3KJXQVTHJ4.pcm
SwiftExplicitDependencyGeneratePcm arm64 /Users/admin/builder/spi-builder-workspace/.derivedData/SDKExplicitPrecompiledModules/_DarwinFoundation2-CUPL4FH2SA95GMALQP4M6O8UA.pcm
SwiftExplicitDependencyGeneratePcm arm64_32 /Users/admin/builder/spi-builder-workspace/.derivedData/SDKExplicitPrecompiledModules/_DarwinFoundation2-FP2Q8F1Q2HR151SBYKTU6Q8B.pcm
SwiftExplicitDependencyGeneratePcm arm64_32 /Users/admin/builder/spi-builder-workspace/.derivedData/SDKExplicitPrecompiledModules/_Builtin_limits-AQMEC9CLG0FZQN6TLGDQ6WF78.pcm
SwiftExplicitDependencyGeneratePcm arm64 /Users/admin/builder/spi-builder-workspace/.derivedData/SDKExplicitPrecompiledModules/string_h-4N9Z22C0HUO8GV7GFPCLZRZA2.pcm
SwiftExplicitDependencyGeneratePcm arm64 /Users/admin/builder/spi-builder-workspace/.derivedData/SDKExplicitPrecompiledModules/_Builtin_tgmath-7JP2AE1NQHA1DV5JYP2OHQ3BF.pcm
SwiftExplicitDependencyGeneratePcm arm64 /Users/admin/builder/spi-builder-workspace/.derivedData/SDKExplicitPrecompiledModules/_Builtin_stdint-6TUACK4YPMARFT56PLIO388SJ.pcm
SwiftExplicitDependencyGeneratePcm arm64 /Users/admin/builder/spi-builder-workspace/.derivedData/SDKExplicitPrecompiledModules/sys_types-9KPVYINL86WUSHF45TU8PWZZ1.pcm
SwiftExplicitDependencyGeneratePcm arm64_32 /Users/admin/builder/spi-builder-workspace/.derivedData/SDKExplicitPrecompiledModules/_Builtin_tgmath-414CVW1GW3IL0HRLCNNCS6Q0U.pcm
SwiftExplicitDependencyGeneratePcm arm64_32 /Users/admin/builder/spi-builder-workspace/.derivedData/SDKExplicitPrecompiledModules/string_h-8QY7P4ZQXQAF14WVDITTM4R70.pcm
SwiftExplicitDependencyGeneratePcm arm64_32 /Users/admin/builder/spi-builder-workspace/.derivedData/SDKExplicitPrecompiledModules/_Builtin_stdint-6IWJLTRH2WB6RCG4THPA65RDS.pcm
SwiftExplicitDependencyGeneratePcm arm64_32 /Users/admin/builder/spi-builder-workspace/.derivedData/SDKExplicitPrecompiledModules/sys_types-65NN51P1G7GN2GUAUPC53JJ7N.pcm
SwiftExplicitDependencyGeneratePcm arm64 /Users/admin/builder/spi-builder-workspace/.derivedData/SDKExplicitPrecompiledModules/_Builtin_stdatomic-25T9UW3XDYID74302F31PX0RP.pcm
SwiftExplicitDependencyGeneratePcm arm64 /Users/admin/builder/spi-builder-workspace/.derivedData/SDKExplicitPrecompiledModules/_DarwinFoundation3-EJXZKD8LN9EYM9OWP9VLJ49PK.pcm
SwiftExplicitDependencyGeneratePcm arm64 /Users/admin/builder/spi-builder-workspace/.derivedData/SDKExplicitPrecompiledModules/_Builtin_intrinsics-SQV576LJA0QE7RW5HF7CQ1BX.pcm
SwiftExplicitDependencyGeneratePcm arm64_32 /Users/admin/builder/spi-builder-workspace/.derivedData/SDKExplicitPrecompiledModules/_Builtin_intrinsics-2K07JIG9ZANIKHSNPO3O6L1K6.pcm
SwiftExplicitDependencyGeneratePcm arm64_32 /Users/admin/builder/spi-builder-workspace/.derivedData/SDKExplicitPrecompiledModules/_DarwinFoundation3-3YOBOPIW2MF1LRNQH7JBUBY4G.pcm
SwiftExplicitDependencyGeneratePcm arm64_32 /Users/admin/builder/spi-builder-workspace/.derivedData/SDKExplicitPrecompiledModules/_Builtin_stdatomic-D2FE5M7JS5NQA5JDADVERWJM4.pcm
SwiftExplicitDependencyGeneratePcm arm64 /Users/admin/builder/spi-builder-workspace/.derivedData/SDKExplicitPrecompiledModules/_Builtin_inttypes-86YTNV5YADPJXFMJ82N3R4GWQ.pcm
SwiftExplicitDependencyGeneratePcm arm64_32 /Users/admin/builder/spi-builder-workspace/.derivedData/SDKExplicitPrecompiledModules/_Builtin_inttypes-BPZJ68HW1IMYWSHROAZ0IMUJP.pcm
SwiftExplicitDependencyGeneratePcm arm64 /Users/admin/builder/spi-builder-workspace/.derivedData/SDKExplicitPrecompiledModules/Darwin-CSB8C43KELVSFIQVR0803IZPN.pcm
SwiftExplicitDependencyGeneratePcm arm64_32 /Users/admin/builder/spi-builder-workspace/.derivedData/SDKExplicitPrecompiledModules/Darwin-10D35ZJWCWG7LJAF579U7I5V7.pcm
SwiftExplicitDependencyGeneratePcm arm64 /Users/admin/builder/spi-builder-workspace/.derivedData/SDKExplicitPrecompiledModules/simd-2C11HKTI5TJB05T724EWNFZXD.pcm
SwiftExplicitDependencyGeneratePcm arm64_32 /Users/admin/builder/spi-builder-workspace/.derivedData/SDKExplicitPrecompiledModules/simd-1W6O8NR1QUSWJGAN44DNNWVHX.pcm
SwiftExplicitDependencyGeneratePcm arm64 /Users/admin/builder/spi-builder-workspace/.derivedData/SDKExplicitPrecompiledModules/ObjectiveC-22CZPC4WYQC9G8T393WT2KKLW.pcm
SwiftExplicitDependencyGeneratePcm arm64 /Users/admin/builder/spi-builder-workspace/.derivedData/SDKExplicitPrecompiledModules/MachO-4RYXFVY68ZDEUZYFMVL57WEKU.pcm
SwiftExplicitDependencyGeneratePcm arm64_32 /Users/admin/builder/spi-builder-workspace/.derivedData/SDKExplicitPrecompiledModules/MachO-F47JQRYVH1SLPOQSJD8RK9MSX.pcm
SwiftExplicitDependencyGeneratePcm arm64_32 /Users/admin/builder/spi-builder-workspace/.derivedData/SDKExplicitPrecompiledModules/ObjectiveC-71AGZNHLBMR2QK817EJNUN54E.pcm
SwiftExplicitDependencyGeneratePcm arm64 /Users/admin/builder/spi-builder-workspace/.derivedData/SDKExplicitPrecompiledModules/os_object-6KYGGZ4DPVZ3BBAZ6QICZN8LI.pcm
SwiftExplicitDependencyGeneratePcm arm64_32 /Users/admin/builder/spi-builder-workspace/.derivedData/SDKExplicitPrecompiledModules/os_object-CTXVQBCWDOH6JHUXIFDUOWFRL.pcm
SwiftExplicitDependencyGeneratePcm arm64 /Users/admin/builder/spi-builder-workspace/.derivedData/SDKExplicitPrecompiledModules/os_workgroup-AHE7ULDQBKER38CYPIKDTZF4M.pcm
SwiftExplicitDependencyGeneratePcm arm64_32 /Users/admin/builder/spi-builder-workspace/.derivedData/SDKExplicitPrecompiledModules/os_workgroup-9L9R05BT5LTFRZ2NM68BZTVV2.pcm
SwiftExplicitDependencyGeneratePcm arm64 /Users/admin/builder/spi-builder-workspace/.derivedData/SDKExplicitPrecompiledModules/Spatial-EZKKX4XFW72RZCTOIG80Z93AP.pcm
SwiftExplicitDependencyGeneratePcm arm64 /Users/admin/builder/spi-builder-workspace/.derivedData/SDKExplicitPrecompiledModules/Dispatch-39VR0G01IUJ09PQKMFGOHXZ4L.pcm
SwiftExplicitDependencyGeneratePcm arm64_32 /Users/admin/builder/spi-builder-workspace/.derivedData/SDKExplicitPrecompiledModules/Spatial-4XS0QRL16224ZE9KE9TMKASKT.pcm
SwiftExplicitDependencyGeneratePcm arm64_32 /Users/admin/builder/spi-builder-workspace/.derivedData/SDKExplicitPrecompiledModules/Dispatch-CGIMI9KQKHNRQHR2IECIPRG14.pcm
SwiftExplicitDependencyGeneratePcm arm64 /Users/admin/builder/spi-builder-workspace/.derivedData/SDKExplicitPrecompiledModules/XPC-650JAZBTM6I0OMHYO6CKM0CWJ.pcm
SwiftExplicitDependencyGeneratePcm arm64 /Users/admin/builder/spi-builder-workspace/.derivedData/SDKExplicitPrecompiledModules/CoreFoundation-59XKO8YNRGGYNC5U5LK8B4EM.pcm
SwiftExplicitDependencyGeneratePcm arm64_32 /Users/admin/builder/spi-builder-workspace/.derivedData/SDKExplicitPrecompiledModules/XPC-7SLKI45KYLKXH9QET2WYS3UZ4.pcm
SwiftExplicitDependencyGeneratePcm arm64_32 /Users/admin/builder/spi-builder-workspace/.derivedData/SDKExplicitPrecompiledModules/CoreFoundation-76B9WJP9MDYT33HZQVSNNZQZD.pcm
SwiftExplicitDependencyGeneratePcm arm64 /Users/admin/builder/spi-builder-workspace/.derivedData/SDKExplicitPrecompiledModules/os-6BCTB8I5DCBBKFJ0Y0G4WQDDJ.pcm
SwiftExplicitDependencyGeneratePcm arm64_32 /Users/admin/builder/spi-builder-workspace/.derivedData/SDKExplicitPrecompiledModules/os-D9NWGT7PQGY2OD43XMA2KGLJK.pcm
SwiftExplicitDependencyGeneratePcm arm64 /Users/admin/builder/spi-builder-workspace/.derivedData/SDKExplicitPrecompiledModules/Security-69WNGEAVQP55EDBQHP3BLE8QU.pcm
SwiftExplicitDependencyGeneratePcm arm64 /Users/admin/builder/spi-builder-workspace/.derivedData/SDKExplicitPrecompiledModules/CoreAudioTypes-51SR7UBHOMSGMEPVFS6PLSR4M.pcm
SwiftExplicitDependencyGeneratePcm arm64 /Users/admin/builder/spi-builder-workspace/.derivedData/SDKExplicitPrecompiledModules/CoreGraphics-5488DA9QVJJ7QOFXPYOYIYFUX.pcm
SwiftExplicitDependencyGeneratePcm arm64_32 /Users/admin/builder/spi-builder-workspace/.derivedData/SDKExplicitPrecompiledModules/CoreGraphics-A4WOQTM8SYZAQP223LI6RRPEK.pcm
SwiftExplicitDependencyGeneratePcm arm64_32 /Users/admin/builder/spi-builder-workspace/.derivedData/SDKExplicitPrecompiledModules/CoreAudioTypes-AY6JAXDJMW2FLVG4UD79375PW.pcm
SwiftExplicitDependencyGeneratePcm arm64_32 /Users/admin/builder/spi-builder-workspace/.derivedData/SDKExplicitPrecompiledModules/Security-1W411BS4UH2UNMNII2341429S.pcm
SwiftExplicitDependencyGeneratePcm arm64 /Users/admin/builder/spi-builder-workspace/.derivedData/SDKExplicitPrecompiledModules/CoreAudio-368NRGVYQ33J8K75Y2DSNU06Y.pcm
SwiftExplicitDependencyGeneratePcm arm64 /Users/admin/builder/spi-builder-workspace/.derivedData/SDKExplicitPrecompiledModules/Foundation-B3IXODHI7VO4VRX2RWRXLVJZT.pcm
SwiftExplicitDependencyGeneratePcm arm64_32 /Users/admin/builder/spi-builder-workspace/.derivedData/SDKExplicitPrecompiledModules/CoreAudio-1FTJGW5ZM9ZN5IKPBE4A9LGNF.pcm
SwiftExplicitDependencyGeneratePcm arm64 /Users/admin/builder/spi-builder-workspace/.derivedData/SDKExplicitPrecompiledModules/CoreVideo-2YRZ292TS6QDW2V2V92NZMPWM.pcm
SwiftExplicitDependencyGeneratePcm arm64 /Users/admin/builder/spi-builder-workspace/.derivedData/SDKExplicitPrecompiledModules/CoreText-BEC0M2J7FJN53VXNFDZDKL9U2.pcm
SwiftExplicitDependencyGeneratePcm arm64_32 /Users/admin/builder/spi-builder-workspace/.derivedData/SDKExplicitPrecompiledModules/Foundation-AIQ30TCDC2B0LBUU6FPQZ0HWI.pcm
SwiftExplicitDependencyGeneratePcm arm64_32 /Users/admin/builder/spi-builder-workspace/.derivedData/SDKExplicitPrecompiledModules/CoreText-34U50N378SZT64826L0B62MN6.pcm
SwiftExplicitDependencyGeneratePcm arm64_32 /Users/admin/builder/spi-builder-workspace/.derivedData/SDKExplicitPrecompiledModules/CoreVideo-BX0NALWCB2F1YOTF0NZGV9FWU.pcm
SwiftExplicitDependencyGeneratePcm arm64 /Users/admin/builder/spi-builder-workspace/.derivedData/SDKExplicitPrecompiledModules/CoreMedia-EO02G285WTXB0RPNG3DP9O9VN.pcm
SwiftExplicitDependencyGeneratePcm arm64_32 /Users/admin/builder/spi-builder-workspace/.derivedData/SDKExplicitPrecompiledModules/CoreMedia-CU8J9TNJY5EX43FQOPTAAHU29.pcm
SwiftExplicitDependencyGeneratePcm arm64 /Users/admin/builder/spi-builder-workspace/.derivedData/SDKExplicitPrecompiledModules/_LocationEssentials-C3HYVW8P89QAUDLD9VRHUF48Q.pcm
SwiftExplicitDependencyGeneratePcm arm64 /Users/admin/builder/spi-builder-workspace/.derivedData/SDKExplicitPrecompiledModules/CoreData-DAEI6Z48P97TYC3SMMGLERAJ5.pcm
SwiftExplicitDependencyGeneratePcm arm64 /Users/admin/builder/spi-builder-workspace/.derivedData/SDKExplicitPrecompiledModules/LocalAuthentication-B2TFMTPZVFFVZ7Y4SFJ4HJEBL.pcm
SwiftExplicitDependencyGeneratePcm arm64 /Users/admin/builder/spi-builder-workspace/.derivedData/SDKExplicitPrecompiledModules/Symbols-B8SNL2YULCKW9SYIL0T5QLMV.pcm
SwiftExplicitDependencyGeneratePcm arm64 /Users/admin/builder/spi-builder-workspace/.derivedData/SDKExplicitPrecompiledModules/UniformTypeIdentifiers-47SS6PHE8KOUZX5UOQUNKH397.pcm
SwiftExplicitDependencyGeneratePcm arm64 /Users/admin/builder/spi-builder-workspace/.derivedData/SDKExplicitPrecompiledModules/UIUtilities-AR3EDJH6PMDGNUXQGV2JND65S.pcm
SwiftExplicitDependencyGeneratePcm arm64 /Users/admin/builder/spi-builder-workspace/.derivedData/SDKExplicitPrecompiledModules/OSLog-ESJZZ70KT229YQNKF5CWYQVLA.pcm
SwiftExplicitDependencyGeneratePcm arm64 /Users/admin/builder/spi-builder-workspace/.derivedData/SDKExplicitPrecompiledModules/SceneKit-4VPDXW2J8W40JMX88G7X30C4G.pcm
SwiftExplicitDependencyGeneratePcm arm64 /Users/admin/builder/spi-builder-workspace/.derivedData/SDKExplicitPrecompiledModules/UserNotifications-7VIERZPAA371031RT8VBKFYKJ.pcm
SwiftExplicitDependencyGeneratePcm arm64 /Users/admin/builder/spi-builder-workspace/.derivedData/SDKExplicitPrecompiledModules/Accessibility-DB0V1GY4JDAXG2CZ5MW826DDE.pcm
SwiftExplicitDependencyGeneratePcm arm64_32 /Users/admin/builder/spi-builder-workspace/.derivedData/SDKExplicitPrecompiledModules/DataDetection-8EDL8T61430CB5CU94L1E3L0C.pcm
SwiftExplicitDependencyGeneratePcm arm64_32 /Users/admin/builder/spi-builder-workspace/.derivedData/SDKExplicitPrecompiledModules/CoreData-6STZ9DXY0E1K8LHUUEU1F4SE.pcm
SwiftExplicitDependencyGeneratePcm arm64_32 /Users/admin/builder/spi-builder-workspace/.derivedData/SDKExplicitPrecompiledModules/UserNotifications-F5AOMF9V2Y10QV8U00QNX8B7Q.pcm
SwiftExplicitDependencyGeneratePcm arm64_32 /Users/admin/builder/spi-builder-workspace/.derivedData/SDKExplicitPrecompiledModules/Accessibility-BBXP8Z81UOB3UBBTO3GG9FEEO.pcm
SwiftExplicitDependencyGeneratePcm arm64_32 /Users/admin/builder/spi-builder-workspace/.derivedData/SDKExplicitPrecompiledModules/StoreKit-E9RBAFGLOIACW3EM63MA7NGAB.pcm
SwiftExplicitDependencyGeneratePcm arm64_32 /Users/admin/builder/spi-builder-workspace/.derivedData/SDKExplicitPrecompiledModules/Symbols-DP67QJL9W7VSYP70ZVEBE3KRT.pcm
SwiftExplicitDependencyGeneratePcm arm64_32 /Users/admin/builder/spi-builder-workspace/.derivedData/SDKExplicitPrecompiledModules/QuartzCore-72UYR37X0O2APTD1XMSJ20X5X.pcm
SwiftExplicitDependencyGeneratePcm arm64_32 /Users/admin/builder/spi-builder-workspace/.derivedData/SDKExplicitPrecompiledModules/UniformTypeIdentifiers-EH256724QTCKT0XATY095QHVP.pcm
SwiftExplicitDependencyGeneratePcm arm64 /Users/admin/builder/spi-builder-workspace/.derivedData/SDKExplicitPrecompiledModules/CoreLocation-B0A9Z3B1UDU8OLBQROLWD03N3.pcm
SwiftExplicitDependencyGeneratePcm arm64 /Users/admin/builder/spi-builder-workspace/.derivedData/SDKExplicitPrecompiledModules/CoreTransferable-EULYJN53RZTIP2D6F171CT1YZ.pcm
SwiftExplicitDependencyGeneratePcm arm64_32 /Users/admin/builder/spi-builder-workspace/.derivedData/SDKExplicitPrecompiledModules/UIUtilities-ABH83C7CSGMIJAARTF384TV0L.pcm
SwiftExplicitDependencyGeneratePcm arm64_32 /Users/admin/builder/spi-builder-workspace/.derivedData/SDKExplicitPrecompiledModules/CoreTransferable-DSXZOKFM7XQLZ0FRNNKFDWZT0.pcm
SwiftExplicitDependencyGeneratePcm arm64_32 /Users/admin/builder/spi-builder-workspace/.derivedData/SDKExplicitPrecompiledModules/LocalAuthentication-1XZC5548OHHHWETB1RPNV8QDG.pcm
SwiftExplicitDependencyGeneratePcm arm64 /Users/admin/builder/spi-builder-workspace/.derivedData/SDKExplicitPrecompiledModules/DataDetection-8RQ09UCIV0XSYRF8TQQD54MWN.pcm
SwiftExplicitDependencyGeneratePcm arm64 /Users/admin/builder/spi-builder-workspace/.derivedData/SDKExplicitPrecompiledModules/StoreKit-2T6I8Y0VBC11UMC6KK6P2CTB.pcm
SwiftExplicitDependencyGeneratePcm arm64_32 /Users/admin/builder/spi-builder-workspace/.derivedData/SDKExplicitPrecompiledModules/SceneKit-CLOM4E4D45A8A94N3QNHOVW3H.pcm
SwiftExplicitDependencyGeneratePcm arm64_32 /Users/admin/builder/spi-builder-workspace/.derivedData/SDKExplicitPrecompiledModules/OSLog-DXCLJ0K1EEBRV5MFYJOV1HIUX.pcm
SwiftExplicitDependencyGeneratePcm arm64 /Users/admin/builder/spi-builder-workspace/.derivedData/SDKExplicitPrecompiledModules/QuartzCore-BRDP6VIMJ6A6HG4W4NYXZ8BI3.pcm
SwiftExplicitDependencyGeneratePcm arm64_32 /Users/admin/builder/spi-builder-workspace/.derivedData/SDKExplicitPrecompiledModules/SwiftUICore-TURER010MQ2QH6SN4BGDJJKP.pcm
SwiftExplicitDependencyGeneratePcm arm64_32 /Users/admin/builder/spi-builder-workspace/.derivedData/SDKExplicitPrecompiledModules/_LocationEssentials-1XWTF8V96VX3IAHKJO7PJZDU0.pcm
SwiftExplicitDependencyGeneratePcm arm64 /Users/admin/builder/spi-builder-workspace/.derivedData/SDKExplicitPrecompiledModules/CoreMotion-70RNUQRT1QM2F8WR42WPP4KQV.pcm
SwiftExplicitDependencyGeneratePcm arm64_32 /Users/admin/builder/spi-builder-workspace/.derivedData/SDKExplicitPrecompiledModules/CoreLocation-4AZRAZ8X3W0CS36SZ1GS4LT05.pcm
SwiftExplicitDependencyGeneratePcm arm64 /Users/admin/builder/spi-builder-workspace/.derivedData/SDKExplicitPrecompiledModules/UIKit-2XWL6VFNA7WRWSTXI42YLU909.pcm
SwiftExplicitDependencyGeneratePcm arm64 /Users/admin/builder/spi-builder-workspace/.derivedData/SDKExplicitPrecompiledModules/SwiftUICore-D4BOUT6VJWDXKNATG8P2F95W3.pcm
SwiftExplicitDependencyGeneratePcm arm64_32 /Users/admin/builder/spi-builder-workspace/.derivedData/SDKExplicitPrecompiledModules/CoreMotion-E9C6K7MOTJF3RC93DULCZ130U.pcm
SwiftExplicitDependencyGeneratePcm arm64_32 /Users/admin/builder/spi-builder-workspace/.derivedData/SDKExplicitPrecompiledModules/UIKit-BGAQE5HOOTG6M9C46O1HHPCDR.pcm
SwiftExplicitDependencyGeneratePcm arm64 /Users/admin/builder/spi-builder-workspace/.derivedData/SDKExplicitPrecompiledModules/MapKit-5U4CPBNVICOGB0BBK9BC7P4E9.pcm
SwiftExplicitDependencyGeneratePcm arm64 /Users/admin/builder/spi-builder-workspace/.derivedData/SDKExplicitPrecompiledModules/HomeKit-2JD3RMVTK0MFX7K570KHTLBBH.pcm
SwiftExplicitDependencyGeneratePcm arm64_32 /Users/admin/builder/spi-builder-workspace/.derivedData/SDKExplicitPrecompiledModules/MapKit-3RCPMYWFYVKLOR1JJH1M1L7O6.pcm
SwiftExplicitDependencyGeneratePcm arm64_32 /Users/admin/builder/spi-builder-workspace/.derivedData/SDKExplicitPrecompiledModules/HomeKit-DXH34ZWEY4P4FEELCOH3LXVCR.pcm
SwiftExplicitDependencyGeneratePcm arm64 /Users/admin/builder/spi-builder-workspace/.derivedData/SDKExplicitPrecompiledModules/WatchKit-22L6Z003SE8XPQ9JS14K57C9N.pcm
SwiftExplicitDependencyGeneratePcm arm64_32 /Users/admin/builder/spi-builder-workspace/.derivedData/SDKExplicitPrecompiledModules/WatchKit-7IATJTA58S6OFDEYHG9JSLLDQ.pcm
SwiftExplicitDependencyGeneratePcm arm64 /Users/admin/builder/spi-builder-workspace/.derivedData/SDKExplicitPrecompiledModules/SwiftUI-E6XJI4PF1Q2HPTXKL91GWARU6.pcm
SwiftEmitModule normal arm64 Emitting\ module\ for\ AppStoreCatalog (in target 'AppStoreCatalog' from project 'AppStoreCatalog')
/Users/admin/builder/spi-builder-workspace/Sources/AppStoreCatalog/ProductGroupView.swift:11:37: error: 'systemBackground' is unavailable in watchOS
 9 |
10 | #if canImport(UIKit)
11 | let backgroundColor = Color(UIColor.systemBackground)
   |                                     `- error: 'systemBackground' is unavailable in watchOS
12 | #elseif canImport(AppKit)
13 | let backgroundColor = Color(NSColor.windowBackgroundColor)
/Applications/Xcode-27.0.0-Release.Candidate.app/Contents/Developer/Platforms/WatchOS.platform/Developer/SDKs/WatchOS27.0.sdk/System/Library/Frameworks/UIKit.framework/Headers/UIInterface.h:208:49: note: 'systemBackground' has been explicitly marked unavailable here
206 |  *    primary background in light mode.
207 |  */
208 | @property (class, nonatomic, readonly) UIColor *systemBackgroundColor                   API_AVAILABLE(ios(13.0)) API_UNAVAILABLE(tvos, watchos);
    |                                                 `- note: 'systemBackground' has been explicitly marked unavailable here
209 | @property (class, nonatomic, readonly) UIColor *secondarySystemBackgroundColor          API_AVAILABLE(ios(13.0)) API_UNAVAILABLE(tvos, watchos);
210 | @property (class, nonatomic, readonly) UIColor *tertiarySystemBackgroundColor           API_AVAILABLE(ios(13.0)) API_UNAVAILABLE(tvos, watchos);
/Users/admin/builder/spi-builder-workspace/Sources/AppStoreCatalog/StoreView.swift:12:36: error: 'UIViewController' is unavailable in watchOS
 10 |
 11 | #if canImport(UIKit)
 12 | typealias PlatformViewController = UIViewController
    |                                    `- error: 'UIViewController' is unavailable in watchOS
 13 | typealias PlatformViewControllerRepresentable = UIViewControllerRepresentable
 14 | #elseif canImport(AppKit)
/Applications/Xcode-27.0.0-Release.Candidate.app/Contents/Developer/Platforms/WatchOS.platform/Developer/SDKs/WatchOS27.0.sdk/System/Library/Frameworks/UIKit.framework/Headers/UIViewController.h:104:12: note: 'UIViewController' has been explicitly marked unavailable here
102 |
103 | UIKIT_EXTERN API_AVAILABLE(ios(2.0)) API_UNAVAILABLE(watchos) NS_SWIFT_UI_ACTOR
104 | @interface UIViewController : UIResponder <NSCoding, UIAppearanceContainer, UITraitEnvironment, UIContentContainer, UIFocusEnvironment>
    |            `- note: 'UIViewController' has been explicitly marked unavailable here
105 |
106 | /*
/Users/admin/builder/spi-builder-workspace/Sources/AppStoreCatalog/StoreView.swift:13:49: error: cannot find type 'UIViewControllerRepresentable' in scope
 11 | #if canImport(UIKit)
 12 | typealias PlatformViewController = UIViewController
 13 | typealias PlatformViewControllerRepresentable = UIViewControllerRepresentable
    |                                                 `- error: cannot find type 'UIViewControllerRepresentable' in scope
 14 | #elseif canImport(AppKit)
 15 | typealias PlatformViewController = NSViewController
/Users/admin/builder/spi-builder-workspace/Sources/AppStoreCatalog/StoreView.swift:26:40: error: cannot find type 'Context' in scope
 24 |
 25 | #if canImport(UIKit)
 26 |     func makeUIViewController(context: Context) -> StoreViewController {
    |                                        `- error: cannot find type 'Context' in scope
 27 |         return StoreViewController(productIdentifier: productIdentifier, coordinator: context.coordinator)
 28 |     }
/Users/admin/builder/spi-builder-workspace/Sources/AppStoreCatalog/StoreView.swift:30:83: error: cannot find type 'Context' in scope
 28 |     }
 29 |
 30 |     func updateUIViewController(_ uiViewController: StoreViewController, context: Context) {
    |                                                                                   `- error: cannot find type 'Context' in scope
 31 |     }
 32 | #elseif canImport(AppKit)
/Users/admin/builder/spi-builder-workspace/Sources/AppStoreCatalog/StoreView.swift:49:34: error: cannot find type 'SKStoreProductViewController' in scope
 47 |     private let productIdentifier: String
 48 |     private let coordinator: StoreViewCoordinator
 49 |     private var storeController: SKStoreProductViewController?
    |                                  `- error: cannot find type 'SKStoreProductViewController' in scope
 50 |
 51 |     init(productIdentifier: String, coordinator: StoreViewCoordinator) {
/Users/admin/builder/spi-builder-workspace/Sources/AppStoreCatalog/StoreView.swift:103:39: error: cannot find type 'SKStoreProductViewControllerDelegate' in scope
101 | typealias StorePresentationErrorHandler = ((SKError?) -> Void)
102 |
103 | class StoreViewCoordinator: NSObject, SKStoreProductViewControllerDelegate {
    |                                       `- error: cannot find type 'SKStoreProductViewControllerDelegate' in scope
104 |     private let storePresentationErrorHandler: StorePresentationErrorHandler
105 |
/Users/admin/builder/spi-builder-workspace/Sources/AppStoreCatalog/StoreView.swift:110:59: error: cannot find type 'SKStoreProductViewController' in scope
108 |     }
109 |
110 |     func productViewControllerDidFinish(_ viewController: SKStoreProductViewController) {
    |                                                           `- error: cannot find type 'SKStoreProductViewController' in scope
111 |         storePresentationErrorHandler(nil)
112 |     }
/Users/admin/builder/spi-builder-workspace/Sources/AppStoreCatalog/StoreView.swift:114:57: error: cannot find type 'SKStoreProductViewController' in scope
112 |     }
113 |
114 |     func productViewControllerDidFail(_ viewController: SKStoreProductViewController, error: SKError) {
    |                                                         `- error: cannot find type 'SKStoreProductViewController' in scope
115 |         storePresentationErrorHandler(error)
116 |     }
Failed frontend command:
SwiftCompile normal arm64 (in target 'AppStoreCatalog' from project 'AppStoreCatalog')
    cd /Users/admin/builder/spi-builder-workspace/.swiftpm/xcode

/Applications/Xcode-27.0.0-Release.Candidate.app/Contents/Developer/Toolchains/XcodeDefault.xctoolchain/usr/bin/swift-frontend -frontend -emit-module -experimental-skip-non-inlinable-function-bodies-without-types /Users/admin/builder/spi-builder-workspace/.derivedData/Build/Intermediates.noindex/AppStoreCatalog.build/Debug-watchos/AppStoreCatalog-t.build/DerivedSources/resource_bundle_accessor.swift /Users/admin/builder/spi-builder-workspace/Sources/AppStoreCatalog/AppStoreCatalog.swift /Users/admin/builder/spi-builder-workspace/Sources/AppStoreCatalog/AppStoreCatalogView.swift /Users/admin/builder/spi-builder-workspace/Sources/AppStoreCatalog/ProductData.swift /Users/admin/builder/spi-builder-workspace/Sources/AppStoreCatalog/ProductGroupView.swift /Users/admin/builder/spi-builder-workspace/Sources/AppStoreCatalog/ProductView.swift /Users/admin/builder/spi-builder-workspace/Sources/AppStoreCatalog/StoreView.swift -target arm64-apple-watchos10.0 -module-can-import-version UIKit 9127.0.84.1 9127.0.84 -disable-cross-import-overlay-search -swift-module-cross-import StoreKit /Applications/Xcode-27.0.0-Release.Candidate.app/Contents/Developer/Platforms/WatchOS.platform/Developer/SDKs/WatchOS.sdk/System/Library/Frameworks/StoreKit.framework/Modules/StoreKit.swiftcrossimport/SwiftUI.swiftoverlay -swift-module-cross-import StoreKit /Applications/Xcode-27.0.0-Release.Candidate.app/Contents/Developer/Platforms/WatchOS.platform/Developer/SDKs/WatchOS27.0.sdk/System/Library/Frameworks/StoreKit.framework/Modules/StoreKit.swiftcrossimport/SwiftUI.swiftoverlay -load-resolved-plugin /Applications/Xcode-27.0.0-Release.Candidate.app/Contents/Developer/Platforms/WatchOS.platform/Developer/usr/lib/swift/host/plugins/libFoundationMacros.dylib\#/Applications/Xcode-27.0.0-Release.Candidate.app/Contents/Developer/Platforms/WatchOS.platform/Developer/usr/bin/swift-plugin-server\#FoundationMacros -load-resolved-plugin /Applications/Xcode-27.0.0-Release.Candidate.app/Contents/Developer/Platforms/WatchOS.platform/Developer/usr/lib/swift/host/plugins/libObservationMacros.dylib\#/Applications/Xcode-27.0.0-Release.Candidate.app/Contents/Developer/Platforms/WatchOS.platform/Developer/usr/bin/swift-plugin-server\#ObservationMacros -load-resolved-plugin /Applications/Xcode-27.0.0-Release.Candidate.app/Contents/Developer/Platforms/WatchOS.platform/Developer/usr/lib/swift/host/plugins/libPreviewsMacros.dylib\#/Applications/Xcode-27.0.0-Release.Candidate.app/Contents/Developer/Platforms/WatchOS.platform/Developer/usr/bin/swift-plugin-server\#PreviewsMacros -load-resolved-plugin /Applications/Xcode-27.0.0-Release.Candidate.app/Contents/Developer/Platforms/WatchOS.platform/Developer/usr/lib/swift/host/plugins/libSwiftMacros.dylib\#/Applications/Xcode-27.0.0-Release.Candidate.app/Contents/Developer/Platforms/WatchOS.platform/Developer/usr/bin/swift-plugin-server\#SwiftMacros -load-resolved-plugin /Applications/Xcode-27.0.0-Release.Candidate.app/Contents/Developer/Platforms/WatchOS.platform/Developer/usr/lib/swift/host/plugins/libSwiftUIMacros.dylib\#/Applications/Xcode-27.0.0-Release.Candidate.app/Contents/Developer/Platforms/WatchOS.platform/Developer/usr/bin/swift-plugin-server\#SwiftUIMacros -disable-implicit-swift-modules -Xcc -fno-implicit-modules -Xcc -fno-implicit-module-maps -explicit-swift-module-map-file /Users/admin/builder/spi-builder-workspace/.derivedData/Build/Intermediates.noindex/AppStoreCatalog.build/Debug-watchos/AppStoreCatalog-t.build/Objects-normal/arm64/AppStoreCatalog-dependencies-2.json -Xllvm -aarch64-use-tbi -enable-objc-interop -stack-check -sdk /Applications/Xcode-27.0.0-Release.Candidate.app/Contents/Developer/Platforms/WatchOS.platform/Developer/SDKs/WatchOS27.0.sdk -I /Users/admin/builder/spi-builder-workspace/.derivedData/Build/Products/Debug-watchos -Isystem /Applications/Xcode-27.0.0-Release.Candidate.app/Contents/Developer/Platforms/WatchOS.platform/Developer/usr/lib -F /Users/admin/builder/spi-builder-workspace/.derivedData/Build/Products/Debug-watchos -F /Applications/Xcode-27.0.0-Release.Candidate.app/Contents/Developer/Platforms/WatchOS.platform/Developer/Library/Frameworks -F /Applications/Xcode-27.0.0-Release.Candidate.app/Contents/Developer/Platforms/WatchOS.platform/Developer/SDKs/WatchOS27.0.sdk/Developer/Library/Frameworks -module-cache-path /Users/admin/builder/spi-builder-workspace/.derivedData/Build/Intermediates.noindex/SwiftExplicitPrecompiledModules -no-color-diagnostics -Xcc -fno-color-diagnostics -enable-testing -g -debug-info-format\=dwarf -dwarf-version\=4 -profile-generate -profile-coverage-mapping -swift-version 6 -Onone -D SWIFT_PACKAGE -D DEBUG -D SWIFT_MODULE_RESOURCE_BUNDLE_AVAILABLE -D Xcode -serialize-debugging-options -enable-experimental-feature DebugDescriptionMacro -empty-abi-descriptor -validate-clang-modules-once -clang-build-session-file /Users/admin/builder/spi-builder-workspace/.derivedData/ModuleCache.noindex/Session.modulevalidation -Xcc -working-directory -Xcc /Users/admin/builder/spi-builder-workspace/.swiftpm/xcode -enable-anonymous-context-mangled-names -file-compilation-dir /Users/admin/builder/spi-builder-workspace/.swiftpm/xcode -Xcc -D_LIBCPP_HARDENING_MODE\=_LIBCPP_HARDENING_MODE_DEBUG -Xcc -ivfsstatcache -Xcc /Users/admin/builder/spi-builder-workspace/.derivedData/SDKStatCaches.noindex/watchos27.0-24R360-e829b21a6f8c9b70876ba0858053c04477534ef55a1706bf4c1112bbb242f0a2.sdkstatcache -Xcc -fmodules-prune-interval\=86400 -Xcc -fmodules-prune-after\=345600 -Xcc -I/Users/admin/builder/spi-builder-workspace/.derivedData/Build/Products/Debug-watchos/include -Xcc -I/Users/admin/builder/spi-builder-workspace/.derivedData/Build/Intermediates.noindex/AppStoreCatalog.build/Debug-watchos/AppStoreCatalog-t.build/DerivedSources-normal/arm64 -Xcc -I/Users/admin/builder/spi-builder-workspace/.derivedData/Build/Intermediates.noindex/AppStoreCatalog.build/Debug-watchos/AppStoreCatalog-t.build/DerivedSources/arm64 -Xcc -I/Users/admin/builder/spi-builder-workspace/.derivedData/Build/Intermediates.noindex/AppStoreCatalog.build/Debug-watchos/AppStoreCatalog-t.build/DerivedSources -Xcc -DSWIFT_PACKAGE -Xcc -DDEBUG\=1 -no-auto-bridging-header-chaining -module-name AppStoreCatalog -package-name spi_builder_workspace -const-gather-protocols-file /Users/admin/builder/spi-builder-workspace/.derivedData/Build/Intermediates.noindex/AppStoreCatalog.build/Debug-watchos/AppStoreCatalog-t.build/Objects-normal/arm64/AppStoreCatalog_const_extract_protocols.json -disable-clang-spi -clang-target arm64-apple-watchos27.0 -target-sdk-version 27.0 -target-sdk-name watchos27.0 -in-process-plugin-server-path /Applications/Xcode-27.0.0-Release.Candidate.app/Contents/Developer/Toolchains/XcodeDefault.xctoolchain/usr/lib/swift/host/libSwiftInProcPluginServer.dylib -emit-module-doc-path /Users/admin/builder/spi-builder-workspace/.derivedData/Build/Intermediates.noindex/AppStoreCatalog.build/Debug-watchos/AppStoreCatalog-t.build/Objects-normal/arm64/AppStoreCatalog.swiftdoc -emit-module-source-info-path /Users/admin/builder/spi-builder-workspace/.derivedData/Build/Intermediates.noindex/AppStoreCatalog.build/Debug-watchos/AppStoreCatalog-t.build/Objects-normal/arm64/AppStoreCatalog.swiftsourceinfo -emit-objc-header-path /Users/admin/builder/spi-builder-workspace/.derivedData/Build/Intermediates.noindex/AppStoreCatalog.build/Debug-watchos/AppStoreCatalog-t.build/Objects-normal/arm64/AppStoreCatalog-Swift.h -serialize-diagnostics-path /Users/admin/builder/spi-builder-workspace/.derivedData/Build/Intermediates.noindex/AppStoreCatalog.build/Debug-watchos/AppStoreCatalog-t.build/Objects-normal/arm64/AppStoreCatalog-primary-emit-module.dia -emit-dependencies-path /Users/admin/builder/spi-builder-workspace/.derivedData/Build/Intermediates.noindex/AppStoreCatalog.build/Debug-watchos/AppStoreCatalog-t.build/Objects-normal/arm64/AppStoreCatalog-primary-emit-module.d -parse-as-library -o /Users/admin/builder/spi-builder-workspace/.derivedData/Build/Intermediates.noindex/AppStoreCatalog.build/Debug-watchos/AppStoreCatalog-t.build/Objects-normal/arm64/AppStoreCatalog.swiftmodule -emit-abi-descriptor-path /Users/admin/builder/spi-builder-workspace/.derivedData/Build/Intermediates.noindex/AppStoreCatalog.build/Debug-watchos/AppStoreCatalog-t.build/Objects-normal/arm64/AppStoreCatalog.abi.json
SwiftCompile normal arm64 Compiling\ StoreView.swift /Users/admin/builder/spi-builder-workspace/Sources/AppStoreCatalog/StoreView.swift (in target 'AppStoreCatalog' from project 'AppStoreCatalog')
SwiftCompile normal arm64 /Users/admin/builder/spi-builder-workspace/Sources/AppStoreCatalog/StoreView.swift (in target 'AppStoreCatalog' from project 'AppStoreCatalog')
    cd /Users/admin/builder/spi-builder-workspace/.swiftpm/xcode
    builtin-SwiftPerFileCompile StoreView.swift
/Users/admin/builder/spi-builder-workspace/Sources/AppStoreCatalog/StoreView.swift:12:36: error: 'UIViewController' is unavailable in watchOS
 10 |
 11 | #if canImport(UIKit)
 12 | typealias PlatformViewController = UIViewController
    |                                    `- error: 'UIViewController' is unavailable in watchOS
 13 | typealias PlatformViewControllerRepresentable = UIViewControllerRepresentable
 14 | #elseif canImport(AppKit)
/Applications/Xcode-27.0.0-Release.Candidate.app/Contents/Developer/Platforms/WatchOS.platform/Developer/SDKs/WatchOS27.0.sdk/System/Library/Frameworks/UIKit.framework/Headers/UIViewController.h:104:12: note: 'UIViewController' has been explicitly marked unavailable here
102 |
103 | UIKIT_EXTERN API_AVAILABLE(ios(2.0)) API_UNAVAILABLE(watchos) NS_SWIFT_UI_ACTOR
104 | @interface UIViewController : UIResponder <NSCoding, UIAppearanceContainer, UITraitEnvironment, UIContentContainer, UIFocusEnvironment>
    |            `- note: 'UIViewController' has been explicitly marked unavailable here
105 |
106 | /*
/Users/admin/builder/spi-builder-workspace/Sources/AppStoreCatalog/StoreView.swift:13:49: error: cannot find type 'UIViewControllerRepresentable' in scope
 11 | #if canImport(UIKit)
 12 | typealias PlatformViewController = UIViewController
 13 | typealias PlatformViewControllerRepresentable = UIViewControllerRepresentable
    |                                                 `- error: cannot find type 'UIViewControllerRepresentable' in scope
 14 | #elseif canImport(AppKit)
 15 | typealias PlatformViewController = NSViewController
/Users/admin/builder/spi-builder-workspace/Sources/AppStoreCatalog/StoreView.swift:26:40: error: cannot find type 'Context' in scope
 24 |
 25 | #if canImport(UIKit)
 26 |     func makeUIViewController(context: Context) -> StoreViewController {
    |                                        `- error: cannot find type 'Context' in scope
 27 |         return StoreViewController(productIdentifier: productIdentifier, coordinator: context.coordinator)
 28 |     }
/Users/admin/builder/spi-builder-workspace/Sources/AppStoreCatalog/StoreView.swift:30:83: error: cannot find type 'Context' in scope
 28 |     }
 29 |
 30 |     func updateUIViewController(_ uiViewController: StoreViewController, context: Context) {
    |                                                                                   `- error: cannot find type 'Context' in scope
 31 |     }
 32 | #elseif canImport(AppKit)
/Users/admin/builder/spi-builder-workspace/Sources/AppStoreCatalog/StoreView.swift:49:34: error: cannot find type 'SKStoreProductViewController' in scope
 47 |     private let productIdentifier: String
 48 |     private let coordinator: StoreViewCoordinator
 49 |     private var storeController: SKStoreProductViewController?
    |                                  `- error: cannot find type 'SKStoreProductViewController' in scope
 50 |
 51 |     init(productIdentifier: String, coordinator: StoreViewCoordinator) {
/Users/admin/builder/spi-builder-workspace/Sources/AppStoreCatalog/StoreView.swift:103:39: error: cannot find type 'SKStoreProductViewControllerDelegate' in scope
101 | typealias StorePresentationErrorHandler = ((SKError?) -> Void)
102 |
103 | class StoreViewCoordinator: NSObject, SKStoreProductViewControllerDelegate {
    |                                       `- error: cannot find type 'SKStoreProductViewControllerDelegate' in scope
104 |     private let storePresentationErrorHandler: StorePresentationErrorHandler
105 |
/Users/admin/builder/spi-builder-workspace/Sources/AppStoreCatalog/StoreView.swift:110:59: error: cannot find type 'SKStoreProductViewController' in scope
108 |     }
109 |
110 |     func productViewControllerDidFinish(_ viewController: SKStoreProductViewController) {
    |                                                           `- error: cannot find type 'SKStoreProductViewController' in scope
111 |         storePresentationErrorHandler(nil)
112 |     }
/Users/admin/builder/spi-builder-workspace/Sources/AppStoreCatalog/StoreView.swift:114:57: error: cannot find type 'SKStoreProductViewController' in scope
112 |     }
113 |
114 |     func productViewControllerDidFail(_ viewController: SKStoreProductViewController, error: SKError) {
    |                                                         `- error: cannot find type 'SKStoreProductViewController' in scope
115 |         storePresentationErrorHandler(error)
116 |     }
/Users/admin/builder/spi-builder-workspace/Sources/AppStoreCatalog/StoreView.swift:66:31: error: cannot find 'SKStoreProductViewController' in scope
 64 |         super.viewDidLoad()
 65 |
 66 |         let storeController = SKStoreProductViewController()
    |                               `- error: cannot find 'SKStoreProductViewController' in scope
 67 |         self.storeController = storeController
 68 |
SwiftCompile normal arm64 Compiling\ ProductData.swift /Users/admin/builder/spi-builder-workspace/Sources/AppStoreCatalog/ProductData.swift (in target 'AppStoreCatalog' from project 'AppStoreCatalog')
SwiftCompile normal arm64 /Users/admin/builder/spi-builder-workspace/Sources/AppStoreCatalog/ProductData.swift (in target 'AppStoreCatalog' from project 'AppStoreCatalog')
    cd /Users/admin/builder/spi-builder-workspace/.swiftpm/xcode
    builtin-SwiftPerFileCompile ProductData.swift
SwiftCompile normal arm64 Compiling\ ProductGroupView.swift /Users/admin/builder/spi-builder-workspace/Sources/AppStoreCatalog/ProductGroupView.swift (in target 'AppStoreCatalog' from project 'AppStoreCatalog')
/Users/admin/builder/spi-builder-workspace/Sources/AppStoreCatalog/ProductGroupView.swift:11:37: error: 'systemBackground' is unavailable in watchOS
 9 |
10 | #if canImport(UIKit)
11 | let backgroundColor = Color(UIColor.systemBackground)
   |                                     `- error: 'systemBackground' is unavailable in watchOS
12 | #elseif canImport(AppKit)
13 | let backgroundColor = Color(NSColor.windowBackgroundColor)
/Applications/Xcode-27.0.0-Release.Candidate.app/Contents/Developer/Platforms/WatchOS.platform/Developer/SDKs/WatchOS27.0.sdk/System/Library/Frameworks/UIKit.framework/Headers/UIInterface.h:208:49: note: 'systemBackground' has been explicitly marked unavailable here
206 |  *    primary background in light mode.
207 |  */
208 | @property (class, nonatomic, readonly) UIColor *systemBackgroundColor                   API_AVAILABLE(ios(13.0)) API_UNAVAILABLE(tvos, watchos);
    |                                                 `- note: 'systemBackground' has been explicitly marked unavailable here
209 | @property (class, nonatomic, readonly) UIColor *secondarySystemBackgroundColor          API_AVAILABLE(ios(13.0)) API_UNAVAILABLE(tvos, watchos);
210 | @property (class, nonatomic, readonly) UIColor *tertiarySystemBackgroundColor           API_AVAILABLE(ios(13.0)) API_UNAVAILABLE(tvos, watchos);
/Users/admin/builder/spi-builder-workspace/Sources/AppStoreCatalog/ProductGroupView.swift:20:9: error: 'GroupBox' is unavailable in watchOS
18 |
19 |     var body: some View {
20 |         GroupBox {
   |         `- error: 'GroupBox' is unavailable in watchOS
21 |             Text(group.title)
22 |                 .font(.title)
SwiftUI.GroupBox:4:27: note: 'GroupBox' has been explicitly marked unavailable here
 2 | @available(tvOS, unavailable)
 3 | @available(watchOS, unavailable)
 4 | nonisolated public struct GroupBox<Label, Content> : View, ~Sendable where Label : View, Content : View {
   |                           `- note: 'GroupBox' has been explicitly marked unavailable here
 5 |     @available(iOS 14.0, macOS 10.15, *)
 6 |     @available(tvOS, unavailable)
SwiftCompile normal arm64 /Users/admin/builder/spi-builder-workspace/Sources/AppStoreCatalog/ProductGroupView.swift (in target 'AppStoreCatalog' from project 'AppStoreCatalog')
    cd /Users/admin/builder/spi-builder-workspace/.swiftpm/xcode
    builtin-SwiftPerFileCompile ProductGroupView.swift
SwiftCompile normal arm64 Compiling\ AppStoreCatalogView.swift /Users/admin/builder/spi-builder-workspace/Sources/AppStoreCatalog/AppStoreCatalogView.swift (in target 'AppStoreCatalog' from project 'AppStoreCatalog')
SwiftCompile normal arm64 /Users/admin/builder/spi-builder-workspace/Sources/AppStoreCatalog/AppStoreCatalogView.swift (in target 'AppStoreCatalog' from project 'AppStoreCatalog')
    cd /Users/admin/builder/spi-builder-workspace/.swiftpm/xcode
    builtin-SwiftPerFileCompile AppStoreCatalogView.swift
SwiftCompile normal arm64 Compiling\ AppStoreCatalog.swift /Users/admin/builder/spi-builder-workspace/Sources/AppStoreCatalog/AppStoreCatalog.swift (in target 'AppStoreCatalog' from project 'AppStoreCatalog')
SwiftCompile normal arm64 /Users/admin/builder/spi-builder-workspace/Sources/AppStoreCatalog/AppStoreCatalog.swift (in target 'AppStoreCatalog' from project 'AppStoreCatalog')
    cd /Users/admin/builder/spi-builder-workspace/.swiftpm/xcode
    builtin-SwiftPerFileCompile AppStoreCatalog.swift
SwiftCompile normal arm64 Compiling\ ProductView.swift /Users/admin/builder/spi-builder-workspace/Sources/AppStoreCatalog/ProductView.swift (in target 'AppStoreCatalog' from project 'AppStoreCatalog')
SwiftCompile normal arm64 /Users/admin/builder/spi-builder-workspace/Sources/AppStoreCatalog/ProductView.swift (in target 'AppStoreCatalog' from project 'AppStoreCatalog')
    cd /Users/admin/builder/spi-builder-workspace/.swiftpm/xcode
    builtin-SwiftPerFileCompile ProductView.swift
SwiftCompile normal arm64 Compiling\ resource_bundle_accessor.swift /Users/admin/builder/spi-builder-workspace/.derivedData/Build/Intermediates.noindex/AppStoreCatalog.build/Debug-watchos/AppStoreCatalog-t.build/DerivedSources/resource_bundle_accessor.swift (in target 'AppStoreCatalog' from project 'AppStoreCatalog')
SwiftCompile normal arm64 /Users/admin/builder/spi-builder-workspace/.derivedData/Build/Intermediates.noindex/AppStoreCatalog.build/Debug-watchos/AppStoreCatalog-t.build/DerivedSources/resource_bundle_accessor.swift (in target 'AppStoreCatalog' from project 'AppStoreCatalog')
    cd /Users/admin/builder/spi-builder-workspace/.swiftpm/xcode
    builtin-SwiftPerFileCompile resource_bundle_accessor.swift
SwiftExplicitDependencyGeneratePcm arm64_32 /Users/admin/builder/spi-builder-workspace/.derivedData/SDKExplicitPrecompiledModules/SwiftUI-6DR5UJH94SD7QMITGWNAX9FBI.pcm
SwiftEmitModule normal arm64_32 Emitting\ module\ for\ AppStoreCatalog (in target 'AppStoreCatalog' from project 'AppStoreCatalog')
SwiftCompile normal arm64_32 (in target 'AppStoreCatalog' from project 'AppStoreCatalog')
    cd /Users/admin/builder/spi-builder-workspace/.swiftpm/xcode

SwiftCompile normal arm64_32 Compiling\ resource_bundle_accessor.swift /Users/admin/builder/spi-builder-workspace/.derivedData/Build/Intermediates.noindex/AppStoreCatalog.build/Debug-watchos/AppStoreCatalog-t.build/DerivedSources/resource_bundle_accessor.swift (in target 'AppStoreCatalog' from project 'AppStoreCatalog')
SwiftCompile normal arm64_32 /Users/admin/builder/spi-builder-workspace/.derivedData/Build/Intermediates.noindex/AppStoreCatalog.build/Debug-watchos/AppStoreCatalog-t.build/DerivedSources/resource_bundle_accessor.swift (in target 'AppStoreCatalog' from project 'AppStoreCatalog')
    cd /Users/admin/builder/spi-builder-workspace/.swiftpm/xcode
    builtin-SwiftPerFileCompile resource_bundle_accessor.swift
SwiftCompile normal arm64_32 Compiling\ AppStoreCatalogView.swift /Users/admin/builder/spi-builder-workspace/Sources/AppStoreCatalog/AppStoreCatalogView.swift (in target 'AppStoreCatalog' from project 'AppStoreCatalog')
SwiftCompile normal arm64_32 /Users/admin/builder/spi-builder-workspace/Sources/AppStoreCatalog/AppStoreCatalogView.swift (in target 'AppStoreCatalog' from project 'AppStoreCatalog')
    cd /Users/admin/builder/spi-builder-workspace/.swiftpm/xcode
    builtin-SwiftPerFileCompile AppStoreCatalogView.swift
PruneExplicitPrecompiledModules /Users/admin/builder/spi-builder-workspace/.derivedData/Build/Intermediates.noindex/ExplicitPrecompiledModules
PruneExplicitPrecompiledModules /Users/admin/builder/spi-builder-workspace/.derivedData/Build/Intermediates.noindex/SwiftExplicitPrecompiledModules
PruneExplicitPrecompiledModules /Users/admin/builder/spi-builder-workspace/.derivedData/SDKExplicitPrecompiledModules
2026-09-22 15:38:20.277 xcodebuild[627:3889] [MT] IDERunDestination: Supported platforms for the buildables in the current scheme is empty.
** BUILD FAILED **
The following build commands failed:
	SwiftCompile normal arm64 (in target 'AppStoreCatalog' from project 'AppStoreCatalog')
	SwiftEmitModule normal arm64 Emitting\ module\ for\ AppStoreCatalog (in target 'AppStoreCatalog' from project 'AppStoreCatalog')
	Building workspace AppStoreCatalog with scheme AppStoreCatalog
(3 failures)
Command line invocation:
    /Applications/Xcode-27.0.0-Release.Candidate.app/Contents/Developer/usr/bin/xcodebuild -IDEClonedSourcePackagesDirPathOverride=/Users/admin/builder/spi-builder-workspace/.dependencies -resolvePackageDependencies
Resolve Package Graph
Resolved source packages:
  AppStoreCatalog: /Users/admin/builder/spi-builder-workspace
resolved source packages: AppStoreCatalog
2026-09-22 15:38:27.634 xcodebuild[821:4724] [MT] IDERunDestination: Supported platforms for the buildables in the current scheme is empty.
{
  "dependencies" : [
  ],
  "manifest_display_name" : "AppStoreCatalog",
  "name" : "AppStoreCatalog",
  "path" : "/Users/admin/builder/spi-builder-workspace",
  "platforms" : [
    {
      "name" : "ios",
      "version" : "17.0"
    },
    {
      "name" : "macos",
      "version" : "14.0"
    }
  ],
  "products" : [
    {
      "name" : "AppStoreCatalog",
      "targets" : [
        "AppStoreCatalog"
      ],
      "type" : {
        "library" : [
          "automatic"
        ]
      }
    }
  ],
  "targets" : [
    {
      "c99name" : "AppStoreCatalogTests",
      "module_type" : "SwiftTarget",
      "name" : "AppStoreCatalogTests",
      "path" : "Tests/AppStoreCatalogTests",
      "sources" : [
        "AppStoreCatalogTests.swift"
      ],
      "target_dependencies" : [
        "AppStoreCatalog"
      ],
      "type" : "test"
    },
    {
      "c99name" : "AppStoreCatalog",
      "module_type" : "SwiftTarget",
      "name" : "AppStoreCatalog",
      "path" : "Sources/AppStoreCatalog",
      "product_memberships" : [
        "AppStoreCatalog"
      ],
      "resources" : [
        {
          "path" : "/Users/admin/builder/spi-builder-workspace/Sources/AppStoreCatalog/Resources/failedIcon-noalpha.png",
          "rule" : {
            "process" : {
            }
          }
        },
        {
          "path" : "/Users/admin/builder/spi-builder-workspace/Sources/AppStoreCatalog/Resources/failedIcon.png",
          "rule" : {
            "process" : {
            }
          }
        }
      ],
      "sources" : [
        "AppStoreCatalog.swift",
        "AppStoreCatalogView.swift",
        "ProductData.swift",
        "ProductGroupView.swift",
        "ProductView.swift",
        "StoreView.swift"
      ],
      "type" : "library"
    }
  ],
  "tools_version" : "6.0"
}
{
  "workspace" : {
    "name" : "AppStoreCatalog",
    "schemes" : [
      "AppStoreCatalog"
    ]
  }
}
2026-09-22 15:38:28.935 xcodebuild[829:4792] [MT] IDERunDestination: Supported platforms for the buildables in the current scheme is empty.
Running build ...
env DEVELOPER_DIR=/Applications/Xcode-27.0.0-Release.Candidate.app xcrun xcodebuild -IDEClonedSourcePackagesDirPathOverride=$PWD/.dependencies -skipMacroValidation -skipPackagePluginValidation -derivedDataPath $PWD/.derivedData build -scheme AppStoreCatalog -destination generic/platform=watchOS
Command line invocation:
    /Applications/Xcode-27.0.0-Release.Candidate.app/Contents/Developer/usr/bin/xcodebuild -IDEClonedSourcePackagesDirPathOverride=/Users/admin/builder/spi-builder-workspace/.dependencies -skipMacroValidation -skipPackagePluginValidation -derivedDataPath /Users/admin/builder/spi-builder-workspace/.derivedData build -scheme AppStoreCatalog -destination generic/platform=watchOS
Resolve Package Graph
Resolved source packages:
  AppStoreCatalog: /Users/admin/builder/spi-builder-workspace
ComputePackagePrebuildTargetDependencyGraph
Prepare packages
CreateBuildRequest
SendProjectDescription
CreateBuildOperation
ComputeTargetDependencyGraph
note: Building targets in dependency order
note: Target dependency graph (3 targets)
    Target 'AppStoreCatalog-product' in project 'AppStoreCatalog'
        ➜ Explicit dependency on target 'AppStoreCatalog' in project 'AppStoreCatalog'
        ➜ Explicit dependency on target 'AppStoreCatalog_AppStoreCatalog' in project 'AppStoreCatalog'
    Target 'AppStoreCatalog' in project 'AppStoreCatalog'
        ➜ Explicit dependency on target 'AppStoreCatalog_AppStoreCatalog' in project 'AppStoreCatalog'
    Target 'AppStoreCatalog_AppStoreCatalog' in project 'AppStoreCatalog' (no dependencies)
GatherProvisioningInputs
CreateBuildDescription
ClangStatCache /Applications/Xcode-27.0.0-Release.Candidate.app/Contents/Developer/Toolchains/XcodeDefault.xctoolchain/usr/bin/clang-stat-cache /Applications/Xcode-27.0.0-Release.Candidate.app/Contents/Developer/Platforms/WatchOS.platform/Developer/SDKs/WatchOS27.0.sdk /Users/admin/builder/spi-builder-workspace/.derivedData/SDKStatCaches.noindex/watchos27.0-24R360-e829b21a6f8c9b70876ba0858053c04477534ef55a1706bf4c1112bbb242f0a2.sdkstatcache
    cd /Users/admin/builder/spi-builder-workspace/.swiftpm/xcode
    /Applications/Xcode-27.0.0-Release.Candidate.app/Contents/Developer/Toolchains/XcodeDefault.xctoolchain/usr/bin/clang-stat-cache /Applications/Xcode-27.0.0-Release.Candidate.app/Contents/Developer/Platforms/WatchOS.platform/Developer/SDKs/WatchOS27.0.sdk -o /Users/admin/builder/spi-builder-workspace/.derivedData/SDKStatCaches.noindex/watchos27.0-24R360-e829b21a6f8c9b70876ba0858053c04477534ef55a1706bf4c1112bbb242f0a2.sdkstatcache
SwiftDriver AppStoreCatalog normal arm64 com.apple.xcode.tools.swift.compiler (in target 'AppStoreCatalog' from project 'AppStoreCatalog')
    cd /Users/admin/builder/spi-builder-workspace/.swiftpm/xcode
    builtin-SwiftDriver -- /Applications/Xcode-27.0.0-Release.Candidate.app/Contents/Developer/Toolchains/XcodeDefault.xctoolchain/usr/bin/swiftc -parse-as-library -module-name AppStoreCatalog -Onone @/Users/admin/builder/spi-builder-workspace/.derivedData/Build/Intermediates.noindex/AppStoreCatalog.build/Debug-watchos/AppStoreCatalog-t.build/Objects-normal/arm64/AppStoreCatalog.SwiftFileList -DSWIFT_PACKAGE -DDEBUG -DSWIFT_MODULE_RESOURCE_BUNDLE_AVAILABLE -DXcode -plugin-path /Applications/Xcode-27.0.0-Release.Candidate.app/Contents/Developer/Toolchains/XcodeDefault.xctoolchain/usr/lib/swift/host/plugins/testing -enable-experimental-feature DebugDescriptionMacro -sdk /Applications/Xcode-27.0.0-Release.Candidate.app/Contents/Developer/Platforms/WatchOS.platform/Developer/SDKs/WatchOS27.0.sdk -target arm64-apple-watchos10.0 -g -module-cache-path /Users/admin/builder/spi-builder-workspace/.derivedData/ModuleCache.noindex -Xfrontend -serialize-debugging-options -profile-coverage-mapping -profile-generate -enable-testing -index-store-path /Users/admin/builder/spi-builder-workspace/.derivedData/Index.noindex/DataStore -Xcc -D_LIBCPP_HARDENING_MODE\=_LIBCPP_HARDENING_MODE_DEBUG -swift-version 6 -I /Users/admin/builder/spi-builder-workspace/.derivedData/Build/Products/Debug-watchos -Isystem /Applications/Xcode-27.0.0-Release.Candidate.app/Contents/Developer/Platforms/WatchOS.platform/Developer/usr/lib -F /Users/admin/builder/spi-builder-workspace/.derivedData/Build/Products/Debug-watchos -F /Applications/Xcode-27.0.0-Release.Candidate.app/Contents/Developer/Platforms/WatchOS.platform/Developer/Library/Frameworks -F /Applications/Xcode-27.0.0-Release.Candidate.app/Contents/Developer/Platforms/WatchOS.platform/Developer/SDKs/WatchOS27.0.sdk/Developer/Library/Frameworks -c -j10 -enable-batch-mode -incremental -Xcc -ivfsstatcache -Xcc /Users/admin/builder/spi-builder-workspace/.derivedData/SDKStatCaches.noindex/watchos27.0-24R360-e829b21a6f8c9b70876ba0858053c04477534ef55a1706bf4c1112bbb242f0a2.sdkstatcache -output-file-map /Users/admin/builder/spi-builder-workspace/.derivedData/Build/Intermediates.noindex/AppStoreCatalog.build/Debug-watchos/AppStoreCatalog-t.build/Objects-normal/arm64/AppStoreCatalog-OutputFileMap.json -save-temps -no-color-diagnostics -explicit-module-build -module-cache-path /Users/admin/builder/spi-builder-workspace/.derivedData/Build/Intermediates.noindex/SwiftExplicitPrecompiledModules -clang-scanner-module-cache-path /Users/admin/builder/spi-builder-workspace/.derivedData/ModuleCache.noindex -sdk-module-cache-path /Users/admin/builder/spi-builder-workspace/.derivedData/SDKExplicitPrecompiledModules -emit-dependencies -emit-module -emit-module-path /Users/admin/builder/spi-builder-workspace/.derivedData/Build/Intermediates.noindex/AppStoreCatalog.build/Debug-watchos/AppStoreCatalog-t.build/Objects-normal/arm64/AppStoreCatalog.swiftmodule -serialize-diagnostics -dependency-scan-serialize-diagnostics-path /Users/admin/builder/spi-builder-workspace/.derivedData/Build/Intermediates.noindex/AppStoreCatalog.build/Debug-watchos/AppStoreCatalog-t.build/Objects-normal/arm64/AppStoreCatalog-dependency-scan.dia -validate-clang-modules-once -clang-build-session-file /Users/admin/builder/spi-builder-workspace/.derivedData/ModuleCache.noindex/Session.modulevalidation -Xcc -fmodules-prune-interval\=86400 -Xcc -fmodules-prune-after\=345600 -package-name spi_builder_workspace -emit-const-values -const-gather-protocols-list /Users/admin/builder/spi-builder-workspace/.derivedData/Build/Intermediates.noindex/AppStoreCatalog.build/Debug-watchos/AppStoreCatalog-t.build/Objects-normal/arm64/AppStoreCatalog_const_extract_protocols.json -Xcc -I/Users/admin/builder/spi-builder-workspace/.derivedData/Build/Products/Debug-watchos/include -Xcc -I/Users/admin/builder/spi-builder-workspace/.derivedData/Build/Intermediates.noindex/AppStoreCatalog.build/Debug-watchos/AppStoreCatalog-t.build/DerivedSources-normal/arm64 -Xcc -I/Users/admin/builder/spi-builder-workspace/.derivedData/Build/Intermediates.noindex/AppStoreCatalog.build/Debug-watchos/AppStoreCatalog-t.build/DerivedSources/arm64 -Xcc -I/Users/admin/builder/spi-builder-workspace/.derivedData/Build/Intermediates.noindex/AppStoreCatalog.build/Debug-watchos/AppStoreCatalog-t.build/DerivedSources -Xcc -DSWIFT_PACKAGE -Xcc -DDEBUG\=1 -emit-objc-header -emit-objc-header-path /Users/admin/builder/spi-builder-workspace/.derivedData/Build/Intermediates.noindex/AppStoreCatalog.build/Debug-watchos/AppStoreCatalog-t.build/Objects-normal/arm64/AppStoreCatalog-Swift.h -working-directory /Users/admin/builder/spi-builder-workspace/.swiftpm/xcode -experimental-emit-module-separately -disable-cmo
SwiftDriver AppStoreCatalog normal arm64_32 com.apple.xcode.tools.swift.compiler (in target 'AppStoreCatalog' from project 'AppStoreCatalog')
    cd /Users/admin/builder/spi-builder-workspace/.swiftpm/xcode
    builtin-SwiftDriver -- /Applications/Xcode-27.0.0-Release.Candidate.app/Contents/Developer/Toolchains/XcodeDefault.xctoolchain/usr/bin/swiftc -parse-as-library -module-name AppStoreCatalog -Onone @/Users/admin/builder/spi-builder-workspace/.derivedData/Build/Intermediates.noindex/AppStoreCatalog.build/Debug-watchos/AppStoreCatalog-t.build/Objects-normal/arm64_32/AppStoreCatalog.SwiftFileList -DSWIFT_PACKAGE -DDEBUG -DSWIFT_MODULE_RESOURCE_BUNDLE_AVAILABLE -DXcode -plugin-path /Applications/Xcode-27.0.0-Release.Candidate.app/Contents/Developer/Toolchains/XcodeDefault.xctoolchain/usr/lib/swift/host/plugins/testing -enable-experimental-feature DebugDescriptionMacro -sdk /Applications/Xcode-27.0.0-Release.Candidate.app/Contents/Developer/Platforms/WatchOS.platform/Developer/SDKs/WatchOS27.0.sdk -target arm64_32-apple-watchos10.0 -g -module-cache-path /Users/admin/builder/spi-builder-workspace/.derivedData/ModuleCache.noindex -Xfrontend -serialize-debugging-options -profile-coverage-mapping -profile-generate -enable-testing -index-store-path /Users/admin/builder/spi-builder-workspace/.derivedData/Index.noindex/DataStore -Xcc -D_LIBCPP_HARDENING_MODE\=_LIBCPP_HARDENING_MODE_DEBUG -swift-version 6 -I /Users/admin/builder/spi-builder-workspace/.derivedData/Build/Products/Debug-watchos -Isystem /Applications/Xcode-27.0.0-Release.Candidate.app/Contents/Developer/Platforms/WatchOS.platform/Developer/usr/lib -F /Users/admin/builder/spi-builder-workspace/.derivedData/Build/Products/Debug-watchos -F /Applications/Xcode-27.0.0-Release.Candidate.app/Contents/Developer/Platforms/WatchOS.platform/Developer/Library/Frameworks -F /Applications/Xcode-27.0.0-Release.Candidate.app/Contents/Developer/Platforms/WatchOS.platform/Developer/SDKs/WatchOS27.0.sdk/Developer/Library/Frameworks -c -j10 -enable-batch-mode -incremental -Xcc -ivfsstatcache -Xcc /Users/admin/builder/spi-builder-workspace/.derivedData/SDKStatCaches.noindex/watchos27.0-24R360-e829b21a6f8c9b70876ba0858053c04477534ef55a1706bf4c1112bbb242f0a2.sdkstatcache -output-file-map /Users/admin/builder/spi-builder-workspace/.derivedData/Build/Intermediates.noindex/AppStoreCatalog.build/Debug-watchos/AppStoreCatalog-t.build/Objects-normal/arm64_32/AppStoreCatalog-OutputFileMap.json -save-temps -no-color-diagnostics -explicit-module-build -module-cache-path /Users/admin/builder/spi-builder-workspace/.derivedData/Build/Intermediates.noindex/SwiftExplicitPrecompiledModules -clang-scanner-module-cache-path /Users/admin/builder/spi-builder-workspace/.derivedData/ModuleCache.noindex -sdk-module-cache-path /Users/admin/builder/spi-builder-workspace/.derivedData/SDKExplicitPrecompiledModules -emit-dependencies -emit-module -emit-module-path /Users/admin/builder/spi-builder-workspace/.derivedData/Build/Intermediates.noindex/AppStoreCatalog.build/Debug-watchos/AppStoreCatalog-t.build/Objects-normal/arm64_32/AppStoreCatalog.swiftmodule -serialize-diagnostics -dependency-scan-serialize-diagnostics-path /Users/admin/builder/spi-builder-workspace/.derivedData/Build/Intermediates.noindex/AppStoreCatalog.build/Debug-watchos/AppStoreCatalog-t.build/Objects-normal/arm64_32/AppStoreCatalog-dependency-scan.dia -validate-clang-modules-once -clang-build-session-file /Users/admin/builder/spi-builder-workspace/.derivedData/ModuleCache.noindex/Session.modulevalidation -Xcc -fmodules-prune-interval\=86400 -Xcc -fmodules-prune-after\=345600 -package-name spi_builder_workspace -emit-const-values -const-gather-protocols-list /Users/admin/builder/spi-builder-workspace/.derivedData/Build/Intermediates.noindex/AppStoreCatalog.build/Debug-watchos/AppStoreCatalog-t.build/Objects-normal/arm64_32/AppStoreCatalog_const_extract_protocols.json -Xcc -I/Users/admin/builder/spi-builder-workspace/.derivedData/Build/Products/Debug-watchos/include -Xcc -I/Users/admin/builder/spi-builder-workspace/.derivedData/Build/Intermediates.noindex/AppStoreCatalog.build/Debug-watchos/AppStoreCatalog-t.build/DerivedSources-normal/arm64_32 -Xcc -I/Users/admin/builder/spi-builder-workspace/.derivedData/Build/Intermediates.noindex/AppStoreCatalog.build/Debug-watchos/AppStoreCatalog-t.build/DerivedSources/arm64_32 -Xcc -I/Users/admin/builder/spi-builder-workspace/.derivedData/Build/Intermediates.noindex/AppStoreCatalog.build/Debug-watchos/AppStoreCatalog-t.build/DerivedSources -Xcc -DSWIFT_PACKAGE -Xcc -DDEBUG\=1 -emit-objc-header -emit-objc-header-path /Users/admin/builder/spi-builder-workspace/.derivedData/Build/Intermediates.noindex/AppStoreCatalog.build/Debug-watchos/AppStoreCatalog-t.build/Objects-normal/arm64_32/AppStoreCatalog-Swift.h -working-directory /Users/admin/builder/spi-builder-workspace/.swiftpm/xcode -experimental-emit-module-separately -disable-cmo
SwiftCompile normal arm64 Compiling\ ProductData.swift /Users/admin/builder/spi-builder-workspace/Sources/AppStoreCatalog/ProductData.swift (in target 'AppStoreCatalog' from project 'AppStoreCatalog')
SwiftCompile normal arm64 /Users/admin/builder/spi-builder-workspace/Sources/AppStoreCatalog/ProductData.swift (in target 'AppStoreCatalog' from project 'AppStoreCatalog')
    cd /Users/admin/builder/spi-builder-workspace/.swiftpm/xcode
    builtin-SwiftPerFileCompile ProductData.swift
SwiftCompile normal arm64 Compiling\ resource_bundle_accessor.swift /Users/admin/builder/spi-builder-workspace/.derivedData/Build/Intermediates.noindex/AppStoreCatalog.build/Debug-watchos/AppStoreCatalog-t.build/DerivedSources/resource_bundle_accessor.swift (in target 'AppStoreCatalog' from project 'AppStoreCatalog')
SwiftCompile normal arm64 /Users/admin/builder/spi-builder-workspace/.derivedData/Build/Intermediates.noindex/AppStoreCatalog.build/Debug-watchos/AppStoreCatalog-t.build/DerivedSources/resource_bundle_accessor.swift (in target 'AppStoreCatalog' from project 'AppStoreCatalog')
    cd /Users/admin/builder/spi-builder-workspace/.swiftpm/xcode
    builtin-SwiftPerFileCompile resource_bundle_accessor.swift
SwiftCompile normal arm64 Compiling\ AppStoreCatalog.swift /Users/admin/builder/spi-builder-workspace/Sources/AppStoreCatalog/AppStoreCatalog.swift (in target 'AppStoreCatalog' from project 'AppStoreCatalog')
SwiftCompile normal arm64 /Users/admin/builder/spi-builder-workspace/Sources/AppStoreCatalog/AppStoreCatalog.swift (in target 'AppStoreCatalog' from project 'AppStoreCatalog')
    cd /Users/admin/builder/spi-builder-workspace/.swiftpm/xcode
    builtin-SwiftPerFileCompile AppStoreCatalog.swift
SwiftCompile normal arm64 Compiling\ AppStoreCatalogView.swift /Users/admin/builder/spi-builder-workspace/Sources/AppStoreCatalog/AppStoreCatalogView.swift (in target 'AppStoreCatalog' from project 'AppStoreCatalog')
SwiftCompile normal arm64 /Users/admin/builder/spi-builder-workspace/Sources/AppStoreCatalog/AppStoreCatalogView.swift (in target 'AppStoreCatalog' from project 'AppStoreCatalog')
    cd /Users/admin/builder/spi-builder-workspace/.swiftpm/xcode
    builtin-SwiftPerFileCompile AppStoreCatalogView.swift
SwiftEmitModule normal arm64_32 Emitting\ module\ for\ AppStoreCatalog (in target 'AppStoreCatalog' from project 'AppStoreCatalog')
/Users/admin/builder/spi-builder-workspace/Sources/AppStoreCatalog/ProductGroupView.swift:11:37: error: 'systemBackground' is unavailable in watchOS
 9 |
10 | #if canImport(UIKit)
11 | let backgroundColor = Color(UIColor.systemBackground)
   |                                     `- error: 'systemBackground' is unavailable in watchOS
12 | #elseif canImport(AppKit)
13 | let backgroundColor = Color(NSColor.windowBackgroundColor)
/Applications/Xcode-27.0.0-Release.Candidate.app/Contents/Developer/Platforms/WatchOS.platform/Developer/SDKs/WatchOS27.0.sdk/System/Library/Frameworks/UIKit.framework/Headers/UIInterface.h:208:49: note: 'systemBackground' has been explicitly marked unavailable here
206 |  *    primary background in light mode.
207 |  */
208 | @property (class, nonatomic, readonly) UIColor *systemBackgroundColor                   API_AVAILABLE(ios(13.0)) API_UNAVAILABLE(tvos, watchos);
    |                                                 `- note: 'systemBackground' has been explicitly marked unavailable here
209 | @property (class, nonatomic, readonly) UIColor *secondarySystemBackgroundColor          API_AVAILABLE(ios(13.0)) API_UNAVAILABLE(tvos, watchos);
210 | @property (class, nonatomic, readonly) UIColor *tertiarySystemBackgroundColor           API_AVAILABLE(ios(13.0)) API_UNAVAILABLE(tvos, watchos);
/Users/admin/builder/spi-builder-workspace/Sources/AppStoreCatalog/StoreView.swift:12:36: error: 'UIViewController' is unavailable in watchOS
 10 |
 11 | #if canImport(UIKit)
 12 | typealias PlatformViewController = UIViewController
    |                                    `- error: 'UIViewController' is unavailable in watchOS
 13 | typealias PlatformViewControllerRepresentable = UIViewControllerRepresentable
 14 | #elseif canImport(AppKit)
/Applications/Xcode-27.0.0-Release.Candidate.app/Contents/Developer/Platforms/WatchOS.platform/Developer/SDKs/WatchOS27.0.sdk/System/Library/Frameworks/UIKit.framework/Headers/UIViewController.h:104:12: note: 'UIViewController' has been explicitly marked unavailable here
102 |
103 | UIKIT_EXTERN API_AVAILABLE(ios(2.0)) API_UNAVAILABLE(watchos) NS_SWIFT_UI_ACTOR
104 | @interface UIViewController : UIResponder <NSCoding, UIAppearanceContainer, UITraitEnvironment, UIContentContainer, UIFocusEnvironment>
    |            `- note: 'UIViewController' has been explicitly marked unavailable here
105 |
106 | /*
/Users/admin/builder/spi-builder-workspace/Sources/AppStoreCatalog/StoreView.swift:13:49: error: cannot find type 'UIViewControllerRepresentable' in scope
 11 | #if canImport(UIKit)
 12 | typealias PlatformViewController = UIViewController
 13 | typealias PlatformViewControllerRepresentable = UIViewControllerRepresentable
    |                                                 `- error: cannot find type 'UIViewControllerRepresentable' in scope
 14 | #elseif canImport(AppKit)
 15 | typealias PlatformViewController = NSViewController
/Users/admin/builder/spi-builder-workspace/Sources/AppStoreCatalog/StoreView.swift:26:40: error: cannot find type 'Context' in scope
 24 |
 25 | #if canImport(UIKit)
 26 |     func makeUIViewController(context: Context) -> StoreViewController {
    |                                        `- error: cannot find type 'Context' in scope
 27 |         return StoreViewController(productIdentifier: productIdentifier, coordinator: context.coordinator)
 28 |     }
/Users/admin/builder/spi-builder-workspace/Sources/AppStoreCatalog/StoreView.swift:30:83: error: cannot find type 'Context' in scope
 28 |     }
 29 |
 30 |     func updateUIViewController(_ uiViewController: StoreViewController, context: Context) {
    |                                                                                   `- error: cannot find type 'Context' in scope
 31 |     }
 32 | #elseif canImport(AppKit)
/Users/admin/builder/spi-builder-workspace/Sources/AppStoreCatalog/StoreView.swift:49:34: error: cannot find type 'SKStoreProductViewController' in scope
 47 |     private let productIdentifier: String
 48 |     private let coordinator: StoreViewCoordinator
 49 |     private var storeController: SKStoreProductViewController?
    |                                  `- error: cannot find type 'SKStoreProductViewController' in scope
 50 |
 51 |     init(productIdentifier: String, coordinator: StoreViewCoordinator) {
/Users/admin/builder/spi-builder-workspace/Sources/AppStoreCatalog/StoreView.swift:103:39: error: cannot find type 'SKStoreProductViewControllerDelegate' in scope
101 | typealias StorePresentationErrorHandler = ((SKError?) -> Void)
102 |
103 | class StoreViewCoordinator: NSObject, SKStoreProductViewControllerDelegate {
    |                                       `- error: cannot find type 'SKStoreProductViewControllerDelegate' in scope
104 |     private let storePresentationErrorHandler: StorePresentationErrorHandler
105 |
/Users/admin/builder/spi-builder-workspace/Sources/AppStoreCatalog/StoreView.swift:110:59: error: cannot find type 'SKStoreProductViewController' in scope
108 |     }
109 |
110 |     func productViewControllerDidFinish(_ viewController: SKStoreProductViewController) {
    |                                                           `- error: cannot find type 'SKStoreProductViewController' in scope
111 |         storePresentationErrorHandler(nil)
112 |     }
/Users/admin/builder/spi-builder-workspace/Sources/AppStoreCatalog/StoreView.swift:114:57: error: cannot find type 'SKStoreProductViewController' in scope
112 |     }
113 |
114 |     func productViewControllerDidFail(_ viewController: SKStoreProductViewController, error: SKError) {
    |                                                         `- error: cannot find type 'SKStoreProductViewController' in scope
115 |         storePresentationErrorHandler(error)
116 |     }
Failed frontend command:
/Applications/Xcode-27.0.0-Release.Candidate.app/Contents/Developer/Toolchains/XcodeDefault.xctoolchain/usr/bin/swift-frontend -frontend -emit-module -experimental-skip-non-inlinable-function-bodies-without-types /Users/admin/builder/spi-builder-workspace/.derivedData/Build/Intermediates.noindex/AppStoreCatalog.build/Debug-watchos/AppStoreCatalog-t.build/DerivedSources/resource_bundle_accessor.swift /Users/admin/builder/spi-builder-workspace/Sources/AppStoreCatalog/AppStoreCatalog.swift /Users/admin/builder/spi-builder-workspace/Sources/AppStoreCatalog/AppStoreCatalogView.swift /Users/admin/builder/spi-builder-workspace/Sources/AppStoreCatalog/ProductData.swift /Users/admin/builder/spi-builder-workspace/Sources/AppStoreCatalog/ProductGroupView.swift /Users/admin/builder/spi-builder-workspace/Sources/AppStoreCatalog/ProductView.swift /Users/admin/builder/spi-builder-workspace/Sources/AppStoreCatalog/StoreView.swift -target arm64_32-apple-watchos10.0 -module-can-import-version UIKit 9127.0.84.1 9127.0.84 -disable-cross-import-overlay-search -swift-module-cross-import StoreKit /Applications/Xcode-27.0.0-Release.Candidate.app/Contents/Developer/Platforms/WatchOS.platform/Developer/SDKs/WatchOS.sdk/System/Library/Frameworks/StoreKit.framework/Modules/StoreKit.swiftcrossimport/SwiftUI.swiftoverlay -swift-module-cross-import StoreKit /Applications/Xcode-27.0.0-Release.Candidate.app/Contents/Developer/Platforms/WatchOS.platform/Developer/SDKs/WatchOS27.0.sdk/System/Library/Frameworks/StoreKit.framework/Modules/StoreKit.swiftcrossimport/SwiftUI.swiftoverlay -load-resolved-plugin /Applications/Xcode-27.0.0-Release.Candidate.app/Contents/Developer/Platforms/WatchOS.platform/Developer/usr/lib/swift/host/plugins/libFoundationMacros.dylib\#/Applications/Xcode-27.0.0-Release.Candidate.app/Contents/Developer/Platforms/WatchOS.platform/Developer/usr/bin/swift-plugin-server\#FoundationMacros -load-resolved-plugin /Applications/Xcode-27.0.0-Release.Candidate.app/Contents/Developer/Platforms/WatchOS.platform/Developer/usr/lib/swift/host/plugins/libObservationMacros.dylib\#/Applications/Xcode-27.0.0-Release.Candidate.app/Contents/Developer/Platforms/WatchOS.platform/Developer/usr/bin/swift-plugin-server\#ObservationMacros -load-resolved-plugin /Applications/Xcode-27.0.0-Release.Candidate.app/Contents/Developer/Platforms/WatchOS.platform/Developer/usr/lib/swift/host/plugins/libPreviewsMacros.dylib\#/Applications/Xcode-27.0.0-Release.Candidate.app/Contents/Developer/Platforms/WatchOS.platform/Developer/usr/bin/swift-plugin-server\#PreviewsMacros -load-resolved-plugin /Applications/Xcode-27.0.0-Release.Candidate.app/Contents/Developer/Platforms/WatchOS.platform/Developer/usr/lib/swift/host/plugins/libSwiftMacros.dylib\#/Applications/Xcode-27.0.0-Release.Candidate.app/Contents/Developer/Platforms/WatchOS.platform/Developer/usr/bin/swift-plugin-server\#SwiftMacros -load-resolved-plugin /Applications/Xcode-27.0.0-Release.Candidate.app/Contents/Developer/Platforms/WatchOS.platform/Developer/usr/lib/swift/host/plugins/libSwiftUIMacros.dylib\#/Applications/Xcode-27.0.0-Release.Candidate.app/Contents/Developer/Platforms/WatchOS.platform/Developer/usr/bin/swift-plugin-server\#SwiftUIMacros -disable-implicit-swift-modules -Xcc -fno-implicit-modules -Xcc -fno-implicit-module-maps -explicit-swift-module-map-file /Users/admin/builder/spi-builder-workspace/.derivedData/Build/Intermediates.noindex/AppStoreCatalog.build/Debug-watchos/AppStoreCatalog-t.build/Objects-normal/arm64_32/AppStoreCatalog-dependencies-2.json -enable-objc-interop -sdk /Applications/Xcode-27.0.0-Release.Candidate.app/Contents/Developer/Platforms/WatchOS.platform/Developer/SDKs/WatchOS27.0.sdk -I /Users/admin/builder/spi-builder-workspace/.derivedData/Build/Products/Debug-watchos -Isystem /Applications/Xcode-27.0.0-Release.Candidate.app/Contents/Developer/Platforms/WatchOS.platform/Developer/usr/lib -F /Users/admin/builder/spi-builder-workspace/.derivedData/Build/Products/Debug-watchos -F /Applications/Xcode-27.0.0-Release.Candidate.app/Contents/Developer/Platforms/WatchOS.platform/Developer/Library/Frameworks -F /Applications/Xcode-27.0.0-Release.Candidate.app/Contents/Developer/Platforms/WatchOS.platform/Developer/SDKs/WatchOS27.0.sdk/Developer/Library/Frameworks -module-cache-path /Users/admin/builder/spi-builder-workspace/.derivedData/Build/Intermediates.noindex/SwiftExplicitPrecompiledModules -no-color-diagnostics -Xcc -fno-color-diagnostics -enable-testing -g -debug-info-format\=dwarf -dwarf-version\=4 -profile-generate -profile-coverage-mapping -swift-version 6 -Onone -D SWIFT_PACKAGE -D DEBUG -D SWIFT_MODULE_RESOURCE_BUNDLE_AVAILABLE -D Xcode -serialize-debugging-options -enable-experimental-feature DebugDescriptionMacro -empty-abi-descriptor -validate-clang-modules-once -clang-build-session-file /Users/admin/builder/spi-builder-workspace/.derivedData/ModuleCache.noindex/Session.modulevalidation -Xcc -working-directory -Xcc /Users/admin/builder/spi-builder-workspace/.swiftpm/xcode -enable-anonymous-context-mangled-names -file-compilation-dir /Users/admin/builder/spi-builder-workspace/.swiftpm/xcode -Xcc -D_LIBCPP_HARDENING_MODE\=_LIBCPP_HARDENING_MODE_DEBUG -Xcc -ivfsstatcache -Xcc /Users/admin/builder/spi-builder-workspace/.derivedData/SDKStatCaches.noindex/watchos27.0-24R360-e829b21a6f8c9b70876ba0858053c04477534ef55a1706bf4c1112bbb242f0a2.sdkstatcache -Xcc -fmodules-prune-interval\=86400 -Xcc -fmodules-prune-after\=345600 -Xcc -I/Users/admin/builder/spi-builder-workspace/.derivedData/Build/Products/Debug-watchos/include -Xcc -I/Users/admin/builder/spi-builder-workspace/.derivedData/Build/Intermediates.noindex/AppStoreCatalog.build/Debug-watchos/AppStoreCatalog-t.build/DerivedSources-normal/arm64_32 -Xcc -I/Users/admin/builder/spi-builder-workspace/.derivedData/Build/Intermediates.noindex/AppStoreCatalog.build/Debug-watchos/AppStoreCatalog-t.build/DerivedSources/arm64_32 -Xcc -I/Users/admin/builder/spi-builder-workspace/.derivedData/Build/Intermediates.noindex/AppStoreCatalog.build/Debug-watchos/AppStoreCatalog-t.build/DerivedSources -Xcc -DSWIFT_PACKAGE -Xcc -DDEBUG\=1 -no-auto-bridging-header-chaining -module-name AppStoreCatalog -package-name spi_builder_workspace -const-gather-protocols-file /Users/admin/builder/spi-builder-workspace/.derivedData/Build/Intermediates.noindex/AppStoreCatalog.build/Debug-watchos/AppStoreCatalog-t.build/Objects-normal/arm64_32/AppStoreCatalog_const_extract_protocols.json -disable-clang-spi -clang-target arm64_32-apple-watchos27.0 -target-sdk-version 27.0 -target-sdk-name watchos27.0 -in-process-plugin-server-path /Applications/Xcode-27.0.0-Release.Candidate.app/Contents/Developer/Toolchains/XcodeDefault.xctoolchain/usr/lib/swift/host/libSwiftInProcPluginServer.dylib -emit-module-doc-path /Users/admin/builder/spi-builder-workspace/.derivedData/Build/Intermediates.noindex/AppStoreCatalog.build/Debug-watchos/AppStoreCatalog-t.build/Objects-normal/arm64_32/AppStoreCatalog.swiftdoc -emit-module-source-info-path /Users/admin/builder/spi-builder-workspace/.derivedData/Build/Intermediates.noindex/AppStoreCatalog.build/Debug-watchos/AppStoreCatalog-t.build/Objects-normal/arm64_32/AppStoreCatalog.swiftsourceinfo -emit-objc-header-path /Users/admin/builder/spi-builder-workspace/.derivedData/Build/Intermediates.noindex/AppStoreCatalog.build/Debug-watchos/AppStoreCatalog-t.build/Objects-normal/arm64_32/AppStoreCatalog-Swift.h -serialize-diagnostics-path /Users/admin/builder/spi-builder-workspace/.derivedData/Build/Intermediates.noindex/AppStoreCatalog.build/Debug-watchos/AppStoreCatalog-t.build/Objects-normal/arm64_32/AppStoreCatalog-primary-emit-module.dia -emit-dependencies-path /Users/admin/builder/spi-builder-workspace/.derivedData/Build/Intermediates.noindex/AppStoreCatalog.build/Debug-watchos/AppStoreCatalog-t.build/Objects-normal/arm64_32/AppStoreCatalog-primary-emit-module.d -parse-as-library -o /Users/admin/builder/spi-builder-workspace/.derivedData/Build/Intermediates.noindex/AppStoreCatalog.build/Debug-watchos/AppStoreCatalog-t.build/Objects-normal/arm64_32/AppStoreCatalog.swiftmodule -emit-abi-descriptor-path /Users/admin/builder/spi-builder-workspace/.derivedData/Build/Intermediates.noindex/AppStoreCatalog.build/Debug-watchos/AppStoreCatalog-t.build/Objects-normal/arm64_32/AppStoreCatalog.abi.json
SwiftCompile normal arm64_32 (in target 'AppStoreCatalog' from project 'AppStoreCatalog')
    cd /Users/admin/builder/spi-builder-workspace/.swiftpm/xcode

SwiftEmitModule normal arm64 Emitting\ module\ for\ AppStoreCatalog (in target 'AppStoreCatalog' from project 'AppStoreCatalog')
/Users/admin/builder/spi-builder-workspace/Sources/AppStoreCatalog/ProductGroupView.swift:11:37: error: 'systemBackground' is unavailable in watchOS
 9 |
10 | #if canImport(UIKit)
11 | let backgroundColor = Color(UIColor.systemBackground)
   |                                     `- error: 'systemBackground' is unavailable in watchOS
12 | #elseif canImport(AppKit)
13 | let backgroundColor = Color(NSColor.windowBackgroundColor)
/Applications/Xcode-27.0.0-Release.Candidate.app/Contents/Developer/Platforms/WatchOS.platform/Developer/SDKs/WatchOS27.0.sdk/System/Library/Frameworks/UIKit.framework/Headers/UIInterface.h:208:49: note: 'systemBackground' has been explicitly marked unavailable here
206 |  *    primary background in light mode.
207 |  */
208 | @property (class, nonatomic, readonly) UIColor *systemBackgroundColor                   API_AVAILABLE(ios(13.0)) API_UNAVAILABLE(tvos, watchos);
    |                                                 `- note: 'systemBackground' has been explicitly marked unavailable here
209 | @property (class, nonatomic, readonly) UIColor *secondarySystemBackgroundColor          API_AVAILABLE(ios(13.0)) API_UNAVAILABLE(tvos, watchos);
210 | @property (class, nonatomic, readonly) UIColor *tertiarySystemBackgroundColor           API_AVAILABLE(ios(13.0)) API_UNAVAILABLE(tvos, watchos);
/Users/admin/builder/spi-builder-workspace/Sources/AppStoreCatalog/StoreView.swift:12:36: error: 'UIViewController' is unavailable in watchOS
 10 |
 11 | #if canImport(UIKit)
 12 | typealias PlatformViewController = UIViewController
    |                                    `- error: 'UIViewController' is unavailable in watchOS
 13 | typealias PlatformViewControllerRepresentable = UIViewControllerRepresentable
 14 | #elseif canImport(AppKit)
/Applications/Xcode-27.0.0-Release.Candidate.app/Contents/Developer/Platforms/WatchOS.platform/Developer/SDKs/WatchOS27.0.sdk/System/Library/Frameworks/UIKit.framework/Headers/UIViewController.h:104:12: note: 'UIViewController' has been explicitly marked unavailable here
102 |
103 | UIKIT_EXTERN API_AVAILABLE(ios(2.0)) API_UNAVAILABLE(watchos) NS_SWIFT_UI_ACTOR
104 | @interface UIViewController : UIResponder <NSCoding, UIAppearanceContainer, UITraitEnvironment, UIContentContainer, UIFocusEnvironment>
    |            `- note: 'UIViewController' has been explicitly marked unavailable here
105 |
106 | /*
/Users/admin/builder/spi-builder-workspace/Sources/AppStoreCatalog/StoreView.swift:13:49: error: cannot find type 'UIViewControllerRepresentable' in scope
 11 | #if canImport(UIKit)
 12 | typealias PlatformViewController = UIViewController
 13 | typealias PlatformViewControllerRepresentable = UIViewControllerRepresentable
    |                                                 `- error: cannot find type 'UIViewControllerRepresentable' in scope
 14 | #elseif canImport(AppKit)
 15 | typealias PlatformViewController = NSViewController
/Users/admin/builder/spi-builder-workspace/Sources/AppStoreCatalog/StoreView.swift:26:40: error: cannot find type 'Context' in scope
 24 |
 25 | #if canImport(UIKit)
 26 |     func makeUIViewController(context: Context) -> StoreViewController {
    |                                        `- error: cannot find type 'Context' in scope
 27 |         return StoreViewController(productIdentifier: productIdentifier, coordinator: context.coordinator)
 28 |     }
/Users/admin/builder/spi-builder-workspace/Sources/AppStoreCatalog/StoreView.swift:30:83: error: cannot find type 'Context' in scope
 28 |     }
 29 |
 30 |     func updateUIViewController(_ uiViewController: StoreViewController, context: Context) {
    |                                                                                   `- error: cannot find type 'Context' in scope
 31 |     }
 32 | #elseif canImport(AppKit)
/Users/admin/builder/spi-builder-workspace/Sources/AppStoreCatalog/StoreView.swift:49:34: error: cannot find type 'SKStoreProductViewController' in scope
 47 |     private let productIdentifier: String
 48 |     private let coordinator: StoreViewCoordinator
 49 |     private var storeController: SKStoreProductViewController?
    |                                  `- error: cannot find type 'SKStoreProductViewController' in scope
 50 |
 51 |     init(productIdentifier: String, coordinator: StoreViewCoordinator) {
/Users/admin/builder/spi-builder-workspace/Sources/AppStoreCatalog/StoreView.swift:103:39: error: cannot find type 'SKStoreProductViewControllerDelegate' in scope
101 | typealias StorePresentationErrorHandler = ((SKError?) -> Void)
102 |
103 | class StoreViewCoordinator: NSObject, SKStoreProductViewControllerDelegate {
    |                                       `- error: cannot find type 'SKStoreProductViewControllerDelegate' in scope
104 |     private let storePresentationErrorHandler: StorePresentationErrorHandler
105 |
/Users/admin/builder/spi-builder-workspace/Sources/AppStoreCatalog/StoreView.swift:110:59: error: cannot find type 'SKStoreProductViewController' in scope
108 |     }
109 |
110 |     func productViewControllerDidFinish(_ viewController: SKStoreProductViewController) {
    |                                                           `- error: cannot find type 'SKStoreProductViewController' in scope
111 |         storePresentationErrorHandler(nil)
112 |     }
/Users/admin/builder/spi-builder-workspace/Sources/AppStoreCatalog/StoreView.swift:114:57: error: cannot find type 'SKStoreProductViewController' in scope
112 |     }
113 |
114 |     func productViewControllerDidFail(_ viewController: SKStoreProductViewController, error: SKError) {
    |                                                         `- error: cannot find type 'SKStoreProductViewController' in scope
115 |         storePresentationErrorHandler(error)
116 |     }
Failed frontend command:
/Applications/Xcode-27.0.0-Release.Candidate.app/Contents/Developer/Toolchains/XcodeDefault.xctoolchain/usr/bin/swift-frontend -frontend -emit-module -experimental-skip-non-inlinable-function-bodies-without-types /Users/admin/builder/spi-builder-workspace/.derivedData/Build/Intermediates.noindex/AppStoreCatalog.build/Debug-watchos/AppStoreCatalog-t.build/DerivedSources/resource_bundle_accessor.swift /Users/admin/builder/spi-builder-workspace/Sources/AppStoreCatalog/AppStoreCatalog.swift /Users/admin/builder/spi-builder-workspace/Sources/AppStoreCatalog/AppStoreCatalogView.swift /Users/admin/builder/spi-builder-workspace/Sources/AppStoreCatalog/ProductData.swift /Users/admin/builder/spi-builder-workspace/Sources/AppStoreCatalog/ProductGroupView.swift /Users/admin/builder/spi-builder-workspace/Sources/AppStoreCatalog/ProductView.swift /Users/admin/builder/spi-builder-workspace/Sources/AppStoreCatalog/StoreView.swift -target arm64-apple-watchos10.0 -module-can-import-version UIKit 9127.0.84.1 9127.0.84 -disable-cross-import-overlay-search -swift-module-cross-import StoreKit /Applications/Xcode-27.0.0-Release.Candidate.app/Contents/Developer/Platforms/WatchOS.platform/Developer/SDKs/WatchOS.sdk/System/Library/Frameworks/StoreKit.framework/Modules/StoreKit.swiftcrossimport/SwiftUI.swiftoverlay -swift-module-cross-import StoreKit /Applications/Xcode-27.0.0-Release.Candidate.app/Contents/Developer/Platforms/WatchOS.platform/Developer/SDKs/WatchOS27.0.sdk/System/Library/Frameworks/StoreKit.framework/Modules/StoreKit.swiftcrossimport/SwiftUI.swiftoverlay -load-resolved-plugin /Applications/Xcode-27.0.0-Release.Candidate.app/Contents/Developer/Platforms/WatchOS.platform/Developer/usr/lib/swift/host/plugins/libFoundationMacros.dylib\#/Applications/Xcode-27.0.0-Release.Candidate.app/Contents/Developer/Platforms/WatchOS.platform/Developer/usr/bin/swift-plugin-server\#FoundationMacros -load-resolved-plugin /Applications/Xcode-27.0.0-Release.Candidate.app/Contents/Developer/Platforms/WatchOS.platform/Developer/usr/lib/swift/host/plugins/libObservationMacros.dylib\#/Applications/Xcode-27.0.0-Release.Candidate.app/Contents/Developer/Platforms/WatchOS.platform/Developer/usr/bin/swift-plugin-server\#ObservationMacros -load-resolved-plugin /Applications/Xcode-27.0.0-Release.Candidate.app/Contents/Developer/Platforms/WatchOS.platform/Developer/usr/lib/swift/host/plugins/libPreviewsMacros.dylib\#/Applications/Xcode-27.0.0-Release.Candidate.app/Contents/Developer/Platforms/WatchOS.platform/Developer/usr/bin/swift-plugin-server\#PreviewsMacros -load-resolved-plugin /Applications/Xcode-27.0.0-Release.Candidate.app/Contents/Developer/Platforms/WatchOS.platform/Developer/usr/lib/swift/host/plugins/libSwiftMacros.dylib\#/Applications/Xcode-27.0.0-Release.Candidate.app/Contents/Developer/Platforms/WatchOS.platform/Developer/usr/bin/swift-plugin-server\#SwiftMacros -load-resolved-plugin /Applications/Xcode-27.0.0-Release.Candidate.app/Contents/Developer/Platforms/WatchOS.platform/Developer/usr/lib/swift/host/plugins/libSwiftUIMacros.dylib\#/Applications/Xcode-27.0.0-Release.Candidate.app/Contents/Developer/Platforms/WatchOS.platform/Developer/usr/bin/swift-plugin-server\#SwiftUIMacros -disable-implicit-swift-modules -Xcc -fno-implicit-modules -Xcc -fno-implicit-module-maps -explicit-swift-module-map-file /Users/admin/builder/spi-builder-workspace/.derivedData/Build/Intermediates.noindex/AppStoreCatalog.build/Debug-watchos/AppStoreCatalog-t.build/Objects-normal/arm64/AppStoreCatalog-dependencies-1.json -Xllvm -aarch64-use-tbi -enable-objc-interop -stack-check -sdk /Applications/Xcode-27.0.0-Release.Candidate.app/Contents/Developer/Platforms/WatchOS.platform/Developer/SDKs/WatchOS27.0.sdk -I /Users/admin/builder/spi-builder-workspace/.derivedData/Build/Products/Debug-watchos -Isystem /Applications/Xcode-27.0.0-Release.Candidate.app/Contents/Developer/Platforms/WatchOS.platform/Developer/usr/lib -F /Users/admin/builder/spi-builder-workspace/.derivedData/Build/Products/Debug-watchos -F /Applications/Xcode-27.0.0-Release.Candidate.app/Contents/Developer/Platforms/WatchOS.platform/Developer/Library/Frameworks -F /Applications/Xcode-27.0.0-Release.Candidate.app/Contents/Developer/Platforms/WatchOS.platform/Developer/SDKs/WatchOS27.0.sdk/Developer/Library/Frameworks -module-cache-path /Users/admin/builder/spi-builder-workspace/.derivedData/Build/Intermediates.noindex/SwiftExplicitPrecompiledModules -no-color-diagnostics -Xcc -fno-color-diagnostics -enable-testing -g -debug-info-format\=dwarf -dwarf-version\=4 -profile-generate -profile-coverage-mapping -swift-version 6 -Onone -D SWIFT_PACKAGE -D DEBUG -D SWIFT_MODULE_RESOURCE_BUNDLE_AVAILABLE -D Xcode -serialize-debugging-options -enable-experimental-feature DebugDescriptionMacro -empty-abi-descriptor -validate-clang-modules-once -clang-build-session-file /Users/admin/builder/spi-builder-workspace/.derivedData/ModuleCache.noindex/Session.modulevalidation -Xcc -working-directory -Xcc /Users/admin/builder/spi-builder-workspace/.swiftpm/xcode -enable-anonymous-context-mangled-names -file-compilation-dir /Users/admin/builder/spi-builder-workspace/.swiftpm/xcode -Xcc -D_LIBCPP_HARDENING_MODE\=_LIBCPP_HARDENING_MODE_DEBUG -Xcc -ivfsstatcache -Xcc /Users/admin/builder/spi-builder-workspace/.derivedData/SDKStatCaches.noindex/watchos27.0-24R360-e829b21a6f8c9b70876ba0858053c04477534ef55a1706bf4c1112bbb242f0a2.sdkstatcache -Xcc -fmodules-prune-interval\=86400 -Xcc -fmodules-prune-after\=345600 -Xcc -I/Users/admin/builder/spi-builder-workspace/.derivedData/Build/Products/Debug-watchos/include -Xcc -I/Users/admin/builder/spi-builder-workspace/.derivedData/Build/Intermediates.noindex/AppStoreCatalog.build/Debug-watchos/AppStoreCatalog-t.build/DerivedSources-normal/arm64 -Xcc -I/Users/admin/builder/spi-builder-workspace/.derivedData/Build/Intermediates.noindex/AppStoreCatalog.build/Debug-watchos/AppStoreCatalog-t.build/DerivedSources/arm64 -Xcc -I/Users/admin/builder/spi-builder-workspace/.derivedData/Build/Intermediates.noindex/AppStoreCatalog.build/Debug-watchos/AppStoreCatalog-t.build/DerivedSources -Xcc -DSWIFT_PACKAGE -Xcc -DDEBUG\=1 -no-auto-bridging-header-chaining -module-name AppStoreCatalog -package-name spi_builder_workspace -const-gather-protocols-file /Users/admin/builder/spi-builder-workspace/.derivedData/Build/Intermediates.noindex/AppStoreCatalog.build/Debug-watchos/AppStoreCatalog-t.build/Objects-normal/arm64/AppStoreCatalog_const_extract_protocols.json -disable-clang-spi -clang-target arm64-apple-watchos27.0 -target-sdk-version 27.0 -target-sdk-name watchos27.0 -in-process-plugin-server-path /Applications/Xcode-27.0.0-Release.Candidate.app/Contents/Developer/Toolchains/XcodeDefault.xctoolchain/usr/lib/swift/host/libSwiftInProcPluginServer.dylib -emit-module-doc-path /Users/admin/builder/spi-builder-workspace/.derivedData/Build/Intermediates.noindex/AppStoreCatalog.build/Debug-watchos/AppStoreCatalog-t.build/Objects-normal/arm64/AppStoreCatalog.swiftdoc -emit-module-source-info-path /Users/admin/builder/spi-builder-workspace/.derivedData/Build/Intermediates.noindex/AppStoreCatalog.build/Debug-watchos/AppStoreCatalog-t.build/Objects-normal/arm64/AppStoreCatalog.swiftsourceinfo -emit-objc-header-path /Users/admin/builder/spi-builder-workspace/.derivedData/Build/Intermediates.noindex/AppStoreCatalog.build/Debug-watchos/AppStoreCatalog-t.build/Objects-normal/arm64/AppStoreCatalog-Swift.h -serialize-diagnostics-path /Users/admin/builder/spi-builder-workspace/.derivedData/Build/Intermediates.noindex/AppStoreCatalog.build/Debug-watchos/AppStoreCatalog-t.build/Objects-normal/arm64/AppStoreCatalog-primary-emit-module.dia -emit-dependencies-path /Users/admin/builder/spi-builder-workspace/.derivedData/Build/Intermediates.noindex/AppStoreCatalog.build/Debug-watchos/AppStoreCatalog-t.build/Objects-normal/arm64/AppStoreCatalog-primary-emit-module.d -parse-as-library -o /Users/admin/builder/spi-builder-workspace/.derivedData/Build/Intermediates.noindex/AppStoreCatalog.build/Debug-watchos/AppStoreCatalog-t.build/Objects-normal/arm64/AppStoreCatalog.swiftmodule -emit-abi-descriptor-path /Users/admin/builder/spi-builder-workspace/.derivedData/Build/Intermediates.noindex/AppStoreCatalog.build/Debug-watchos/AppStoreCatalog-t.build/Objects-normal/arm64/AppStoreCatalog.abi.json
SwiftCompile normal arm64 (in target 'AppStoreCatalog' from project 'AppStoreCatalog')
    cd /Users/admin/builder/spi-builder-workspace/.swiftpm/xcode

SwiftCompile normal arm64_32 Compiling\ AppStoreCatalog.swift /Users/admin/builder/spi-builder-workspace/Sources/AppStoreCatalog/AppStoreCatalog.swift (in target 'AppStoreCatalog' from project 'AppStoreCatalog')
SwiftCompile normal arm64_32 /Users/admin/builder/spi-builder-workspace/Sources/AppStoreCatalog/AppStoreCatalog.swift (in target 'AppStoreCatalog' from project 'AppStoreCatalog')
    cd /Users/admin/builder/spi-builder-workspace/.swiftpm/xcode
    builtin-SwiftPerFileCompile AppStoreCatalog.swift
SwiftCompile normal arm64_32 Compiling\ resource_bundle_accessor.swift /Users/admin/builder/spi-builder-workspace/.derivedData/Build/Intermediates.noindex/AppStoreCatalog.build/Debug-watchos/AppStoreCatalog-t.build/DerivedSources/resource_bundle_accessor.swift (in target 'AppStoreCatalog' from project 'AppStoreCatalog')
SwiftCompile normal arm64_32 /Users/admin/builder/spi-builder-workspace/.derivedData/Build/Intermediates.noindex/AppStoreCatalog.build/Debug-watchos/AppStoreCatalog-t.build/DerivedSources/resource_bundle_accessor.swift (in target 'AppStoreCatalog' from project 'AppStoreCatalog')
    cd /Users/admin/builder/spi-builder-workspace/.swiftpm/xcode
    builtin-SwiftPerFileCompile resource_bundle_accessor.swift
SwiftCompile normal arm64 Compiling\ ProductGroupView.swift /Users/admin/builder/spi-builder-workspace/Sources/AppStoreCatalog/ProductGroupView.swift (in target 'AppStoreCatalog' from project 'AppStoreCatalog')
/Users/admin/builder/spi-builder-workspace/Sources/AppStoreCatalog/ProductGroupView.swift:11:37: error: 'systemBackground' is unavailable in watchOS
 9 |
10 | #if canImport(UIKit)
11 | let backgroundColor = Color(UIColor.systemBackground)
   |                                     `- error: 'systemBackground' is unavailable in watchOS
12 | #elseif canImport(AppKit)
13 | let backgroundColor = Color(NSColor.windowBackgroundColor)
/Applications/Xcode-27.0.0-Release.Candidate.app/Contents/Developer/Platforms/WatchOS.platform/Developer/SDKs/WatchOS27.0.sdk/System/Library/Frameworks/UIKit.framework/Headers/UIInterface.h:208:49: note: 'systemBackground' has been explicitly marked unavailable here
206 |  *    primary background in light mode.
207 |  */
208 | @property (class, nonatomic, readonly) UIColor *systemBackgroundColor                   API_AVAILABLE(ios(13.0)) API_UNAVAILABLE(tvos, watchos);
    |                                                 `- note: 'systemBackground' has been explicitly marked unavailable here
209 | @property (class, nonatomic, readonly) UIColor *secondarySystemBackgroundColor          API_AVAILABLE(ios(13.0)) API_UNAVAILABLE(tvos, watchos);
210 | @property (class, nonatomic, readonly) UIColor *tertiarySystemBackgroundColor           API_AVAILABLE(ios(13.0)) API_UNAVAILABLE(tvos, watchos);
/Users/admin/builder/spi-builder-workspace/Sources/AppStoreCatalog/ProductGroupView.swift:20:9: error: 'GroupBox' is unavailable in watchOS
18 |
19 |     var body: some View {
20 |         GroupBox {
   |         `- error: 'GroupBox' is unavailable in watchOS
21 |             Text(group.title)
22 |                 .font(.title)
SwiftUI.GroupBox:4:27: note: 'GroupBox' has been explicitly marked unavailable here
 2 | @available(tvOS, unavailable)
 3 | @available(watchOS, unavailable)
 4 | nonisolated public struct GroupBox<Label, Content> : View, ~Sendable where Label : View, Content : View {
   |                           `- note: 'GroupBox' has been explicitly marked unavailable here
 5 |     @available(iOS 14.0, macOS 10.15, *)
 6 |     @available(tvOS, unavailable)
SwiftCompile normal arm64 /Users/admin/builder/spi-builder-workspace/Sources/AppStoreCatalog/ProductGroupView.swift (in target 'AppStoreCatalog' from project 'AppStoreCatalog')
    cd /Users/admin/builder/spi-builder-workspace/.swiftpm/xcode
    builtin-SwiftPerFileCompile ProductGroupView.swift
SwiftCompile normal arm64_32 Compiling\ AppStoreCatalogView.swift /Users/admin/builder/spi-builder-workspace/Sources/AppStoreCatalog/AppStoreCatalogView.swift (in target 'AppStoreCatalog' from project 'AppStoreCatalog')
SwiftCompile normal arm64_32 /Users/admin/builder/spi-builder-workspace/Sources/AppStoreCatalog/AppStoreCatalogView.swift (in target 'AppStoreCatalog' from project 'AppStoreCatalog')
    cd /Users/admin/builder/spi-builder-workspace/.swiftpm/xcode
    builtin-SwiftPerFileCompile AppStoreCatalogView.swift
SwiftCompile normal arm64_32 Compiling\ ProductData.swift /Users/admin/builder/spi-builder-workspace/Sources/AppStoreCatalog/ProductData.swift (in target 'AppStoreCatalog' from project 'AppStoreCatalog')
SwiftCompile normal arm64_32 /Users/admin/builder/spi-builder-workspace/Sources/AppStoreCatalog/ProductData.swift (in target 'AppStoreCatalog' from project 'AppStoreCatalog')
    cd /Users/admin/builder/spi-builder-workspace/.swiftpm/xcode
    builtin-SwiftPerFileCompile ProductData.swift
PruneExplicitPrecompiledModules /Users/admin/builder/spi-builder-workspace/.derivedData/SDKExplicitPrecompiledModules
PruneExplicitPrecompiledModules /Users/admin/builder/spi-builder-workspace/.derivedData/Build/Intermediates.noindex/SwiftExplicitPrecompiledModules
PruneExplicitPrecompiledModules /Users/admin/builder/spi-builder-workspace/.derivedData/Build/Intermediates.noindex/ExplicitPrecompiledModules
2026-09-22 15:38:29.910 xcodebuild[830:4816] [MT] IDERunDestination: Supported platforms for the buildables in the current scheme is empty.
** BUILD FAILED **
The following build commands failed:
	SwiftEmitModule normal arm64_32 Emitting\ module\ for\ AppStoreCatalog (in target 'AppStoreCatalog' from project 'AppStoreCatalog')
	SwiftCompile normal arm64_32 (in target 'AppStoreCatalog' from project 'AppStoreCatalog')
	SwiftEmitModule normal arm64 Emitting\ module\ for\ AppStoreCatalog (in target 'AppStoreCatalog' from project 'AppStoreCatalog')
	SwiftCompile normal arm64 (in target 'AppStoreCatalog' from project 'AppStoreCatalog')
	Building workspace AppStoreCatalog with scheme AppStoreCatalog
(5 failures)
BUILD FAILURE 6.4 watchOS