Build Information
Failed to build SwiftyWasmer, reference 0.5.0 (3c28ff
), with Swift 6.0 for watchOS using Xcode 16.0 on 2 Nov 2024 11:31:15 UTC.
Build Command
env DEVELOPER_DIR=/Applications/Xcode-16.1.0.app xcrun xcodebuild -IDEClonedSourcePackagesDirPathOverride=$PWD/.dependencies -skipMacroValidation -skipPackagePluginValidation -derivedDataPath $PWD/.derivedData build -scheme SwiftyWasmer-Package -destination generic/platform=watchOS OTHER_SWIFT_FLAGS=-stats-output-dir .stats -strict-concurrency=complete
Build Log
/Applications/Xcode-16.1.0.app/Contents/Developer/Toolchains/XcodeDefault.xctoolchain/usr/bin/swift-frontend -c /Users/admin/builder/spi-builder-workspace/Sources/Wasmer/CExtensions/ByteArrayExt.swift /Users/admin/builder/spi-builder-workspace/Sources/Wasmer/CExtensions/ExportFuncPtr.swift /Users/admin/builder/spi-builder-workspace/Sources/Wasmer/CExtensions/ExportPtr.swift /Users/admin/builder/spi-builder-workspace/Sources/Wasmer/CExtensions/ExportsPtr.swift -primary-file /Users/admin/builder/spi-builder-workspace/Sources/Wasmer/CExtensions/GlobalPtr.swift -primary-file /Users/admin/builder/spi-builder-workspace/Sources/Wasmer/CExtensions/ImportObjectIterPtr.swift -primary-file /Users/admin/builder/spi-builder-workspace/Sources/Wasmer/CExtensions/ImportObjectPtr.swift -primary-file /Users/admin/builder/spi-builder-workspace/Sources/Wasmer/CExtensions/InstanceContextPtr.swift /Users/admin/builder/spi-builder-workspace/Sources/Wasmer/CExtensions/InstancePtr.swift /Users/admin/builder/spi-builder-workspace/Sources/Wasmer/CExtensions/MemoryPtr.swift /Users/admin/builder/spi-builder-workspace/Sources/Wasmer/CExtensions/ModulePtr.swift /Users/admin/builder/spi-builder-workspace/Sources/Wasmer/CExtensions/SerializedModulePtr.swift /Users/admin/builder/spi-builder-workspace/Sources/Wasmer/ReExports.swift /Users/admin/builder/spi-builder-workspace/Sources/Wasmer/Utilities/CAPIUtilities.swift /Users/admin/builder/spi-builder-workspace/Sources/Wasmer/Wasmer/Wasmer.swift /Users/admin/builder/spi-builder-workspace/Sources/Wasmer/Wasmer/WasmerError.swift /Users/admin/builder/spi-builder-workspace/Sources/Wasmer/Wasmer/WasmerFFIFix.swift /Users/admin/builder/spi-builder-workspace/Sources/Wasmer/Wasmer/WasmerImportExportKind.swift /Users/admin/builder/spi-builder-workspace/Sources/Wasmer/WebAssembly/Export.swift /Users/admin/builder/spi-builder-workspace/Sources/Wasmer/WebAssembly/Exports.swift /Users/admin/builder/spi-builder-workspace/Sources/Wasmer/WebAssembly/Global.swift /Users/admin/builder/spi-builder-workspace/Sources/Wasmer/WebAssembly/ImportObject.swift /Users/admin/builder/spi-builder-workspace/Sources/Wasmer/WebAssembly/Instance.swift /Users/admin/builder/spi-builder-workspace/Sources/Wasmer/WebAssembly/Memory.swift /Users/admin/builder/spi-builder-workspace/Sources/Wasmer/WebAssembly/Module.swift /Users/admin/builder/spi-builder-workspace/Sources/Wasmer/WebAssembly/Validate.swift /Users/admin/builder/spi-builder-workspace/Sources/Wasmer/WebAssembly/Value.swift /Users/admin/builder/spi-builder-workspace/Sources/Wasmer/WebAssembly/ValueType.swift /Users/admin/builder/spi-builder-workspace/Sources/Wasmer/WebAssembly/WASI.swift /Users/admin/builder/spi-builder-workspace/Sources/Wasmer/WebAssembly/WebAssembly.swift /Users/admin/builder/spi-builder-workspace/Sources/Wasmer/WebAssemblyWasmer/ExportWasmer.swift /Users/admin/builder/spi-builder-workspace/Sources/Wasmer/WebAssemblyWasmer/ValueTypeWasmer.swift /Users/admin/builder/spi-builder-workspace/Sources/Wasmer/WebAssemblyWasmer/ValueWasmer.swift /Users/admin/builder/spi-builder-workspace/Sources/Wasmer/WebAssemblyWasmer/WasmerImportsHolder.swift -supplementary-output-file-map /Users/admin/builder/spi-builder-workspace/.derivedData/Build/Intermediates.noindex/SwiftyWasmer.build/Debug-watchos/Wasmer.build/Objects-normal/armv7k/supplementaryOutputs-4 -target armv7k-apple-watchos5.0 -enable-objc-interop -sdk /Applications/Xcode-16.1.0.app/Contents/Developer/Platforms/WatchOS.platform/Developer/SDKs/WatchOS11.1.sdk -I /Users/admin/builder/spi-builder-workspace/.derivedData/Build/Products/Debug-watchos -I /Applications/Xcode-16.1.0.app/Contents/Developer/Platforms/WatchOS.platform/Developer/usr/lib -F /Users/admin/builder/spi-builder-workspace/.derivedData/Build/Products/Debug-watchos -F /Applications/Xcode-16.1.0.app/Contents/Developer/Platforms/WatchOS.platform/Developer/Library/Frameworks -F /Applications/Xcode-16.1.0.app/Contents/Developer/Platforms/WatchOS.platform/Developer/SDKs/WatchOS11.1.sdk/Developer/Library/Frameworks -no-color-diagnostics -enable-testing -g -debug-info-format\=dwarf -dwarf-version\=4 -module-cache-path /Users/admin/builder/spi-builder-workspace/.derivedData/ModuleCache.noindex -swift-version 5 -enforce-exclusivity\=checked -stats-output-dir /Users/admin/builder/spi-builder-workspace/.swiftpm/xcode/.stats -Onone -D SWIFT_PACKAGE -D DEBUG -serialize-debugging-options -const-gather-protocols-file /Users/admin/builder/spi-builder-workspace/.derivedData/Build/Intermediates.noindex/SwiftyWasmer.build/Debug-watchos/Wasmer.build/Objects-normal/armv7k/Wasmer_const_extract_protocols.json -enable-experimental-feature DebugDescriptionMacro -enable-experimental-feature OpaqueTypeErasure -strict-concurrency\=complete -empty-abi-descriptor -plugin-path /Applications/Xcode-16.1.0.app/Contents/Developer/Toolchains/XcodeDefault.xctoolchain/usr/lib/swift/host/plugins/testing -validate-clang-modules-once -clang-build-session-file /Users/admin/builder/spi-builder-workspace/.derivedData/ModuleCache.noindex/Session.modulevalidation -Xcc -working-directory -Xcc /Users/admin/builder/spi-builder-workspace/.swiftpm/xcode -resource-dir /Applications/Xcode-16.1.0.app/Contents/Developer/Toolchains/XcodeDefault.xctoolchain/usr/lib/swift -enable-anonymous-context-mangled-names -file-compilation-dir /Users/admin/builder/spi-builder-workspace/.swiftpm/xcode -Xcc -fmodule-map-file\=/Users/admin/builder/spi-builder-workspace/Sources/CWasmer/module.modulemap -Xcc -D_LIBCPP_HARDENING_MODE\=_LIBCPP_HARDENING_MODE_DEBUG -Xcc -ivfsstatcache -Xcc /Users/admin/builder/spi-builder-workspace/.derivedData/SDKStatCaches.noindex/watchos11.1-22R574-7b9df0bda16bb4641b33636c68f04660.sdkstatcache -Xcc -I/Users/admin/builder/spi-builder-workspace/.derivedData/Build/Intermediates.noindex/SwiftyWasmer.build/Debug-watchos/Wasmer.build/swift-overrides.hmap -Xcc -I/Users/admin/builder/spi-builder-workspace/.derivedData/Build/Products/Debug-watchos/include -Xcc -I/Users/admin/builder/spi-builder-workspace/.derivedData/Build/Intermediates.noindex/SwiftyWasmer.build/Debug-watchos/Wasmer.build/DerivedSources-normal/armv7k -Xcc -I/Users/admin/builder/spi-builder-workspace/.derivedData/Build/Intermediates.noindex/SwiftyWasmer.build/Debug-watchos/Wasmer.build/DerivedSources/armv7k -Xcc -I/Users/admin/builder/spi-builder-workspace/.derivedData/Build/Intermediates.noindex/SwiftyWasmer.build/Debug-watchos/Wasmer.build/DerivedSources -Xcc -DSWIFT_PACKAGE -Xcc -DDEBUG\=1 -module-name Wasmer -frontend-parseable-output -disable-clang-spi -target-sdk-version 11.1 -target-sdk-name watchos11.1 -external-plugin-path /Applications/Xcode-16.1.0.app/Contents/Developer/Platforms/WatchOS.platform/Developer/usr/lib/swift/host/plugins\#/Applications/Xcode-16.1.0.app/Contents/Developer/Platforms/WatchOS.platform/Developer/usr/bin/swift-plugin-server -external-plugin-path /Applications/Xcode-16.1.0.app/Contents/Developer/Platforms/WatchOS.platform/Developer/usr/local/lib/swift/host/plugins\#/Applications/Xcode-16.1.0.app/Contents/Developer/Platforms/WatchOS.platform/Developer/usr/bin/swift-plugin-server -plugin-path /Applications/Xcode-16.1.0.app/Contents/Developer/Toolchains/XcodeDefault.xctoolchain/usr/lib/swift/host/plugins -plugin-path /Applications/Xcode-16.1.0.app/Contents/Developer/Toolchains/XcodeDefault.xctoolchain/usr/local/lib/swift/host/plugins -o /Users/admin/builder/spi-builder-workspace/.derivedData/Build/Intermediates.noindex/SwiftyWasmer.build/Debug-watchos/Wasmer.build/Objects-normal/armv7k/GlobalPtr.o -o /Users/admin/builder/spi-builder-workspace/.derivedData/Build/Intermediates.noindex/SwiftyWasmer.build/Debug-watchos/Wasmer.build/Objects-normal/armv7k/ImportObjectIterPtr.o -o /Users/admin/builder/spi-builder-workspace/.derivedData/Build/Intermediates.noindex/SwiftyWasmer.build/Debug-watchos/Wasmer.build/Objects-normal/armv7k/ImportObjectPtr.o -o /Users/admin/builder/spi-builder-workspace/.derivedData/Build/Intermediates.noindex/SwiftyWasmer.build/Debug-watchos/Wasmer.build/Objects-normal/armv7k/InstanceContextPtr.o -index-unit-output-path /SwiftyWasmer.build/Debug-watchos/Wasmer.build/Objects-normal/armv7k/GlobalPtr.o -index-unit-output-path /SwiftyWasmer.build/Debug-watchos/Wasmer.build/Objects-normal/armv7k/ImportObjectIterPtr.o -index-unit-output-path /SwiftyWasmer.build/Debug-watchos/Wasmer.build/Objects-normal/armv7k/ImportObjectPtr.o -index-unit-output-path /SwiftyWasmer.build/Debug-watchos/Wasmer.build/Objects-normal/armv7k/InstanceContextPtr.o -index-store-path /Users/admin/builder/spi-builder-workspace/.derivedData/Index.noindex/DataStore -index-system-modules
SwiftCompile normal armv7k /Users/admin/builder/spi-builder-workspace/Sources/Wasmer/CExtensions/ImportObjectPtr.swift (in target 'Wasmer' from project 'SwiftyWasmer')
cd /Users/admin/builder/spi-builder-workspace/.swiftpm/xcode
/Applications/Xcode-16.1.0.app/Contents/Developer/Toolchains/XcodeDefault.xctoolchain/usr/bin/swift-frontend -c /Users/admin/builder/spi-builder-workspace/Sources/Wasmer/CExtensions/ByteArrayExt.swift /Users/admin/builder/spi-builder-workspace/Sources/Wasmer/CExtensions/ExportFuncPtr.swift /Users/admin/builder/spi-builder-workspace/Sources/Wasmer/CExtensions/ExportPtr.swift /Users/admin/builder/spi-builder-workspace/Sources/Wasmer/CExtensions/ExportsPtr.swift -primary-file /Users/admin/builder/spi-builder-workspace/Sources/Wasmer/CExtensions/GlobalPtr.swift -primary-file /Users/admin/builder/spi-builder-workspace/Sources/Wasmer/CExtensions/ImportObjectIterPtr.swift -primary-file /Users/admin/builder/spi-builder-workspace/Sources/Wasmer/CExtensions/ImportObjectPtr.swift -primary-file /Users/admin/builder/spi-builder-workspace/Sources/Wasmer/CExtensions/InstanceContextPtr.swift /Users/admin/builder/spi-builder-workspace/Sources/Wasmer/CExtensions/InstancePtr.swift /Users/admin/builder/spi-builder-workspace/Sources/Wasmer/CExtensions/MemoryPtr.swift /Users/admin/builder/spi-builder-workspace/Sources/Wasmer/CExtensions/ModulePtr.swift /Users/admin/builder/spi-builder-workspace/Sources/Wasmer/CExtensions/SerializedModulePtr.swift /Users/admin/builder/spi-builder-workspace/Sources/Wasmer/ReExports.swift /Users/admin/builder/spi-builder-workspace/Sources/Wasmer/Utilities/CAPIUtilities.swift /Users/admin/builder/spi-builder-workspace/Sources/Wasmer/Wasmer/Wasmer.swift /Users/admin/builder/spi-builder-workspace/Sources/Wasmer/Wasmer/WasmerError.swift /Users/admin/builder/spi-builder-workspace/Sources/Wasmer/Wasmer/WasmerFFIFix.swift /Users/admin/builder/spi-builder-workspace/Sources/Wasmer/Wasmer/WasmerImportExportKind.swift /Users/admin/builder/spi-builder-workspace/Sources/Wasmer/WebAssembly/Export.swift /Users/admin/builder/spi-builder-workspace/Sources/Wasmer/WebAssembly/Exports.swift /Users/admin/builder/spi-builder-workspace/Sources/Wasmer/WebAssembly/Global.swift /Users/admin/builder/spi-builder-workspace/Sources/Wasmer/WebAssembly/ImportObject.swift /Users/admin/builder/spi-builder-workspace/Sources/Wasmer/WebAssembly/Instance.swift /Users/admin/builder/spi-builder-workspace/Sources/Wasmer/WebAssembly/Memory.swift /Users/admin/builder/spi-builder-workspace/Sources/Wasmer/WebAssembly/Module.swift /Users/admin/builder/spi-builder-workspace/Sources/Wasmer/WebAssembly/Validate.swift /Users/admin/builder/spi-builder-workspace/Sources/Wasmer/WebAssembly/Value.swift /Users/admin/builder/spi-builder-workspace/Sources/Wasmer/WebAssembly/ValueType.swift /Users/admin/builder/spi-builder-workspace/Sources/Wasmer/WebAssembly/WASI.swift /Users/admin/builder/spi-builder-workspace/Sources/Wasmer/WebAssembly/WebAssembly.swift /Users/admin/builder/spi-builder-workspace/Sources/Wasmer/WebAssemblyWasmer/ExportWasmer.swift /Users/admin/builder/spi-builder-workspace/Sources/Wasmer/WebAssemblyWasmer/ValueTypeWasmer.swift /Users/admin/builder/spi-builder-workspace/Sources/Wasmer/WebAssemblyWasmer/ValueWasmer.swift /Users/admin/builder/spi-builder-workspace/Sources/Wasmer/WebAssemblyWasmer/WasmerImportsHolder.swift -supplementary-output-file-map /Users/admin/builder/spi-builder-workspace/.derivedData/Build/Intermediates.noindex/SwiftyWasmer.build/Debug-watchos/Wasmer.build/Objects-normal/armv7k/supplementaryOutputs-4 -target armv7k-apple-watchos5.0 -enable-objc-interop -sdk /Applications/Xcode-16.1.0.app/Contents/Developer/Platforms/WatchOS.platform/Developer/SDKs/WatchOS11.1.sdk -I /Users/admin/builder/spi-builder-workspace/.derivedData/Build/Products/Debug-watchos -I /Applications/Xcode-16.1.0.app/Contents/Developer/Platforms/WatchOS.platform/Developer/usr/lib -F /Users/admin/builder/spi-builder-workspace/.derivedData/Build/Products/Debug-watchos -F /Applications/Xcode-16.1.0.app/Contents/Developer/Platforms/WatchOS.platform/Developer/Library/Frameworks -F /Applications/Xcode-16.1.0.app/Contents/Developer/Platforms/WatchOS.platform/Developer/SDKs/WatchOS11.1.sdk/Developer/Library/Frameworks -no-color-diagnostics -enable-testing -g -debug-info-format\=dwarf -dwarf-version\=4 -module-cache-path /Users/admin/builder/spi-builder-workspace/.derivedData/ModuleCache.noindex -swift-version 5 -enforce-exclusivity\=checked -stats-output-dir /Users/admin/builder/spi-builder-workspace/.swiftpm/xcode/.stats -Onone -D SWIFT_PACKAGE -D DEBUG -serialize-debugging-options -const-gather-protocols-file /Users/admin/builder/spi-builder-workspace/.derivedData/Build/Intermediates.noindex/SwiftyWasmer.build/Debug-watchos/Wasmer.build/Objects-normal/armv7k/Wasmer_const_extract_protocols.json -enable-experimental-feature DebugDescriptionMacro -enable-experimental-feature OpaqueTypeErasure -strict-concurrency\=complete -empty-abi-descriptor -plugin-path /Applications/Xcode-16.1.0.app/Contents/Developer/Toolchains/XcodeDefault.xctoolchain/usr/lib/swift/host/plugins/testing -validate-clang-modules-once -clang-build-session-file /Users/admin/builder/spi-builder-workspace/.derivedData/ModuleCache.noindex/Session.modulevalidation -Xcc -working-directory -Xcc /Users/admin/builder/spi-builder-workspace/.swiftpm/xcode -resource-dir /Applications/Xcode-16.1.0.app/Contents/Developer/Toolchains/XcodeDefault.xctoolchain/usr/lib/swift -enable-anonymous-context-mangled-names -file-compilation-dir /Users/admin/builder/spi-builder-workspace/.swiftpm/xcode -Xcc -fmodule-map-file\=/Users/admin/builder/spi-builder-workspace/Sources/CWasmer/module.modulemap -Xcc -D_LIBCPP_HARDENING_MODE\=_LIBCPP_HARDENING_MODE_DEBUG -Xcc -ivfsstatcache -Xcc /Users/admin/builder/spi-builder-workspace/.derivedData/SDKStatCaches.noindex/watchos11.1-22R574-7b9df0bda16bb4641b33636c68f04660.sdkstatcache -Xcc -I/Users/admin/builder/spi-builder-workspace/.derivedData/Build/Intermediates.noindex/SwiftyWasmer.build/Debug-watchos/Wasmer.build/swift-overrides.hmap -Xcc -I/Users/admin/builder/spi-builder-workspace/.derivedData/Build/Products/Debug-watchos/include -Xcc -I/Users/admin/builder/spi-builder-workspace/.derivedData/Build/Intermediates.noindex/SwiftyWasmer.build/Debug-watchos/Wasmer.build/DerivedSources-normal/armv7k -Xcc -I/Users/admin/builder/spi-builder-workspace/.derivedData/Build/Intermediates.noindex/SwiftyWasmer.build/Debug-watchos/Wasmer.build/DerivedSources/armv7k -Xcc -I/Users/admin/builder/spi-builder-workspace/.derivedData/Build/Intermediates.noindex/SwiftyWasmer.build/Debug-watchos/Wasmer.build/DerivedSources -Xcc -DSWIFT_PACKAGE -Xcc -DDEBUG\=1 -module-name Wasmer -frontend-parseable-output -disable-clang-spi -target-sdk-version 11.1 -target-sdk-name watchos11.1 -external-plugin-path /Applications/Xcode-16.1.0.app/Contents/Developer/Platforms/WatchOS.platform/Developer/usr/lib/swift/host/plugins\#/Applications/Xcode-16.1.0.app/Contents/Developer/Platforms/WatchOS.platform/Developer/usr/bin/swift-plugin-server -external-plugin-path /Applications/Xcode-16.1.0.app/Contents/Developer/Platforms/WatchOS.platform/Developer/usr/local/lib/swift/host/plugins\#/Applications/Xcode-16.1.0.app/Contents/Developer/Platforms/WatchOS.platform/Developer/usr/bin/swift-plugin-server -plugin-path /Applications/Xcode-16.1.0.app/Contents/Developer/Toolchains/XcodeDefault.xctoolchain/usr/lib/swift/host/plugins -plugin-path /Applications/Xcode-16.1.0.app/Contents/Developer/Toolchains/XcodeDefault.xctoolchain/usr/local/lib/swift/host/plugins -o /Users/admin/builder/spi-builder-workspace/.derivedData/Build/Intermediates.noindex/SwiftyWasmer.build/Debug-watchos/Wasmer.build/Objects-normal/armv7k/GlobalPtr.o -o /Users/admin/builder/spi-builder-workspace/.derivedData/Build/Intermediates.noindex/SwiftyWasmer.build/Debug-watchos/Wasmer.build/Objects-normal/armv7k/ImportObjectIterPtr.o -o /Users/admin/builder/spi-builder-workspace/.derivedData/Build/Intermediates.noindex/SwiftyWasmer.build/Debug-watchos/Wasmer.build/Objects-normal/armv7k/ImportObjectPtr.o -o /Users/admin/builder/spi-builder-workspace/.derivedData/Build/Intermediates.noindex/SwiftyWasmer.build/Debug-watchos/Wasmer.build/Objects-normal/armv7k/InstanceContextPtr.o -index-unit-output-path /SwiftyWasmer.build/Debug-watchos/Wasmer.build/Objects-normal/armv7k/GlobalPtr.o -index-unit-output-path /SwiftyWasmer.build/Debug-watchos/Wasmer.build/Objects-normal/armv7k/ImportObjectIterPtr.o -index-unit-output-path /SwiftyWasmer.build/Debug-watchos/Wasmer.build/Objects-normal/armv7k/ImportObjectPtr.o -index-unit-output-path /SwiftyWasmer.build/Debug-watchos/Wasmer.build/Objects-normal/armv7k/InstanceContextPtr.o -index-store-path /Users/admin/builder/spi-builder-workspace/.derivedData/Index.noindex/DataStore -index-system-modules
SwiftCompile normal armv7k /Users/admin/builder/spi-builder-workspace/Sources/Wasmer/CExtensions/InstanceContextPtr.swift (in target 'Wasmer' from project 'SwiftyWasmer')
cd /Users/admin/builder/spi-builder-workspace/.swiftpm/xcode
/Applications/Xcode-16.1.0.app/Contents/Developer/Toolchains/XcodeDefault.xctoolchain/usr/bin/swift-frontend -c /Users/admin/builder/spi-builder-workspace/Sources/Wasmer/CExtensions/ByteArrayExt.swift /Users/admin/builder/spi-builder-workspace/Sources/Wasmer/CExtensions/ExportFuncPtr.swift /Users/admin/builder/spi-builder-workspace/Sources/Wasmer/CExtensions/ExportPtr.swift /Users/admin/builder/spi-builder-workspace/Sources/Wasmer/CExtensions/ExportsPtr.swift -primary-file /Users/admin/builder/spi-builder-workspace/Sources/Wasmer/CExtensions/GlobalPtr.swift -primary-file /Users/admin/builder/spi-builder-workspace/Sources/Wasmer/CExtensions/ImportObjectIterPtr.swift -primary-file /Users/admin/builder/spi-builder-workspace/Sources/Wasmer/CExtensions/ImportObjectPtr.swift -primary-file /Users/admin/builder/spi-builder-workspace/Sources/Wasmer/CExtensions/InstanceContextPtr.swift /Users/admin/builder/spi-builder-workspace/Sources/Wasmer/CExtensions/InstancePtr.swift /Users/admin/builder/spi-builder-workspace/Sources/Wasmer/CExtensions/MemoryPtr.swift /Users/admin/builder/spi-builder-workspace/Sources/Wasmer/CExtensions/ModulePtr.swift /Users/admin/builder/spi-builder-workspace/Sources/Wasmer/CExtensions/SerializedModulePtr.swift /Users/admin/builder/spi-builder-workspace/Sources/Wasmer/ReExports.swift /Users/admin/builder/spi-builder-workspace/Sources/Wasmer/Utilities/CAPIUtilities.swift /Users/admin/builder/spi-builder-workspace/Sources/Wasmer/Wasmer/Wasmer.swift /Users/admin/builder/spi-builder-workspace/Sources/Wasmer/Wasmer/WasmerError.swift /Users/admin/builder/spi-builder-workspace/Sources/Wasmer/Wasmer/WasmerFFIFix.swift /Users/admin/builder/spi-builder-workspace/Sources/Wasmer/Wasmer/WasmerImportExportKind.swift /Users/admin/builder/spi-builder-workspace/Sources/Wasmer/WebAssembly/Export.swift /Users/admin/builder/spi-builder-workspace/Sources/Wasmer/WebAssembly/Exports.swift /Users/admin/builder/spi-builder-workspace/Sources/Wasmer/WebAssembly/Global.swift /Users/admin/builder/spi-builder-workspace/Sources/Wasmer/WebAssembly/ImportObject.swift /Users/admin/builder/spi-builder-workspace/Sources/Wasmer/WebAssembly/Instance.swift /Users/admin/builder/spi-builder-workspace/Sources/Wasmer/WebAssembly/Memory.swift /Users/admin/builder/spi-builder-workspace/Sources/Wasmer/WebAssembly/Module.swift /Users/admin/builder/spi-builder-workspace/Sources/Wasmer/WebAssembly/Validate.swift /Users/admin/builder/spi-builder-workspace/Sources/Wasmer/WebAssembly/Value.swift /Users/admin/builder/spi-builder-workspace/Sources/Wasmer/WebAssembly/ValueType.swift /Users/admin/builder/spi-builder-workspace/Sources/Wasmer/WebAssembly/WASI.swift /Users/admin/builder/spi-builder-workspace/Sources/Wasmer/WebAssembly/WebAssembly.swift /Users/admin/builder/spi-builder-workspace/Sources/Wasmer/WebAssemblyWasmer/ExportWasmer.swift /Users/admin/builder/spi-builder-workspace/Sources/Wasmer/WebAssemblyWasmer/ValueTypeWasmer.swift /Users/admin/builder/spi-builder-workspace/Sources/Wasmer/WebAssemblyWasmer/ValueWasmer.swift /Users/admin/builder/spi-builder-workspace/Sources/Wasmer/WebAssemblyWasmer/WasmerImportsHolder.swift -supplementary-output-file-map /Users/admin/builder/spi-builder-workspace/.derivedData/Build/Intermediates.noindex/SwiftyWasmer.build/Debug-watchos/Wasmer.build/Objects-normal/armv7k/supplementaryOutputs-4 -target armv7k-apple-watchos5.0 -enable-objc-interop -sdk /Applications/Xcode-16.1.0.app/Contents/Developer/Platforms/WatchOS.platform/Developer/SDKs/WatchOS11.1.sdk -I /Users/admin/builder/spi-builder-workspace/.derivedData/Build/Products/Debug-watchos -I /Applications/Xcode-16.1.0.app/Contents/Developer/Platforms/WatchOS.platform/Developer/usr/lib -F /Users/admin/builder/spi-builder-workspace/.derivedData/Build/Products/Debug-watchos -F /Applications/Xcode-16.1.0.app/Contents/Developer/Platforms/WatchOS.platform/Developer/Library/Frameworks -F /Applications/Xcode-16.1.0.app/Contents/Developer/Platforms/WatchOS.platform/Developer/SDKs/WatchOS11.1.sdk/Developer/Library/Frameworks -no-color-diagnostics -enable-testing -g -debug-info-format\=dwarf -dwarf-version\=4 -module-cache-path /Users/admin/builder/spi-builder-workspace/.derivedData/ModuleCache.noindex -swift-version 5 -enforce-exclusivity\=checked -stats-output-dir /Users/admin/builder/spi-builder-workspace/.swiftpm/xcode/.stats -Onone -D SWIFT_PACKAGE -D DEBUG -serialize-debugging-options -const-gather-protocols-file /Users/admin/builder/spi-builder-workspace/.derivedData/Build/Intermediates.noindex/SwiftyWasmer.build/Debug-watchos/Wasmer.build/Objects-normal/armv7k/Wasmer_const_extract_protocols.json -enable-experimental-feature DebugDescriptionMacro -enable-experimental-feature OpaqueTypeErasure -strict-concurrency\=complete -empty-abi-descriptor -plugin-path /Applications/Xcode-16.1.0.app/Contents/Developer/Toolchains/XcodeDefault.xctoolchain/usr/lib/swift/host/plugins/testing -validate-clang-modules-once -clang-build-session-file /Users/admin/builder/spi-builder-workspace/.derivedData/ModuleCache.noindex/Session.modulevalidation -Xcc -working-directory -Xcc /Users/admin/builder/spi-builder-workspace/.swiftpm/xcode -resource-dir /Applications/Xcode-16.1.0.app/Contents/Developer/Toolchains/XcodeDefault.xctoolchain/usr/lib/swift -enable-anonymous-context-mangled-names -file-compilation-dir /Users/admin/builder/spi-builder-workspace/.swiftpm/xcode -Xcc -fmodule-map-file\=/Users/admin/builder/spi-builder-workspace/Sources/CWasmer/module.modulemap -Xcc -D_LIBCPP_HARDENING_MODE\=_LIBCPP_HARDENING_MODE_DEBUG -Xcc -ivfsstatcache -Xcc /Users/admin/builder/spi-builder-workspace/.derivedData/SDKStatCaches.noindex/watchos11.1-22R574-7b9df0bda16bb4641b33636c68f04660.sdkstatcache -Xcc -I/Users/admin/builder/spi-builder-workspace/.derivedData/Build/Intermediates.noindex/SwiftyWasmer.build/Debug-watchos/Wasmer.build/swift-overrides.hmap -Xcc -I/Users/admin/builder/spi-builder-workspace/.derivedData/Build/Products/Debug-watchos/include -Xcc -I/Users/admin/builder/spi-builder-workspace/.derivedData/Build/Intermediates.noindex/SwiftyWasmer.build/Debug-watchos/Wasmer.build/DerivedSources-normal/armv7k -Xcc -I/Users/admin/builder/spi-builder-workspace/.derivedData/Build/Intermediates.noindex/SwiftyWasmer.build/Debug-watchos/Wasmer.build/DerivedSources/armv7k -Xcc -I/Users/admin/builder/spi-builder-workspace/.derivedData/Build/Intermediates.noindex/SwiftyWasmer.build/Debug-watchos/Wasmer.build/DerivedSources -Xcc -DSWIFT_PACKAGE -Xcc -DDEBUG\=1 -module-name Wasmer -frontend-parseable-output -disable-clang-spi -target-sdk-version 11.1 -target-sdk-name watchos11.1 -external-plugin-path /Applications/Xcode-16.1.0.app/Contents/Developer/Platforms/WatchOS.platform/Developer/usr/lib/swift/host/plugins\#/Applications/Xcode-16.1.0.app/Contents/Developer/Platforms/WatchOS.platform/Developer/usr/bin/swift-plugin-server -external-plugin-path /Applications/Xcode-16.1.0.app/Contents/Developer/Platforms/WatchOS.platform/Developer/usr/local/lib/swift/host/plugins\#/Applications/Xcode-16.1.0.app/Contents/Developer/Platforms/WatchOS.platform/Developer/usr/bin/swift-plugin-server -plugin-path /Applications/Xcode-16.1.0.app/Contents/Developer/Toolchains/XcodeDefault.xctoolchain/usr/lib/swift/host/plugins -plugin-path /Applications/Xcode-16.1.0.app/Contents/Developer/Toolchains/XcodeDefault.xctoolchain/usr/local/lib/swift/host/plugins -o /Users/admin/builder/spi-builder-workspace/.derivedData/Build/Intermediates.noindex/SwiftyWasmer.build/Debug-watchos/Wasmer.build/Objects-normal/armv7k/GlobalPtr.o -o /Users/admin/builder/spi-builder-workspace/.derivedData/Build/Intermediates.noindex/SwiftyWasmer.build/Debug-watchos/Wasmer.build/Objects-normal/armv7k/ImportObjectIterPtr.o -o /Users/admin/builder/spi-builder-workspace/.derivedData/Build/Intermediates.noindex/SwiftyWasmer.build/Debug-watchos/Wasmer.build/Objects-normal/armv7k/ImportObjectPtr.o -o /Users/admin/builder/spi-builder-workspace/.derivedData/Build/Intermediates.noindex/SwiftyWasmer.build/Debug-watchos/Wasmer.build/Objects-normal/armv7k/InstanceContextPtr.o -index-unit-output-path /SwiftyWasmer.build/Debug-watchos/Wasmer.build/Objects-normal/armv7k/GlobalPtr.o -index-unit-output-path /SwiftyWasmer.build/Debug-watchos/Wasmer.build/Objects-normal/armv7k/ImportObjectIterPtr.o -index-unit-output-path /SwiftyWasmer.build/Debug-watchos/Wasmer.build/Objects-normal/armv7k/ImportObjectPtr.o -index-unit-output-path /SwiftyWasmer.build/Debug-watchos/Wasmer.build/Objects-normal/armv7k/InstanceContextPtr.o -index-store-path /Users/admin/builder/spi-builder-workspace/.derivedData/Index.noindex/DataStore -index-system-modules
SwiftCompile normal armv7k Compiling\ Instance.swift,\ Memory.swift,\ Module.swift /Users/admin/builder/spi-builder-workspace/Sources/Wasmer/WebAssembly/Instance.swift /Users/admin/builder/spi-builder-workspace/Sources/Wasmer/WebAssembly/Memory.swift /Users/admin/builder/spi-builder-workspace/Sources/Wasmer/WebAssembly/Module.swift (in target 'Wasmer' from project 'SwiftyWasmer')
cd /Users/admin/builder/spi-builder-workspace/.swiftpm/xcode
builtin-swiftTaskExecution -- /Applications/Xcode-16.1.0.app/Contents/Developer/Toolchains/XcodeDefault.xctoolchain/usr/bin/swift-frontend -frontend -c /Users/admin/builder/spi-builder-workspace/Sources/Wasmer/CExtensions/ByteArrayExt.swift /Users/admin/builder/spi-builder-workspace/Sources/Wasmer/CExtensions/ExportFuncPtr.swift /Users/admin/builder/spi-builder-workspace/Sources/Wasmer/CExtensions/ExportPtr.swift /Users/admin/builder/spi-builder-workspace/Sources/Wasmer/CExtensions/ExportsPtr.swift /Users/admin/builder/spi-builder-workspace/Sources/Wasmer/CExtensions/GlobalPtr.swift /Users/admin/builder/spi-builder-workspace/Sources/Wasmer/CExtensions/ImportObjectIterPtr.swift /Users/admin/builder/spi-builder-workspace/Sources/Wasmer/CExtensions/ImportObjectPtr.swift /Users/admin/builder/spi-builder-workspace/Sources/Wasmer/CExtensions/InstanceContextPtr.swift /Users/admin/builder/spi-builder-workspace/Sources/Wasmer/CExtensions/InstancePtr.swift /Users/admin/builder/spi-builder-workspace/Sources/Wasmer/CExtensions/MemoryPtr.swift /Users/admin/builder/spi-builder-workspace/Sources/Wasmer/CExtensions/ModulePtr.swift /Users/admin/builder/spi-builder-workspace/Sources/Wasmer/CExtensions/SerializedModulePtr.swift /Users/admin/builder/spi-builder-workspace/Sources/Wasmer/ReExports.swift /Users/admin/builder/spi-builder-workspace/Sources/Wasmer/Utilities/CAPIUtilities.swift /Users/admin/builder/spi-builder-workspace/Sources/Wasmer/Wasmer/Wasmer.swift /Users/admin/builder/spi-builder-workspace/Sources/Wasmer/Wasmer/WasmerError.swift /Users/admin/builder/spi-builder-workspace/Sources/Wasmer/Wasmer/WasmerFFIFix.swift /Users/admin/builder/spi-builder-workspace/Sources/Wasmer/Wasmer/WasmerImportExportKind.swift /Users/admin/builder/spi-builder-workspace/Sources/Wasmer/WebAssembly/Export.swift /Users/admin/builder/spi-builder-workspace/Sources/Wasmer/WebAssembly/Exports.swift /Users/admin/builder/spi-builder-workspace/Sources/Wasmer/WebAssembly/Global.swift /Users/admin/builder/spi-builder-workspace/Sources/Wasmer/WebAssembly/ImportObject.swift -primary-file /Users/admin/builder/spi-builder-workspace/Sources/Wasmer/WebAssembly/Instance.swift -primary-file /Users/admin/builder/spi-builder-workspace/Sources/Wasmer/WebAssembly/Memory.swift -primary-file /Users/admin/builder/spi-builder-workspace/Sources/Wasmer/WebAssembly/Module.swift /Users/admin/builder/spi-builder-workspace/Sources/Wasmer/WebAssembly/Validate.swift /Users/admin/builder/spi-builder-workspace/Sources/Wasmer/WebAssembly/Value.swift /Users/admin/builder/spi-builder-workspace/Sources/Wasmer/WebAssembly/ValueType.swift /Users/admin/builder/spi-builder-workspace/Sources/Wasmer/WebAssembly/WASI.swift /Users/admin/builder/spi-builder-workspace/Sources/Wasmer/WebAssembly/WebAssembly.swift /Users/admin/builder/spi-builder-workspace/Sources/Wasmer/WebAssemblyWasmer/ExportWasmer.swift /Users/admin/builder/spi-builder-workspace/Sources/Wasmer/WebAssemblyWasmer/ValueTypeWasmer.swift /Users/admin/builder/spi-builder-workspace/Sources/Wasmer/WebAssemblyWasmer/ValueWasmer.swift /Users/admin/builder/spi-builder-workspace/Sources/Wasmer/WebAssemblyWasmer/WasmerImportsHolder.swift -supplementary-output-file-map /Users/admin/builder/spi-builder-workspace/.derivedData/Build/Intermediates.noindex/SwiftyWasmer.build/Debug-watchos/Wasmer.build/Objects-normal/armv7k/supplementaryOutputs-19 -target armv7k-apple-watchos5.0 -enable-objc-interop -sdk /Applications/Xcode-16.1.0.app/Contents/Developer/Platforms/WatchOS.platform/Developer/SDKs/WatchOS11.1.sdk -I /Users/admin/builder/spi-builder-workspace/.derivedData/Build/Products/Debug-watchos -I /Applications/Xcode-16.1.0.app/Contents/Developer/Platforms/WatchOS.platform/Developer/usr/lib -F /Users/admin/builder/spi-builder-workspace/.derivedData/Build/Products/Debug-watchos -F /Applications/Xcode-16.1.0.app/Contents/Developer/Platforms/WatchOS.platform/Developer/Library/Frameworks -F /Applications/Xcode-16.1.0.app/Contents/Developer/Platforms/WatchOS.platform/Developer/SDKs/WatchOS11.1.sdk/Developer/Library/Frameworks -no-color-diagnostics -enable-testing -g -debug-info-format\=dwarf -dwarf-version\=4 -module-cache-path /Users/admin/builder/spi-builder-workspace/.derivedData/ModuleCache.noindex -swift-version 5 -enforce-exclusivity\=checked -stats-output-dir /Users/admin/builder/spi-builder-workspace/.swiftpm/xcode/.stats -Onone -D SWIFT_PACKAGE -D DEBUG -serialize-debugging-options -const-gather-protocols-file /Users/admin/builder/spi-builder-workspace/.derivedData/Build/Intermediates.noindex/SwiftyWasmer.build/Debug-watchos/Wasmer.build/Objects-normal/armv7k/Wasmer_const_extract_protocols.json -enable-experimental-feature DebugDescriptionMacro -enable-experimental-feature OpaqueTypeErasure -strict-concurrency\=complete -empty-abi-descriptor -plugin-path /Applications/Xcode-16.1.0.app/Contents/Developer/Toolchains/XcodeDefault.xctoolchain/usr/lib/swift/host/plugins/testing -validate-clang-modules-once -clang-build-session-file /Users/admin/builder/spi-builder-workspace/.derivedData/ModuleCache.noindex/Session.modulevalidation -Xcc -working-directory -Xcc /Users/admin/builder/spi-builder-workspace/.swiftpm/xcode -resource-dir /Applications/Xcode-16.1.0.app/Contents/Developer/Toolchains/XcodeDefault.xctoolchain/usr/lib/swift -enable-anonymous-context-mangled-names -file-compilation-dir /Users/admin/builder/spi-builder-workspace/.swiftpm/xcode -Xcc -fmodule-map-file\=/Users/admin/builder/spi-builder-workspace/Sources/CWasmer/module.modulemap -Xcc -D_LIBCPP_HARDENING_MODE\=_LIBCPP_HARDENING_MODE_DEBUG -Xcc -ivfsstatcache -Xcc /Users/admin/builder/spi-builder-workspace/.derivedData/SDKStatCaches.noindex/watchos11.1-22R574-7b9df0bda16bb4641b33636c68f04660.sdkstatcache -Xcc -I/Users/admin/builder/spi-builder-workspace/.derivedData/Build/Intermediates.noindex/SwiftyWasmer.build/Debug-watchos/Wasmer.build/swift-overrides.hmap -Xcc -I/Users/admin/builder/spi-builder-workspace/.derivedData/Build/Products/Debug-watchos/include -Xcc -I/Users/admin/builder/spi-builder-workspace/.derivedData/Build/Intermediates.noindex/SwiftyWasmer.build/Debug-watchos/Wasmer.build/DerivedSources-normal/armv7k -Xcc -I/Users/admin/builder/spi-builder-workspace/.derivedData/Build/Intermediates.noindex/SwiftyWasmer.build/Debug-watchos/Wasmer.build/DerivedSources/armv7k -Xcc -I/Users/admin/builder/spi-builder-workspace/.derivedData/Build/Intermediates.noindex/SwiftyWasmer.build/Debug-watchos/Wasmer.build/DerivedSources -Xcc -DSWIFT_PACKAGE -Xcc -DDEBUG\=1 -module-name Wasmer -frontend-parseable-output -disable-clang-spi -target-sdk-version 11.1 -target-sdk-name watchos11.1 -external-plugin-path /Applications/Xcode-16.1.0.app/Contents/Developer/Platforms/WatchOS.platform/Developer/usr/lib/swift/host/plugins\#/Applications/Xcode-16.1.0.app/Contents/Developer/Platforms/WatchOS.platform/Developer/usr/bin/swift-plugin-server -external-plugin-path /Applications/Xcode-16.1.0.app/Contents/Developer/Platforms/WatchOS.platform/Developer/usr/local/lib/swift/host/plugins\#/Applications/Xcode-16.1.0.app/Contents/Developer/Platforms/WatchOS.platform/Developer/usr/bin/swift-plugin-server -plugin-path /Applications/Xcode-16.1.0.app/Contents/Developer/Toolchains/XcodeDefault.xctoolchain/usr/lib/swift/host/plugins -plugin-path /Applications/Xcode-16.1.0.app/Contents/Developer/Toolchains/XcodeDefault.xctoolchain/usr/local/lib/swift/host/plugins -o /Users/admin/builder/spi-builder-workspace/.derivedData/Build/Intermediates.noindex/SwiftyWasmer.build/Debug-watchos/Wasmer.build/Objects-normal/armv7k/Instance.o -o /Users/admin/builder/spi-builder-workspace/.derivedData/Build/Intermediates.noindex/SwiftyWasmer.build/Debug-watchos/Wasmer.build/Objects-normal/armv7k/Memory.o -o /Users/admin/builder/spi-builder-workspace/.derivedData/Build/Intermediates.noindex/SwiftyWasmer.build/Debug-watchos/Wasmer.build/Objects-normal/armv7k/Module.o -index-unit-output-path /SwiftyWasmer.build/Debug-watchos/Wasmer.build/Objects-normal/armv7k/Instance.o -index-unit-output-path /SwiftyWasmer.build/Debug-watchos/Wasmer.build/Objects-normal/armv7k/Memory.o -index-unit-output-path /SwiftyWasmer.build/Debug-watchos/Wasmer.build/Objects-normal/armv7k/Module.o -index-store-path /Users/admin/builder/spi-builder-workspace/.derivedData/Index.noindex/DataStore -index-system-modules
SwiftCompile normal armv7k /Users/admin/builder/spi-builder-workspace/Sources/Wasmer/WebAssembly/Instance.swift (in target 'Wasmer' from project 'SwiftyWasmer')
cd /Users/admin/builder/spi-builder-workspace/.swiftpm/xcode
/Applications/Xcode-16.1.0.app/Contents/Developer/Toolchains/XcodeDefault.xctoolchain/usr/bin/swift-frontend -c /Users/admin/builder/spi-builder-workspace/Sources/Wasmer/CExtensions/ByteArrayExt.swift /Users/admin/builder/spi-builder-workspace/Sources/Wasmer/CExtensions/ExportFuncPtr.swift /Users/admin/builder/spi-builder-workspace/Sources/Wasmer/CExtensions/ExportPtr.swift /Users/admin/builder/spi-builder-workspace/Sources/Wasmer/CExtensions/ExportsPtr.swift /Users/admin/builder/spi-builder-workspace/Sources/Wasmer/CExtensions/GlobalPtr.swift /Users/admin/builder/spi-builder-workspace/Sources/Wasmer/CExtensions/ImportObjectIterPtr.swift /Users/admin/builder/spi-builder-workspace/Sources/Wasmer/CExtensions/ImportObjectPtr.swift /Users/admin/builder/spi-builder-workspace/Sources/Wasmer/CExtensions/InstanceContextPtr.swift /Users/admin/builder/spi-builder-workspace/Sources/Wasmer/CExtensions/InstancePtr.swift /Users/admin/builder/spi-builder-workspace/Sources/Wasmer/CExtensions/MemoryPtr.swift /Users/admin/builder/spi-builder-workspace/Sources/Wasmer/CExtensions/ModulePtr.swift /Users/admin/builder/spi-builder-workspace/Sources/Wasmer/CExtensions/SerializedModulePtr.swift /Users/admin/builder/spi-builder-workspace/Sources/Wasmer/ReExports.swift /Users/admin/builder/spi-builder-workspace/Sources/Wasmer/Utilities/CAPIUtilities.swift /Users/admin/builder/spi-builder-workspace/Sources/Wasmer/Wasmer/Wasmer.swift /Users/admin/builder/spi-builder-workspace/Sources/Wasmer/Wasmer/WasmerError.swift /Users/admin/builder/spi-builder-workspace/Sources/Wasmer/Wasmer/WasmerFFIFix.swift /Users/admin/builder/spi-builder-workspace/Sources/Wasmer/Wasmer/WasmerImportExportKind.swift /Users/admin/builder/spi-builder-workspace/Sources/Wasmer/WebAssembly/Export.swift /Users/admin/builder/spi-builder-workspace/Sources/Wasmer/WebAssembly/Exports.swift /Users/admin/builder/spi-builder-workspace/Sources/Wasmer/WebAssembly/Global.swift /Users/admin/builder/spi-builder-workspace/Sources/Wasmer/WebAssembly/ImportObject.swift -primary-file /Users/admin/builder/spi-builder-workspace/Sources/Wasmer/WebAssembly/Instance.swift -primary-file /Users/admin/builder/spi-builder-workspace/Sources/Wasmer/WebAssembly/Memory.swift -primary-file /Users/admin/builder/spi-builder-workspace/Sources/Wasmer/WebAssembly/Module.swift /Users/admin/builder/spi-builder-workspace/Sources/Wasmer/WebAssembly/Validate.swift /Users/admin/builder/spi-builder-workspace/Sources/Wasmer/WebAssembly/Value.swift /Users/admin/builder/spi-builder-workspace/Sources/Wasmer/WebAssembly/ValueType.swift /Users/admin/builder/spi-builder-workspace/Sources/Wasmer/WebAssembly/WASI.swift /Users/admin/builder/spi-builder-workspace/Sources/Wasmer/WebAssembly/WebAssembly.swift /Users/admin/builder/spi-builder-workspace/Sources/Wasmer/WebAssemblyWasmer/ExportWasmer.swift /Users/admin/builder/spi-builder-workspace/Sources/Wasmer/WebAssemblyWasmer/ValueTypeWasmer.swift /Users/admin/builder/spi-builder-workspace/Sources/Wasmer/WebAssemblyWasmer/ValueWasmer.swift /Users/admin/builder/spi-builder-workspace/Sources/Wasmer/WebAssemblyWasmer/WasmerImportsHolder.swift -supplementary-output-file-map /Users/admin/builder/spi-builder-workspace/.derivedData/Build/Intermediates.noindex/SwiftyWasmer.build/Debug-watchos/Wasmer.build/Objects-normal/armv7k/supplementaryOutputs-19 -target armv7k-apple-watchos5.0 -enable-objc-interop -sdk /Applications/Xcode-16.1.0.app/Contents/Developer/Platforms/WatchOS.platform/Developer/SDKs/WatchOS11.1.sdk -I /Users/admin/builder/spi-builder-workspace/.derivedData/Build/Products/Debug-watchos -I /Applications/Xcode-16.1.0.app/Contents/Developer/Platforms/WatchOS.platform/Developer/usr/lib -F /Users/admin/builder/spi-builder-workspace/.derivedData/Build/Products/Debug-watchos -F /Applications/Xcode-16.1.0.app/Contents/Developer/Platforms/WatchOS.platform/Developer/Library/Frameworks -F /Applications/Xcode-16.1.0.app/Contents/Developer/Platforms/WatchOS.platform/Developer/SDKs/WatchOS11.1.sdk/Developer/Library/Frameworks -no-color-diagnostics -enable-testing -g -debug-info-format\=dwarf -dwarf-version\=4 -module-cache-path /Users/admin/builder/spi-builder-workspace/.derivedData/ModuleCache.noindex -swift-version 5 -enforce-exclusivity\=checked -stats-output-dir /Users/admin/builder/spi-builder-workspace/.swiftpm/xcode/.stats -Onone -D SWIFT_PACKAGE -D DEBUG -serialize-debugging-options -const-gather-protocols-file /Users/admin/builder/spi-builder-workspace/.derivedData/Build/Intermediates.noindex/SwiftyWasmer.build/Debug-watchos/Wasmer.build/Objects-normal/armv7k/Wasmer_const_extract_protocols.json -enable-experimental-feature DebugDescriptionMacro -enable-experimental-feature OpaqueTypeErasure -strict-concurrency\=complete -empty-abi-descriptor -plugin-path /Applications/Xcode-16.1.0.app/Contents/Developer/Toolchains/XcodeDefault.xctoolchain/usr/lib/swift/host/plugins/testing -validate-clang-modules-once -clang-build-session-file /Users/admin/builder/spi-builder-workspace/.derivedData/ModuleCache.noindex/Session.modulevalidation -Xcc -working-directory -Xcc /Users/admin/builder/spi-builder-workspace/.swiftpm/xcode -resource-dir /Applications/Xcode-16.1.0.app/Contents/Developer/Toolchains/XcodeDefault.xctoolchain/usr/lib/swift -enable-anonymous-context-mangled-names -file-compilation-dir /Users/admin/builder/spi-builder-workspace/.swiftpm/xcode -Xcc -fmodule-map-file\=/Users/admin/builder/spi-builder-workspace/Sources/CWasmer/module.modulemap -Xcc -D_LIBCPP_HARDENING_MODE\=_LIBCPP_HARDENING_MODE_DEBUG -Xcc -ivfsstatcache -Xcc /Users/admin/builder/spi-builder-workspace/.derivedData/SDKStatCaches.noindex/watchos11.1-22R574-7b9df0bda16bb4641b33636c68f04660.sdkstatcache -Xcc -I/Users/admin/builder/spi-builder-workspace/.derivedData/Build/Intermediates.noindex/SwiftyWasmer.build/Debug-watchos/Wasmer.build/swift-overrides.hmap -Xcc -I/Users/admin/builder/spi-builder-workspace/.derivedData/Build/Products/Debug-watchos/include -Xcc -I/Users/admin/builder/spi-builder-workspace/.derivedData/Build/Intermediates.noindex/SwiftyWasmer.build/Debug-watchos/Wasmer.build/DerivedSources-normal/armv7k -Xcc -I/Users/admin/builder/spi-builder-workspace/.derivedData/Build/Intermediates.noindex/SwiftyWasmer.build/Debug-watchos/Wasmer.build/DerivedSources/armv7k -Xcc -I/Users/admin/builder/spi-builder-workspace/.derivedData/Build/Intermediates.noindex/SwiftyWasmer.build/Debug-watchos/Wasmer.build/DerivedSources -Xcc -DSWIFT_PACKAGE -Xcc -DDEBUG\=1 -module-name Wasmer -frontend-parseable-output -disable-clang-spi -target-sdk-version 11.1 -target-sdk-name watchos11.1 -external-plugin-path /Applications/Xcode-16.1.0.app/Contents/Developer/Platforms/WatchOS.platform/Developer/usr/lib/swift/host/plugins\#/Applications/Xcode-16.1.0.app/Contents/Developer/Platforms/WatchOS.platform/Developer/usr/bin/swift-plugin-server -external-plugin-path /Applications/Xcode-16.1.0.app/Contents/Developer/Platforms/WatchOS.platform/Developer/usr/local/lib/swift/host/plugins\#/Applications/Xcode-16.1.0.app/Contents/Developer/Platforms/WatchOS.platform/Developer/usr/bin/swift-plugin-server -plugin-path /Applications/Xcode-16.1.0.app/Contents/Developer/Toolchains/XcodeDefault.xctoolchain/usr/lib/swift/host/plugins -plugin-path /Applications/Xcode-16.1.0.app/Contents/Developer/Toolchains/XcodeDefault.xctoolchain/usr/local/lib/swift/host/plugins -o /Users/admin/builder/spi-builder-workspace/.derivedData/Build/Intermediates.noindex/SwiftyWasmer.build/Debug-watchos/Wasmer.build/Objects-normal/armv7k/Instance.o -o /Users/admin/builder/spi-builder-workspace/.derivedData/Build/Intermediates.noindex/SwiftyWasmer.build/Debug-watchos/Wasmer.build/Objects-normal/armv7k/Memory.o -o /Users/admin/builder/spi-builder-workspace/.derivedData/Build/Intermediates.noindex/SwiftyWasmer.build/Debug-watchos/Wasmer.build/Objects-normal/armv7k/Module.o -index-unit-output-path /SwiftyWasmer.build/Debug-watchos/Wasmer.build/Objects-normal/armv7k/Instance.o -index-unit-output-path /SwiftyWasmer.build/Debug-watchos/Wasmer.build/Objects-normal/armv7k/Memory.o -index-unit-output-path /SwiftyWasmer.build/Debug-watchos/Wasmer.build/Objects-normal/armv7k/Module.o -index-store-path /Users/admin/builder/spi-builder-workspace/.derivedData/Index.noindex/DataStore -index-system-modules
SwiftCompile normal armv7k /Users/admin/builder/spi-builder-workspace/Sources/Wasmer/WebAssembly/Memory.swift (in target 'Wasmer' from project 'SwiftyWasmer')
cd /Users/admin/builder/spi-builder-workspace/.swiftpm/xcode
/Applications/Xcode-16.1.0.app/Contents/Developer/Toolchains/XcodeDefault.xctoolchain/usr/bin/swift-frontend -c /Users/admin/builder/spi-builder-workspace/Sources/Wasmer/CExtensions/ByteArrayExt.swift /Users/admin/builder/spi-builder-workspace/Sources/Wasmer/CExtensions/ExportFuncPtr.swift /Users/admin/builder/spi-builder-workspace/Sources/Wasmer/CExtensions/ExportPtr.swift /Users/admin/builder/spi-builder-workspace/Sources/Wasmer/CExtensions/ExportsPtr.swift /Users/admin/builder/spi-builder-workspace/Sources/Wasmer/CExtensions/GlobalPtr.swift /Users/admin/builder/spi-builder-workspace/Sources/Wasmer/CExtensions/ImportObjectIterPtr.swift /Users/admin/builder/spi-builder-workspace/Sources/Wasmer/CExtensions/ImportObjectPtr.swift /Users/admin/builder/spi-builder-workspace/Sources/Wasmer/CExtensions/InstanceContextPtr.swift /Users/admin/builder/spi-builder-workspace/Sources/Wasmer/CExtensions/InstancePtr.swift /Users/admin/builder/spi-builder-workspace/Sources/Wasmer/CExtensions/MemoryPtr.swift /Users/admin/builder/spi-builder-workspace/Sources/Wasmer/CExtensions/ModulePtr.swift /Users/admin/builder/spi-builder-workspace/Sources/Wasmer/CExtensions/SerializedModulePtr.swift /Users/admin/builder/spi-builder-workspace/Sources/Wasmer/ReExports.swift /Users/admin/builder/spi-builder-workspace/Sources/Wasmer/Utilities/CAPIUtilities.swift /Users/admin/builder/spi-builder-workspace/Sources/Wasmer/Wasmer/Wasmer.swift /Users/admin/builder/spi-builder-workspace/Sources/Wasmer/Wasmer/WasmerError.swift /Users/admin/builder/spi-builder-workspace/Sources/Wasmer/Wasmer/WasmerFFIFix.swift /Users/admin/builder/spi-builder-workspace/Sources/Wasmer/Wasmer/WasmerImportExportKind.swift /Users/admin/builder/spi-builder-workspace/Sources/Wasmer/WebAssembly/Export.swift /Users/admin/builder/spi-builder-workspace/Sources/Wasmer/WebAssembly/Exports.swift /Users/admin/builder/spi-builder-workspace/Sources/Wasmer/WebAssembly/Global.swift /Users/admin/builder/spi-builder-workspace/Sources/Wasmer/WebAssembly/ImportObject.swift -primary-file /Users/admin/builder/spi-builder-workspace/Sources/Wasmer/WebAssembly/Instance.swift -primary-file /Users/admin/builder/spi-builder-workspace/Sources/Wasmer/WebAssembly/Memory.swift -primary-file /Users/admin/builder/spi-builder-workspace/Sources/Wasmer/WebAssembly/Module.swift /Users/admin/builder/spi-builder-workspace/Sources/Wasmer/WebAssembly/Validate.swift /Users/admin/builder/spi-builder-workspace/Sources/Wasmer/WebAssembly/Value.swift /Users/admin/builder/spi-builder-workspace/Sources/Wasmer/WebAssembly/ValueType.swift /Users/admin/builder/spi-builder-workspace/Sources/Wasmer/WebAssembly/WASI.swift /Users/admin/builder/spi-builder-workspace/Sources/Wasmer/WebAssembly/WebAssembly.swift /Users/admin/builder/spi-builder-workspace/Sources/Wasmer/WebAssemblyWasmer/ExportWasmer.swift /Users/admin/builder/spi-builder-workspace/Sources/Wasmer/WebAssemblyWasmer/ValueTypeWasmer.swift /Users/admin/builder/spi-builder-workspace/Sources/Wasmer/WebAssemblyWasmer/ValueWasmer.swift /Users/admin/builder/spi-builder-workspace/Sources/Wasmer/WebAssemblyWasmer/WasmerImportsHolder.swift -supplementary-output-file-map /Users/admin/builder/spi-builder-workspace/.derivedData/Build/Intermediates.noindex/SwiftyWasmer.build/Debug-watchos/Wasmer.build/Objects-normal/armv7k/supplementaryOutputs-19 -target armv7k-apple-watchos5.0 -enable-objc-interop -sdk /Applications/Xcode-16.1.0.app/Contents/Developer/Platforms/WatchOS.platform/Developer/SDKs/WatchOS11.1.sdk -I /Users/admin/builder/spi-builder-workspace/.derivedData/Build/Products/Debug-watchos -I /Applications/Xcode-16.1.0.app/Contents/Developer/Platforms/WatchOS.platform/Developer/usr/lib -F /Users/admin/builder/spi-builder-workspace/.derivedData/Build/Products/Debug-watchos -F /Applications/Xcode-16.1.0.app/Contents/Developer/Platforms/WatchOS.platform/Developer/Library/Frameworks -F /Applications/Xcode-16.1.0.app/Contents/Developer/Platforms/WatchOS.platform/Developer/SDKs/WatchOS11.1.sdk/Developer/Library/Frameworks -no-color-diagnostics -enable-testing -g -debug-info-format\=dwarf -dwarf-version\=4 -module-cache-path /Users/admin/builder/spi-builder-workspace/.derivedData/ModuleCache.noindex -swift-version 5 -enforce-exclusivity\=checked -stats-output-dir /Users/admin/builder/spi-builder-workspace/.swiftpm/xcode/.stats -Onone -D SWIFT_PACKAGE -D DEBUG -serialize-debugging-options -const-gather-protocols-file /Users/admin/builder/spi-builder-workspace/.derivedData/Build/Intermediates.noindex/SwiftyWasmer.build/Debug-watchos/Wasmer.build/Objects-normal/armv7k/Wasmer_const_extract_protocols.json -enable-experimental-feature DebugDescriptionMacro -enable-experimental-feature OpaqueTypeErasure -strict-concurrency\=complete -empty-abi-descriptor -plugin-path /Applications/Xcode-16.1.0.app/Contents/Developer/Toolchains/XcodeDefault.xctoolchain/usr/lib/swift/host/plugins/testing -validate-clang-modules-once -clang-build-session-file /Users/admin/builder/spi-builder-workspace/.derivedData/ModuleCache.noindex/Session.modulevalidation -Xcc -working-directory -Xcc /Users/admin/builder/spi-builder-workspace/.swiftpm/xcode -resource-dir /Applications/Xcode-16.1.0.app/Contents/Developer/Toolchains/XcodeDefault.xctoolchain/usr/lib/swift -enable-anonymous-context-mangled-names -file-compilation-dir /Users/admin/builder/spi-builder-workspace/.swiftpm/xcode -Xcc -fmodule-map-file\=/Users/admin/builder/spi-builder-workspace/Sources/CWasmer/module.modulemap -Xcc -D_LIBCPP_HARDENING_MODE\=_LIBCPP_HARDENING_MODE_DEBUG -Xcc -ivfsstatcache -Xcc /Users/admin/builder/spi-builder-workspace/.derivedData/SDKStatCaches.noindex/watchos11.1-22R574-7b9df0bda16bb4641b33636c68f04660.sdkstatcache -Xcc -I/Users/admin/builder/spi-builder-workspace/.derivedData/Build/Intermediates.noindex/SwiftyWasmer.build/Debug-watchos/Wasmer.build/swift-overrides.hmap -Xcc -I/Users/admin/builder/spi-builder-workspace/.derivedData/Build/Products/Debug-watchos/include -Xcc -I/Users/admin/builder/spi-builder-workspace/.derivedData/Build/Intermediates.noindex/SwiftyWasmer.build/Debug-watchos/Wasmer.build/DerivedSources-normal/armv7k -Xcc -I/Users/admin/builder/spi-builder-workspace/.derivedData/Build/Intermediates.noindex/SwiftyWasmer.build/Debug-watchos/Wasmer.build/DerivedSources/armv7k -Xcc -I/Users/admin/builder/spi-builder-workspace/.derivedData/Build/Intermediates.noindex/SwiftyWasmer.build/Debug-watchos/Wasmer.build/DerivedSources -Xcc -DSWIFT_PACKAGE -Xcc -DDEBUG\=1 -module-name Wasmer -frontend-parseable-output -disable-clang-spi -target-sdk-version 11.1 -target-sdk-name watchos11.1 -external-plugin-path /Applications/Xcode-16.1.0.app/Contents/Developer/Platforms/WatchOS.platform/Developer/usr/lib/swift/host/plugins\#/Applications/Xcode-16.1.0.app/Contents/Developer/Platforms/WatchOS.platform/Developer/usr/bin/swift-plugin-server -external-plugin-path /Applications/Xcode-16.1.0.app/Contents/Developer/Platforms/WatchOS.platform/Developer/usr/local/lib/swift/host/plugins\#/Applications/Xcode-16.1.0.app/Contents/Developer/Platforms/WatchOS.platform/Developer/usr/bin/swift-plugin-server -plugin-path /Applications/Xcode-16.1.0.app/Contents/Developer/Toolchains/XcodeDefault.xctoolchain/usr/lib/swift/host/plugins -plugin-path /Applications/Xcode-16.1.0.app/Contents/Developer/Toolchains/XcodeDefault.xctoolchain/usr/local/lib/swift/host/plugins -o /Users/admin/builder/spi-builder-workspace/.derivedData/Build/Intermediates.noindex/SwiftyWasmer.build/Debug-watchos/Wasmer.build/Objects-normal/armv7k/Instance.o -o /Users/admin/builder/spi-builder-workspace/.derivedData/Build/Intermediates.noindex/SwiftyWasmer.build/Debug-watchos/Wasmer.build/Objects-normal/armv7k/Memory.o -o /Users/admin/builder/spi-builder-workspace/.derivedData/Build/Intermediates.noindex/SwiftyWasmer.build/Debug-watchos/Wasmer.build/Objects-normal/armv7k/Module.o -index-unit-output-path /SwiftyWasmer.build/Debug-watchos/Wasmer.build/Objects-normal/armv7k/Instance.o -index-unit-output-path /SwiftyWasmer.build/Debug-watchos/Wasmer.build/Objects-normal/armv7k/Memory.o -index-unit-output-path /SwiftyWasmer.build/Debug-watchos/Wasmer.build/Objects-normal/armv7k/Module.o -index-store-path /Users/admin/builder/spi-builder-workspace/.derivedData/Index.noindex/DataStore -index-system-modules
SwiftCompile normal armv7k /Users/admin/builder/spi-builder-workspace/Sources/Wasmer/WebAssembly/Module.swift (in target 'Wasmer' from project 'SwiftyWasmer')
cd /Users/admin/builder/spi-builder-workspace/.swiftpm/xcode
/Applications/Xcode-16.1.0.app/Contents/Developer/Toolchains/XcodeDefault.xctoolchain/usr/bin/swift-frontend -c /Users/admin/builder/spi-builder-workspace/Sources/Wasmer/CExtensions/ByteArrayExt.swift /Users/admin/builder/spi-builder-workspace/Sources/Wasmer/CExtensions/ExportFuncPtr.swift /Users/admin/builder/spi-builder-workspace/Sources/Wasmer/CExtensions/ExportPtr.swift /Users/admin/builder/spi-builder-workspace/Sources/Wasmer/CExtensions/ExportsPtr.swift /Users/admin/builder/spi-builder-workspace/Sources/Wasmer/CExtensions/GlobalPtr.swift /Users/admin/builder/spi-builder-workspace/Sources/Wasmer/CExtensions/ImportObjectIterPtr.swift /Users/admin/builder/spi-builder-workspace/Sources/Wasmer/CExtensions/ImportObjectPtr.swift /Users/admin/builder/spi-builder-workspace/Sources/Wasmer/CExtensions/InstanceContextPtr.swift /Users/admin/builder/spi-builder-workspace/Sources/Wasmer/CExtensions/InstancePtr.swift /Users/admin/builder/spi-builder-workspace/Sources/Wasmer/CExtensions/MemoryPtr.swift /Users/admin/builder/spi-builder-workspace/Sources/Wasmer/CExtensions/ModulePtr.swift /Users/admin/builder/spi-builder-workspace/Sources/Wasmer/CExtensions/SerializedModulePtr.swift /Users/admin/builder/spi-builder-workspace/Sources/Wasmer/ReExports.swift /Users/admin/builder/spi-builder-workspace/Sources/Wasmer/Utilities/CAPIUtilities.swift /Users/admin/builder/spi-builder-workspace/Sources/Wasmer/Wasmer/Wasmer.swift /Users/admin/builder/spi-builder-workspace/Sources/Wasmer/Wasmer/WasmerError.swift /Users/admin/builder/spi-builder-workspace/Sources/Wasmer/Wasmer/WasmerFFIFix.swift /Users/admin/builder/spi-builder-workspace/Sources/Wasmer/Wasmer/WasmerImportExportKind.swift /Users/admin/builder/spi-builder-workspace/Sources/Wasmer/WebAssembly/Export.swift /Users/admin/builder/spi-builder-workspace/Sources/Wasmer/WebAssembly/Exports.swift /Users/admin/builder/spi-builder-workspace/Sources/Wasmer/WebAssembly/Global.swift /Users/admin/builder/spi-builder-workspace/Sources/Wasmer/WebAssembly/ImportObject.swift -primary-file /Users/admin/builder/spi-builder-workspace/Sources/Wasmer/WebAssembly/Instance.swift -primary-file /Users/admin/builder/spi-builder-workspace/Sources/Wasmer/WebAssembly/Memory.swift -primary-file /Users/admin/builder/spi-builder-workspace/Sources/Wasmer/WebAssembly/Module.swift /Users/admin/builder/spi-builder-workspace/Sources/Wasmer/WebAssembly/Validate.swift /Users/admin/builder/spi-builder-workspace/Sources/Wasmer/WebAssembly/Value.swift /Users/admin/builder/spi-builder-workspace/Sources/Wasmer/WebAssembly/ValueType.swift /Users/admin/builder/spi-builder-workspace/Sources/Wasmer/WebAssembly/WASI.swift /Users/admin/builder/spi-builder-workspace/Sources/Wasmer/WebAssembly/WebAssembly.swift /Users/admin/builder/spi-builder-workspace/Sources/Wasmer/WebAssemblyWasmer/ExportWasmer.swift /Users/admin/builder/spi-builder-workspace/Sources/Wasmer/WebAssemblyWasmer/ValueTypeWasmer.swift /Users/admin/builder/spi-builder-workspace/Sources/Wasmer/WebAssemblyWasmer/ValueWasmer.swift /Users/admin/builder/spi-builder-workspace/Sources/Wasmer/WebAssemblyWasmer/WasmerImportsHolder.swift -supplementary-output-file-map /Users/admin/builder/spi-builder-workspace/.derivedData/Build/Intermediates.noindex/SwiftyWasmer.build/Debug-watchos/Wasmer.build/Objects-normal/armv7k/supplementaryOutputs-19 -target armv7k-apple-watchos5.0 -enable-objc-interop -sdk /Applications/Xcode-16.1.0.app/Contents/Developer/Platforms/WatchOS.platform/Developer/SDKs/WatchOS11.1.sdk -I /Users/admin/builder/spi-builder-workspace/.derivedData/Build/Products/Debug-watchos -I /Applications/Xcode-16.1.0.app/Contents/Developer/Platforms/WatchOS.platform/Developer/usr/lib -F /Users/admin/builder/spi-builder-workspace/.derivedData/Build/Products/Debug-watchos -F /Applications/Xcode-16.1.0.app/Contents/Developer/Platforms/WatchOS.platform/Developer/Library/Frameworks -F /Applications/Xcode-16.1.0.app/Contents/Developer/Platforms/WatchOS.platform/Developer/SDKs/WatchOS11.1.sdk/Developer/Library/Frameworks -no-color-diagnostics -enable-testing -g -debug-info-format\=dwarf -dwarf-version\=4 -module-cache-path /Users/admin/builder/spi-builder-workspace/.derivedData/ModuleCache.noindex -swift-version 5 -enforce-exclusivity\=checked -stats-output-dir /Users/admin/builder/spi-builder-workspace/.swiftpm/xcode/.stats -Onone -D SWIFT_PACKAGE -D DEBUG -serialize-debugging-options -const-gather-protocols-file /Users/admin/builder/spi-builder-workspace/.derivedData/Build/Intermediates.noindex/SwiftyWasmer.build/Debug-watchos/Wasmer.build/Objects-normal/armv7k/Wasmer_const_extract_protocols.json -enable-experimental-feature DebugDescriptionMacro -enable-experimental-feature OpaqueTypeErasure -strict-concurrency\=complete -empty-abi-descriptor -plugin-path /Applications/Xcode-16.1.0.app/Contents/Developer/Toolchains/XcodeDefault.xctoolchain/usr/lib/swift/host/plugins/testing -validate-clang-modules-once -clang-build-session-file /Users/admin/builder/spi-builder-workspace/.derivedData/ModuleCache.noindex/Session.modulevalidation -Xcc -working-directory -Xcc /Users/admin/builder/spi-builder-workspace/.swiftpm/xcode -resource-dir /Applications/Xcode-16.1.0.app/Contents/Developer/Toolchains/XcodeDefault.xctoolchain/usr/lib/swift -enable-anonymous-context-mangled-names -file-compilation-dir /Users/admin/builder/spi-builder-workspace/.swiftpm/xcode -Xcc -fmodule-map-file\=/Users/admin/builder/spi-builder-workspace/Sources/CWasmer/module.modulemap -Xcc -D_LIBCPP_HARDENING_MODE\=_LIBCPP_HARDENING_MODE_DEBUG -Xcc -ivfsstatcache -Xcc /Users/admin/builder/spi-builder-workspace/.derivedData/SDKStatCaches.noindex/watchos11.1-22R574-7b9df0bda16bb4641b33636c68f04660.sdkstatcache -Xcc -I/Users/admin/builder/spi-builder-workspace/.derivedData/Build/Intermediates.noindex/SwiftyWasmer.build/Debug-watchos/Wasmer.build/swift-overrides.hmap -Xcc -I/Users/admin/builder/spi-builder-workspace/.derivedData/Build/Products/Debug-watchos/include -Xcc -I/Users/admin/builder/spi-builder-workspace/.derivedData/Build/Intermediates.noindex/SwiftyWasmer.build/Debug-watchos/Wasmer.build/DerivedSources-normal/armv7k -Xcc -I/Users/admin/builder/spi-builder-workspace/.derivedData/Build/Intermediates.noindex/SwiftyWasmer.build/Debug-watchos/Wasmer.build/DerivedSources/armv7k -Xcc -I/Users/admin/builder/spi-builder-workspace/.derivedData/Build/Intermediates.noindex/SwiftyWasmer.build/Debug-watchos/Wasmer.build/DerivedSources -Xcc -DSWIFT_PACKAGE -Xcc -DDEBUG\=1 -module-name Wasmer -frontend-parseable-output -disable-clang-spi -target-sdk-version 11.1 -target-sdk-name watchos11.1 -external-plugin-path /Applications/Xcode-16.1.0.app/Contents/Developer/Platforms/WatchOS.platform/Developer/usr/lib/swift/host/plugins\#/Applications/Xcode-16.1.0.app/Contents/Developer/Platforms/WatchOS.platform/Developer/usr/bin/swift-plugin-server -external-plugin-path /Applications/Xcode-16.1.0.app/Contents/Developer/Platforms/WatchOS.platform/Developer/usr/local/lib/swift/host/plugins\#/Applications/Xcode-16.1.0.app/Contents/Developer/Platforms/WatchOS.platform/Developer/usr/bin/swift-plugin-server -plugin-path /Applications/Xcode-16.1.0.app/Contents/Developer/Toolchains/XcodeDefault.xctoolchain/usr/lib/swift/host/plugins -plugin-path /Applications/Xcode-16.1.0.app/Contents/Developer/Toolchains/XcodeDefault.xctoolchain/usr/local/lib/swift/host/plugins -o /Users/admin/builder/spi-builder-workspace/.derivedData/Build/Intermediates.noindex/SwiftyWasmer.build/Debug-watchos/Wasmer.build/Objects-normal/armv7k/Instance.o -o /Users/admin/builder/spi-builder-workspace/.derivedData/Build/Intermediates.noindex/SwiftyWasmer.build/Debug-watchos/Wasmer.build/Objects-normal/armv7k/Memory.o -o /Users/admin/builder/spi-builder-workspace/.derivedData/Build/Intermediates.noindex/SwiftyWasmer.build/Debug-watchos/Wasmer.build/Objects-normal/armv7k/Module.o -index-unit-output-path /SwiftyWasmer.build/Debug-watchos/Wasmer.build/Objects-normal/armv7k/Instance.o -index-unit-output-path /SwiftyWasmer.build/Debug-watchos/Wasmer.build/Objects-normal/armv7k/Memory.o -index-unit-output-path /SwiftyWasmer.build/Debug-watchos/Wasmer.build/Objects-normal/armv7k/Module.o -index-store-path /Users/admin/builder/spi-builder-workspace/.derivedData/Index.noindex/DataStore -index-system-modules
SwiftCompile normal armv7k Compiling\ ValueTypeWasmer.swift,\ ValueWasmer.swift,\ WasmerImportsHolder.swift /Users/admin/builder/spi-builder-workspace/Sources/Wasmer/WebAssemblyWasmer/ValueTypeWasmer.swift /Users/admin/builder/spi-builder-workspace/Sources/Wasmer/WebAssemblyWasmer/ValueWasmer.swift /Users/admin/builder/spi-builder-workspace/Sources/Wasmer/WebAssemblyWasmer/WasmerImportsHolder.swift (in target 'Wasmer' from project 'SwiftyWasmer')
cd /Users/admin/builder/spi-builder-workspace/.swiftpm/xcode
builtin-swiftTaskExecution -- /Applications/Xcode-16.1.0.app/Contents/Developer/Toolchains/XcodeDefault.xctoolchain/usr/bin/swift-frontend -frontend -c /Users/admin/builder/spi-builder-workspace/Sources/Wasmer/CExtensions/ByteArrayExt.swift /Users/admin/builder/spi-builder-workspace/Sources/Wasmer/CExtensions/ExportFuncPtr.swift /Users/admin/builder/spi-builder-workspace/Sources/Wasmer/CExtensions/ExportPtr.swift /Users/admin/builder/spi-builder-workspace/Sources/Wasmer/CExtensions/ExportsPtr.swift /Users/admin/builder/spi-builder-workspace/Sources/Wasmer/CExtensions/GlobalPtr.swift /Users/admin/builder/spi-builder-workspace/Sources/Wasmer/CExtensions/ImportObjectIterPtr.swift /Users/admin/builder/spi-builder-workspace/Sources/Wasmer/CExtensions/ImportObjectPtr.swift /Users/admin/builder/spi-builder-workspace/Sources/Wasmer/CExtensions/InstanceContextPtr.swift /Users/admin/builder/spi-builder-workspace/Sources/Wasmer/CExtensions/InstancePtr.swift /Users/admin/builder/spi-builder-workspace/Sources/Wasmer/CExtensions/MemoryPtr.swift /Users/admin/builder/spi-builder-workspace/Sources/Wasmer/CExtensions/ModulePtr.swift /Users/admin/builder/spi-builder-workspace/Sources/Wasmer/CExtensions/SerializedModulePtr.swift /Users/admin/builder/spi-builder-workspace/Sources/Wasmer/ReExports.swift /Users/admin/builder/spi-builder-workspace/Sources/Wasmer/Utilities/CAPIUtilities.swift /Users/admin/builder/spi-builder-workspace/Sources/Wasmer/Wasmer/Wasmer.swift /Users/admin/builder/spi-builder-workspace/Sources/Wasmer/Wasmer/WasmerError.swift /Users/admin/builder/spi-builder-workspace/Sources/Wasmer/Wasmer/WasmerFFIFix.swift /Users/admin/builder/spi-builder-workspace/Sources/Wasmer/Wasmer/WasmerImportExportKind.swift /Users/admin/builder/spi-builder-workspace/Sources/Wasmer/WebAssembly/Export.swift /Users/admin/builder/spi-builder-workspace/Sources/Wasmer/WebAssembly/Exports.swift /Users/admin/builder/spi-builder-workspace/Sources/Wasmer/WebAssembly/Global.swift /Users/admin/builder/spi-builder-workspace/Sources/Wasmer/WebAssembly/ImportObject.swift /Users/admin/builder/spi-builder-workspace/Sources/Wasmer/WebAssembly/Instance.swift /Users/admin/builder/spi-builder-workspace/Sources/Wasmer/WebAssembly/Memory.swift /Users/admin/builder/spi-builder-workspace/Sources/Wasmer/WebAssembly/Module.swift /Users/admin/builder/spi-builder-workspace/Sources/Wasmer/WebAssembly/Validate.swift /Users/admin/builder/spi-builder-workspace/Sources/Wasmer/WebAssembly/Value.swift /Users/admin/builder/spi-builder-workspace/Sources/Wasmer/WebAssembly/ValueType.swift /Users/admin/builder/spi-builder-workspace/Sources/Wasmer/WebAssembly/WASI.swift /Users/admin/builder/spi-builder-workspace/Sources/Wasmer/WebAssembly/WebAssembly.swift /Users/admin/builder/spi-builder-workspace/Sources/Wasmer/WebAssemblyWasmer/ExportWasmer.swift -primary-file /Users/admin/builder/spi-builder-workspace/Sources/Wasmer/WebAssemblyWasmer/ValueTypeWasmer.swift -primary-file /Users/admin/builder/spi-builder-workspace/Sources/Wasmer/WebAssemblyWasmer/ValueWasmer.swift -primary-file /Users/admin/builder/spi-builder-workspace/Sources/Wasmer/WebAssemblyWasmer/WasmerImportsHolder.swift -supplementary-output-file-map /Users/admin/builder/spi-builder-workspace/.derivedData/Build/Intermediates.noindex/SwiftyWasmer.build/Debug-watchos/Wasmer.build/Objects-normal/armv7k/supplementaryOutputs-28 -target armv7k-apple-watchos5.0 -enable-objc-interop -sdk /Applications/Xcode-16.1.0.app/Contents/Developer/Platforms/WatchOS.platform/Developer/SDKs/WatchOS11.1.sdk -I /Users/admin/builder/spi-builder-workspace/.derivedData/Build/Products/Debug-watchos -I /Applications/Xcode-16.1.0.app/Contents/Developer/Platforms/WatchOS.platform/Developer/usr/lib -F /Users/admin/builder/spi-builder-workspace/.derivedData/Build/Products/Debug-watchos -F /Applications/Xcode-16.1.0.app/Contents/Developer/Platforms/WatchOS.platform/Developer/Library/Frameworks -F /Applications/Xcode-16.1.0.app/Contents/Developer/Platforms/WatchOS.platform/Developer/SDKs/WatchOS11.1.sdk/Developer/Library/Frameworks -no-color-diagnostics -enable-testing -g -debug-info-format\=dwarf -dwarf-version\=4 -module-cache-path /Users/admin/builder/spi-builder-workspace/.derivedData/ModuleCache.noindex -swift-version 5 -enforce-exclusivity\=checked -stats-output-dir /Users/admin/builder/spi-builder-workspace/.swiftpm/xcode/.stats -Onone -D SWIFT_PACKAGE -D DEBUG -serialize-debugging-options -const-gather-protocols-file /Users/admin/builder/spi-builder-workspace/.derivedData/Build/Intermediates.noindex/SwiftyWasmer.build/Debug-watchos/Wasmer.build/Objects-normal/armv7k/Wasmer_const_extract_protocols.json -enable-experimental-feature DebugDescriptionMacro -enable-experimental-feature OpaqueTypeErasure -strict-concurrency\=complete -empty-abi-descriptor -plugin-path /Applications/Xcode-16.1.0.app/Contents/Developer/Toolchains/XcodeDefault.xctoolchain/usr/lib/swift/host/plugins/testing -validate-clang-modules-once -clang-build-session-file /Users/admin/builder/spi-builder-workspace/.derivedData/ModuleCache.noindex/Session.modulevalidation -Xcc -working-directory -Xcc /Users/admin/builder/spi-builder-workspace/.swiftpm/xcode -resource-dir /Applications/Xcode-16.1.0.app/Contents/Developer/Toolchains/XcodeDefault.xctoolchain/usr/lib/swift -enable-anonymous-context-mangled-names -file-compilation-dir /Users/admin/builder/spi-builder-workspace/.swiftpm/xcode -Xcc -fmodule-map-file\=/Users/admin/builder/spi-builder-workspace/Sources/CWasmer/module.modulemap -Xcc -D_LIBCPP_HARDENING_MODE\=_LIBCPP_HARDENING_MODE_DEBUG -Xcc -ivfsstatcache -Xcc /Users/admin/builder/spi-builder-workspace/.derivedData/SDKStatCaches.noindex/watchos11.1-22R574-7b9df0bda16bb4641b33636c68f04660.sdkstatcache -Xcc -I/Users/admin/builder/spi-builder-workspace/.derivedData/Build/Intermediates.noindex/SwiftyWasmer.build/Debug-watchos/Wasmer.build/swift-overrides.hmap -Xcc -I/Users/admin/builder/spi-builder-workspace/.derivedData/Build/Products/Debug-watchos/include -Xcc -I/Users/admin/builder/spi-builder-workspace/.derivedData/Build/Intermediates.noindex/SwiftyWasmer.build/Debug-watchos/Wasmer.build/DerivedSources-normal/armv7k -Xcc -I/Users/admin/builder/spi-builder-workspace/.derivedData/Build/Intermediates.noindex/SwiftyWasmer.build/Debug-watchos/Wasmer.build/DerivedSources/armv7k -Xcc -I/Users/admin/builder/spi-builder-workspace/.derivedData/Build/Intermediates.noindex/SwiftyWasmer.build/Debug-watchos/Wasmer.build/DerivedSources -Xcc -DSWIFT_PACKAGE -Xcc -DDEBUG\=1 -module-name Wasmer -frontend-parseable-output -disable-clang-spi -target-sdk-version 11.1 -target-sdk-name watchos11.1 -external-plugin-path /Applications/Xcode-16.1.0.app/Contents/Developer/Platforms/WatchOS.platform/Developer/usr/lib/swift/host/plugins\#/Applications/Xcode-16.1.0.app/Contents/Developer/Platforms/WatchOS.platform/Developer/usr/bin/swift-plugin-server -external-plugin-path /Applications/Xcode-16.1.0.app/Contents/Developer/Platforms/WatchOS.platform/Developer/usr/local/lib/swift/host/plugins\#/Applications/Xcode-16.1.0.app/Contents/Developer/Platforms/WatchOS.platform/Developer/usr/bin/swift-plugin-server -plugin-path /Applications/Xcode-16.1.0.app/Contents/Developer/Toolchains/XcodeDefault.xctoolchain/usr/lib/swift/host/plugins -plugin-path /Applications/Xcode-16.1.0.app/Contents/Developer/Toolchains/XcodeDefault.xctoolchain/usr/local/lib/swift/host/plugins -o /Users/admin/builder/spi-builder-workspace/.derivedData/Build/Intermediates.noindex/SwiftyWasmer.build/Debug-watchos/Wasmer.build/Objects-normal/armv7k/ValueTypeWasmer.o -o /Users/admin/builder/spi-builder-workspace/.derivedData/Build/Intermediates.noindex/SwiftyWasmer.build/Debug-watchos/Wasmer.build/Objects-normal/armv7k/ValueWasmer.o -o /Users/admin/builder/spi-builder-workspace/.derivedData/Build/Intermediates.noindex/SwiftyWasmer.build/Debug-watchos/Wasmer.build/Objects-normal/armv7k/WasmerImportsHolder.o -index-unit-output-path /SwiftyWasmer.build/Debug-watchos/Wasmer.build/Objects-normal/armv7k/ValueTypeWasmer.o -index-unit-output-path /SwiftyWasmer.build/Debug-watchos/Wasmer.build/Objects-normal/armv7k/ValueWasmer.o -index-unit-output-path /SwiftyWasmer.build/Debug-watchos/Wasmer.build/Objects-normal/armv7k/WasmerImportsHolder.o -index-store-path /Users/admin/builder/spi-builder-workspace/.derivedData/Index.noindex/DataStore -index-system-modules
SwiftCompile normal armv7k /Users/admin/builder/spi-builder-workspace/Sources/Wasmer/WebAssemblyWasmer/ValueTypeWasmer.swift (in target 'Wasmer' from project 'SwiftyWasmer')
cd /Users/admin/builder/spi-builder-workspace/.swiftpm/xcode
/Applications/Xcode-16.1.0.app/Contents/Developer/Toolchains/XcodeDefault.xctoolchain/usr/bin/swift-frontend -c /Users/admin/builder/spi-builder-workspace/Sources/Wasmer/CExtensions/ByteArrayExt.swift /Users/admin/builder/spi-builder-workspace/Sources/Wasmer/CExtensions/ExportFuncPtr.swift /Users/admin/builder/spi-builder-workspace/Sources/Wasmer/CExtensions/ExportPtr.swift /Users/admin/builder/spi-builder-workspace/Sources/Wasmer/CExtensions/ExportsPtr.swift /Users/admin/builder/spi-builder-workspace/Sources/Wasmer/CExtensions/GlobalPtr.swift /Users/admin/builder/spi-builder-workspace/Sources/Wasmer/CExtensions/ImportObjectIterPtr.swift /Users/admin/builder/spi-builder-workspace/Sources/Wasmer/CExtensions/ImportObjectPtr.swift /Users/admin/builder/spi-builder-workspace/Sources/Wasmer/CExtensions/InstanceContextPtr.swift /Users/admin/builder/spi-builder-workspace/Sources/Wasmer/CExtensions/InstancePtr.swift /Users/admin/builder/spi-builder-workspace/Sources/Wasmer/CExtensions/MemoryPtr.swift /Users/admin/builder/spi-builder-workspace/Sources/Wasmer/CExtensions/ModulePtr.swift /Users/admin/builder/spi-builder-workspace/Sources/Wasmer/CExtensions/SerializedModulePtr.swift /Users/admin/builder/spi-builder-workspace/Sources/Wasmer/ReExports.swift /Users/admin/builder/spi-builder-workspace/Sources/Wasmer/Utilities/CAPIUtilities.swift /Users/admin/builder/spi-builder-workspace/Sources/Wasmer/Wasmer/Wasmer.swift /Users/admin/builder/spi-builder-workspace/Sources/Wasmer/Wasmer/WasmerError.swift /Users/admin/builder/spi-builder-workspace/Sources/Wasmer/Wasmer/WasmerFFIFix.swift /Users/admin/builder/spi-builder-workspace/Sources/Wasmer/Wasmer/WasmerImportExportKind.swift /Users/admin/builder/spi-builder-workspace/Sources/Wasmer/WebAssembly/Export.swift /Users/admin/builder/spi-builder-workspace/Sources/Wasmer/WebAssembly/Exports.swift /Users/admin/builder/spi-builder-workspace/Sources/Wasmer/WebAssembly/Global.swift /Users/admin/builder/spi-builder-workspace/Sources/Wasmer/WebAssembly/ImportObject.swift /Users/admin/builder/spi-builder-workspace/Sources/Wasmer/WebAssembly/Instance.swift /Users/admin/builder/spi-builder-workspace/Sources/Wasmer/WebAssembly/Memory.swift /Users/admin/builder/spi-builder-workspace/Sources/Wasmer/WebAssembly/Module.swift /Users/admin/builder/spi-builder-workspace/Sources/Wasmer/WebAssembly/Validate.swift /Users/admin/builder/spi-builder-workspace/Sources/Wasmer/WebAssembly/Value.swift /Users/admin/builder/spi-builder-workspace/Sources/Wasmer/WebAssembly/ValueType.swift /Users/admin/builder/spi-builder-workspace/Sources/Wasmer/WebAssembly/WASI.swift /Users/admin/builder/spi-builder-workspace/Sources/Wasmer/WebAssembly/WebAssembly.swift /Users/admin/builder/spi-builder-workspace/Sources/Wasmer/WebAssemblyWasmer/ExportWasmer.swift -primary-file /Users/admin/builder/spi-builder-workspace/Sources/Wasmer/WebAssemblyWasmer/ValueTypeWasmer.swift -primary-file /Users/admin/builder/spi-builder-workspace/Sources/Wasmer/WebAssemblyWasmer/ValueWasmer.swift -primary-file /Users/admin/builder/spi-builder-workspace/Sources/Wasmer/WebAssemblyWasmer/WasmerImportsHolder.swift -supplementary-output-file-map /Users/admin/builder/spi-builder-workspace/.derivedData/Build/Intermediates.noindex/SwiftyWasmer.build/Debug-watchos/Wasmer.build/Objects-normal/armv7k/supplementaryOutputs-28 -target armv7k-apple-watchos5.0 -enable-objc-interop -sdk /Applications/Xcode-16.1.0.app/Contents/Developer/Platforms/WatchOS.platform/Developer/SDKs/WatchOS11.1.sdk -I /Users/admin/builder/spi-builder-workspace/.derivedData/Build/Products/Debug-watchos -I /Applications/Xcode-16.1.0.app/Contents/Developer/Platforms/WatchOS.platform/Developer/usr/lib -F /Users/admin/builder/spi-builder-workspace/.derivedData/Build/Products/Debug-watchos -F /Applications/Xcode-16.1.0.app/Contents/Developer/Platforms/WatchOS.platform/Developer/Library/Frameworks -F /Applications/Xcode-16.1.0.app/Contents/Developer/Platforms/WatchOS.platform/Developer/SDKs/WatchOS11.1.sdk/Developer/Library/Frameworks -no-color-diagnostics -enable-testing -g -debug-info-format\=dwarf -dwarf-version\=4 -module-cache-path /Users/admin/builder/spi-builder-workspace/.derivedData/ModuleCache.noindex -swift-version 5 -enforce-exclusivity\=checked -stats-output-dir /Users/admin/builder/spi-builder-workspace/.swiftpm/xcode/.stats -Onone -D SWIFT_PACKAGE -D DEBUG -serialize-debugging-options -const-gather-protocols-file /Users/admin/builder/spi-builder-workspace/.derivedData/Build/Intermediates.noindex/SwiftyWasmer.build/Debug-watchos/Wasmer.build/Objects-normal/armv7k/Wasmer_const_extract_protocols.json -enable-experimental-feature DebugDescriptionMacro -enable-experimental-feature OpaqueTypeErasure -strict-concurrency\=complete -empty-abi-descriptor -plugin-path /Applications/Xcode-16.1.0.app/Contents/Developer/Toolchains/XcodeDefault.xctoolchain/usr/lib/swift/host/plugins/testing -validate-clang-modules-once -clang-build-session-file /Users/admin/builder/spi-builder-workspace/.derivedData/ModuleCache.noindex/Session.modulevalidation -Xcc -working-directory -Xcc /Users/admin/builder/spi-builder-workspace/.swiftpm/xcode -resource-dir /Applications/Xcode-16.1.0.app/Contents/Developer/Toolchains/XcodeDefault.xctoolchain/usr/lib/swift -enable-anonymous-context-mangled-names -file-compilation-dir /Users/admin/builder/spi-builder-workspace/.swiftpm/xcode -Xcc -fmodule-map-file\=/Users/admin/builder/spi-builder-workspace/Sources/CWasmer/module.modulemap -Xcc -D_LIBCPP_HARDENING_MODE\=_LIBCPP_HARDENING_MODE_DEBUG -Xcc -ivfsstatcache -Xcc /Users/admin/builder/spi-builder-workspace/.derivedData/SDKStatCaches.noindex/watchos11.1-22R574-7b9df0bda16bb4641b33636c68f04660.sdkstatcache -Xcc -I/Users/admin/builder/spi-builder-workspace/.derivedData/Build/Intermediates.noindex/SwiftyWasmer.build/Debug-watchos/Wasmer.build/swift-overrides.hmap -Xcc -I/Users/admin/builder/spi-builder-workspace/.derivedData/Build/Products/Debug-watchos/include -Xcc -I/Users/admin/builder/spi-builder-workspace/.derivedData/Build/Intermediates.noindex/SwiftyWasmer.build/Debug-watchos/Wasmer.build/DerivedSources-normal/armv7k -Xcc -I/Users/admin/builder/spi-builder-workspace/.derivedData/Build/Intermediates.noindex/SwiftyWasmer.build/Debug-watchos/Wasmer.build/DerivedSources/armv7k -Xcc -I/Users/admin/builder/spi-builder-workspace/.derivedData/Build/Intermediates.noindex/SwiftyWasmer.build/Debug-watchos/Wasmer.build/DerivedSources -Xcc -DSWIFT_PACKAGE -Xcc -DDEBUG\=1 -module-name Wasmer -frontend-parseable-output -disable-clang-spi -target-sdk-version 11.1 -target-sdk-name watchos11.1 -external-plugin-path /Applications/Xcode-16.1.0.app/Contents/Developer/Platforms/WatchOS.platform/Developer/usr/lib/swift/host/plugins\#/Applications/Xcode-16.1.0.app/Contents/Developer/Platforms/WatchOS.platform/Developer/usr/bin/swift-plugin-server -external-plugin-path /Applications/Xcode-16.1.0.app/Contents/Developer/Platforms/WatchOS.platform/Developer/usr/local/lib/swift/host/plugins\#/Applications/Xcode-16.1.0.app/Contents/Developer/Platforms/WatchOS.platform/Developer/usr/bin/swift-plugin-server -plugin-path /Applications/Xcode-16.1.0.app/Contents/Developer/Toolchains/XcodeDefault.xctoolchain/usr/lib/swift/host/plugins -plugin-path /Applications/Xcode-16.1.0.app/Contents/Developer/Toolchains/XcodeDefault.xctoolchain/usr/local/lib/swift/host/plugins -o /Users/admin/builder/spi-builder-workspace/.derivedData/Build/Intermediates.noindex/SwiftyWasmer.build/Debug-watchos/Wasmer.build/Objects-normal/armv7k/ValueTypeWasmer.o -o /Users/admin/builder/spi-builder-workspace/.derivedData/Build/Intermediates.noindex/SwiftyWasmer.build/Debug-watchos/Wasmer.build/Objects-normal/armv7k/ValueWasmer.o -o /Users/admin/builder/spi-builder-workspace/.derivedData/Build/Intermediates.noindex/SwiftyWasmer.build/Debug-watchos/Wasmer.build/Objects-normal/armv7k/WasmerImportsHolder.o -index-unit-output-path /SwiftyWasmer.build/Debug-watchos/Wasmer.build/Objects-normal/armv7k/ValueTypeWasmer.o -index-unit-output-path /SwiftyWasmer.build/Debug-watchos/Wasmer.build/Objects-normal/armv7k/ValueWasmer.o -index-unit-output-path /SwiftyWasmer.build/Debug-watchos/Wasmer.build/Objects-normal/armv7k/WasmerImportsHolder.o -index-store-path /Users/admin/builder/spi-builder-workspace/.derivedData/Index.noindex/DataStore -index-system-modules
SwiftCompile normal armv7k /Users/admin/builder/spi-builder-workspace/Sources/Wasmer/WebAssemblyWasmer/ValueWasmer.swift (in target 'Wasmer' from project 'SwiftyWasmer')
cd /Users/admin/builder/spi-builder-workspace/.swiftpm/xcode
/Applications/Xcode-16.1.0.app/Contents/Developer/Toolchains/XcodeDefault.xctoolchain/usr/bin/swift-frontend -c /Users/admin/builder/spi-builder-workspace/Sources/Wasmer/CExtensions/ByteArrayExt.swift /Users/admin/builder/spi-builder-workspace/Sources/Wasmer/CExtensions/ExportFuncPtr.swift /Users/admin/builder/spi-builder-workspace/Sources/Wasmer/CExtensions/ExportPtr.swift /Users/admin/builder/spi-builder-workspace/Sources/Wasmer/CExtensions/ExportsPtr.swift /Users/admin/builder/spi-builder-workspace/Sources/Wasmer/CExtensions/GlobalPtr.swift /Users/admin/builder/spi-builder-workspace/Sources/Wasmer/CExtensions/ImportObjectIterPtr.swift /Users/admin/builder/spi-builder-workspace/Sources/Wasmer/CExtensions/ImportObjectPtr.swift /Users/admin/builder/spi-builder-workspace/Sources/Wasmer/CExtensions/InstanceContextPtr.swift /Users/admin/builder/spi-builder-workspace/Sources/Wasmer/CExtensions/InstancePtr.swift /Users/admin/builder/spi-builder-workspace/Sources/Wasmer/CExtensions/MemoryPtr.swift /Users/admin/builder/spi-builder-workspace/Sources/Wasmer/CExtensions/ModulePtr.swift /Users/admin/builder/spi-builder-workspace/Sources/Wasmer/CExtensions/SerializedModulePtr.swift /Users/admin/builder/spi-builder-workspace/Sources/Wasmer/ReExports.swift /Users/admin/builder/spi-builder-workspace/Sources/Wasmer/Utilities/CAPIUtilities.swift /Users/admin/builder/spi-builder-workspace/Sources/Wasmer/Wasmer/Wasmer.swift /Users/admin/builder/spi-builder-workspace/Sources/Wasmer/Wasmer/WasmerError.swift /Users/admin/builder/spi-builder-workspace/Sources/Wasmer/Wasmer/WasmerFFIFix.swift /Users/admin/builder/spi-builder-workspace/Sources/Wasmer/Wasmer/WasmerImportExportKind.swift /Users/admin/builder/spi-builder-workspace/Sources/Wasmer/WebAssembly/Export.swift /Users/admin/builder/spi-builder-workspace/Sources/Wasmer/WebAssembly/Exports.swift /Users/admin/builder/spi-builder-workspace/Sources/Wasmer/WebAssembly/Global.swift /Users/admin/builder/spi-builder-workspace/Sources/Wasmer/WebAssembly/ImportObject.swift /Users/admin/builder/spi-builder-workspace/Sources/Wasmer/WebAssembly/Instance.swift /Users/admin/builder/spi-builder-workspace/Sources/Wasmer/WebAssembly/Memory.swift /Users/admin/builder/spi-builder-workspace/Sources/Wasmer/WebAssembly/Module.swift /Users/admin/builder/spi-builder-workspace/Sources/Wasmer/WebAssembly/Validate.swift /Users/admin/builder/spi-builder-workspace/Sources/Wasmer/WebAssembly/Value.swift /Users/admin/builder/spi-builder-workspace/Sources/Wasmer/WebAssembly/ValueType.swift /Users/admin/builder/spi-builder-workspace/Sources/Wasmer/WebAssembly/WASI.swift /Users/admin/builder/spi-builder-workspace/Sources/Wasmer/WebAssembly/WebAssembly.swift /Users/admin/builder/spi-builder-workspace/Sources/Wasmer/WebAssemblyWasmer/ExportWasmer.swift -primary-file /Users/admin/builder/spi-builder-workspace/Sources/Wasmer/WebAssemblyWasmer/ValueTypeWasmer.swift -primary-file /Users/admin/builder/spi-builder-workspace/Sources/Wasmer/WebAssemblyWasmer/ValueWasmer.swift -primary-file /Users/admin/builder/spi-builder-workspace/Sources/Wasmer/WebAssemblyWasmer/WasmerImportsHolder.swift -supplementary-output-file-map /Users/admin/builder/spi-builder-workspace/.derivedData/Build/Intermediates.noindex/SwiftyWasmer.build/Debug-watchos/Wasmer.build/Objects-normal/armv7k/supplementaryOutputs-28 -target armv7k-apple-watchos5.0 -enable-objc-interop -sdk /Applications/Xcode-16.1.0.app/Contents/Developer/Platforms/WatchOS.platform/Developer/SDKs/WatchOS11.1.sdk -I /Users/admin/builder/spi-builder-workspace/.derivedData/Build/Products/Debug-watchos -I /Applications/Xcode-16.1.0.app/Contents/Developer/Platforms/WatchOS.platform/Developer/usr/lib -F /Users/admin/builder/spi-builder-workspace/.derivedData/Build/Products/Debug-watchos -F /Applications/Xcode-16.1.0.app/Contents/Developer/Platforms/WatchOS.platform/Developer/Library/Frameworks -F /Applications/Xcode-16.1.0.app/Contents/Developer/Platforms/WatchOS.platform/Developer/SDKs/WatchOS11.1.sdk/Developer/Library/Frameworks -no-color-diagnostics -enable-testing -g -debug-info-format\=dwarf -dwarf-version\=4 -module-cache-path /Users/admin/builder/spi-builder-workspace/.derivedData/ModuleCache.noindex -swift-version 5 -enforce-exclusivity\=checked -stats-output-dir /Users/admin/builder/spi-builder-workspace/.swiftpm/xcode/.stats -Onone -D SWIFT_PACKAGE -D DEBUG -serialize-debugging-options -const-gather-protocols-file /Users/admin/builder/spi-builder-workspace/.derivedData/Build/Intermediates.noindex/SwiftyWasmer.build/Debug-watchos/Wasmer.build/Objects-normal/armv7k/Wasmer_const_extract_protocols.json -enable-experimental-feature DebugDescriptionMacro -enable-experimental-feature OpaqueTypeErasure -strict-concurrency\=complete -empty-abi-descriptor -plugin-path /Applications/Xcode-16.1.0.app/Contents/Developer/Toolchains/XcodeDefault.xctoolchain/usr/lib/swift/host/plugins/testing -validate-clang-modules-once -clang-build-session-file /Users/admin/builder/spi-builder-workspace/.derivedData/ModuleCache.noindex/Session.modulevalidation -Xcc -working-directory -Xcc /Users/admin/builder/spi-builder-workspace/.swiftpm/xcode -resource-dir /Applications/Xcode-16.1.0.app/Contents/Developer/Toolchains/XcodeDefault.xctoolchain/usr/lib/swift -enable-anonymous-context-mangled-names -file-compilation-dir /Users/admin/builder/spi-builder-workspace/.swiftpm/xcode -Xcc -fmodule-map-file\=/Users/admin/builder/spi-builder-workspace/Sources/CWasmer/module.modulemap -Xcc -D_LIBCPP_HARDENING_MODE\=_LIBCPP_HARDENING_MODE_DEBUG -Xcc -ivfsstatcache -Xcc /Users/admin/builder/spi-builder-workspace/.derivedData/SDKStatCaches.noindex/watchos11.1-22R574-7b9df0bda16bb4641b33636c68f04660.sdkstatcache -Xcc -I/Users/admin/builder/spi-builder-workspace/.derivedData/Build/Intermediates.noindex/SwiftyWasmer.build/Debug-watchos/Wasmer.build/swift-overrides.hmap -Xcc -I/Users/admin/builder/spi-builder-workspace/.derivedData/Build/Products/Debug-watchos/include -Xcc -I/Users/admin/builder/spi-builder-workspace/.derivedData/Build/Intermediates.noindex/SwiftyWasmer.build/Debug-watchos/Wasmer.build/DerivedSources-normal/armv7k -Xcc -I/Users/admin/builder/spi-builder-workspace/.derivedData/Build/Intermediates.noindex/SwiftyWasmer.build/Debug-watchos/Wasmer.build/DerivedSources/armv7k -Xcc -I/Users/admin/builder/spi-builder-workspace/.derivedData/Build/Intermediates.noindex/SwiftyWasmer.build/Debug-watchos/Wasmer.build/DerivedSources -Xcc -DSWIFT_PACKAGE -Xcc -DDEBUG\=1 -module-name Wasmer -frontend-parseable-output -disable-clang-spi -target-sdk-version 11.1 -target-sdk-name watchos11.1 -external-plugin-path /Applications/Xcode-16.1.0.app/Contents/Developer/Platforms/WatchOS.platform/Developer/usr/lib/swift/host/plugins\#/Applications/Xcode-16.1.0.app/Contents/Developer/Platforms/WatchOS.platform/Developer/usr/bin/swift-plugin-server -external-plugin-path /Applications/Xcode-16.1.0.app/Contents/Developer/Platforms/WatchOS.platform/Developer/usr/local/lib/swift/host/plugins\#/Applications/Xcode-16.1.0.app/Contents/Developer/Platforms/WatchOS.platform/Developer/usr/bin/swift-plugin-server -plugin-path /Applications/Xcode-16.1.0.app/Contents/Developer/Toolchains/XcodeDefault.xctoolchain/usr/lib/swift/host/plugins -plugin-path /Applications/Xcode-16.1.0.app/Contents/Developer/Toolchains/XcodeDefault.xctoolchain/usr/local/lib/swift/host/plugins -o /Users/admin/builder/spi-builder-workspace/.derivedData/Build/Intermediates.noindex/SwiftyWasmer.build/Debug-watchos/Wasmer.build/Objects-normal/armv7k/ValueTypeWasmer.o -o /Users/admin/builder/spi-builder-workspace/.derivedData/Build/Intermediates.noindex/SwiftyWasmer.build/Debug-watchos/Wasmer.build/Objects-normal/armv7k/ValueWasmer.o -o /Users/admin/builder/spi-builder-workspace/.derivedData/Build/Intermediates.noindex/SwiftyWasmer.build/Debug-watchos/Wasmer.build/Objects-normal/armv7k/WasmerImportsHolder.o -index-unit-output-path /SwiftyWasmer.build/Debug-watchos/Wasmer.build/Objects-normal/armv7k/ValueTypeWasmer.o -index-unit-output-path /SwiftyWasmer.build/Debug-watchos/Wasmer.build/Objects-normal/armv7k/ValueWasmer.o -index-unit-output-path /SwiftyWasmer.build/Debug-watchos/Wasmer.build/Objects-normal/armv7k/WasmerImportsHolder.o -index-store-path /Users/admin/builder/spi-builder-workspace/.derivedData/Index.noindex/DataStore -index-system-modules
SwiftCompile normal armv7k /Users/admin/builder/spi-builder-workspace/Sources/Wasmer/WebAssemblyWasmer/WasmerImportsHolder.swift (in target 'Wasmer' from project 'SwiftyWasmer')
cd /Users/admin/builder/spi-builder-workspace/.swiftpm/xcode
/Applications/Xcode-16.1.0.app/Contents/Developer/Toolchains/XcodeDefault.xctoolchain/usr/bin/swift-frontend -c /Users/admin/builder/spi-builder-workspace/Sources/Wasmer/CExtensions/ByteArrayExt.swift /Users/admin/builder/spi-builder-workspace/Sources/Wasmer/CExtensions/ExportFuncPtr.swift /Users/admin/builder/spi-builder-workspace/Sources/Wasmer/CExtensions/ExportPtr.swift /Users/admin/builder/spi-builder-workspace/Sources/Wasmer/CExtensions/ExportsPtr.swift /Users/admin/builder/spi-builder-workspace/Sources/Wasmer/CExtensions/GlobalPtr.swift /Users/admin/builder/spi-builder-workspace/Sources/Wasmer/CExtensions/ImportObjectIterPtr.swift /Users/admin/builder/spi-builder-workspace/Sources/Wasmer/CExtensions/ImportObjectPtr.swift /Users/admin/builder/spi-builder-workspace/Sources/Wasmer/CExtensions/InstanceContextPtr.swift /Users/admin/builder/spi-builder-workspace/Sources/Wasmer/CExtensions/InstancePtr.swift /Users/admin/builder/spi-builder-workspace/Sources/Wasmer/CExtensions/MemoryPtr.swift /Users/admin/builder/spi-builder-workspace/Sources/Wasmer/CExtensions/ModulePtr.swift /Users/admin/builder/spi-builder-workspace/Sources/Wasmer/CExtensions/SerializedModulePtr.swift /Users/admin/builder/spi-builder-workspace/Sources/Wasmer/ReExports.swift /Users/admin/builder/spi-builder-workspace/Sources/Wasmer/Utilities/CAPIUtilities.swift /Users/admin/builder/spi-builder-workspace/Sources/Wasmer/Wasmer/Wasmer.swift /Users/admin/builder/spi-builder-workspace/Sources/Wasmer/Wasmer/WasmerError.swift /Users/admin/builder/spi-builder-workspace/Sources/Wasmer/Wasmer/WasmerFFIFix.swift /Users/admin/builder/spi-builder-workspace/Sources/Wasmer/Wasmer/WasmerImportExportKind.swift /Users/admin/builder/spi-builder-workspace/Sources/Wasmer/WebAssembly/Export.swift /Users/admin/builder/spi-builder-workspace/Sources/Wasmer/WebAssembly/Exports.swift /Users/admin/builder/spi-builder-workspace/Sources/Wasmer/WebAssembly/Global.swift /Users/admin/builder/spi-builder-workspace/Sources/Wasmer/WebAssembly/ImportObject.swift /Users/admin/builder/spi-builder-workspace/Sources/Wasmer/WebAssembly/Instance.swift /Users/admin/builder/spi-builder-workspace/Sources/Wasmer/WebAssembly/Memory.swift /Users/admin/builder/spi-builder-workspace/Sources/Wasmer/WebAssembly/Module.swift /Users/admin/builder/spi-builder-workspace/Sources/Wasmer/WebAssembly/Validate.swift /Users/admin/builder/spi-builder-workspace/Sources/Wasmer/WebAssembly/Value.swift /Users/admin/builder/spi-builder-workspace/Sources/Wasmer/WebAssembly/ValueType.swift /Users/admin/builder/spi-builder-workspace/Sources/Wasmer/WebAssembly/WASI.swift /Users/admin/builder/spi-builder-workspace/Sources/Wasmer/WebAssembly/WebAssembly.swift /Users/admin/builder/spi-builder-workspace/Sources/Wasmer/WebAssemblyWasmer/ExportWasmer.swift -primary-file /Users/admin/builder/spi-builder-workspace/Sources/Wasmer/WebAssemblyWasmer/ValueTypeWasmer.swift -primary-file /Users/admin/builder/spi-builder-workspace/Sources/Wasmer/WebAssemblyWasmer/ValueWasmer.swift -primary-file /Users/admin/builder/spi-builder-workspace/Sources/Wasmer/WebAssemblyWasmer/WasmerImportsHolder.swift -supplementary-output-file-map /Users/admin/builder/spi-builder-workspace/.derivedData/Build/Intermediates.noindex/SwiftyWasmer.build/Debug-watchos/Wasmer.build/Objects-normal/armv7k/supplementaryOutputs-28 -target armv7k-apple-watchos5.0 -enable-objc-interop -sdk /Applications/Xcode-16.1.0.app/Contents/Developer/Platforms/WatchOS.platform/Developer/SDKs/WatchOS11.1.sdk -I /Users/admin/builder/spi-builder-workspace/.derivedData/Build/Products/Debug-watchos -I /Applications/Xcode-16.1.0.app/Contents/Developer/Platforms/WatchOS.platform/Developer/usr/lib -F /Users/admin/builder/spi-builder-workspace/.derivedData/Build/Products/Debug-watchos -F /Applications/Xcode-16.1.0.app/Contents/Developer/Platforms/WatchOS.platform/Developer/Library/Frameworks -F /Applications/Xcode-16.1.0.app/Contents/Developer/Platforms/WatchOS.platform/Developer/SDKs/WatchOS11.1.sdk/Developer/Library/Frameworks -no-color-diagnostics -enable-testing -g -debug-info-format\=dwarf -dwarf-version\=4 -module-cache-path /Users/admin/builder/spi-builder-workspace/.derivedData/ModuleCache.noindex -swift-version 5 -enforce-exclusivity\=checked -stats-output-dir /Users/admin/builder/spi-builder-workspace/.swiftpm/xcode/.stats -Onone -D SWIFT_PACKAGE -D DEBUG -serialize-debugging-options -const-gather-protocols-file /Users/admin/builder/spi-builder-workspace/.derivedData/Build/Intermediates.noindex/SwiftyWasmer.build/Debug-watchos/Wasmer.build/Objects-normal/armv7k/Wasmer_const_extract_protocols.json -enable-experimental-feature DebugDescriptionMacro -enable-experimental-feature OpaqueTypeErasure -strict-concurrency\=complete -empty-abi-descriptor -plugin-path /Applications/Xcode-16.1.0.app/Contents/Developer/Toolchains/XcodeDefault.xctoolchain/usr/lib/swift/host/plugins/testing -validate-clang-modules-once -clang-build-session-file /Users/admin/builder/spi-builder-workspace/.derivedData/ModuleCache.noindex/Session.modulevalidation -Xcc -working-directory -Xcc /Users/admin/builder/spi-builder-workspace/.swiftpm/xcode -resource-dir /Applications/Xcode-16.1.0.app/Contents/Developer/Toolchains/XcodeDefault.xctoolchain/usr/lib/swift -enable-anonymous-context-mangled-names -file-compilation-dir /Users/admin/builder/spi-builder-workspace/.swiftpm/xcode -Xcc -fmodule-map-file\=/Users/admin/builder/spi-builder-workspace/Sources/CWasmer/module.modulemap -Xcc -D_LIBCPP_HARDENING_MODE\=_LIBCPP_HARDENING_MODE_DEBUG -Xcc -ivfsstatcache -Xcc /Users/admin/builder/spi-builder-workspace/.derivedData/SDKStatCaches.noindex/watchos11.1-22R574-7b9df0bda16bb4641b33636c68f04660.sdkstatcache -Xcc -I/Users/admin/builder/spi-builder-workspace/.derivedData/Build/Intermediates.noindex/SwiftyWasmer.build/Debug-watchos/Wasmer.build/swift-overrides.hmap -Xcc -I/Users/admin/builder/spi-builder-workspace/.derivedData/Build/Products/Debug-watchos/include -Xcc -I/Users/admin/builder/spi-builder-workspace/.derivedData/Build/Intermediates.noindex/SwiftyWasmer.build/Debug-watchos/Wasmer.build/DerivedSources-normal/armv7k -Xcc -I/Users/admin/builder/spi-builder-workspace/.derivedData/Build/Intermediates.noindex/SwiftyWasmer.build/Debug-watchos/Wasmer.build/DerivedSources/armv7k -Xcc -I/Users/admin/builder/spi-builder-workspace/.derivedData/Build/Intermediates.noindex/SwiftyWasmer.build/Debug-watchos/Wasmer.build/DerivedSources -Xcc -DSWIFT_PACKAGE -Xcc -DDEBUG\=1 -module-name Wasmer -frontend-parseable-output -disable-clang-spi -target-sdk-version 11.1 -target-sdk-name watchos11.1 -external-plugin-path /Applications/Xcode-16.1.0.app/Contents/Developer/Platforms/WatchOS.platform/Developer/usr/lib/swift/host/plugins\#/Applications/Xcode-16.1.0.app/Contents/Developer/Platforms/WatchOS.platform/Developer/usr/bin/swift-plugin-server -external-plugin-path /Applications/Xcode-16.1.0.app/Contents/Developer/Platforms/WatchOS.platform/Developer/usr/local/lib/swift/host/plugins\#/Applications/Xcode-16.1.0.app/Contents/Developer/Platforms/WatchOS.platform/Developer/usr/bin/swift-plugin-server -plugin-path /Applications/Xcode-16.1.0.app/Contents/Developer/Toolchains/XcodeDefault.xctoolchain/usr/lib/swift/host/plugins -plugin-path /Applications/Xcode-16.1.0.app/Contents/Developer/Toolchains/XcodeDefault.xctoolchain/usr/local/lib/swift/host/plugins -o /Users/admin/builder/spi-builder-workspace/.derivedData/Build/Intermediates.noindex/SwiftyWasmer.build/Debug-watchos/Wasmer.build/Objects-normal/armv7k/ValueTypeWasmer.o -o /Users/admin/builder/spi-builder-workspace/.derivedData/Build/Intermediates.noindex/SwiftyWasmer.build/Debug-watchos/Wasmer.build/Objects-normal/armv7k/ValueWasmer.o -o /Users/admin/builder/spi-builder-workspace/.derivedData/Build/Intermediates.noindex/SwiftyWasmer.build/Debug-watchos/Wasmer.build/Objects-normal/armv7k/WasmerImportsHolder.o -index-unit-output-path /SwiftyWasmer.build/Debug-watchos/Wasmer.build/Objects-normal/armv7k/ValueTypeWasmer.o -index-unit-output-path /SwiftyWasmer.build/Debug-watchos/Wasmer.build/Objects-normal/armv7k/ValueWasmer.o -index-unit-output-path /SwiftyWasmer.build/Debug-watchos/Wasmer.build/Objects-normal/armv7k/WasmerImportsHolder.o -index-store-path /Users/admin/builder/spi-builder-workspace/.derivedData/Index.noindex/DataStore -index-system-modules
SwiftCompile normal arm64 Compiling\ Exports.swift,\ Global.swift,\ ImportObject.swift /Users/admin/builder/spi-builder-workspace/Sources/Wasmer/WebAssembly/Exports.swift /Users/admin/builder/spi-builder-workspace/Sources/Wasmer/WebAssembly/Global.swift /Users/admin/builder/spi-builder-workspace/Sources/Wasmer/WebAssembly/ImportObject.swift (in target 'Wasmer' from project 'SwiftyWasmer')
cd /Users/admin/builder/spi-builder-workspace/.swiftpm/xcode
builtin-swiftTaskExecution -- /Applications/Xcode-16.1.0.app/Contents/Developer/Toolchains/XcodeDefault.xctoolchain/usr/bin/swift-frontend -frontend -c /Users/admin/builder/spi-builder-workspace/Sources/Wasmer/CExtensions/ByteArrayExt.swift /Users/admin/builder/spi-builder-workspace/Sources/Wasmer/CExtensions/ExportFuncPtr.swift /Users/admin/builder/spi-builder-workspace/Sources/Wasmer/CExtensions/ExportPtr.swift /Users/admin/builder/spi-builder-workspace/Sources/Wasmer/CExtensions/ExportsPtr.swift /Users/admin/builder/spi-builder-workspace/Sources/Wasmer/CExtensions/GlobalPtr.swift /Users/admin/builder/spi-builder-workspace/Sources/Wasmer/CExtensions/ImportObjectIterPtr.swift /Users/admin/builder/spi-builder-workspace/Sources/Wasmer/CExtensions/ImportObjectPtr.swift /Users/admin/builder/spi-builder-workspace/Sources/Wasmer/CExtensions/InstanceContextPtr.swift /Users/admin/builder/spi-builder-workspace/Sources/Wasmer/CExtensions/InstancePtr.swift /Users/admin/builder/spi-builder-workspace/Sources/Wasmer/CExtensions/MemoryPtr.swift /Users/admin/builder/spi-builder-workspace/Sources/Wasmer/CExtensions/ModulePtr.swift /Users/admin/builder/spi-builder-workspace/Sources/Wasmer/CExtensions/SerializedModulePtr.swift /Users/admin/builder/spi-builder-workspace/Sources/Wasmer/ReExports.swift /Users/admin/builder/spi-builder-workspace/Sources/Wasmer/Utilities/CAPIUtilities.swift /Users/admin/builder/spi-builder-workspace/Sources/Wasmer/Wasmer/Wasmer.swift /Users/admin/builder/spi-builder-workspace/Sources/Wasmer/Wasmer/WasmerError.swift /Users/admin/builder/spi-builder-workspace/Sources/Wasmer/Wasmer/WasmerFFIFix.swift /Users/admin/builder/spi-builder-workspace/Sources/Wasmer/Wasmer/WasmerImportExportKind.swift /Users/admin/builder/spi-builder-workspace/Sources/Wasmer/WebAssembly/Export.swift -primary-file /Users/admin/builder/spi-builder-workspace/Sources/Wasmer/WebAssembly/Exports.swift -primary-file /Users/admin/builder/spi-builder-workspace/Sources/Wasmer/WebAssembly/Global.swift -primary-file /Users/admin/builder/spi-builder-workspace/Sources/Wasmer/WebAssembly/ImportObject.swift /Users/admin/builder/spi-builder-workspace/Sources/Wasmer/WebAssembly/Instance.swift /Users/admin/builder/spi-builder-workspace/Sources/Wasmer/WebAssembly/Memory.swift /Users/admin/builder/spi-builder-workspace/Sources/Wasmer/WebAssembly/Module.swift /Users/admin/builder/spi-builder-workspace/Sources/Wasmer/WebAssembly/Validate.swift /Users/admin/builder/spi-builder-workspace/Sources/Wasmer/WebAssembly/Value.swift /Users/admin/builder/spi-builder-workspace/Sources/Wasmer/WebAssembly/ValueType.swift /Users/admin/builder/spi-builder-workspace/Sources/Wasmer/WebAssembly/WASI.swift /Users/admin/builder/spi-builder-workspace/Sources/Wasmer/WebAssembly/WebAssembly.swift /Users/admin/builder/spi-builder-workspace/Sources/Wasmer/WebAssemblyWasmer/ExportWasmer.swift /Users/admin/builder/spi-builder-workspace/Sources/Wasmer/WebAssemblyWasmer/ValueTypeWasmer.swift /Users/admin/builder/spi-builder-workspace/Sources/Wasmer/WebAssemblyWasmer/ValueWasmer.swift /Users/admin/builder/spi-builder-workspace/Sources/Wasmer/WebAssemblyWasmer/WasmerImportsHolder.swift -supplementary-output-file-map /Users/admin/builder/spi-builder-workspace/.derivedData/Build/Intermediates.noindex/SwiftyWasmer.build/Debug-watchos/Wasmer.build/Objects-normal/arm64/supplementaryOutputs-17 -target arm64-apple-watchos5.0 -Xllvm -aarch64-use-tbi -enable-objc-interop -sdk /Applications/Xcode-16.1.0.app/Contents/Developer/Platforms/WatchOS.platform/Developer/SDKs/WatchOS11.1.sdk -I /Users/admin/builder/spi-builder-workspace/.derivedData/Build/Products/Debug-watchos -I /Applications/Xcode-16.1.0.app/Contents/Developer/Platforms/WatchOS.platform/Developer/usr/lib -F /Users/admin/builder/spi-builder-workspace/.derivedData/Build/Products/Debug-watchos -F /Applications/Xcode-16.1.0.app/Contents/Developer/Platforms/WatchOS.platform/Developer/Library/Frameworks -F /Applications/Xcode-16.1.0.app/Contents/Developer/Platforms/WatchOS.platform/Developer/SDKs/WatchOS11.1.sdk/Developer/Library/Frameworks -no-color-diagnostics -enable-testing -g -debug-info-format\=dwarf -dwarf-version\=4 -module-cache-path /Users/admin/builder/spi-builder-workspace/.derivedData/ModuleCache.noindex -swift-version 5 -enforce-exclusivity\=checked -stats-output-dir /Users/admin/builder/spi-builder-workspace/.swiftpm/xcode/.stats -Onone -D SWIFT_PACKAGE -D DEBUG -serialize-debugging-options -const-gather-protocols-file /Users/admin/builder/spi-builder-workspace/.derivedData/Build/Intermediates.noindex/SwiftyWasmer.build/Debug-watchos/Wasmer.build/Objects-normal/arm64/Wasmer_const_extract_protocols.json -enable-experimental-feature DebugDescriptionMacro -enable-experimental-feature OpaqueTypeErasure -strict-concurrency\=complete -empty-abi-descriptor -plugin-path /Applications/Xcode-16.1.0.app/Contents/Developer/Toolchains/XcodeDefault.xctoolchain/usr/lib/swift/host/plugins/testing -validate-clang-modules-once -clang-build-session-file /Users/admin/builder/spi-builder-workspace/.derivedData/ModuleCache.noindex/Session.modulevalidation -Xcc -working-directory -Xcc /Users/admin/builder/spi-builder-workspace/.swiftpm/xcode -resource-dir /Applications/Xcode-16.1.0.app/Contents/Developer/Toolchains/XcodeDefault.xctoolchain/usr/lib/swift -enable-anonymous-context-mangled-names -file-compilation-dir /Users/admin/builder/spi-builder-workspace/.swiftpm/xcode -Xcc -fmodule-map-file\=/Users/admin/builder/spi-builder-workspace/Sources/CWasmer/module.modulemap -Xcc -D_LIBCPP_HARDENING_MODE\=_LIBCPP_HARDENING_MODE_DEBUG -Xcc -ivfsstatcache -Xcc /Users/admin/builder/spi-builder-workspace/.derivedData/SDKStatCaches.noindex/watchos11.1-22R574-7b9df0bda16bb4641b33636c68f04660.sdkstatcache -Xcc -I/Users/admin/builder/spi-builder-workspace/.derivedData/Build/Intermediates.noindex/SwiftyWasmer.build/Debug-watchos/Wasmer.build/swift-overrides.hmap -Xcc -I/Users/admin/builder/spi-builder-workspace/.derivedData/Build/Products/Debug-watchos/include -Xcc -I/Users/admin/builder/spi-builder-workspace/.derivedData/Build/Intermediates.noindex/SwiftyWasmer.build/Debug-watchos/Wasmer.build/DerivedSources-normal/arm64 -Xcc -I/Users/admin/builder/spi-builder-workspace/.derivedData/Build/Intermediates.noindex/SwiftyWasmer.build/Debug-watchos/Wasmer.build/DerivedSources/arm64 -Xcc -I/Users/admin/builder/spi-builder-workspace/.derivedData/Build/Intermediates.noindex/SwiftyWasmer.build/Debug-watchos/Wasmer.build/DerivedSources -Xcc -DSWIFT_PACKAGE -Xcc -DDEBUG\=1 -module-name Wasmer -frontend-parseable-output -disable-clang-spi -target-sdk-version 11.1 -target-sdk-name watchos11.1 -external-plugin-path /Applications/Xcode-16.1.0.app/Contents/Developer/Platforms/WatchOS.platform/Developer/usr/lib/swift/host/plugins\#/Applications/Xcode-16.1.0.app/Contents/Developer/Platforms/WatchOS.platform/Developer/usr/bin/swift-plugin-server -external-plugin-path /Applications/Xcode-16.1.0.app/Contents/Developer/Platforms/WatchOS.platform/Developer/usr/local/lib/swift/host/plugins\#/Applications/Xcode-16.1.0.app/Contents/Developer/Platforms/WatchOS.platform/Developer/usr/bin/swift-plugin-server -plugin-path /Applications/Xcode-16.1.0.app/Contents/Developer/Toolchains/XcodeDefault.xctoolchain/usr/lib/swift/host/plugins -plugin-path /Applications/Xcode-16.1.0.app/Contents/Developer/Toolchains/XcodeDefault.xctoolchain/usr/local/lib/swift/host/plugins -o /Users/admin/builder/spi-builder-workspace/.derivedData/Build/Intermediates.noindex/SwiftyWasmer.build/Debug-watchos/Wasmer.build/Objects-normal/arm64/Exports.o -o /Users/admin/builder/spi-builder-workspace/.derivedData/Build/Intermediates.noindex/SwiftyWasmer.build/Debug-watchos/Wasmer.build/Objects-normal/arm64/Global.o -o /Users/admin/builder/spi-builder-workspace/.derivedData/Build/Intermediates.noindex/SwiftyWasmer.build/Debug-watchos/Wasmer.build/Objects-normal/arm64/ImportObject.o -index-unit-output-path /SwiftyWasmer.build/Debug-watchos/Wasmer.build/Objects-normal/arm64/Exports.o -index-unit-output-path /SwiftyWasmer.build/Debug-watchos/Wasmer.build/Objects-normal/arm64/Global.o -index-unit-output-path /SwiftyWasmer.build/Debug-watchos/Wasmer.build/Objects-normal/arm64/ImportObject.o -index-store-path /Users/admin/builder/spi-builder-workspace/.derivedData/Index.noindex/DataStore -index-system-modules
SwiftCompile normal arm64 /Users/admin/builder/spi-builder-workspace/Sources/Wasmer/WebAssembly/Exports.swift (in target 'Wasmer' from project 'SwiftyWasmer')
cd /Users/admin/builder/spi-builder-workspace/.swiftpm/xcode
/Applications/Xcode-16.1.0.app/Contents/Developer/Toolchains/XcodeDefault.xctoolchain/usr/bin/swift-frontend -c /Users/admin/builder/spi-builder-workspace/Sources/Wasmer/CExtensions/ByteArrayExt.swift /Users/admin/builder/spi-builder-workspace/Sources/Wasmer/CExtensions/ExportFuncPtr.swift /Users/admin/builder/spi-builder-workspace/Sources/Wasmer/CExtensions/ExportPtr.swift /Users/admin/builder/spi-builder-workspace/Sources/Wasmer/CExtensions/ExportsPtr.swift /Users/admin/builder/spi-builder-workspace/Sources/Wasmer/CExtensions/GlobalPtr.swift /Users/admin/builder/spi-builder-workspace/Sources/Wasmer/CExtensions/ImportObjectIterPtr.swift /Users/admin/builder/spi-builder-workspace/Sources/Wasmer/CExtensions/ImportObjectPtr.swift /Users/admin/builder/spi-builder-workspace/Sources/Wasmer/CExtensions/InstanceContextPtr.swift /Users/admin/builder/spi-builder-workspace/Sources/Wasmer/CExtensions/InstancePtr.swift /Users/admin/builder/spi-builder-workspace/Sources/Wasmer/CExtensions/MemoryPtr.swift /Users/admin/builder/spi-builder-workspace/Sources/Wasmer/CExtensions/ModulePtr.swift /Users/admin/builder/spi-builder-workspace/Sources/Wasmer/CExtensions/SerializedModulePtr.swift /Users/admin/builder/spi-builder-workspace/Sources/Wasmer/ReExports.swift /Users/admin/builder/spi-builder-workspace/Sources/Wasmer/Utilities/CAPIUtilities.swift /Users/admin/builder/spi-builder-workspace/Sources/Wasmer/Wasmer/Wasmer.swift /Users/admin/builder/spi-builder-workspace/Sources/Wasmer/Wasmer/WasmerError.swift /Users/admin/builder/spi-builder-workspace/Sources/Wasmer/Wasmer/WasmerFFIFix.swift /Users/admin/builder/spi-builder-workspace/Sources/Wasmer/Wasmer/WasmerImportExportKind.swift /Users/admin/builder/spi-builder-workspace/Sources/Wasmer/WebAssembly/Export.swift -primary-file /Users/admin/builder/spi-builder-workspace/Sources/Wasmer/WebAssembly/Exports.swift -primary-file /Users/admin/builder/spi-builder-workspace/Sources/Wasmer/WebAssembly/Global.swift -primary-file /Users/admin/builder/spi-builder-workspace/Sources/Wasmer/WebAssembly/ImportObject.swift /Users/admin/builder/spi-builder-workspace/Sources/Wasmer/WebAssembly/Instance.swift /Users/admin/builder/spi-builder-workspace/Sources/Wasmer/WebAssembly/Memory.swift /Users/admin/builder/spi-builder-workspace/Sources/Wasmer/WebAssembly/Module.swift /Users/admin/builder/spi-builder-workspace/Sources/Wasmer/WebAssembly/Validate.swift /Users/admin/builder/spi-builder-workspace/Sources/Wasmer/WebAssembly/Value.swift /Users/admin/builder/spi-builder-workspace/Sources/Wasmer/WebAssembly/ValueType.swift /Users/admin/builder/spi-builder-workspace/Sources/Wasmer/WebAssembly/WASI.swift /Users/admin/builder/spi-builder-workspace/Sources/Wasmer/WebAssembly/WebAssembly.swift /Users/admin/builder/spi-builder-workspace/Sources/Wasmer/WebAssemblyWasmer/ExportWasmer.swift /Users/admin/builder/spi-builder-workspace/Sources/Wasmer/WebAssemblyWasmer/ValueTypeWasmer.swift /Users/admin/builder/spi-builder-workspace/Sources/Wasmer/WebAssemblyWasmer/ValueWasmer.swift /Users/admin/builder/spi-builder-workspace/Sources/Wasmer/WebAssemblyWasmer/WasmerImportsHolder.swift -supplementary-output-file-map /Users/admin/builder/spi-builder-workspace/.derivedData/Build/Intermediates.noindex/SwiftyWasmer.build/Debug-watchos/Wasmer.build/Objects-normal/arm64/supplementaryOutputs-17 -target arm64-apple-watchos5.0 -Xllvm -aarch64-use-tbi -enable-objc-interop -sdk /Applications/Xcode-16.1.0.app/Contents/Developer/Platforms/WatchOS.platform/Developer/SDKs/WatchOS11.1.sdk -I /Users/admin/builder/spi-builder-workspace/.derivedData/Build/Products/Debug-watchos -I /Applications/Xcode-16.1.0.app/Contents/Developer/Platforms/WatchOS.platform/Developer/usr/lib -F /Users/admin/builder/spi-builder-workspace/.derivedData/Build/Products/Debug-watchos -F /Applications/Xcode-16.1.0.app/Contents/Developer/Platforms/WatchOS.platform/Developer/Library/Frameworks -F /Applications/Xcode-16.1.0.app/Contents/Developer/Platforms/WatchOS.platform/Developer/SDKs/WatchOS11.1.sdk/Developer/Library/Frameworks -no-color-diagnostics -enable-testing -g -debug-info-format\=dwarf -dwarf-version\=4 -module-cache-path /Users/admin/builder/spi-builder-workspace/.derivedData/ModuleCache.noindex -swift-version 5 -enforce-exclusivity\=checked -stats-output-dir /Users/admin/builder/spi-builder-workspace/.swiftpm/xcode/.stats -Onone -D SWIFT_PACKAGE -D DEBUG -serialize-debugging-options -const-gather-protocols-file /Users/admin/builder/spi-builder-workspace/.derivedData/Build/Intermediates.noindex/SwiftyWasmer.build/Debug-watchos/Wasmer.build/Objects-normal/arm64/Wasmer_const_extract_protocols.json -enable-experimental-feature DebugDescriptionMacro -enable-experimental-feature OpaqueTypeErasure -strict-concurrency\=complete -empty-abi-descriptor -plugin-path /Applications/Xcode-16.1.0.app/Contents/Developer/Toolchains/XcodeDefault.xctoolchain/usr/lib/swift/host/plugins/testing -validate-clang-modules-once -clang-build-session-file /Users/admin/builder/spi-builder-workspace/.derivedData/ModuleCache.noindex/Session.modulevalidation -Xcc -working-directory -Xcc /Users/admin/builder/spi-builder-workspace/.swiftpm/xcode -resource-dir /Applications/Xcode-16.1.0.app/Contents/Developer/Toolchains/XcodeDefault.xctoolchain/usr/lib/swift -enable-anonymous-context-mangled-names -file-compilation-dir /Users/admin/builder/spi-builder-workspace/.swiftpm/xcode -Xcc -fmodule-map-file\=/Users/admin/builder/spi-builder-workspace/Sources/CWasmer/module.modulemap -Xcc -D_LIBCPP_HARDENING_MODE\=_LIBCPP_HARDENING_MODE_DEBUG -Xcc -ivfsstatcache -Xcc /Users/admin/builder/spi-builder-workspace/.derivedData/SDKStatCaches.noindex/watchos11.1-22R574-7b9df0bda16bb4641b33636c68f04660.sdkstatcache -Xcc -I/Users/admin/builder/spi-builder-workspace/.derivedData/Build/Intermediates.noindex/SwiftyWasmer.build/Debug-watchos/Wasmer.build/swift-overrides.hmap -Xcc -I/Users/admin/builder/spi-builder-workspace/.derivedData/Build/Products/Debug-watchos/include -Xcc -I/Users/admin/builder/spi-builder-workspace/.derivedData/Build/Intermediates.noindex/SwiftyWasmer.build/Debug-watchos/Wasmer.build/DerivedSources-normal/arm64 -Xcc -I/Users/admin/builder/spi-builder-workspace/.derivedData/Build/Intermediates.noindex/SwiftyWasmer.build/Debug-watchos/Wasmer.build/DerivedSources/arm64 -Xcc -I/Users/admin/builder/spi-builder-workspace/.derivedData/Build/Intermediates.noindex/SwiftyWasmer.build/Debug-watchos/Wasmer.build/DerivedSources -Xcc -DSWIFT_PACKAGE -Xcc -DDEBUG\=1 -module-name Wasmer -frontend-parseable-output -disable-clang-spi -target-sdk-version 11.1 -target-sdk-name watchos11.1 -external-plugin-path /Applications/Xcode-16.1.0.app/Contents/Developer/Platforms/WatchOS.platform/Developer/usr/lib/swift/host/plugins\#/Applications/Xcode-16.1.0.app/Contents/Developer/Platforms/WatchOS.platform/Developer/usr/bin/swift-plugin-server -external-plugin-path /Applications/Xcode-16.1.0.app/Contents/Developer/Platforms/WatchOS.platform/Developer/usr/local/lib/swift/host/plugins\#/Applications/Xcode-16.1.0.app/Contents/Developer/Platforms/WatchOS.platform/Developer/usr/bin/swift-plugin-server -plugin-path /Applications/Xcode-16.1.0.app/Contents/Developer/Toolchains/XcodeDefault.xctoolchain/usr/lib/swift/host/plugins -plugin-path /Applications/Xcode-16.1.0.app/Contents/Developer/Toolchains/XcodeDefault.xctoolchain/usr/local/lib/swift/host/plugins -o /Users/admin/builder/spi-builder-workspace/.derivedData/Build/Intermediates.noindex/SwiftyWasmer.build/Debug-watchos/Wasmer.build/Objects-normal/arm64/Exports.o -o /Users/admin/builder/spi-builder-workspace/.derivedData/Build/Intermediates.noindex/SwiftyWasmer.build/Debug-watchos/Wasmer.build/Objects-normal/arm64/Global.o -o /Users/admin/builder/spi-builder-workspace/.derivedData/Build/Intermediates.noindex/SwiftyWasmer.build/Debug-watchos/Wasmer.build/Objects-normal/arm64/ImportObject.o -index-unit-output-path /SwiftyWasmer.build/Debug-watchos/Wasmer.build/Objects-normal/arm64/Exports.o -index-unit-output-path /SwiftyWasmer.build/Debug-watchos/Wasmer.build/Objects-normal/arm64/Global.o -index-unit-output-path /SwiftyWasmer.build/Debug-watchos/Wasmer.build/Objects-normal/arm64/ImportObject.o -index-store-path /Users/admin/builder/spi-builder-workspace/.derivedData/Index.noindex/DataStore -index-system-modules
SwiftCompile normal arm64 /Users/admin/builder/spi-builder-workspace/Sources/Wasmer/WebAssembly/Global.swift (in target 'Wasmer' from project 'SwiftyWasmer')
cd /Users/admin/builder/spi-builder-workspace/.swiftpm/xcode
/Applications/Xcode-16.1.0.app/Contents/Developer/Toolchains/XcodeDefault.xctoolchain/usr/bin/swift-frontend -c /Users/admin/builder/spi-builder-workspace/Sources/Wasmer/CExtensions/ByteArrayExt.swift /Users/admin/builder/spi-builder-workspace/Sources/Wasmer/CExtensions/ExportFuncPtr.swift /Users/admin/builder/spi-builder-workspace/Sources/Wasmer/CExtensions/ExportPtr.swift /Users/admin/builder/spi-builder-workspace/Sources/Wasmer/CExtensions/ExportsPtr.swift /Users/admin/builder/spi-builder-workspace/Sources/Wasmer/CExtensions/GlobalPtr.swift /Users/admin/builder/spi-builder-workspace/Sources/Wasmer/CExtensions/ImportObjectIterPtr.swift /Users/admin/builder/spi-builder-workspace/Sources/Wasmer/CExtensions/ImportObjectPtr.swift /Users/admin/builder/spi-builder-workspace/Sources/Wasmer/CExtensions/InstanceContextPtr.swift /Users/admin/builder/spi-builder-workspace/Sources/Wasmer/CExtensions/InstancePtr.swift /Users/admin/builder/spi-builder-workspace/Sources/Wasmer/CExtensions/MemoryPtr.swift /Users/admin/builder/spi-builder-workspace/Sources/Wasmer/CExtensions/ModulePtr.swift /Users/admin/builder/spi-builder-workspace/Sources/Wasmer/CExtensions/SerializedModulePtr.swift /Users/admin/builder/spi-builder-workspace/Sources/Wasmer/ReExports.swift /Users/admin/builder/spi-builder-workspace/Sources/Wasmer/Utilities/CAPIUtilities.swift /Users/admin/builder/spi-builder-workspace/Sources/Wasmer/Wasmer/Wasmer.swift /Users/admin/builder/spi-builder-workspace/Sources/Wasmer/Wasmer/WasmerError.swift /Users/admin/builder/spi-builder-workspace/Sources/Wasmer/Wasmer/WasmerFFIFix.swift /Users/admin/builder/spi-builder-workspace/Sources/Wasmer/Wasmer/WasmerImportExportKind.swift /Users/admin/builder/spi-builder-workspace/Sources/Wasmer/WebAssembly/Export.swift -primary-file /Users/admin/builder/spi-builder-workspace/Sources/Wasmer/WebAssembly/Exports.swift -primary-file /Users/admin/builder/spi-builder-workspace/Sources/Wasmer/WebAssembly/Global.swift -primary-file /Users/admin/builder/spi-builder-workspace/Sources/Wasmer/WebAssembly/ImportObject.swift /Users/admin/builder/spi-builder-workspace/Sources/Wasmer/WebAssembly/Instance.swift /Users/admin/builder/spi-builder-workspace/Sources/Wasmer/WebAssembly/Memory.swift /Users/admin/builder/spi-builder-workspace/Sources/Wasmer/WebAssembly/Module.swift /Users/admin/builder/spi-builder-workspace/Sources/Wasmer/WebAssembly/Validate.swift /Users/admin/builder/spi-builder-workspace/Sources/Wasmer/WebAssembly/Value.swift /Users/admin/builder/spi-builder-workspace/Sources/Wasmer/WebAssembly/ValueType.swift /Users/admin/builder/spi-builder-workspace/Sources/Wasmer/WebAssembly/WASI.swift /Users/admin/builder/spi-builder-workspace/Sources/Wasmer/WebAssembly/WebAssembly.swift /Users/admin/builder/spi-builder-workspace/Sources/Wasmer/WebAssemblyWasmer/ExportWasmer.swift /Users/admin/builder/spi-builder-workspace/Sources/Wasmer/WebAssemblyWasmer/ValueTypeWasmer.swift /Users/admin/builder/spi-builder-workspace/Sources/Wasmer/WebAssemblyWasmer/ValueWasmer.swift /Users/admin/builder/spi-builder-workspace/Sources/Wasmer/WebAssemblyWasmer/WasmerImportsHolder.swift -supplementary-output-file-map /Users/admin/builder/spi-builder-workspace/.derivedData/Build/Intermediates.noindex/SwiftyWasmer.build/Debug-watchos/Wasmer.build/Objects-normal/arm64/supplementaryOutputs-17 -target arm64-apple-watchos5.0 -Xllvm -aarch64-use-tbi -enable-objc-interop -sdk /Applications/Xcode-16.1.0.app/Contents/Developer/Platforms/WatchOS.platform/Developer/SDKs/WatchOS11.1.sdk -I /Users/admin/builder/spi-builder-workspace/.derivedData/Build/Products/Debug-watchos -I /Applications/Xcode-16.1.0.app/Contents/Developer/Platforms/WatchOS.platform/Developer/usr/lib -F /Users/admin/builder/spi-builder-workspace/.derivedData/Build/Products/Debug-watchos -F /Applications/Xcode-16.1.0.app/Contents/Developer/Platforms/WatchOS.platform/Developer/Library/Frameworks -F /Applications/Xcode-16.1.0.app/Contents/Developer/Platforms/WatchOS.platform/Developer/SDKs/WatchOS11.1.sdk/Developer/Library/Frameworks -no-color-diagnostics -enable-testing -g -debug-info-format\=dwarf -dwarf-version\=4 -module-cache-path /Users/admin/builder/spi-builder-workspace/.derivedData/ModuleCache.noindex -swift-version 5 -enforce-exclusivity\=checked -stats-output-dir /Users/admin/builder/spi-builder-workspace/.swiftpm/xcode/.stats -Onone -D SWIFT_PACKAGE -D DEBUG -serialize-debugging-options -const-gather-protocols-file /Users/admin/builder/spi-builder-workspace/.derivedData/Build/Intermediates.noindex/SwiftyWasmer.build/Debug-watchos/Wasmer.build/Objects-normal/arm64/Wasmer_const_extract_protocols.json -enable-experimental-feature DebugDescriptionMacro -enable-experimental-feature OpaqueTypeErasure -strict-concurrency\=complete -empty-abi-descriptor -plugin-path /Applications/Xcode-16.1.0.app/Contents/Developer/Toolchains/XcodeDefault.xctoolchain/usr/lib/swift/host/plugins/testing -validate-clang-modules-once -clang-build-session-file /Users/admin/builder/spi-builder-workspace/.derivedData/ModuleCache.noindex/Session.modulevalidation -Xcc -working-directory -Xcc /Users/admin/builder/spi-builder-workspace/.swiftpm/xcode -resource-dir /Applications/Xcode-16.1.0.app/Contents/Developer/Toolchains/XcodeDefault.xctoolchain/usr/lib/swift -enable-anonymous-context-mangled-names -file-compilation-dir /Users/admin/builder/spi-builder-workspace/.swiftpm/xcode -Xcc -fmodule-map-file\=/Users/admin/builder/spi-builder-workspace/Sources/CWasmer/module.modulemap -Xcc -D_LIBCPP_HARDENING_MODE\=_LIBCPP_HARDENING_MODE_DEBUG -Xcc -ivfsstatcache -Xcc /Users/admin/builder/spi-builder-workspace/.derivedData/SDKStatCaches.noindex/watchos11.1-22R574-7b9df0bda16bb4641b33636c68f04660.sdkstatcache -Xcc -I/Users/admin/builder/spi-builder-workspace/.derivedData/Build/Intermediates.noindex/SwiftyWasmer.build/Debug-watchos/Wasmer.build/swift-overrides.hmap -Xcc -I/Users/admin/builder/spi-builder-workspace/.derivedData/Build/Products/Debug-watchos/include -Xcc -I/Users/admin/builder/spi-builder-workspace/.derivedData/Build/Intermediates.noindex/SwiftyWasmer.build/Debug-watchos/Wasmer.build/DerivedSources-normal/arm64 -Xcc -I/Users/admin/builder/spi-builder-workspace/.derivedData/Build/Intermediates.noindex/SwiftyWasmer.build/Debug-watchos/Wasmer.build/DerivedSources/arm64 -Xcc -I/Users/admin/builder/spi-builder-workspace/.derivedData/Build/Intermediates.noindex/SwiftyWasmer.build/Debug-watchos/Wasmer.build/DerivedSources -Xcc -DSWIFT_PACKAGE -Xcc -DDEBUG\=1 -module-name Wasmer -frontend-parseable-output -disable-clang-spi -target-sdk-version 11.1 -target-sdk-name watchos11.1 -external-plugin-path /Applications/Xcode-16.1.0.app/Contents/Developer/Platforms/WatchOS.platform/Developer/usr/lib/swift/host/plugins\#/Applications/Xcode-16.1.0.app/Contents/Developer/Platforms/WatchOS.platform/Developer/usr/bin/swift-plugin-server -external-plugin-path /Applications/Xcode-16.1.0.app/Contents/Developer/Platforms/WatchOS.platform/Developer/usr/local/lib/swift/host/plugins\#/Applications/Xcode-16.1.0.app/Contents/Developer/Platforms/WatchOS.platform/Developer/usr/bin/swift-plugin-server -plugin-path /Applications/Xcode-16.1.0.app/Contents/Developer/Toolchains/XcodeDefault.xctoolchain/usr/lib/swift/host/plugins -plugin-path /Applications/Xcode-16.1.0.app/Contents/Developer/Toolchains/XcodeDefault.xctoolchain/usr/local/lib/swift/host/plugins -o /Users/admin/builder/spi-builder-workspace/.derivedData/Build/Intermediates.noindex/SwiftyWasmer.build/Debug-watchos/Wasmer.build/Objects-normal/arm64/Exports.o -o /Users/admin/builder/spi-builder-workspace/.derivedData/Build/Intermediates.noindex/SwiftyWasmer.build/Debug-watchos/Wasmer.build/Objects-normal/arm64/Global.o -o /Users/admin/builder/spi-builder-workspace/.derivedData/Build/Intermediates.noindex/SwiftyWasmer.build/Debug-watchos/Wasmer.build/Objects-normal/arm64/ImportObject.o -index-unit-output-path /SwiftyWasmer.build/Debug-watchos/Wasmer.build/Objects-normal/arm64/Exports.o -index-unit-output-path /SwiftyWasmer.build/Debug-watchos/Wasmer.build/Objects-normal/arm64/Global.o -index-unit-output-path /SwiftyWasmer.build/Debug-watchos/Wasmer.build/Objects-normal/arm64/ImportObject.o -index-store-path /Users/admin/builder/spi-builder-workspace/.derivedData/Index.noindex/DataStore -index-system-modules
SwiftCompile normal arm64 /Users/admin/builder/spi-builder-workspace/Sources/Wasmer/WebAssembly/ImportObject.swift (in target 'Wasmer' from project 'SwiftyWasmer')
cd /Users/admin/builder/spi-builder-workspace/.swiftpm/xcode
/Applications/Xcode-16.1.0.app/Contents/Developer/Toolchains/XcodeDefault.xctoolchain/usr/bin/swift-frontend -c /Users/admin/builder/spi-builder-workspace/Sources/Wasmer/CExtensions/ByteArrayExt.swift /Users/admin/builder/spi-builder-workspace/Sources/Wasmer/CExtensions/ExportFuncPtr.swift /Users/admin/builder/spi-builder-workspace/Sources/Wasmer/CExtensions/ExportPtr.swift /Users/admin/builder/spi-builder-workspace/Sources/Wasmer/CExtensions/ExportsPtr.swift /Users/admin/builder/spi-builder-workspace/Sources/Wasmer/CExtensions/GlobalPtr.swift /Users/admin/builder/spi-builder-workspace/Sources/Wasmer/CExtensions/ImportObjectIterPtr.swift /Users/admin/builder/spi-builder-workspace/Sources/Wasmer/CExtensions/ImportObjectPtr.swift /Users/admin/builder/spi-builder-workspace/Sources/Wasmer/CExtensions/InstanceContextPtr.swift /Users/admin/builder/spi-builder-workspace/Sources/Wasmer/CExtensions/InstancePtr.swift /Users/admin/builder/spi-builder-workspace/Sources/Wasmer/CExtensions/MemoryPtr.swift /Users/admin/builder/spi-builder-workspace/Sources/Wasmer/CExtensions/ModulePtr.swift /Users/admin/builder/spi-builder-workspace/Sources/Wasmer/CExtensions/SerializedModulePtr.swift /Users/admin/builder/spi-builder-workspace/Sources/Wasmer/ReExports.swift /Users/admin/builder/spi-builder-workspace/Sources/Wasmer/Utilities/CAPIUtilities.swift /Users/admin/builder/spi-builder-workspace/Sources/Wasmer/Wasmer/Wasmer.swift /Users/admin/builder/spi-builder-workspace/Sources/Wasmer/Wasmer/WasmerError.swift /Users/admin/builder/spi-builder-workspace/Sources/Wasmer/Wasmer/WasmerFFIFix.swift /Users/admin/builder/spi-builder-workspace/Sources/Wasmer/Wasmer/WasmerImportExportKind.swift /Users/admin/builder/spi-builder-workspace/Sources/Wasmer/WebAssembly/Export.swift -primary-file /Users/admin/builder/spi-builder-workspace/Sources/Wasmer/WebAssembly/Exports.swift -primary-file /Users/admin/builder/spi-builder-workspace/Sources/Wasmer/WebAssembly/Global.swift -primary-file /Users/admin/builder/spi-builder-workspace/Sources/Wasmer/WebAssembly/ImportObject.swift /Users/admin/builder/spi-builder-workspace/Sources/Wasmer/WebAssembly/Instance.swift /Users/admin/builder/spi-builder-workspace/Sources/Wasmer/WebAssembly/Memory.swift /Users/admin/builder/spi-builder-workspace/Sources/Wasmer/WebAssembly/Module.swift /Users/admin/builder/spi-builder-workspace/Sources/Wasmer/WebAssembly/Validate.swift /Users/admin/builder/spi-builder-workspace/Sources/Wasmer/WebAssembly/Value.swift /Users/admin/builder/spi-builder-workspace/Sources/Wasmer/WebAssembly/ValueType.swift /Users/admin/builder/spi-builder-workspace/Sources/Wasmer/WebAssembly/WASI.swift /Users/admin/builder/spi-builder-workspace/Sources/Wasmer/WebAssembly/WebAssembly.swift /Users/admin/builder/spi-builder-workspace/Sources/Wasmer/WebAssemblyWasmer/ExportWasmer.swift /Users/admin/builder/spi-builder-workspace/Sources/Wasmer/WebAssemblyWasmer/ValueTypeWasmer.swift /Users/admin/builder/spi-builder-workspace/Sources/Wasmer/WebAssemblyWasmer/ValueWasmer.swift /Users/admin/builder/spi-builder-workspace/Sources/Wasmer/WebAssemblyWasmer/WasmerImportsHolder.swift -supplementary-output-file-map /Users/admin/builder/spi-builder-workspace/.derivedData/Build/Intermediates.noindex/SwiftyWasmer.build/Debug-watchos/Wasmer.build/Objects-normal/arm64/supplementaryOutputs-17 -target arm64-apple-watchos5.0 -Xllvm -aarch64-use-tbi -enable-objc-interop -sdk /Applications/Xcode-16.1.0.app/Contents/Developer/Platforms/WatchOS.platform/Developer/SDKs/WatchOS11.1.sdk -I /Users/admin/builder/spi-builder-workspace/.derivedData/Build/Products/Debug-watchos -I /Applications/Xcode-16.1.0.app/Contents/Developer/Platforms/WatchOS.platform/Developer/usr/lib -F /Users/admin/builder/spi-builder-workspace/.derivedData/Build/Products/Debug-watchos -F /Applications/Xcode-16.1.0.app/Contents/Developer/Platforms/WatchOS.platform/Developer/Library/Frameworks -F /Applications/Xcode-16.1.0.app/Contents/Developer/Platforms/WatchOS.platform/Developer/SDKs/WatchOS11.1.sdk/Developer/Library/Frameworks -no-color-diagnostics -enable-testing -g -debug-info-format\=dwarf -dwarf-version\=4 -module-cache-path /Users/admin/builder/spi-builder-workspace/.derivedData/ModuleCache.noindex -swift-version 5 -enforce-exclusivity\=checked -stats-output-dir /Users/admin/builder/spi-builder-workspace/.swiftpm/xcode/.stats -Onone -D SWIFT_PACKAGE -D DEBUG -serialize-debugging-options -const-gather-protocols-file /Users/admin/builder/spi-builder-workspace/.derivedData/Build/Intermediates.noindex/SwiftyWasmer.build/Debug-watchos/Wasmer.build/Objects-normal/arm64/Wasmer_const_extract_protocols.json -enable-experimental-feature DebugDescriptionMacro -enable-experimental-feature OpaqueTypeErasure -strict-concurrency\=complete -empty-abi-descriptor -plugin-path /Applications/Xcode-16.1.0.app/Contents/Developer/Toolchains/XcodeDefault.xctoolchain/usr/lib/swift/host/plugins/testing -validate-clang-modules-once -clang-build-session-file /Users/admin/builder/spi-builder-workspace/.derivedData/ModuleCache.noindex/Session.modulevalidation -Xcc -working-directory -Xcc /Users/admin/builder/spi-builder-workspace/.swiftpm/xcode -resource-dir /Applications/Xcode-16.1.0.app/Contents/Developer/Toolchains/XcodeDefault.xctoolchain/usr/lib/swift -enable-anonymous-context-mangled-names -file-compilation-dir /Users/admin/builder/spi-builder-workspace/.swiftpm/xcode -Xcc -fmodule-map-file\=/Users/admin/builder/spi-builder-workspace/Sources/CWasmer/module.modulemap -Xcc -D_LIBCPP_HARDENING_MODE\=_LIBCPP_HARDENING_MODE_DEBUG -Xcc -ivfsstatcache -Xcc /Users/admin/builder/spi-builder-workspace/.derivedData/SDKStatCaches.noindex/watchos11.1-22R574-7b9df0bda16bb4641b33636c68f04660.sdkstatcache -Xcc -I/Users/admin/builder/spi-builder-workspace/.derivedData/Build/Intermediates.noindex/SwiftyWasmer.build/Debug-watchos/Wasmer.build/swift-overrides.hmap -Xcc -I/Users/admin/builder/spi-builder-workspace/.derivedData/Build/Products/Debug-watchos/include -Xcc -I/Users/admin/builder/spi-builder-workspace/.derivedData/Build/Intermediates.noindex/SwiftyWasmer.build/Debug-watchos/Wasmer.build/DerivedSources-normal/arm64 -Xcc -I/Users/admin/builder/spi-builder-workspace/.derivedData/Build/Intermediates.noindex/SwiftyWasmer.build/Debug-watchos/Wasmer.build/DerivedSources/arm64 -Xcc -I/Users/admin/builder/spi-builder-workspace/.derivedData/Build/Intermediates.noindex/SwiftyWasmer.build/Debug-watchos/Wasmer.build/DerivedSources -Xcc -DSWIFT_PACKAGE -Xcc -DDEBUG\=1 -module-name Wasmer -frontend-parseable-output -disable-clang-spi -target-sdk-version 11.1 -target-sdk-name watchos11.1 -external-plugin-path /Applications/Xcode-16.1.0.app/Contents/Developer/Platforms/WatchOS.platform/Developer/usr/lib/swift/host/plugins\#/Applications/Xcode-16.1.0.app/Contents/Developer/Platforms/WatchOS.platform/Developer/usr/bin/swift-plugin-server -external-plugin-path /Applications/Xcode-16.1.0.app/Contents/Developer/Platforms/WatchOS.platform/Developer/usr/local/lib/swift/host/plugins\#/Applications/Xcode-16.1.0.app/Contents/Developer/Platforms/WatchOS.platform/Developer/usr/bin/swift-plugin-server -plugin-path /Applications/Xcode-16.1.0.app/Contents/Developer/Toolchains/XcodeDefault.xctoolchain/usr/lib/swift/host/plugins -plugin-path /Applications/Xcode-16.1.0.app/Contents/Developer/Toolchains/XcodeDefault.xctoolchain/usr/local/lib/swift/host/plugins -o /Users/admin/builder/spi-builder-workspace/.derivedData/Build/Intermediates.noindex/SwiftyWasmer.build/Debug-watchos/Wasmer.build/Objects-normal/arm64/Exports.o -o /Users/admin/builder/spi-builder-workspace/.derivedData/Build/Intermediates.noindex/SwiftyWasmer.build/Debug-watchos/Wasmer.build/Objects-normal/arm64/Global.o -o /Users/admin/builder/spi-builder-workspace/.derivedData/Build/Intermediates.noindex/SwiftyWasmer.build/Debug-watchos/Wasmer.build/Objects-normal/arm64/ImportObject.o -index-unit-output-path /SwiftyWasmer.build/Debug-watchos/Wasmer.build/Objects-normal/arm64/Exports.o -index-unit-output-path /SwiftyWasmer.build/Debug-watchos/Wasmer.build/Objects-normal/arm64/Global.o -index-unit-output-path /SwiftyWasmer.build/Debug-watchos/Wasmer.build/Objects-normal/arm64/ImportObject.o -index-store-path /Users/admin/builder/spi-builder-workspace/.derivedData/Index.noindex/DataStore -index-system-modules
SwiftEmitModule normal armv7k Emitting\ module\ for\ Wasmer (in target 'Wasmer' from project 'SwiftyWasmer')
cd /Users/admin/builder/spi-builder-workspace/.swiftpm/xcode
builtin-swiftTaskExecution -- /Applications/Xcode-16.1.0.app/Contents/Developer/Toolchains/XcodeDefault.xctoolchain/usr/bin/swift-frontend -frontend -emit-module -experimental-skip-non-inlinable-function-bodies-without-types /Users/admin/builder/spi-builder-workspace/Sources/Wasmer/CExtensions/ByteArrayExt.swift /Users/admin/builder/spi-builder-workspace/Sources/Wasmer/CExtensions/ExportFuncPtr.swift /Users/admin/builder/spi-builder-workspace/Sources/Wasmer/CExtensions/ExportPtr.swift /Users/admin/builder/spi-builder-workspace/Sources/Wasmer/CExtensions/ExportsPtr.swift /Users/admin/builder/spi-builder-workspace/Sources/Wasmer/CExtensions/GlobalPtr.swift /Users/admin/builder/spi-builder-workspace/Sources/Wasmer/CExtensions/ImportObjectIterPtr.swift /Users/admin/builder/spi-builder-workspace/Sources/Wasmer/CExtensions/ImportObjectPtr.swift /Users/admin/builder/spi-builder-workspace/Sources/Wasmer/CExtensions/InstanceContextPtr.swift /Users/admin/builder/spi-builder-workspace/Sources/Wasmer/CExtensions/InstancePtr.swift /Users/admin/builder/spi-builder-workspace/Sources/Wasmer/CExtensions/MemoryPtr.swift /Users/admin/builder/spi-builder-workspace/Sources/Wasmer/CExtensions/ModulePtr.swift /Users/admin/builder/spi-builder-workspace/Sources/Wasmer/CExtensions/SerializedModulePtr.swift /Users/admin/builder/spi-builder-workspace/Sources/Wasmer/ReExports.swift /Users/admin/builder/spi-builder-workspace/Sources/Wasmer/Utilities/CAPIUtilities.swift /Users/admin/builder/spi-builder-workspace/Sources/Wasmer/Wasmer/Wasmer.swift /Users/admin/builder/spi-builder-workspace/Sources/Wasmer/Wasmer/WasmerError.swift /Users/admin/builder/spi-builder-workspace/Sources/Wasmer/Wasmer/WasmerFFIFix.swift /Users/admin/builder/spi-builder-workspace/Sources/Wasmer/Wasmer/WasmerImportExportKind.swift /Users/admin/builder/spi-builder-workspace/Sources/Wasmer/WebAssembly/Export.swift /Users/admin/builder/spi-builder-workspace/Sources/Wasmer/WebAssembly/Exports.swift /Users/admin/builder/spi-builder-workspace/Sources/Wasmer/WebAssembly/Global.swift /Users/admin/builder/spi-builder-workspace/Sources/Wasmer/WebAssembly/ImportObject.swift /Users/admin/builder/spi-builder-workspace/Sources/Wasmer/WebAssembly/Instance.swift /Users/admin/builder/spi-builder-workspace/Sources/Wasmer/WebAssembly/Memory.swift /Users/admin/builder/spi-builder-workspace/Sources/Wasmer/WebAssembly/Module.swift /Users/admin/builder/spi-builder-workspace/Sources/Wasmer/WebAssembly/Validate.swift /Users/admin/builder/spi-builder-workspace/Sources/Wasmer/WebAssembly/Value.swift /Users/admin/builder/spi-builder-workspace/Sources/Wasmer/WebAssembly/ValueType.swift /Users/admin/builder/spi-builder-workspace/Sources/Wasmer/WebAssembly/WASI.swift /Users/admin/builder/spi-builder-workspace/Sources/Wasmer/WebAssembly/WebAssembly.swift /Users/admin/builder/spi-builder-workspace/Sources/Wasmer/WebAssemblyWasmer/ExportWasmer.swift /Users/admin/builder/spi-builder-workspace/Sources/Wasmer/WebAssemblyWasmer/ValueTypeWasmer.swift /Users/admin/builder/spi-builder-workspace/Sources/Wasmer/WebAssemblyWasmer/ValueWasmer.swift /Users/admin/builder/spi-builder-workspace/Sources/Wasmer/WebAssemblyWasmer/WasmerImportsHolder.swift -target armv7k-apple-watchos5.0 -enable-objc-interop -sdk /Applications/Xcode-16.1.0.app/Contents/Developer/Platforms/WatchOS.platform/Developer/SDKs/WatchOS11.1.sdk -I /Users/admin/builder/spi-builder-workspace/.derivedData/Build/Products/Debug-watchos -I /Applications/Xcode-16.1.0.app/Contents/Developer/Platforms/WatchOS.platform/Developer/usr/lib -F /Users/admin/builder/spi-builder-workspace/.derivedData/Build/Products/Debug-watchos -F /Applications/Xcode-16.1.0.app/Contents/Developer/Platforms/WatchOS.platform/Developer/Library/Frameworks -F /Applications/Xcode-16.1.0.app/Contents/Developer/Platforms/WatchOS.platform/Developer/SDKs/WatchOS11.1.sdk/Developer/Library/Frameworks -no-color-diagnostics -enable-testing -g -debug-info-format\=dwarf -dwarf-version\=4 -module-cache-path /Users/admin/builder/spi-builder-workspace/.derivedData/ModuleCache.noindex -swift-version 5 -enforce-exclusivity\=checked -stats-output-dir /Users/admin/builder/spi-builder-workspace/.swiftpm/xcode/.stats -Onone -D SWIFT_PACKAGE -D DEBUG -serialize-debugging-options -const-gather-protocols-file /Users/admin/builder/spi-builder-workspace/.derivedData/Build/Intermediates.noindex/SwiftyWasmer.build/Debug-watchos/Wasmer.build/Objects-normal/armv7k/Wasmer_const_extract_protocols.json -enable-experimental-feature DebugDescriptionMacro -enable-experimental-feature OpaqueTypeErasure -strict-concurrency\=complete -empty-abi-descriptor -plugin-path /Applications/Xcode-16.1.0.app/Contents/Developer/Toolchains/XcodeDefault.xctoolchain/usr/lib/swift/host/plugins/testing -validate-clang-modules-once -clang-build-session-file /Users/admin/builder/spi-builder-workspace/.derivedData/ModuleCache.noindex/Session.modulevalidation -Xcc -working-directory -Xcc /Users/admin/builder/spi-builder-workspace/.swiftpm/xcode -resource-dir /Applications/Xcode-16.1.0.app/Contents/Developer/Toolchains/XcodeDefault.xctoolchain/usr/lib/swift -enable-anonymous-context-mangled-names -file-compilation-dir /Users/admin/builder/spi-builder-workspace/.swiftpm/xcode -Xcc -fmodule-map-file\=/Users/admin/builder/spi-builder-workspace/Sources/CWasmer/module.modulemap -Xcc -D_LIBCPP_HARDENING_MODE\=_LIBCPP_HARDENING_MODE_DEBUG -Xcc -ivfsstatcache -Xcc /Users/admin/builder/spi-builder-workspace/.derivedData/SDKStatCaches.noindex/watchos11.1-22R574-7b9df0bda16bb4641b33636c68f04660.sdkstatcache -Xcc -I/Users/admin/builder/spi-builder-workspace/.derivedData/Build/Intermediates.noindex/SwiftyWasmer.build/Debug-watchos/Wasmer.build/swift-overrides.hmap -Xcc -I/Users/admin/builder/spi-builder-workspace/.derivedData/Build/Products/Debug-watchos/include -Xcc -I/Users/admin/builder/spi-builder-workspace/.derivedData/Build/Intermediates.noindex/SwiftyWasmer.build/Debug-watchos/Wasmer.build/DerivedSources-normal/armv7k -Xcc -I/Users/admin/builder/spi-builder-workspace/.derivedData/Build/Intermediates.noindex/SwiftyWasmer.build/Debug-watchos/Wasmer.build/DerivedSources/armv7k -Xcc -I/Users/admin/builder/spi-builder-workspace/.derivedData/Build/Intermediates.noindex/SwiftyWasmer.build/Debug-watchos/Wasmer.build/DerivedSources -Xcc -DSWIFT_PACKAGE -Xcc -DDEBUG\=1 -module-name Wasmer -frontend-parseable-output -disable-clang-spi -target-sdk-version 11.1 -target-sdk-name watchos11.1 -external-plugin-path /Applications/Xcode-16.1.0.app/Contents/Developer/Platforms/WatchOS.platform/Developer/usr/lib/swift/host/plugins\#/Applications/Xcode-16.1.0.app/Contents/Developer/Platforms/WatchOS.platform/Developer/usr/bin/swift-plugin-server -external-plugin-path /Applications/Xcode-16.1.0.app/Contents/Developer/Platforms/WatchOS.platform/Developer/usr/local/lib/swift/host/plugins\#/Applications/Xcode-16.1.0.app/Contents/Developer/Platforms/WatchOS.platform/Developer/usr/bin/swift-plugin-server -plugin-path /Applications/Xcode-16.1.0.app/Contents/Developer/Toolchains/XcodeDefault.xctoolchain/usr/lib/swift/host/plugins -plugin-path /Applications/Xcode-16.1.0.app/Contents/Developer/Toolchains/XcodeDefault.xctoolchain/usr/local/lib/swift/host/plugins -emit-module-doc-path /Users/admin/builder/spi-builder-workspace/.derivedData/Build/Intermediates.noindex/SwiftyWasmer.build/Debug-watchos/Wasmer.build/Objects-normal/armv7k/Wasmer.swiftdoc -emit-module-source-info-path /Users/admin/builder/spi-builder-workspace/.derivedData/Build/Intermediates.noindex/SwiftyWasmer.build/Debug-watchos/Wasmer.build/Objects-normal/armv7k/Wasmer.swiftsourceinfo -emit-objc-header-path /Users/admin/builder/spi-builder-workspace/.derivedData/Build/Intermediates.noindex/SwiftyWasmer.build/Debug-watchos/Wasmer.build/Objects-normal/armv7k/Wasmer-Swift.h -serialize-diagnostics-path /Users/admin/builder/spi-builder-workspace/.derivedData/Build/Intermediates.noindex/SwiftyWasmer.build/Debug-watchos/Wasmer.build/Objects-normal/armv7k/Wasmer-master-emit-module.dia -emit-dependencies-path /Users/admin/builder/spi-builder-workspace/.derivedData/Build/Intermediates.noindex/SwiftyWasmer.build/Debug-watchos/Wasmer.build/Objects-normal/armv7k/Wasmer-master-emit-module.d -o /Users/admin/builder/spi-builder-workspace/.derivedData/Build/Intermediates.noindex/SwiftyWasmer.build/Debug-watchos/Wasmer.build/Objects-normal/armv7k/Wasmer.swiftmodule -emit-abi-descriptor-path /Users/admin/builder/spi-builder-workspace/.derivedData/Build/Intermediates.noindex/SwiftyWasmer.build/Debug-watchos/Wasmer.build/Objects-normal/armv7k/Wasmer.abi.json
EmitSwiftModule normal armv7k (in target 'Wasmer' from project 'SwiftyWasmer')
cd /Users/admin/builder/spi-builder-workspace/.swiftpm/xcode
/Applications/Xcode-16.1.0.app/Contents/Developer/Toolchains/XcodeDefault.xctoolchain/usr/bin/swift-frontend -emit-module -experimental-skip-non-inlinable-function-bodies-without-types /Users/admin/builder/spi-builder-workspace/Sources/Wasmer/CExtensions/ByteArrayExt.swift /Users/admin/builder/spi-builder-workspace/Sources/Wasmer/CExtensions/ExportFuncPtr.swift /Users/admin/builder/spi-builder-workspace/Sources/Wasmer/CExtensions/ExportPtr.swift /Users/admin/builder/spi-builder-workspace/Sources/Wasmer/CExtensions/ExportsPtr.swift /Users/admin/builder/spi-builder-workspace/Sources/Wasmer/CExtensions/GlobalPtr.swift /Users/admin/builder/spi-builder-workspace/Sources/Wasmer/CExtensions/ImportObjectIterPtr.swift /Users/admin/builder/spi-builder-workspace/Sources/Wasmer/CExtensions/ImportObjectPtr.swift /Users/admin/builder/spi-builder-workspace/Sources/Wasmer/CExtensions/InstanceContextPtr.swift /Users/admin/builder/spi-builder-workspace/Sources/Wasmer/CExtensions/InstancePtr.swift /Users/admin/builder/spi-builder-workspace/Sources/Wasmer/CExtensions/MemoryPtr.swift /Users/admin/builder/spi-builder-workspace/Sources/Wasmer/CExtensions/ModulePtr.swift /Users/admin/builder/spi-builder-workspace/Sources/Wasmer/CExtensions/SerializedModulePtr.swift /Users/admin/builder/spi-builder-workspace/Sources/Wasmer/ReExports.swift /Users/admin/builder/spi-builder-workspace/Sources/Wasmer/Utilities/CAPIUtilities.swift /Users/admin/builder/spi-builder-workspace/Sources/Wasmer/Wasmer/Wasmer.swift /Users/admin/builder/spi-builder-workspace/Sources/Wasmer/Wasmer/WasmerError.swift /Users/admin/builder/spi-builder-workspace/Sources/Wasmer/Wasmer/WasmerFFIFix.swift /Users/admin/builder/spi-builder-workspace/Sources/Wasmer/Wasmer/WasmerImportExportKind.swift /Users/admin/builder/spi-builder-workspace/Sources/Wasmer/WebAssembly/Export.swift /Users/admin/builder/spi-builder-workspace/Sources/Wasmer/WebAssembly/Exports.swift /Users/admin/builder/spi-builder-workspace/Sources/Wasmer/WebAssembly/Global.swift /Users/admin/builder/spi-builder-workspace/Sources/Wasmer/WebAssembly/ImportObject.swift /Users/admin/builder/spi-builder-workspace/Sources/Wasmer/WebAssembly/Instance.swift /Users/admin/builder/spi-builder-workspace/Sources/Wasmer/WebAssembly/Memory.swift /Users/admin/builder/spi-builder-workspace/Sources/Wasmer/WebAssembly/Module.swift /Users/admin/builder/spi-builder-workspace/Sources/Wasmer/WebAssembly/Validate.swift /Users/admin/builder/spi-builder-workspace/Sources/Wasmer/WebAssembly/Value.swift /Users/admin/builder/spi-builder-workspace/Sources/Wasmer/WebAssembly/ValueType.swift /Users/admin/builder/spi-builder-workspace/Sources/Wasmer/WebAssembly/WASI.swift /Users/admin/builder/spi-builder-workspace/Sources/Wasmer/WebAssembly/WebAssembly.swift /Users/admin/builder/spi-builder-workspace/Sources/Wasmer/WebAssemblyWasmer/ExportWasmer.swift /Users/admin/builder/spi-builder-workspace/Sources/Wasmer/WebAssemblyWasmer/ValueTypeWasmer.swift /Users/admin/builder/spi-builder-workspace/Sources/Wasmer/WebAssemblyWasmer/ValueWasmer.swift /Users/admin/builder/spi-builder-workspace/Sources/Wasmer/WebAssemblyWasmer/WasmerImportsHolder.swift -target armv7k-apple-watchos5.0 -enable-objc-interop -sdk /Applications/Xcode-16.1.0.app/Contents/Developer/Platforms/WatchOS.platform/Developer/SDKs/WatchOS11.1.sdk -I /Users/admin/builder/spi-builder-workspace/.derivedData/Build/Products/Debug-watchos -I /Applications/Xcode-16.1.0.app/Contents/Developer/Platforms/WatchOS.platform/Developer/usr/lib -F /Users/admin/builder/spi-builder-workspace/.derivedData/Build/Products/Debug-watchos -F /Applications/Xcode-16.1.0.app/Contents/Developer/Platforms/WatchOS.platform/Developer/Library/Frameworks -F /Applications/Xcode-16.1.0.app/Contents/Developer/Platforms/WatchOS.platform/Developer/SDKs/WatchOS11.1.sdk/Developer/Library/Frameworks -no-color-diagnostics -enable-testing -g -debug-info-format\=dwarf -dwarf-version\=4 -module-cache-path /Users/admin/builder/spi-builder-workspace/.derivedData/ModuleCache.noindex -swift-version 5 -enforce-exclusivity\=checked -stats-output-dir /Users/admin/builder/spi-builder-workspace/.swiftpm/xcode/.stats -Onone -D SWIFT_PACKAGE -D DEBUG -serialize-debugging-options -const-gather-protocols-file /Users/admin/builder/spi-builder-workspace/.derivedData/Build/Intermediates.noindex/SwiftyWasmer.build/Debug-watchos/Wasmer.build/Objects-normal/armv7k/Wasmer_const_extract_protocols.json -enable-experimental-feature DebugDescriptionMacro -enable-experimental-feature OpaqueTypeErasure -strict-concurrency\=complete -empty-abi-descriptor -plugin-path /Applications/Xcode-16.1.0.app/Contents/Developer/Toolchains/XcodeDefault.xctoolchain/usr/lib/swift/host/plugins/testing -validate-clang-modules-once -clang-build-session-file /Users/admin/builder/spi-builder-workspace/.derivedData/ModuleCache.noindex/Session.modulevalidation -Xcc -working-directory -Xcc /Users/admin/builder/spi-builder-workspace/.swiftpm/xcode -resource-dir /Applications/Xcode-16.1.0.app/Contents/Developer/Toolchains/XcodeDefault.xctoolchain/usr/lib/swift -enable-anonymous-context-mangled-names -file-compilation-dir /Users/admin/builder/spi-builder-workspace/.swiftpm/xcode -Xcc -fmodule-map-file\=/Users/admin/builder/spi-builder-workspace/Sources/CWasmer/module.modulemap -Xcc -D_LIBCPP_HARDENING_MODE\=_LIBCPP_HARDENING_MODE_DEBUG -Xcc -ivfsstatcache -Xcc /Users/admin/builder/spi-builder-workspace/.derivedData/SDKStatCaches.noindex/watchos11.1-22R574-7b9df0bda16bb4641b33636c68f04660.sdkstatcache -Xcc -I/Users/admin/builder/spi-builder-workspace/.derivedData/Build/Intermediates.noindex/SwiftyWasmer.build/Debug-watchos/Wasmer.build/swift-overrides.hmap -Xcc -I/Users/admin/builder/spi-builder-workspace/.derivedData/Build/Products/Debug-watchos/include -Xcc -I/Users/admin/builder/spi-builder-workspace/.derivedData/Build/Intermediates.noindex/SwiftyWasmer.build/Debug-watchos/Wasmer.build/DerivedSources-normal/armv7k -Xcc -I/Users/admin/builder/spi-builder-workspace/.derivedData/Build/Intermediates.noindex/SwiftyWasmer.build/Debug-watchos/Wasmer.build/DerivedSources/armv7k -Xcc -I/Users/admin/builder/spi-builder-workspace/.derivedData/Build/Intermediates.noindex/SwiftyWasmer.build/Debug-watchos/Wasmer.build/DerivedSources -Xcc -DSWIFT_PACKAGE -Xcc -DDEBUG\=1 -module-name Wasmer -frontend-parseable-output -disable-clang-spi -target-sdk-version 11.1 -target-sdk-name watchos11.1 -external-plugin-path /Applications/Xcode-16.1.0.app/Contents/Developer/Platforms/WatchOS.platform/Developer/usr/lib/swift/host/plugins\#/Applications/Xcode-16.1.0.app/Contents/Developer/Platforms/WatchOS.platform/Developer/usr/bin/swift-plugin-server -external-plugin-path /Applications/Xcode-16.1.0.app/Contents/Developer/Platforms/WatchOS.platform/Developer/usr/local/lib/swift/host/plugins\#/Applications/Xcode-16.1.0.app/Contents/Developer/Platforms/WatchOS.platform/Developer/usr/bin/swift-plugin-server -plugin-path /Applications/Xcode-16.1.0.app/Contents/Developer/Toolchains/XcodeDefault.xctoolchain/usr/lib/swift/host/plugins -plugin-path /Applications/Xcode-16.1.0.app/Contents/Developer/Toolchains/XcodeDefault.xctoolchain/usr/local/lib/swift/host/plugins -emit-module-doc-path /Users/admin/builder/spi-builder-workspace/.derivedData/Build/Intermediates.noindex/SwiftyWasmer.build/Debug-watchos/Wasmer.build/Objects-normal/armv7k/Wasmer.swiftdoc -emit-module-source-info-path /Users/admin/builder/spi-builder-workspace/.derivedData/Build/Intermediates.noindex/SwiftyWasmer.build/Debug-watchos/Wasmer.build/Objects-normal/armv7k/Wasmer.swiftsourceinfo -emit-objc-header-path /Users/admin/builder/spi-builder-workspace/.derivedData/Build/Intermediates.noindex/SwiftyWasmer.build/Debug-watchos/Wasmer.build/Objects-normal/armv7k/Wasmer-Swift.h -serialize-diagnostics-path /Users/admin/builder/spi-builder-workspace/.derivedData/Build/Intermediates.noindex/SwiftyWasmer.build/Debug-watchos/Wasmer.build/Objects-normal/armv7k/Wasmer-master-emit-module.dia -emit-dependencies-path /Users/admin/builder/spi-builder-workspace/.derivedData/Build/Intermediates.noindex/SwiftyWasmer.build/Debug-watchos/Wasmer.build/Objects-normal/armv7k/Wasmer-master-emit-module.d -o /Users/admin/builder/spi-builder-workspace/.derivedData/Build/Intermediates.noindex/SwiftyWasmer.build/Debug-watchos/Wasmer.build/Objects-normal/armv7k/Wasmer.swiftmodule -emit-abi-descriptor-path /Users/admin/builder/spi-builder-workspace/.derivedData/Build/Intermediates.noindex/SwiftyWasmer.build/Debug-watchos/Wasmer.build/Objects-normal/armv7k/Wasmer.abi.json
<module-includes>:1:9: note: in file included from <module-includes>:1:
#import "include/CWasmer.h"
^
/Users/admin/builder/spi-builder-workspace/Sources/CWasmer/include/CWasmer.h:9:9: error: 'wasmer.h' file not found
#import <wasmer.h>
^
/Users/admin/builder/spi-builder-workspace/Sources/Wasmer/CExtensions/ByteArrayExt.swift:10:8: error: could not build Objective-C module 'CWasmer'
import CWasmer
^
SwiftCompile normal arm64 Compiling\ Validate.swift,\ Value.swift,\ ValueType.swift /Users/admin/builder/spi-builder-workspace/Sources/Wasmer/WebAssembly/Validate.swift /Users/admin/builder/spi-builder-workspace/Sources/Wasmer/WebAssembly/Value.swift /Users/admin/builder/spi-builder-workspace/Sources/Wasmer/WebAssembly/ValueType.swift (in target 'Wasmer' from project 'SwiftyWasmer')
cd /Users/admin/builder/spi-builder-workspace/.swiftpm/xcode
builtin-swiftTaskExecution -- /Applications/Xcode-16.1.0.app/Contents/Developer/Toolchains/XcodeDefault.xctoolchain/usr/bin/swift-frontend -frontend -c /Users/admin/builder/spi-builder-workspace/Sources/Wasmer/CExtensions/ByteArrayExt.swift /Users/admin/builder/spi-builder-workspace/Sources/Wasmer/CExtensions/ExportFuncPtr.swift /Users/admin/builder/spi-builder-workspace/Sources/Wasmer/CExtensions/ExportPtr.swift /Users/admin/builder/spi-builder-workspace/Sources/Wasmer/CExtensions/ExportsPtr.swift /Users/admin/builder/spi-builder-workspace/Sources/Wasmer/CExtensions/GlobalPtr.swift /Users/admin/builder/spi-builder-workspace/Sources/Wasmer/CExtensions/ImportObjectIterPtr.swift /Users/admin/builder/spi-builder-workspace/Sources/Wasmer/CExtensions/ImportObjectPtr.swift /Users/admin/builder/spi-builder-workspace/Sources/Wasmer/CExtensions/InstanceContextPtr.swift /Users/admin/builder/spi-builder-workspace/Sources/Wasmer/CExtensions/InstancePtr.swift /Users/admin/builder/spi-builder-workspace/Sources/Wasmer/CExtensions/MemoryPtr.swift /Users/admin/builder/spi-builder-workspace/Sources/Wasmer/CExtensions/ModulePtr.swift /Users/admin/builder/spi-builder-workspace/Sources/Wasmer/CExtensions/SerializedModulePtr.swift /Users/admin/builder/spi-builder-workspace/Sources/Wasmer/ReExports.swift /Users/admin/builder/spi-builder-workspace/Sources/Wasmer/Utilities/CAPIUtilities.swift /Users/admin/builder/spi-builder-workspace/Sources/Wasmer/Wasmer/Wasmer.swift /Users/admin/builder/spi-builder-workspace/Sources/Wasmer/Wasmer/WasmerError.swift /Users/admin/builder/spi-builder-workspace/Sources/Wasmer/Wasmer/WasmerFFIFix.swift /Users/admin/builder/spi-builder-workspace/Sources/Wasmer/Wasmer/WasmerImportExportKind.swift /Users/admin/builder/spi-builder-workspace/Sources/Wasmer/WebAssembly/Export.swift /Users/admin/builder/spi-builder-workspace/Sources/Wasmer/WebAssembly/Exports.swift /Users/admin/builder/spi-builder-workspace/Sources/Wasmer/WebAssembly/Global.swift /Users/admin/builder/spi-builder-workspace/Sources/Wasmer/WebAssembly/ImportObject.swift /Users/admin/builder/spi-builder-workspace/Sources/Wasmer/WebAssembly/Instance.swift /Users/admin/builder/spi-builder-workspace/Sources/Wasmer/WebAssembly/Memory.swift /Users/admin/builder/spi-builder-workspace/Sources/Wasmer/WebAssembly/Module.swift -primary-file /Users/admin/builder/spi-builder-workspace/Sources/Wasmer/WebAssembly/Validate.swift -primary-file /Users/admin/builder/spi-builder-workspace/Sources/Wasmer/WebAssembly/Value.swift -primary-file /Users/admin/builder/spi-builder-workspace/Sources/Wasmer/WebAssembly/ValueType.swift /Users/admin/builder/spi-builder-workspace/Sources/Wasmer/WebAssembly/WASI.swift /Users/admin/builder/spi-builder-workspace/Sources/Wasmer/WebAssembly/WebAssembly.swift /Users/admin/builder/spi-builder-workspace/Sources/Wasmer/WebAssemblyWasmer/ExportWasmer.swift /Users/admin/builder/spi-builder-workspace/Sources/Wasmer/WebAssemblyWasmer/ValueTypeWasmer.swift /Users/admin/builder/spi-builder-workspace/Sources/Wasmer/WebAssemblyWasmer/ValueWasmer.swift /Users/admin/builder/spi-builder-workspace/Sources/Wasmer/WebAssemblyWasmer/WasmerImportsHolder.swift -supplementary-output-file-map /Users/admin/builder/spi-builder-workspace/.derivedData/Build/Intermediates.noindex/SwiftyWasmer.build/Debug-watchos/Wasmer.build/Objects-normal/arm64/supplementaryOutputs-23 -target arm64-apple-watchos5.0 -Xllvm -aarch64-use-tbi -enable-objc-interop -sdk /Applications/Xcode-16.1.0.app/Contents/Developer/Platforms/WatchOS.platform/Developer/SDKs/WatchOS11.1.sdk -I /Users/admin/builder/spi-builder-workspace/.derivedData/Build/Products/Debug-watchos -I /Applications/Xcode-16.1.0.app/Contents/Developer/Platforms/WatchOS.platform/Developer/usr/lib -F /Users/admin/builder/spi-builder-workspace/.derivedData/Build/Products/Debug-watchos -F /Applications/Xcode-16.1.0.app/Contents/Developer/Platforms/WatchOS.platform/Developer/Library/Frameworks -F /Applications/Xcode-16.1.0.app/Contents/Developer/Platforms/WatchOS.platform/Developer/SDKs/WatchOS11.1.sdk/Developer/Library/Frameworks -no-color-diagnostics -enable-testing -g -debug-info-format\=dwarf -dwarf-version\=4 -module-cache-path /Users/admin/builder/spi-builder-workspace/.derivedData/ModuleCache.noindex -swift-version 5 -enforce-exclusivity\=checked -stats-output-dir /Users/admin/builder/spi-builder-workspace/.swiftpm/xcode/.stats -Onone -D SWIFT_PACKAGE -D DEBUG -serialize-debugging-options -const-gather-protocols-file /Users/admin/builder/spi-builder-workspace/.derivedData/Build/Intermediates.noindex/SwiftyWasmer.build/Debug-watchos/Wasmer.build/Objects-normal/arm64/Wasmer_const_extract_protocols.json -enable-experimental-feature DebugDescriptionMacro -enable-experimental-feature OpaqueTypeErasure -strict-concurrency\=complete -empty-abi-descriptor -plugin-path /Applications/Xcode-16.1.0.app/Contents/Developer/Toolchains/XcodeDefault.xctoolchain/usr/lib/swift/host/plugins/testing -validate-clang-modules-once -clang-build-session-file /Users/admin/builder/spi-builder-workspace/.derivedData/ModuleCache.noindex/Session.modulevalidation -Xcc -working-directory -Xcc /Users/admin/builder/spi-builder-workspace/.swiftpm/xcode -resource-dir /Applications/Xcode-16.1.0.app/Contents/Developer/Toolchains/XcodeDefault.xctoolchain/usr/lib/swift -enable-anonymous-context-mangled-names -file-compilation-dir /Users/admin/builder/spi-builder-workspace/.swiftpm/xcode -Xcc -fmodule-map-file\=/Users/admin/builder/spi-builder-workspace/Sources/CWasmer/module.modulemap -Xcc -D_LIBCPP_HARDENING_MODE\=_LIBCPP_HARDENING_MODE_DEBUG -Xcc -ivfsstatcache -Xcc /Users/admin/builder/spi-builder-workspace/.derivedData/SDKStatCaches.noindex/watchos11.1-22R574-7b9df0bda16bb4641b33636c68f04660.sdkstatcache -Xcc -I/Users/admin/builder/spi-builder-workspace/.derivedData/Build/Intermediates.noindex/SwiftyWasmer.build/Debug-watchos/Wasmer.build/swift-overrides.hmap -Xcc -I/Users/admin/builder/spi-builder-workspace/.derivedData/Build/Products/Debug-watchos/include -Xcc -I/Users/admin/builder/spi-builder-workspace/.derivedData/Build/Intermediates.noindex/SwiftyWasmer.build/Debug-watchos/Wasmer.build/DerivedSources-normal/arm64 -Xcc -I/Users/admin/builder/spi-builder-workspace/.derivedData/Build/Intermediates.noindex/SwiftyWasmer.build/Debug-watchos/Wasmer.build/DerivedSources/arm64 -Xcc -I/Users/admin/builder/spi-builder-workspace/.derivedData/Build/Intermediates.noindex/SwiftyWasmer.build/Debug-watchos/Wasmer.build/DerivedSources -Xcc -DSWIFT_PACKAGE -Xcc -DDEBUG\=1 -module-name Wasmer -frontend-parseable-output -disable-clang-spi -target-sdk-version 11.1 -target-sdk-name watchos11.1 -external-plugin-path /Applications/Xcode-16.1.0.app/Contents/Developer/Platforms/WatchOS.platform/Developer/usr/lib/swift/host/plugins\#/Applications/Xcode-16.1.0.app/Contents/Developer/Platforms/WatchOS.platform/Developer/usr/bin/swift-plugin-server -external-plugin-path /Applications/Xcode-16.1.0.app/Contents/Developer/Platforms/WatchOS.platform/Developer/usr/local/lib/swift/host/plugins\#/Applications/Xcode-16.1.0.app/Contents/Developer/Platforms/WatchOS.platform/Developer/usr/bin/swift-plugin-server -plugin-path /Applications/Xcode-16.1.0.app/Contents/Developer/Toolchains/XcodeDefault.xctoolchain/usr/lib/swift/host/plugins -plugin-path /Applications/Xcode-16.1.0.app/Contents/Developer/Toolchains/XcodeDefault.xctoolchain/usr/local/lib/swift/host/plugins -o /Users/admin/builder/spi-builder-workspace/.derivedData/Build/Intermediates.noindex/SwiftyWasmer.build/Debug-watchos/Wasmer.build/Objects-normal/arm64/Validate.o -o /Users/admin/builder/spi-builder-workspace/.derivedData/Build/Intermediates.noindex/SwiftyWasmer.build/Debug-watchos/Wasmer.build/Objects-normal/arm64/Value.o -o /Users/admin/builder/spi-builder-workspace/.derivedData/Build/Intermediates.noindex/SwiftyWasmer.build/Debug-watchos/Wasmer.build/Objects-normal/arm64/ValueType.o -index-unit-output-path /SwiftyWasmer.build/Debug-watchos/Wasmer.build/Objects-normal/arm64/Validate.o -index-unit-output-path /SwiftyWasmer.build/Debug-watchos/Wasmer.build/Objects-normal/arm64/Value.o -index-unit-output-path /SwiftyWasmer.build/Debug-watchos/Wasmer.build/Objects-normal/arm64/ValueType.o -index-store-path /Users/admin/builder/spi-builder-workspace/.derivedData/Index.noindex/DataStore -index-system-modules
SwiftCompile normal arm64 /Users/admin/builder/spi-builder-workspace/Sources/Wasmer/WebAssembly/Validate.swift (in target 'Wasmer' from project 'SwiftyWasmer')
cd /Users/admin/builder/spi-builder-workspace/.swiftpm/xcode
/Applications/Xcode-16.1.0.app/Contents/Developer/Toolchains/XcodeDefault.xctoolchain/usr/bin/swift-frontend -c /Users/admin/builder/spi-builder-workspace/Sources/Wasmer/CExtensions/ByteArrayExt.swift /Users/admin/builder/spi-builder-workspace/Sources/Wasmer/CExtensions/ExportFuncPtr.swift /Users/admin/builder/spi-builder-workspace/Sources/Wasmer/CExtensions/ExportPtr.swift /Users/admin/builder/spi-builder-workspace/Sources/Wasmer/CExtensions/ExportsPtr.swift /Users/admin/builder/spi-builder-workspace/Sources/Wasmer/CExtensions/GlobalPtr.swift /Users/admin/builder/spi-builder-workspace/Sources/Wasmer/CExtensions/ImportObjectIterPtr.swift /Users/admin/builder/spi-builder-workspace/Sources/Wasmer/CExtensions/ImportObjectPtr.swift /Users/admin/builder/spi-builder-workspace/Sources/Wasmer/CExtensions/InstanceContextPtr.swift /Users/admin/builder/spi-builder-workspace/Sources/Wasmer/CExtensions/InstancePtr.swift /Users/admin/builder/spi-builder-workspace/Sources/Wasmer/CExtensions/MemoryPtr.swift /Users/admin/builder/spi-builder-workspace/Sources/Wasmer/CExtensions/ModulePtr.swift /Users/admin/builder/spi-builder-workspace/Sources/Wasmer/CExtensions/SerializedModulePtr.swift /Users/admin/builder/spi-builder-workspace/Sources/Wasmer/ReExports.swift /Users/admin/builder/spi-builder-workspace/Sources/Wasmer/Utilities/CAPIUtilities.swift /Users/admin/builder/spi-builder-workspace/Sources/Wasmer/Wasmer/Wasmer.swift /Users/admin/builder/spi-builder-workspace/Sources/Wasmer/Wasmer/WasmerError.swift /Users/admin/builder/spi-builder-workspace/Sources/Wasmer/Wasmer/WasmerFFIFix.swift /Users/admin/builder/spi-builder-workspace/Sources/Wasmer/Wasmer/WasmerImportExportKind.swift /Users/admin/builder/spi-builder-workspace/Sources/Wasmer/WebAssembly/Export.swift /Users/admin/builder/spi-builder-workspace/Sources/Wasmer/WebAssembly/Exports.swift /Users/admin/builder/spi-builder-workspace/Sources/Wasmer/WebAssembly/Global.swift /Users/admin/builder/spi-builder-workspace/Sources/Wasmer/WebAssembly/ImportObject.swift /Users/admin/builder/spi-builder-workspace/Sources/Wasmer/WebAssembly/Instance.swift /Users/admin/builder/spi-builder-workspace/Sources/Wasmer/WebAssembly/Memory.swift /Users/admin/builder/spi-builder-workspace/Sources/Wasmer/WebAssembly/Module.swift -primary-file /Users/admin/builder/spi-builder-workspace/Sources/Wasmer/WebAssembly/Validate.swift -primary-file /Users/admin/builder/spi-builder-workspace/Sources/Wasmer/WebAssembly/Value.swift -primary-file /Users/admin/builder/spi-builder-workspace/Sources/Wasmer/WebAssembly/ValueType.swift /Users/admin/builder/spi-builder-workspace/Sources/Wasmer/WebAssembly/WASI.swift /Users/admin/builder/spi-builder-workspace/Sources/Wasmer/WebAssembly/WebAssembly.swift /Users/admin/builder/spi-builder-workspace/Sources/Wasmer/WebAssemblyWasmer/ExportWasmer.swift /Users/admin/builder/spi-builder-workspace/Sources/Wasmer/WebAssemblyWasmer/ValueTypeWasmer.swift /Users/admin/builder/spi-builder-workspace/Sources/Wasmer/WebAssemblyWasmer/ValueWasmer.swift /Users/admin/builder/spi-builder-workspace/Sources/Wasmer/WebAssemblyWasmer/WasmerImportsHolder.swift -supplementary-output-file-map /Users/admin/builder/spi-builder-workspace/.derivedData/Build/Intermediates.noindex/SwiftyWasmer.build/Debug-watchos/Wasmer.build/Objects-normal/arm64/supplementaryOutputs-23 -target arm64-apple-watchos5.0 -Xllvm -aarch64-use-tbi -enable-objc-interop -sdk /Applications/Xcode-16.1.0.app/Contents/Developer/Platforms/WatchOS.platform/Developer/SDKs/WatchOS11.1.sdk -I /Users/admin/builder/spi-builder-workspace/.derivedData/Build/Products/Debug-watchos -I /Applications/Xcode-16.1.0.app/Contents/Developer/Platforms/WatchOS.platform/Developer/usr/lib -F /Users/admin/builder/spi-builder-workspace/.derivedData/Build/Products/Debug-watchos -F /Applications/Xcode-16.1.0.app/Contents/Developer/Platforms/WatchOS.platform/Developer/Library/Frameworks -F /Applications/Xcode-16.1.0.app/Contents/Developer/Platforms/WatchOS.platform/Developer/SDKs/WatchOS11.1.sdk/Developer/Library/Frameworks -no-color-diagnostics -enable-testing -g -debug-info-format\=dwarf -dwarf-version\=4 -module-cache-path /Users/admin/builder/spi-builder-workspace/.derivedData/ModuleCache.noindex -swift-version 5 -enforce-exclusivity\=checked -stats-output-dir /Users/admin/builder/spi-builder-workspace/.swiftpm/xcode/.stats -Onone -D SWIFT_PACKAGE -D DEBUG -serialize-debugging-options -const-gather-protocols-file /Users/admin/builder/spi-builder-workspace/.derivedData/Build/Intermediates.noindex/SwiftyWasmer.build/Debug-watchos/Wasmer.build/Objects-normal/arm64/Wasmer_const_extract_protocols.json -enable-experimental-feature DebugDescriptionMacro -enable-experimental-feature OpaqueTypeErasure -strict-concurrency\=complete -empty-abi-descriptor -plugin-path /Applications/Xcode-16.1.0.app/Contents/Developer/Toolchains/XcodeDefault.xctoolchain/usr/lib/swift/host/plugins/testing -validate-clang-modules-once -clang-build-session-file /Users/admin/builder/spi-builder-workspace/.derivedData/ModuleCache.noindex/Session.modulevalidation -Xcc -working-directory -Xcc /Users/admin/builder/spi-builder-workspace/.swiftpm/xcode -resource-dir /Applications/Xcode-16.1.0.app/Contents/Developer/Toolchains/XcodeDefault.xctoolchain/usr/lib/swift -enable-anonymous-context-mangled-names -file-compilation-dir /Users/admin/builder/spi-builder-workspace/.swiftpm/xcode -Xcc -fmodule-map-file\=/Users/admin/builder/spi-builder-workspace/Sources/CWasmer/module.modulemap -Xcc -D_LIBCPP_HARDENING_MODE\=_LIBCPP_HARDENING_MODE_DEBUG -Xcc -ivfsstatcache -Xcc /Users/admin/builder/spi-builder-workspace/.derivedData/SDKStatCaches.noindex/watchos11.1-22R574-7b9df0bda16bb4641b33636c68f04660.sdkstatcache -Xcc -I/Users/admin/builder/spi-builder-workspace/.derivedData/Build/Intermediates.noindex/SwiftyWasmer.build/Debug-watchos/Wasmer.build/swift-overrides.hmap -Xcc -I/Users/admin/builder/spi-builder-workspace/.derivedData/Build/Products/Debug-watchos/include -Xcc -I/Users/admin/builder/spi-builder-workspace/.derivedData/Build/Intermediates.noindex/SwiftyWasmer.build/Debug-watchos/Wasmer.build/DerivedSources-normal/arm64 -Xcc -I/Users/admin/builder/spi-builder-workspace/.derivedData/Build/Intermediates.noindex/SwiftyWasmer.build/Debug-watchos/Wasmer.build/DerivedSources/arm64 -Xcc -I/Users/admin/builder/spi-builder-workspace/.derivedData/Build/Intermediates.noindex/SwiftyWasmer.build/Debug-watchos/Wasmer.build/DerivedSources -Xcc -DSWIFT_PACKAGE -Xcc -DDEBUG\=1 -module-name Wasmer -frontend-parseable-output -disable-clang-spi -target-sdk-version 11.1 -target-sdk-name watchos11.1 -external-plugin-path /Applications/Xcode-16.1.0.app/Contents/Developer/Platforms/WatchOS.platform/Developer/usr/lib/swift/host/plugins\#/Applications/Xcode-16.1.0.app/Contents/Developer/Platforms/WatchOS.platform/Developer/usr/bin/swift-plugin-server -external-plugin-path /Applications/Xcode-16.1.0.app/Contents/Developer/Platforms/WatchOS.platform/Developer/usr/local/lib/swift/host/plugins\#/Applications/Xcode-16.1.0.app/Contents/Developer/Platforms/WatchOS.platform/Developer/usr/bin/swift-plugin-server -plugin-path /Applications/Xcode-16.1.0.app/Contents/Developer/Toolchains/XcodeDefault.xctoolchain/usr/lib/swift/host/plugins -plugin-path /Applications/Xcode-16.1.0.app/Contents/Developer/Toolchains/XcodeDefault.xctoolchain/usr/local/lib/swift/host/plugins -o /Users/admin/builder/spi-builder-workspace/.derivedData/Build/Intermediates.noindex/SwiftyWasmer.build/Debug-watchos/Wasmer.build/Objects-normal/arm64/Validate.o -o /Users/admin/builder/spi-builder-workspace/.derivedData/Build/Intermediates.noindex/SwiftyWasmer.build/Debug-watchos/Wasmer.build/Objects-normal/arm64/Value.o -o /Users/admin/builder/spi-builder-workspace/.derivedData/Build/Intermediates.noindex/SwiftyWasmer.build/Debug-watchos/Wasmer.build/Objects-normal/arm64/ValueType.o -index-unit-output-path /SwiftyWasmer.build/Debug-watchos/Wasmer.build/Objects-normal/arm64/Validate.o -index-unit-output-path /SwiftyWasmer.build/Debug-watchos/Wasmer.build/Objects-normal/arm64/Value.o -index-unit-output-path /SwiftyWasmer.build/Debug-watchos/Wasmer.build/Objects-normal/arm64/ValueType.o -index-store-path /Users/admin/builder/spi-builder-workspace/.derivedData/Index.noindex/DataStore -index-system-modules
SwiftCompile normal arm64 /Users/admin/builder/spi-builder-workspace/Sources/Wasmer/WebAssembly/Value.swift (in target 'Wasmer' from project 'SwiftyWasmer')
cd /Users/admin/builder/spi-builder-workspace/.swiftpm/xcode
/Applications/Xcode-16.1.0.app/Contents/Developer/Toolchains/XcodeDefault.xctoolchain/usr/bin/swift-frontend -c /Users/admin/builder/spi-builder-workspace/Sources/Wasmer/CExtensions/ByteArrayExt.swift /Users/admin/builder/spi-builder-workspace/Sources/Wasmer/CExtensions/ExportFuncPtr.swift /Users/admin/builder/spi-builder-workspace/Sources/Wasmer/CExtensions/ExportPtr.swift /Users/admin/builder/spi-builder-workspace/Sources/Wasmer/CExtensions/ExportsPtr.swift /Users/admin/builder/spi-builder-workspace/Sources/Wasmer/CExtensions/GlobalPtr.swift /Users/admin/builder/spi-builder-workspace/Sources/Wasmer/CExtensions/ImportObjectIterPtr.swift /Users/admin/builder/spi-builder-workspace/Sources/Wasmer/CExtensions/ImportObjectPtr.swift /Users/admin/builder/spi-builder-workspace/Sources/Wasmer/CExtensions/InstanceContextPtr.swift /Users/admin/builder/spi-builder-workspace/Sources/Wasmer/CExtensions/InstancePtr.swift /Users/admin/builder/spi-builder-workspace/Sources/Wasmer/CExtensions/MemoryPtr.swift /Users/admin/builder/spi-builder-workspace/Sources/Wasmer/CExtensions/ModulePtr.swift /Users/admin/builder/spi-builder-workspace/Sources/Wasmer/CExtensions/SerializedModulePtr.swift /Users/admin/builder/spi-builder-workspace/Sources/Wasmer/ReExports.swift /Users/admin/builder/spi-builder-workspace/Sources/Wasmer/Utilities/CAPIUtilities.swift /Users/admin/builder/spi-builder-workspace/Sources/Wasmer/Wasmer/Wasmer.swift /Users/admin/builder/spi-builder-workspace/Sources/Wasmer/Wasmer/WasmerError.swift /Users/admin/builder/spi-builder-workspace/Sources/Wasmer/Wasmer/WasmerFFIFix.swift /Users/admin/builder/spi-builder-workspace/Sources/Wasmer/Wasmer/WasmerImportExportKind.swift /Users/admin/builder/spi-builder-workspace/Sources/Wasmer/WebAssembly/Export.swift /Users/admin/builder/spi-builder-workspace/Sources/Wasmer/WebAssembly/Exports.swift /Users/admin/builder/spi-builder-workspace/Sources/Wasmer/WebAssembly/Global.swift /Users/admin/builder/spi-builder-workspace/Sources/Wasmer/WebAssembly/ImportObject.swift /Users/admin/builder/spi-builder-workspace/Sources/Wasmer/WebAssembly/Instance.swift /Users/admin/builder/spi-builder-workspace/Sources/Wasmer/WebAssembly/Memory.swift /Users/admin/builder/spi-builder-workspace/Sources/Wasmer/WebAssembly/Module.swift -primary-file /Users/admin/builder/spi-builder-workspace/Sources/Wasmer/WebAssembly/Validate.swift -primary-file /Users/admin/builder/spi-builder-workspace/Sources/Wasmer/WebAssembly/Value.swift -primary-file /Users/admin/builder/spi-builder-workspace/Sources/Wasmer/WebAssembly/ValueType.swift /Users/admin/builder/spi-builder-workspace/Sources/Wasmer/WebAssembly/WASI.swift /Users/admin/builder/spi-builder-workspace/Sources/Wasmer/WebAssembly/WebAssembly.swift /Users/admin/builder/spi-builder-workspace/Sources/Wasmer/WebAssemblyWasmer/ExportWasmer.swift /Users/admin/builder/spi-builder-workspace/Sources/Wasmer/WebAssemblyWasmer/ValueTypeWasmer.swift /Users/admin/builder/spi-builder-workspace/Sources/Wasmer/WebAssemblyWasmer/ValueWasmer.swift /Users/admin/builder/spi-builder-workspace/Sources/Wasmer/WebAssemblyWasmer/WasmerImportsHolder.swift -supplementary-output-file-map /Users/admin/builder/spi-builder-workspace/.derivedData/Build/Intermediates.noindex/SwiftyWasmer.build/Debug-watchos/Wasmer.build/Objects-normal/arm64/supplementaryOutputs-23 -target arm64-apple-watchos5.0 -Xllvm -aarch64-use-tbi -enable-objc-interop -sdk /Applications/Xcode-16.1.0.app/Contents/Developer/Platforms/WatchOS.platform/Developer/SDKs/WatchOS11.1.sdk -I /Users/admin/builder/spi-builder-workspace/.derivedData/Build/Products/Debug-watchos -I /Applications/Xcode-16.1.0.app/Contents/Developer/Platforms/WatchOS.platform/Developer/usr/lib -F /Users/admin/builder/spi-builder-workspace/.derivedData/Build/Products/Debug-watchos -F /Applications/Xcode-16.1.0.app/Contents/Developer/Platforms/WatchOS.platform/Developer/Library/Frameworks -F /Applications/Xcode-16.1.0.app/Contents/Developer/Platforms/WatchOS.platform/Developer/SDKs/WatchOS11.1.sdk/Developer/Library/Frameworks -no-color-diagnostics -enable-testing -g -debug-info-format\=dwarf -dwarf-version\=4 -module-cache-path /Users/admin/builder/spi-builder-workspace/.derivedData/ModuleCache.noindex -swift-version 5 -enforce-exclusivity\=checked -stats-output-dir /Users/admin/builder/spi-builder-workspace/.swiftpm/xcode/.stats -Onone -D SWIFT_PACKAGE -D DEBUG -serialize-debugging-options -const-gather-protocols-file /Users/admin/builder/spi-builder-workspace/.derivedData/Build/Intermediates.noindex/SwiftyWasmer.build/Debug-watchos/Wasmer.build/Objects-normal/arm64/Wasmer_const_extract_protocols.json -enable-experimental-feature DebugDescriptionMacro -enable-experimental-feature OpaqueTypeErasure -strict-concurrency\=complete -empty-abi-descriptor -plugin-path /Applications/Xcode-16.1.0.app/Contents/Developer/Toolchains/XcodeDefault.xctoolchain/usr/lib/swift/host/plugins/testing -validate-clang-modules-once -clang-build-session-file /Users/admin/builder/spi-builder-workspace/.derivedData/ModuleCache.noindex/Session.modulevalidation -Xcc -working-directory -Xcc /Users/admin/builder/spi-builder-workspace/.swiftpm/xcode -resource-dir /Applications/Xcode-16.1.0.app/Contents/Developer/Toolchains/XcodeDefault.xctoolchain/usr/lib/swift -enable-anonymous-context-mangled-names -file-compilation-dir /Users/admin/builder/spi-builder-workspace/.swiftpm/xcode -Xcc -fmodule-map-file\=/Users/admin/builder/spi-builder-workspace/Sources/CWasmer/module.modulemap -Xcc -D_LIBCPP_HARDENING_MODE\=_LIBCPP_HARDENING_MODE_DEBUG -Xcc -ivfsstatcache -Xcc /Users/admin/builder/spi-builder-workspace/.derivedData/SDKStatCaches.noindex/watchos11.1-22R574-7b9df0bda16bb4641b33636c68f04660.sdkstatcache -Xcc -I/Users/admin/builder/spi-builder-workspace/.derivedData/Build/Intermediates.noindex/SwiftyWasmer.build/Debug-watchos/Wasmer.build/swift-overrides.hmap -Xcc -I/Users/admin/builder/spi-builder-workspace/.derivedData/Build/Products/Debug-watchos/include -Xcc -I/Users/admin/builder/spi-builder-workspace/.derivedData/Build/Intermediates.noindex/SwiftyWasmer.build/Debug-watchos/Wasmer.build/DerivedSources-normal/arm64 -Xcc -I/Users/admin/builder/spi-builder-workspace/.derivedData/Build/Intermediates.noindex/SwiftyWasmer.build/Debug-watchos/Wasmer.build/DerivedSources/arm64 -Xcc -I/Users/admin/builder/spi-builder-workspace/.derivedData/Build/Intermediates.noindex/SwiftyWasmer.build/Debug-watchos/Wasmer.build/DerivedSources -Xcc -DSWIFT_PACKAGE -Xcc -DDEBUG\=1 -module-name Wasmer -frontend-parseable-output -disable-clang-spi -target-sdk-version 11.1 -target-sdk-name watchos11.1 -external-plugin-path /Applications/Xcode-16.1.0.app/Contents/Developer/Platforms/WatchOS.platform/Developer/usr/lib/swift/host/plugins\#/Applications/Xcode-16.1.0.app/Contents/Developer/Platforms/WatchOS.platform/Developer/usr/bin/swift-plugin-server -external-plugin-path /Applications/Xcode-16.1.0.app/Contents/Developer/Platforms/WatchOS.platform/Developer/usr/local/lib/swift/host/plugins\#/Applications/Xcode-16.1.0.app/Contents/Developer/Platforms/WatchOS.platform/Developer/usr/bin/swift-plugin-server -plugin-path /Applications/Xcode-16.1.0.app/Contents/Developer/Toolchains/XcodeDefault.xctoolchain/usr/lib/swift/host/plugins -plugin-path /Applications/Xcode-16.1.0.app/Contents/Developer/Toolchains/XcodeDefault.xctoolchain/usr/local/lib/swift/host/plugins -o /Users/admin/builder/spi-builder-workspace/.derivedData/Build/Intermediates.noindex/SwiftyWasmer.build/Debug-watchos/Wasmer.build/Objects-normal/arm64/Validate.o -o /Users/admin/builder/spi-builder-workspace/.derivedData/Build/Intermediates.noindex/SwiftyWasmer.build/Debug-watchos/Wasmer.build/Objects-normal/arm64/Value.o -o /Users/admin/builder/spi-builder-workspace/.derivedData/Build/Intermediates.noindex/SwiftyWasmer.build/Debug-watchos/Wasmer.build/Objects-normal/arm64/ValueType.o -index-unit-output-path /SwiftyWasmer.build/Debug-watchos/Wasmer.build/Objects-normal/arm64/Validate.o -index-unit-output-path /SwiftyWasmer.build/Debug-watchos/Wasmer.build/Objects-normal/arm64/Value.o -index-unit-output-path /SwiftyWasmer.build/Debug-watchos/Wasmer.build/Objects-normal/arm64/ValueType.o -index-store-path /Users/admin/builder/spi-builder-workspace/.derivedData/Index.noindex/DataStore -index-system-modules
SwiftCompile normal arm64 /Users/admin/builder/spi-builder-workspace/Sources/Wasmer/WebAssembly/ValueType.swift (in target 'Wasmer' from project 'SwiftyWasmer')
cd /Users/admin/builder/spi-builder-workspace/.swiftpm/xcode
/Applications/Xcode-16.1.0.app/Contents/Developer/Toolchains/XcodeDefault.xctoolchain/usr/bin/swift-frontend -c /Users/admin/builder/spi-builder-workspace/Sources/Wasmer/CExtensions/ByteArrayExt.swift /Users/admin/builder/spi-builder-workspace/Sources/Wasmer/CExtensions/ExportFuncPtr.swift /Users/admin/builder/spi-builder-workspace/Sources/Wasmer/CExtensions/ExportPtr.swift /Users/admin/builder/spi-builder-workspace/Sources/Wasmer/CExtensions/ExportsPtr.swift /Users/admin/builder/spi-builder-workspace/Sources/Wasmer/CExtensions/GlobalPtr.swift /Users/admin/builder/spi-builder-workspace/Sources/Wasmer/CExtensions/ImportObjectIterPtr.swift /Users/admin/builder/spi-builder-workspace/Sources/Wasmer/CExtensions/ImportObjectPtr.swift /Users/admin/builder/spi-builder-workspace/Sources/Wasmer/CExtensions/InstanceContextPtr.swift /Users/admin/builder/spi-builder-workspace/Sources/Wasmer/CExtensions/InstancePtr.swift /Users/admin/builder/spi-builder-workspace/Sources/Wasmer/CExtensions/MemoryPtr.swift /Users/admin/builder/spi-builder-workspace/Sources/Wasmer/CExtensions/ModulePtr.swift /Users/admin/builder/spi-builder-workspace/Sources/Wasmer/CExtensions/SerializedModulePtr.swift /Users/admin/builder/spi-builder-workspace/Sources/Wasmer/ReExports.swift /Users/admin/builder/spi-builder-workspace/Sources/Wasmer/Utilities/CAPIUtilities.swift /Users/admin/builder/spi-builder-workspace/Sources/Wasmer/Wasmer/Wasmer.swift /Users/admin/builder/spi-builder-workspace/Sources/Wasmer/Wasmer/WasmerError.swift /Users/admin/builder/spi-builder-workspace/Sources/Wasmer/Wasmer/WasmerFFIFix.swift /Users/admin/builder/spi-builder-workspace/Sources/Wasmer/Wasmer/WasmerImportExportKind.swift /Users/admin/builder/spi-builder-workspace/Sources/Wasmer/WebAssembly/Export.swift /Users/admin/builder/spi-builder-workspace/Sources/Wasmer/WebAssembly/Exports.swift /Users/admin/builder/spi-builder-workspace/Sources/Wasmer/WebAssembly/Global.swift /Users/admin/builder/spi-builder-workspace/Sources/Wasmer/WebAssembly/ImportObject.swift /Users/admin/builder/spi-builder-workspace/Sources/Wasmer/WebAssembly/Instance.swift /Users/admin/builder/spi-builder-workspace/Sources/Wasmer/WebAssembly/Memory.swift /Users/admin/builder/spi-builder-workspace/Sources/Wasmer/WebAssembly/Module.swift -primary-file /Users/admin/builder/spi-builder-workspace/Sources/Wasmer/WebAssembly/Validate.swift -primary-file /Users/admin/builder/spi-builder-workspace/Sources/Wasmer/WebAssembly/Value.swift -primary-file /Users/admin/builder/spi-builder-workspace/Sources/Wasmer/WebAssembly/ValueType.swift /Users/admin/builder/spi-builder-workspace/Sources/Wasmer/WebAssembly/WASI.swift /Users/admin/builder/spi-builder-workspace/Sources/Wasmer/WebAssembly/WebAssembly.swift /Users/admin/builder/spi-builder-workspace/Sources/Wasmer/WebAssemblyWasmer/ExportWasmer.swift /Users/admin/builder/spi-builder-workspace/Sources/Wasmer/WebAssemblyWasmer/ValueTypeWasmer.swift /Users/admin/builder/spi-builder-workspace/Sources/Wasmer/WebAssemblyWasmer/ValueWasmer.swift /Users/admin/builder/spi-builder-workspace/Sources/Wasmer/WebAssemblyWasmer/WasmerImportsHolder.swift -supplementary-output-file-map /Users/admin/builder/spi-builder-workspace/.derivedData/Build/Intermediates.noindex/SwiftyWasmer.build/Debug-watchos/Wasmer.build/Objects-normal/arm64/supplementaryOutputs-23 -target arm64-apple-watchos5.0 -Xllvm -aarch64-use-tbi -enable-objc-interop -sdk /Applications/Xcode-16.1.0.app/Contents/Developer/Platforms/WatchOS.platform/Developer/SDKs/WatchOS11.1.sdk -I /Users/admin/builder/spi-builder-workspace/.derivedData/Build/Products/Debug-watchos -I /Applications/Xcode-16.1.0.app/Contents/Developer/Platforms/WatchOS.platform/Developer/usr/lib -F /Users/admin/builder/spi-builder-workspace/.derivedData/Build/Products/Debug-watchos -F /Applications/Xcode-16.1.0.app/Contents/Developer/Platforms/WatchOS.platform/Developer/Library/Frameworks -F /Applications/Xcode-16.1.0.app/Contents/Developer/Platforms/WatchOS.platform/Developer/SDKs/WatchOS11.1.sdk/Developer/Library/Frameworks -no-color-diagnostics -enable-testing -g -debug-info-format\=dwarf -dwarf-version\=4 -module-cache-path /Users/admin/builder/spi-builder-workspace/.derivedData/ModuleCache.noindex -swift-version 5 -enforce-exclusivity\=checked -stats-output-dir /Users/admin/builder/spi-builder-workspace/.swiftpm/xcode/.stats -Onone -D SWIFT_PACKAGE -D DEBUG -serialize-debugging-options -const-gather-protocols-file /Users/admin/builder/spi-builder-workspace/.derivedData/Build/Intermediates.noindex/SwiftyWasmer.build/Debug-watchos/Wasmer.build/Objects-normal/arm64/Wasmer_const_extract_protocols.json -enable-experimental-feature DebugDescriptionMacro -enable-experimental-feature OpaqueTypeErasure -strict-concurrency\=complete -empty-abi-descriptor -plugin-path /Applications/Xcode-16.1.0.app/Contents/Developer/Toolchains/XcodeDefault.xctoolchain/usr/lib/swift/host/plugins/testing -validate-clang-modules-once -clang-build-session-file /Users/admin/builder/spi-builder-workspace/.derivedData/ModuleCache.noindex/Session.modulevalidation -Xcc -working-directory -Xcc /Users/admin/builder/spi-builder-workspace/.swiftpm/xcode -resource-dir /Applications/Xcode-16.1.0.app/Contents/Developer/Toolchains/XcodeDefault.xctoolchain/usr/lib/swift -enable-anonymous-context-mangled-names -file-compilation-dir /Users/admin/builder/spi-builder-workspace/.swiftpm/xcode -Xcc -fmodule-map-file\=/Users/admin/builder/spi-builder-workspace/Sources/CWasmer/module.modulemap -Xcc -D_LIBCPP_HARDENING_MODE\=_LIBCPP_HARDENING_MODE_DEBUG -Xcc -ivfsstatcache -Xcc /Users/admin/builder/spi-builder-workspace/.derivedData/SDKStatCaches.noindex/watchos11.1-22R574-7b9df0bda16bb4641b33636c68f04660.sdkstatcache -Xcc -I/Users/admin/builder/spi-builder-workspace/.derivedData/Build/Intermediates.noindex/SwiftyWasmer.build/Debug-watchos/Wasmer.build/swift-overrides.hmap -Xcc -I/Users/admin/builder/spi-builder-workspace/.derivedData/Build/Products/Debug-watchos/include -Xcc -I/Users/admin/builder/spi-builder-workspace/.derivedData/Build/Intermediates.noindex/SwiftyWasmer.build/Debug-watchos/Wasmer.build/DerivedSources-normal/arm64 -Xcc -I/Users/admin/builder/spi-builder-workspace/.derivedData/Build/Intermediates.noindex/SwiftyWasmer.build/Debug-watchos/Wasmer.build/DerivedSources/arm64 -Xcc -I/Users/admin/builder/spi-builder-workspace/.derivedData/Build/Intermediates.noindex/SwiftyWasmer.build/Debug-watchos/Wasmer.build/DerivedSources -Xcc -DSWIFT_PACKAGE -Xcc -DDEBUG\=1 -module-name Wasmer -frontend-parseable-output -disable-clang-spi -target-sdk-version 11.1 -target-sdk-name watchos11.1 -external-plugin-path /Applications/Xcode-16.1.0.app/Contents/Developer/Platforms/WatchOS.platform/Developer/usr/lib/swift/host/plugins\#/Applications/Xcode-16.1.0.app/Contents/Developer/Platforms/WatchOS.platform/Developer/usr/bin/swift-plugin-server -external-plugin-path /Applications/Xcode-16.1.0.app/Contents/Developer/Platforms/WatchOS.platform/Developer/usr/local/lib/swift/host/plugins\#/Applications/Xcode-16.1.0.app/Contents/Developer/Platforms/WatchOS.platform/Developer/usr/bin/swift-plugin-server -plugin-path /Applications/Xcode-16.1.0.app/Contents/Developer/Toolchains/XcodeDefault.xctoolchain/usr/lib/swift/host/plugins -plugin-path /Applications/Xcode-16.1.0.app/Contents/Developer/Toolchains/XcodeDefault.xctoolchain/usr/local/lib/swift/host/plugins -o /Users/admin/builder/spi-builder-workspace/.derivedData/Build/Intermediates.noindex/SwiftyWasmer.build/Debug-watchos/Wasmer.build/Objects-normal/arm64/Validate.o -o /Users/admin/builder/spi-builder-workspace/.derivedData/Build/Intermediates.noindex/SwiftyWasmer.build/Debug-watchos/Wasmer.build/Objects-normal/arm64/Value.o -o /Users/admin/builder/spi-builder-workspace/.derivedData/Build/Intermediates.noindex/SwiftyWasmer.build/Debug-watchos/Wasmer.build/Objects-normal/arm64/ValueType.o -index-unit-output-path /SwiftyWasmer.build/Debug-watchos/Wasmer.build/Objects-normal/arm64/Validate.o -index-unit-output-path /SwiftyWasmer.build/Debug-watchos/Wasmer.build/Objects-normal/arm64/Value.o -index-unit-output-path /SwiftyWasmer.build/Debug-watchos/Wasmer.build/Objects-normal/arm64/ValueType.o -index-store-path /Users/admin/builder/spi-builder-workspace/.derivedData/Index.noindex/DataStore -index-system-modules
SwiftEmitModule normal arm64 Emitting\ module\ for\ Wasmer (in target 'Wasmer' from project 'SwiftyWasmer')
cd /Users/admin/builder/spi-builder-workspace/.swiftpm/xcode
builtin-swiftTaskExecution -- /Applications/Xcode-16.1.0.app/Contents/Developer/Toolchains/XcodeDefault.xctoolchain/usr/bin/swift-frontend -frontend -emit-module -experimental-skip-non-inlinable-function-bodies-without-types /Users/admin/builder/spi-builder-workspace/Sources/Wasmer/CExtensions/ByteArrayExt.swift /Users/admin/builder/spi-builder-workspace/Sources/Wasmer/CExtensions/ExportFuncPtr.swift /Users/admin/builder/spi-builder-workspace/Sources/Wasmer/CExtensions/ExportPtr.swift /Users/admin/builder/spi-builder-workspace/Sources/Wasmer/CExtensions/ExportsPtr.swift /Users/admin/builder/spi-builder-workspace/Sources/Wasmer/CExtensions/GlobalPtr.swift /Users/admin/builder/spi-builder-workspace/Sources/Wasmer/CExtensions/ImportObjectIterPtr.swift /Users/admin/builder/spi-builder-workspace/Sources/Wasmer/CExtensions/ImportObjectPtr.swift /Users/admin/builder/spi-builder-workspace/Sources/Wasmer/CExtensions/InstanceContextPtr.swift /Users/admin/builder/spi-builder-workspace/Sources/Wasmer/CExtensions/InstancePtr.swift /Users/admin/builder/spi-builder-workspace/Sources/Wasmer/CExtensions/MemoryPtr.swift /Users/admin/builder/spi-builder-workspace/Sources/Wasmer/CExtensions/ModulePtr.swift /Users/admin/builder/spi-builder-workspace/Sources/Wasmer/CExtensions/SerializedModulePtr.swift /Users/admin/builder/spi-builder-workspace/Sources/Wasmer/ReExports.swift /Users/admin/builder/spi-builder-workspace/Sources/Wasmer/Utilities/CAPIUtilities.swift /Users/admin/builder/spi-builder-workspace/Sources/Wasmer/Wasmer/Wasmer.swift /Users/admin/builder/spi-builder-workspace/Sources/Wasmer/Wasmer/WasmerError.swift /Users/admin/builder/spi-builder-workspace/Sources/Wasmer/Wasmer/WasmerFFIFix.swift /Users/admin/builder/spi-builder-workspace/Sources/Wasmer/Wasmer/WasmerImportExportKind.swift /Users/admin/builder/spi-builder-workspace/Sources/Wasmer/WebAssembly/Export.swift /Users/admin/builder/spi-builder-workspace/Sources/Wasmer/WebAssembly/Exports.swift /Users/admin/builder/spi-builder-workspace/Sources/Wasmer/WebAssembly/Global.swift /Users/admin/builder/spi-builder-workspace/Sources/Wasmer/WebAssembly/ImportObject.swift /Users/admin/builder/spi-builder-workspace/Sources/Wasmer/WebAssembly/Instance.swift /Users/admin/builder/spi-builder-workspace/Sources/Wasmer/WebAssembly/Memory.swift /Users/admin/builder/spi-builder-workspace/Sources/Wasmer/WebAssembly/Module.swift /Users/admin/builder/spi-builder-workspace/Sources/Wasmer/WebAssembly/Validate.swift /Users/admin/builder/spi-builder-workspace/Sources/Wasmer/WebAssembly/Value.swift /Users/admin/builder/spi-builder-workspace/Sources/Wasmer/WebAssembly/ValueType.swift /Users/admin/builder/spi-builder-workspace/Sources/Wasmer/WebAssembly/WASI.swift /Users/admin/builder/spi-builder-workspace/Sources/Wasmer/WebAssembly/WebAssembly.swift /Users/admin/builder/spi-builder-workspace/Sources/Wasmer/WebAssemblyWasmer/ExportWasmer.swift /Users/admin/builder/spi-builder-workspace/Sources/Wasmer/WebAssemblyWasmer/ValueTypeWasmer.swift /Users/admin/builder/spi-builder-workspace/Sources/Wasmer/WebAssemblyWasmer/ValueWasmer.swift /Users/admin/builder/spi-builder-workspace/Sources/Wasmer/WebAssemblyWasmer/WasmerImportsHolder.swift -target arm64-apple-watchos5.0 -Xllvm -aarch64-use-tbi -enable-objc-interop -sdk /Applications/Xcode-16.1.0.app/Contents/Developer/Platforms/WatchOS.platform/Developer/SDKs/WatchOS11.1.sdk -I /Users/admin/builder/spi-builder-workspace/.derivedData/Build/Products/Debug-watchos -I /Applications/Xcode-16.1.0.app/Contents/Developer/Platforms/WatchOS.platform/Developer/usr/lib -F /Users/admin/builder/spi-builder-workspace/.derivedData/Build/Products/Debug-watchos -F /Applications/Xcode-16.1.0.app/Contents/Developer/Platforms/WatchOS.platform/Developer/Library/Frameworks -F /Applications/Xcode-16.1.0.app/Contents/Developer/Platforms/WatchOS.platform/Developer/SDKs/WatchOS11.1.sdk/Developer/Library/Frameworks -no-color-diagnostics -enable-testing -g -debug-info-format\=dwarf -dwarf-version\=4 -module-cache-path /Users/admin/builder/spi-builder-workspace/.derivedData/ModuleCache.noindex -swift-version 5 -enforce-exclusivity\=checked -stats-output-dir /Users/admin/builder/spi-builder-workspace/.swiftpm/xcode/.stats -Onone -D SWIFT_PACKAGE -D DEBUG -serialize-debugging-options -const-gather-protocols-file /Users/admin/builder/spi-builder-workspace/.derivedData/Build/Intermediates.noindex/SwiftyWasmer.build/Debug-watchos/Wasmer.build/Objects-normal/arm64/Wasmer_const_extract_protocols.json -enable-experimental-feature DebugDescriptionMacro -enable-experimental-feature OpaqueTypeErasure -strict-concurrency\=complete -empty-abi-descriptor -plugin-path /Applications/Xcode-16.1.0.app/Contents/Developer/Toolchains/XcodeDefault.xctoolchain/usr/lib/swift/host/plugins/testing -validate-clang-modules-once -clang-build-session-file /Users/admin/builder/spi-builder-workspace/.derivedData/ModuleCache.noindex/Session.modulevalidation -Xcc -working-directory -Xcc /Users/admin/builder/spi-builder-workspace/.swiftpm/xcode -resource-dir /Applications/Xcode-16.1.0.app/Contents/Developer/Toolchains/XcodeDefault.xctoolchain/usr/lib/swift -enable-anonymous-context-mangled-names -file-compilation-dir /Users/admin/builder/spi-builder-workspace/.swiftpm/xcode -Xcc -fmodule-map-file\=/Users/admin/builder/spi-builder-workspace/Sources/CWasmer/module.modulemap -Xcc -D_LIBCPP_HARDENING_MODE\=_LIBCPP_HARDENING_MODE_DEBUG -Xcc -ivfsstatcache -Xcc /Users/admin/builder/spi-builder-workspace/.derivedData/SDKStatCaches.noindex/watchos11.1-22R574-7b9df0bda16bb4641b33636c68f04660.sdkstatcache -Xcc -I/Users/admin/builder/spi-builder-workspace/.derivedData/Build/Intermediates.noindex/SwiftyWasmer.build/Debug-watchos/Wasmer.build/swift-overrides.hmap -Xcc -I/Users/admin/builder/spi-builder-workspace/.derivedData/Build/Products/Debug-watchos/include -Xcc -I/Users/admin/builder/spi-builder-workspace/.derivedData/Build/Intermediates.noindex/SwiftyWasmer.build/Debug-watchos/Wasmer.build/DerivedSources-normal/arm64 -Xcc -I/Users/admin/builder/spi-builder-workspace/.derivedData/Build/Intermediates.noindex/SwiftyWasmer.build/Debug-watchos/Wasmer.build/DerivedSources/arm64 -Xcc -I/Users/admin/builder/spi-builder-workspace/.derivedData/Build/Intermediates.noindex/SwiftyWasmer.build/Debug-watchos/Wasmer.build/DerivedSources -Xcc -DSWIFT_PACKAGE -Xcc -DDEBUG\=1 -module-name Wasmer -frontend-parseable-output -disable-clang-spi -target-sdk-version 11.1 -target-sdk-name watchos11.1 -external-plugin-path /Applications/Xcode-16.1.0.app/Contents/Developer/Platforms/WatchOS.platform/Developer/usr/lib/swift/host/plugins\#/Applications/Xcode-16.1.0.app/Contents/Developer/Platforms/WatchOS.platform/Developer/usr/bin/swift-plugin-server -external-plugin-path /Applications/Xcode-16.1.0.app/Contents/Developer/Platforms/WatchOS.platform/Developer/usr/local/lib/swift/host/plugins\#/Applications/Xcode-16.1.0.app/Contents/Developer/Platforms/WatchOS.platform/Developer/usr/bin/swift-plugin-server -plugin-path /Applications/Xcode-16.1.0.app/Contents/Developer/Toolchains/XcodeDefault.xctoolchain/usr/lib/swift/host/plugins -plugin-path /Applications/Xcode-16.1.0.app/Contents/Developer/Toolchains/XcodeDefault.xctoolchain/usr/local/lib/swift/host/plugins -emit-module-doc-path /Users/admin/builder/spi-builder-workspace/.derivedData/Build/Intermediates.noindex/SwiftyWasmer.build/Debug-watchos/Wasmer.build/Objects-normal/arm64/Wasmer.swiftdoc -emit-module-source-info-path /Users/admin/builder/spi-builder-workspace/.derivedData/Build/Intermediates.noindex/SwiftyWasmer.build/Debug-watchos/Wasmer.build/Objects-normal/arm64/Wasmer.swiftsourceinfo -emit-objc-header-path /Users/admin/builder/spi-builder-workspace/.derivedData/Build/Intermediates.noindex/SwiftyWasmer.build/Debug-watchos/Wasmer.build/Objects-normal/arm64/Wasmer-Swift.h -serialize-diagnostics-path /Users/admin/builder/spi-builder-workspace/.derivedData/Build/Intermediates.noindex/SwiftyWasmer.build/Debug-watchos/Wasmer.build/Objects-normal/arm64/Wasmer-master-emit-module.dia -emit-dependencies-path /Users/admin/builder/spi-builder-workspace/.derivedData/Build/Intermediates.noindex/SwiftyWasmer.build/Debug-watchos/Wasmer.build/Objects-normal/arm64/Wasmer-master-emit-module.d -o /Users/admin/builder/spi-builder-workspace/.derivedData/Build/Intermediates.noindex/SwiftyWasmer.build/Debug-watchos/Wasmer.build/Objects-normal/arm64/Wasmer.swiftmodule -emit-abi-descriptor-path /Users/admin/builder/spi-builder-workspace/.derivedData/Build/Intermediates.noindex/SwiftyWasmer.build/Debug-watchos/Wasmer.build/Objects-normal/arm64/Wasmer.abi.json
EmitSwiftModule normal arm64 (in target 'Wasmer' from project 'SwiftyWasmer')
cd /Users/admin/builder/spi-builder-workspace/.swiftpm/xcode
/Applications/Xcode-16.1.0.app/Contents/Developer/Toolchains/XcodeDefault.xctoolchain/usr/bin/swift-frontend -emit-module -experimental-skip-non-inlinable-function-bodies-without-types /Users/admin/builder/spi-builder-workspace/Sources/Wasmer/CExtensions/ByteArrayExt.swift /Users/admin/builder/spi-builder-workspace/Sources/Wasmer/CExtensions/ExportFuncPtr.swift /Users/admin/builder/spi-builder-workspace/Sources/Wasmer/CExtensions/ExportPtr.swift /Users/admin/builder/spi-builder-workspace/Sources/Wasmer/CExtensions/ExportsPtr.swift /Users/admin/builder/spi-builder-workspace/Sources/Wasmer/CExtensions/GlobalPtr.swift /Users/admin/builder/spi-builder-workspace/Sources/Wasmer/CExtensions/ImportObjectIterPtr.swift /Users/admin/builder/spi-builder-workspace/Sources/Wasmer/CExtensions/ImportObjectPtr.swift /Users/admin/builder/spi-builder-workspace/Sources/Wasmer/CExtensions/InstanceContextPtr.swift /Users/admin/builder/spi-builder-workspace/Sources/Wasmer/CExtensions/InstancePtr.swift /Users/admin/builder/spi-builder-workspace/Sources/Wasmer/CExtensions/MemoryPtr.swift /Users/admin/builder/spi-builder-workspace/Sources/Wasmer/CExtensions/ModulePtr.swift /Users/admin/builder/spi-builder-workspace/Sources/Wasmer/CExtensions/SerializedModulePtr.swift /Users/admin/builder/spi-builder-workspace/Sources/Wasmer/ReExports.swift /Users/admin/builder/spi-builder-workspace/Sources/Wasmer/Utilities/CAPIUtilities.swift /Users/admin/builder/spi-builder-workspace/Sources/Wasmer/Wasmer/Wasmer.swift /Users/admin/builder/spi-builder-workspace/Sources/Wasmer/Wasmer/WasmerError.swift /Users/admin/builder/spi-builder-workspace/Sources/Wasmer/Wasmer/WasmerFFIFix.swift /Users/admin/builder/spi-builder-workspace/Sources/Wasmer/Wasmer/WasmerImportExportKind.swift /Users/admin/builder/spi-builder-workspace/Sources/Wasmer/WebAssembly/Export.swift /Users/admin/builder/spi-builder-workspace/Sources/Wasmer/WebAssembly/Exports.swift /Users/admin/builder/spi-builder-workspace/Sources/Wasmer/WebAssembly/Global.swift /Users/admin/builder/spi-builder-workspace/Sources/Wasmer/WebAssembly/ImportObject.swift /Users/admin/builder/spi-builder-workspace/Sources/Wasmer/WebAssembly/Instance.swift /Users/admin/builder/spi-builder-workspace/Sources/Wasmer/WebAssembly/Memory.swift /Users/admin/builder/spi-builder-workspace/Sources/Wasmer/WebAssembly/Module.swift /Users/admin/builder/spi-builder-workspace/Sources/Wasmer/WebAssembly/Validate.swift /Users/admin/builder/spi-builder-workspace/Sources/Wasmer/WebAssembly/Value.swift /Users/admin/builder/spi-builder-workspace/Sources/Wasmer/WebAssembly/ValueType.swift /Users/admin/builder/spi-builder-workspace/Sources/Wasmer/WebAssembly/WASI.swift /Users/admin/builder/spi-builder-workspace/Sources/Wasmer/WebAssembly/WebAssembly.swift /Users/admin/builder/spi-builder-workspace/Sources/Wasmer/WebAssemblyWasmer/ExportWasmer.swift /Users/admin/builder/spi-builder-workspace/Sources/Wasmer/WebAssemblyWasmer/ValueTypeWasmer.swift /Users/admin/builder/spi-builder-workspace/Sources/Wasmer/WebAssemblyWasmer/ValueWasmer.swift /Users/admin/builder/spi-builder-workspace/Sources/Wasmer/WebAssemblyWasmer/WasmerImportsHolder.swift -target arm64-apple-watchos5.0 -Xllvm -aarch64-use-tbi -enable-objc-interop -sdk /Applications/Xcode-16.1.0.app/Contents/Developer/Platforms/WatchOS.platform/Developer/SDKs/WatchOS11.1.sdk -I /Users/admin/builder/spi-builder-workspace/.derivedData/Build/Products/Debug-watchos -I /Applications/Xcode-16.1.0.app/Contents/Developer/Platforms/WatchOS.platform/Developer/usr/lib -F /Users/admin/builder/spi-builder-workspace/.derivedData/Build/Products/Debug-watchos -F /Applications/Xcode-16.1.0.app/Contents/Developer/Platforms/WatchOS.platform/Developer/Library/Frameworks -F /Applications/Xcode-16.1.0.app/Contents/Developer/Platforms/WatchOS.platform/Developer/SDKs/WatchOS11.1.sdk/Developer/Library/Frameworks -no-color-diagnostics -enable-testing -g -debug-info-format\=dwarf -dwarf-version\=4 -module-cache-path /Users/admin/builder/spi-builder-workspace/.derivedData/ModuleCache.noindex -swift-version 5 -enforce-exclusivity\=checked -stats-output-dir /Users/admin/builder/spi-builder-workspace/.swiftpm/xcode/.stats -Onone -D SWIFT_PACKAGE -D DEBUG -serialize-debugging-options -const-gather-protocols-file /Users/admin/builder/spi-builder-workspace/.derivedData/Build/Intermediates.noindex/SwiftyWasmer.build/Debug-watchos/Wasmer.build/Objects-normal/arm64/Wasmer_const_extract_protocols.json -enable-experimental-feature DebugDescriptionMacro -enable-experimental-feature OpaqueTypeErasure -strict-concurrency\=complete -empty-abi-descriptor -plugin-path /Applications/Xcode-16.1.0.app/Contents/Developer/Toolchains/XcodeDefault.xctoolchain/usr/lib/swift/host/plugins/testing -validate-clang-modules-once -clang-build-session-file /Users/admin/builder/spi-builder-workspace/.derivedData/ModuleCache.noindex/Session.modulevalidation -Xcc -working-directory -Xcc /Users/admin/builder/spi-builder-workspace/.swiftpm/xcode -resource-dir /Applications/Xcode-16.1.0.app/Contents/Developer/Toolchains/XcodeDefault.xctoolchain/usr/lib/swift -enable-anonymous-context-mangled-names -file-compilation-dir /Users/admin/builder/spi-builder-workspace/.swiftpm/xcode -Xcc -fmodule-map-file\=/Users/admin/builder/spi-builder-workspace/Sources/CWasmer/module.modulemap -Xcc -D_LIBCPP_HARDENING_MODE\=_LIBCPP_HARDENING_MODE_DEBUG -Xcc -ivfsstatcache -Xcc /Users/admin/builder/spi-builder-workspace/.derivedData/SDKStatCaches.noindex/watchos11.1-22R574-7b9df0bda16bb4641b33636c68f04660.sdkstatcache -Xcc -I/Users/admin/builder/spi-builder-workspace/.derivedData/Build/Intermediates.noindex/SwiftyWasmer.build/Debug-watchos/Wasmer.build/swift-overrides.hmap -Xcc -I/Users/admin/builder/spi-builder-workspace/.derivedData/Build/Products/Debug-watchos/include -Xcc -I/Users/admin/builder/spi-builder-workspace/.derivedData/Build/Intermediates.noindex/SwiftyWasmer.build/Debug-watchos/Wasmer.build/DerivedSources-normal/arm64 -Xcc -I/Users/admin/builder/spi-builder-workspace/.derivedData/Build/Intermediates.noindex/SwiftyWasmer.build/Debug-watchos/Wasmer.build/DerivedSources/arm64 -Xcc -I/Users/admin/builder/spi-builder-workspace/.derivedData/Build/Intermediates.noindex/SwiftyWasmer.build/Debug-watchos/Wasmer.build/DerivedSources -Xcc -DSWIFT_PACKAGE -Xcc -DDEBUG\=1 -module-name Wasmer -frontend-parseable-output -disable-clang-spi -target-sdk-version 11.1 -target-sdk-name watchos11.1 -external-plugin-path /Applications/Xcode-16.1.0.app/Contents/Developer/Platforms/WatchOS.platform/Developer/usr/lib/swift/host/plugins\#/Applications/Xcode-16.1.0.app/Contents/Developer/Platforms/WatchOS.platform/Developer/usr/bin/swift-plugin-server -external-plugin-path /Applications/Xcode-16.1.0.app/Contents/Developer/Platforms/WatchOS.platform/Developer/usr/local/lib/swift/host/plugins\#/Applications/Xcode-16.1.0.app/Contents/Developer/Platforms/WatchOS.platform/Developer/usr/bin/swift-plugin-server -plugin-path /Applications/Xcode-16.1.0.app/Contents/Developer/Toolchains/XcodeDefault.xctoolchain/usr/lib/swift/host/plugins -plugin-path /Applications/Xcode-16.1.0.app/Contents/Developer/Toolchains/XcodeDefault.xctoolchain/usr/local/lib/swift/host/plugins -emit-module-doc-path /Users/admin/builder/spi-builder-workspace/.derivedData/Build/Intermediates.noindex/SwiftyWasmer.build/Debug-watchos/Wasmer.build/Objects-normal/arm64/Wasmer.swiftdoc -emit-module-source-info-path /Users/admin/builder/spi-builder-workspace/.derivedData/Build/Intermediates.noindex/SwiftyWasmer.build/Debug-watchos/Wasmer.build/Objects-normal/arm64/Wasmer.swiftsourceinfo -emit-objc-header-path /Users/admin/builder/spi-builder-workspace/.derivedData/Build/Intermediates.noindex/SwiftyWasmer.build/Debug-watchos/Wasmer.build/Objects-normal/arm64/Wasmer-Swift.h -serialize-diagnostics-path /Users/admin/builder/spi-builder-workspace/.derivedData/Build/Intermediates.noindex/SwiftyWasmer.build/Debug-watchos/Wasmer.build/Objects-normal/arm64/Wasmer-master-emit-module.dia -emit-dependencies-path /Users/admin/builder/spi-builder-workspace/.derivedData/Build/Intermediates.noindex/SwiftyWasmer.build/Debug-watchos/Wasmer.build/Objects-normal/arm64/Wasmer-master-emit-module.d -o /Users/admin/builder/spi-builder-workspace/.derivedData/Build/Intermediates.noindex/SwiftyWasmer.build/Debug-watchos/Wasmer.build/Objects-normal/arm64/Wasmer.swiftmodule -emit-abi-descriptor-path /Users/admin/builder/spi-builder-workspace/.derivedData/Build/Intermediates.noindex/SwiftyWasmer.build/Debug-watchos/Wasmer.build/Objects-normal/arm64/Wasmer.abi.json
** BUILD FAILED **
The following build commands failed:
SwiftEmitModule normal armv7k Emitting\ module\ for\ Wasmer (in target 'Wasmer' from project 'SwiftyWasmer')
EmitSwiftModule normal armv7k (in target 'Wasmer' from project 'SwiftyWasmer')
Building workspace spi-builder-workspace with scheme SwiftyWasmer-Package
(3 failures)
BUILD FAILURE 6.0 watchOS