Build Information
Failed to build SupportKit, reference 1.1.4 (b2f511), with Swift 6.4 for watchOS using Xcode 27.0 on 24 Sep 2026 09:04:44 UTC.
Build Command
env DEVELOPER_DIR=/Applications/Xcode-27.0.0-Release.Candidate.app xcrun xcodebuild -IDEClonedSourcePackagesDirPathOverride=$PWD/.dependencies -skipMacroValidation -skipPackagePluginValidation -derivedDataPath $PWD/.derivedData build -scheme SupportKit -destination generic/platform=watchOSBuild Log
cd /Users/admin/builder/spi-builder-workspace/.swiftpm/xcode
builtin-SwiftPerFileCompile Theme+DocC.swift
SwiftCompile normal arm64_32 Compiling\ TableBackgroundStyle.swift,\ TableBorderStyle.swift,\ TableCellConfiguration.swift,\ TaskListMarkerConfiguration.swift,\ BackgroundColor.swift,\ EmptyTextStyle.swift,\ Font+FontProperties.swift,\ FontCapsVariant.swift,\ FontDigitVariant.swift,\ FontFamily.swift,\ FontFamilyVariant.swift,\ FontProperties.swift,\ FontPropertiesAttribute.swift /Users/admin/builder/spi-builder-workspace/.dependencies/checkouts/swift-markdown-ui/Sources/MarkdownUI/Theme/BlockStyle/TableBackgroundStyle.swift /Users/admin/builder/spi-builder-workspace/.dependencies/checkouts/swift-markdown-ui/Sources/MarkdownUI/Theme/BlockStyle/TableBorderStyle.swift /Users/admin/builder/spi-builder-workspace/.dependencies/checkouts/swift-markdown-ui/Sources/MarkdownUI/Theme/BlockStyle/TableCellConfiguration.swift /Users/admin/builder/spi-builder-workspace/.dependencies/checkouts/swift-markdown-ui/Sources/MarkdownUI/Theme/BlockStyle/TaskListMarkerConfiguration.swift /Users/admin/builder/spi-builder-workspace/.dependencies/checkouts/swift-markdown-ui/Sources/MarkdownUI/Theme/TextStyle/Styles/BackgroundColor.swift /Users/admin/builder/spi-builder-workspace/.dependencies/checkouts/swift-markdown-ui/Sources/MarkdownUI/Theme/TextStyle/Styles/EmptyTextStyle.swift /Users/admin/builder/spi-builder-workspace/.dependencies/checkouts/swift-markdown-ui/Sources/MarkdownUI/Theme/TextStyle/Styles/Font+FontProperties.swift /Users/admin/builder/spi-builder-workspace/.dependencies/checkouts/swift-markdown-ui/Sources/MarkdownUI/Theme/TextStyle/Styles/FontCapsVariant.swift /Users/admin/builder/spi-builder-workspace/.dependencies/checkouts/swift-markdown-ui/Sources/MarkdownUI/Theme/TextStyle/Styles/FontDigitVariant.swift /Users/admin/builder/spi-builder-workspace/.dependencies/checkouts/swift-markdown-ui/Sources/MarkdownUI/Theme/TextStyle/Styles/FontFamily.swift /Users/admin/builder/spi-builder-workspace/.dependencies/checkouts/swift-markdown-ui/Sources/MarkdownUI/Theme/TextStyle/Styles/FontFamilyVariant.swift /Users/admin/builder/spi-builder-workspace/.dependencies/checkouts/swift-markdown-ui/Sources/MarkdownUI/Theme/TextStyle/Styles/FontProperties.swift /Users/admin/builder/spi-builder-workspace/.dependencies/checkouts/swift-markdown-ui/Sources/MarkdownUI/Theme/TextStyle/Styles/FontPropertiesAttribute.swift (in target 'MarkdownUI' from project 'swift-markdown-ui')
SwiftCompile normal arm64_32 /Users/admin/builder/spi-builder-workspace/.dependencies/checkouts/swift-markdown-ui/Sources/MarkdownUI/Theme/BlockStyle/TableBackgroundStyle.swift (in target 'MarkdownUI' from project 'swift-markdown-ui')
cd /Users/admin/builder/spi-builder-workspace/.swiftpm/xcode
builtin-SwiftPerFileCompile TableBackgroundStyle.swift
SwiftCompile normal arm64_32 /Users/admin/builder/spi-builder-workspace/.dependencies/checkouts/swift-markdown-ui/Sources/MarkdownUI/Theme/BlockStyle/TableBorderStyle.swift (in target 'MarkdownUI' from project 'swift-markdown-ui')
cd /Users/admin/builder/spi-builder-workspace/.swiftpm/xcode
builtin-SwiftPerFileCompile TableBorderStyle.swift
SwiftCompile normal arm64_32 /Users/admin/builder/spi-builder-workspace/.dependencies/checkouts/swift-markdown-ui/Sources/MarkdownUI/Theme/BlockStyle/TableCellConfiguration.swift (in target 'MarkdownUI' from project 'swift-markdown-ui')
cd /Users/admin/builder/spi-builder-workspace/.swiftpm/xcode
builtin-SwiftPerFileCompile TableCellConfiguration.swift
SwiftCompile normal arm64_32 /Users/admin/builder/spi-builder-workspace/.dependencies/checkouts/swift-markdown-ui/Sources/MarkdownUI/Theme/BlockStyle/TaskListMarkerConfiguration.swift (in target 'MarkdownUI' from project 'swift-markdown-ui')
cd /Users/admin/builder/spi-builder-workspace/.swiftpm/xcode
builtin-SwiftPerFileCompile TaskListMarkerConfiguration.swift
SwiftCompile normal arm64_32 /Users/admin/builder/spi-builder-workspace/.dependencies/checkouts/swift-markdown-ui/Sources/MarkdownUI/Theme/TextStyle/Styles/BackgroundColor.swift (in target 'MarkdownUI' from project 'swift-markdown-ui')
cd /Users/admin/builder/spi-builder-workspace/.swiftpm/xcode
builtin-SwiftPerFileCompile BackgroundColor.swift
SwiftCompile normal arm64_32 /Users/admin/builder/spi-builder-workspace/.dependencies/checkouts/swift-markdown-ui/Sources/MarkdownUI/Theme/TextStyle/Styles/EmptyTextStyle.swift (in target 'MarkdownUI' from project 'swift-markdown-ui')
cd /Users/admin/builder/spi-builder-workspace/.swiftpm/xcode
builtin-SwiftPerFileCompile EmptyTextStyle.swift
SwiftCompile normal arm64_32 /Users/admin/builder/spi-builder-workspace/.dependencies/checkouts/swift-markdown-ui/Sources/MarkdownUI/Theme/TextStyle/Styles/Font+FontProperties.swift (in target 'MarkdownUI' from project 'swift-markdown-ui')
cd /Users/admin/builder/spi-builder-workspace/.swiftpm/xcode
builtin-SwiftPerFileCompile Font+FontProperties.swift
SwiftCompile normal arm64_32 /Users/admin/builder/spi-builder-workspace/.dependencies/checkouts/swift-markdown-ui/Sources/MarkdownUI/Theme/TextStyle/Styles/FontCapsVariant.swift (in target 'MarkdownUI' from project 'swift-markdown-ui')
cd /Users/admin/builder/spi-builder-workspace/.swiftpm/xcode
builtin-SwiftPerFileCompile FontCapsVariant.swift
SwiftCompile normal arm64_32 /Users/admin/builder/spi-builder-workspace/.dependencies/checkouts/swift-markdown-ui/Sources/MarkdownUI/Theme/TextStyle/Styles/FontDigitVariant.swift (in target 'MarkdownUI' from project 'swift-markdown-ui')
cd /Users/admin/builder/spi-builder-workspace/.swiftpm/xcode
builtin-SwiftPerFileCompile FontDigitVariant.swift
SwiftCompile normal arm64_32 /Users/admin/builder/spi-builder-workspace/.dependencies/checkouts/swift-markdown-ui/Sources/MarkdownUI/Theme/TextStyle/Styles/FontFamily.swift (in target 'MarkdownUI' from project 'swift-markdown-ui')
cd /Users/admin/builder/spi-builder-workspace/.swiftpm/xcode
builtin-SwiftPerFileCompile FontFamily.swift
SwiftCompile normal arm64_32 /Users/admin/builder/spi-builder-workspace/.dependencies/checkouts/swift-markdown-ui/Sources/MarkdownUI/Theme/TextStyle/Styles/FontFamilyVariant.swift (in target 'MarkdownUI' from project 'swift-markdown-ui')
cd /Users/admin/builder/spi-builder-workspace/.swiftpm/xcode
builtin-SwiftPerFileCompile FontFamilyVariant.swift
SwiftCompile normal arm64_32 /Users/admin/builder/spi-builder-workspace/.dependencies/checkouts/swift-markdown-ui/Sources/MarkdownUI/Theme/TextStyle/Styles/FontProperties.swift (in target 'MarkdownUI' from project 'swift-markdown-ui')
cd /Users/admin/builder/spi-builder-workspace/.swiftpm/xcode
builtin-SwiftPerFileCompile FontProperties.swift
SwiftCompile normal arm64_32 /Users/admin/builder/spi-builder-workspace/.dependencies/checkouts/swift-markdown-ui/Sources/MarkdownUI/Theme/TextStyle/Styles/FontPropertiesAttribute.swift (in target 'MarkdownUI' from project 'swift-markdown-ui')
cd /Users/admin/builder/spi-builder-workspace/.swiftpm/xcode
builtin-SwiftPerFileCompile FontPropertiesAttribute.swift
SwiftCompile normal arm64_32 Compiling\ Environment+BaseURL.swift,\ Environment+CodeSyntaxHighlighter.swift,\ Environment+ImageProvider.swift,\ Environment+InlineImageProvider.swift,\ Environment+List.swift,\ Environment+SoftBreakMode.swift,\ Environment+Table.swift,\ Environment+TextStyle.swift,\ Environment+Theme.swift,\ ImageView.swift,\ InlineText.swift,\ Markdown.swift /Users/admin/builder/spi-builder-workspace/.dependencies/checkouts/swift-markdown-ui/Sources/MarkdownUI/Views/Environment/Environment+BaseURL.swift /Users/admin/builder/spi-builder-workspace/.dependencies/checkouts/swift-markdown-ui/Sources/MarkdownUI/Views/Environment/Environment+CodeSyntaxHighlighter.swift /Users/admin/builder/spi-builder-workspace/.dependencies/checkouts/swift-markdown-ui/Sources/MarkdownUI/Views/Environment/Environment+ImageProvider.swift /Users/admin/builder/spi-builder-workspace/.dependencies/checkouts/swift-markdown-ui/Sources/MarkdownUI/Views/Environment/Environment+InlineImageProvider.swift /Users/admin/builder/spi-builder-workspace/.dependencies/checkouts/swift-markdown-ui/Sources/MarkdownUI/Views/Environment/Environment+List.swift /Users/admin/builder/spi-builder-workspace/.dependencies/checkouts/swift-markdown-ui/Sources/MarkdownUI/Views/Environment/Environment+SoftBreakMode.swift /Users/admin/builder/spi-builder-workspace/.dependencies/checkouts/swift-markdown-ui/Sources/MarkdownUI/Views/Environment/Environment+Table.swift /Users/admin/builder/spi-builder-workspace/.dependencies/checkouts/swift-markdown-ui/Sources/MarkdownUI/Views/Environment/Environment+TextStyle.swift /Users/admin/builder/spi-builder-workspace/.dependencies/checkouts/swift-markdown-ui/Sources/MarkdownUI/Views/Environment/Environment+Theme.swift /Users/admin/builder/spi-builder-workspace/.dependencies/checkouts/swift-markdown-ui/Sources/MarkdownUI/Views/Inlines/ImageView.swift /Users/admin/builder/spi-builder-workspace/.dependencies/checkouts/swift-markdown-ui/Sources/MarkdownUI/Views/Inlines/InlineText.swift /Users/admin/builder/spi-builder-workspace/.dependencies/checkouts/swift-markdown-ui/Sources/MarkdownUI/Views/Markdown.swift (in target 'MarkdownUI' from project 'swift-markdown-ui')
SwiftCompile normal arm64_32 /Users/admin/builder/spi-builder-workspace/.dependencies/checkouts/swift-markdown-ui/Sources/MarkdownUI/Views/Environment/Environment+BaseURL.swift (in target 'MarkdownUI' from project 'swift-markdown-ui')
cd /Users/admin/builder/spi-builder-workspace/.swiftpm/xcode
builtin-SwiftPerFileCompile Environment+BaseURL.swift
SwiftCompile normal arm64_32 /Users/admin/builder/spi-builder-workspace/.dependencies/checkouts/swift-markdown-ui/Sources/MarkdownUI/Views/Environment/Environment+CodeSyntaxHighlighter.swift (in target 'MarkdownUI' from project 'swift-markdown-ui')
cd /Users/admin/builder/spi-builder-workspace/.swiftpm/xcode
builtin-SwiftPerFileCompile Environment+CodeSyntaxHighlighter.swift
SwiftCompile normal arm64_32 /Users/admin/builder/spi-builder-workspace/.dependencies/checkouts/swift-markdown-ui/Sources/MarkdownUI/Views/Environment/Environment+ImageProvider.swift (in target 'MarkdownUI' from project 'swift-markdown-ui')
cd /Users/admin/builder/spi-builder-workspace/.swiftpm/xcode
builtin-SwiftPerFileCompile Environment+ImageProvider.swift
SwiftCompile normal arm64_32 /Users/admin/builder/spi-builder-workspace/.dependencies/checkouts/swift-markdown-ui/Sources/MarkdownUI/Views/Environment/Environment+InlineImageProvider.swift (in target 'MarkdownUI' from project 'swift-markdown-ui')
cd /Users/admin/builder/spi-builder-workspace/.swiftpm/xcode
builtin-SwiftPerFileCompile Environment+InlineImageProvider.swift
SwiftCompile normal arm64_32 /Users/admin/builder/spi-builder-workspace/.dependencies/checkouts/swift-markdown-ui/Sources/MarkdownUI/Views/Environment/Environment+List.swift (in target 'MarkdownUI' from project 'swift-markdown-ui')
cd /Users/admin/builder/spi-builder-workspace/.swiftpm/xcode
builtin-SwiftPerFileCompile Environment+List.swift
SwiftCompile normal arm64_32 /Users/admin/builder/spi-builder-workspace/.dependencies/checkouts/swift-markdown-ui/Sources/MarkdownUI/Views/Environment/Environment+SoftBreakMode.swift (in target 'MarkdownUI' from project 'swift-markdown-ui')
cd /Users/admin/builder/spi-builder-workspace/.swiftpm/xcode
builtin-SwiftPerFileCompile Environment+SoftBreakMode.swift
SwiftCompile normal arm64_32 /Users/admin/builder/spi-builder-workspace/.dependencies/checkouts/swift-markdown-ui/Sources/MarkdownUI/Views/Environment/Environment+Table.swift (in target 'MarkdownUI' from project 'swift-markdown-ui')
cd /Users/admin/builder/spi-builder-workspace/.swiftpm/xcode
builtin-SwiftPerFileCompile Environment+Table.swift
SwiftCompile normal arm64_32 /Users/admin/builder/spi-builder-workspace/.dependencies/checkouts/swift-markdown-ui/Sources/MarkdownUI/Views/Environment/Environment+TextStyle.swift (in target 'MarkdownUI' from project 'swift-markdown-ui')
cd /Users/admin/builder/spi-builder-workspace/.swiftpm/xcode
builtin-SwiftPerFileCompile Environment+TextStyle.swift
SwiftCompile normal arm64_32 /Users/admin/builder/spi-builder-workspace/.dependencies/checkouts/swift-markdown-ui/Sources/MarkdownUI/Views/Environment/Environment+Theme.swift (in target 'MarkdownUI' from project 'swift-markdown-ui')
cd /Users/admin/builder/spi-builder-workspace/.swiftpm/xcode
builtin-SwiftPerFileCompile Environment+Theme.swift
SwiftCompile normal arm64_32 /Users/admin/builder/spi-builder-workspace/.dependencies/checkouts/swift-markdown-ui/Sources/MarkdownUI/Views/Inlines/ImageView.swift (in target 'MarkdownUI' from project 'swift-markdown-ui')
cd /Users/admin/builder/spi-builder-workspace/.swiftpm/xcode
builtin-SwiftPerFileCompile ImageView.swift
SwiftCompile normal arm64_32 /Users/admin/builder/spi-builder-workspace/.dependencies/checkouts/swift-markdown-ui/Sources/MarkdownUI/Views/Inlines/InlineText.swift (in target 'MarkdownUI' from project 'swift-markdown-ui')
cd /Users/admin/builder/spi-builder-workspace/.swiftpm/xcode
builtin-SwiftPerFileCompile InlineText.swift
SwiftCompile normal arm64_32 /Users/admin/builder/spi-builder-workspace/.dependencies/checkouts/swift-markdown-ui/Sources/MarkdownUI/Views/Markdown.swift (in target 'MarkdownUI' from project 'swift-markdown-ui')
cd /Users/admin/builder/spi-builder-workspace/.swiftpm/xcode
builtin-SwiftPerFileCompile Markdown.swift
SwiftExplicitDependencyGeneratePcm arm64 /Users/admin/builder/spi-builder-workspace/.derivedData/SDKExplicitPrecompiledModules/SwiftUI-APXDH8ULYLM6FD17YRA73TULO.pcm
SwiftDriverJobDiscovery normal arm64_32 Compiling TextTable.swift, TextTableColumn.swift, TextTableColumnAlignment.swift, TextTableColumnBuilder.swift, TextTableRow.swift, TextTableRowBuilder.swift, ThematicBreak.swift, Code.swift, Emphasis.swift, InlineContent.swift, InlineContentBuilder.swift, InlineImage.swift, InlineLink.swift (in target 'MarkdownUI' from project 'swift-markdown-ui')
SwiftCompile normal arm64_32 Compiling\ NumberedListView.swift,\ ParagraphView.swift,\ TableBackgroundView.swift,\ TableBorderSelector.swift,\ TableBorderView.swift,\ TableBounds.swift,\ TableCell.swift,\ TableView.swift,\ TaskListItemView.swift,\ TaskListView.swift,\ TextStyleAttributesReader.swift,\ ThematicBreakView.swift /Users/admin/builder/spi-builder-workspace/.dependencies/checkouts/swift-markdown-ui/Sources/MarkdownUI/Views/Blocks/NumberedListView.swift /Users/admin/builder/spi-builder-workspace/.dependencies/checkouts/swift-markdown-ui/Sources/MarkdownUI/Views/Blocks/ParagraphView.swift /Users/admin/builder/spi-builder-workspace/.dependencies/checkouts/swift-markdown-ui/Sources/MarkdownUI/Views/Blocks/TableBackgroundView.swift /Users/admin/builder/spi-builder-workspace/.dependencies/checkouts/swift-markdown-ui/Sources/MarkdownUI/Views/Blocks/TableBorderSelector.swift /Users/admin/builder/spi-builder-workspace/.dependencies/checkouts/swift-markdown-ui/Sources/MarkdownUI/Views/Blocks/TableBorderView.swift /Users/admin/builder/spi-builder-workspace/.dependencies/checkouts/swift-markdown-ui/Sources/MarkdownUI/Views/Blocks/TableBounds.swift /Users/admin/builder/spi-builder-workspace/.dependencies/checkouts/swift-markdown-ui/Sources/MarkdownUI/Views/Blocks/TableCell.swift /Users/admin/builder/spi-builder-workspace/.dependencies/checkouts/swift-markdown-ui/Sources/MarkdownUI/Views/Blocks/TableView.swift /Users/admin/builder/spi-builder-workspace/.dependencies/checkouts/swift-markdown-ui/Sources/MarkdownUI/Views/Blocks/TaskListItemView.swift /Users/admin/builder/spi-builder-workspace/.dependencies/checkouts/swift-markdown-ui/Sources/MarkdownUI/Views/Blocks/TaskListView.swift /Users/admin/builder/spi-builder-workspace/.dependencies/checkouts/swift-markdown-ui/Sources/MarkdownUI/Views/Blocks/TextStyleAttributesReader.swift /Users/admin/builder/spi-builder-workspace/.dependencies/checkouts/swift-markdown-ui/Sources/MarkdownUI/Views/Blocks/ThematicBreakView.swift (in target 'MarkdownUI' from project 'swift-markdown-ui')
SwiftCompile normal arm64_32 /Users/admin/builder/spi-builder-workspace/.dependencies/checkouts/swift-markdown-ui/Sources/MarkdownUI/Views/Blocks/NumberedListView.swift (in target 'MarkdownUI' from project 'swift-markdown-ui')
cd /Users/admin/builder/spi-builder-workspace/.swiftpm/xcode
builtin-SwiftPerFileCompile NumberedListView.swift
SwiftCompile normal arm64_32 /Users/admin/builder/spi-builder-workspace/.dependencies/checkouts/swift-markdown-ui/Sources/MarkdownUI/Views/Blocks/ParagraphView.swift (in target 'MarkdownUI' from project 'swift-markdown-ui')
cd /Users/admin/builder/spi-builder-workspace/.swiftpm/xcode
builtin-SwiftPerFileCompile ParagraphView.swift
SwiftCompile normal arm64_32 /Users/admin/builder/spi-builder-workspace/.dependencies/checkouts/swift-markdown-ui/Sources/MarkdownUI/Views/Blocks/TableBackgroundView.swift (in target 'MarkdownUI' from project 'swift-markdown-ui')
cd /Users/admin/builder/spi-builder-workspace/.swiftpm/xcode
builtin-SwiftPerFileCompile TableBackgroundView.swift
SwiftCompile normal arm64_32 /Users/admin/builder/spi-builder-workspace/.dependencies/checkouts/swift-markdown-ui/Sources/MarkdownUI/Views/Blocks/TableBorderSelector.swift (in target 'MarkdownUI' from project 'swift-markdown-ui')
cd /Users/admin/builder/spi-builder-workspace/.swiftpm/xcode
builtin-SwiftPerFileCompile TableBorderSelector.swift
SwiftCompile normal arm64_32 /Users/admin/builder/spi-builder-workspace/.dependencies/checkouts/swift-markdown-ui/Sources/MarkdownUI/Views/Blocks/TableBorderView.swift (in target 'MarkdownUI' from project 'swift-markdown-ui')
cd /Users/admin/builder/spi-builder-workspace/.swiftpm/xcode
builtin-SwiftPerFileCompile TableBorderView.swift
SwiftCompile normal arm64_32 /Users/admin/builder/spi-builder-workspace/.dependencies/checkouts/swift-markdown-ui/Sources/MarkdownUI/Views/Blocks/TableBounds.swift (in target 'MarkdownUI' from project 'swift-markdown-ui')
cd /Users/admin/builder/spi-builder-workspace/.swiftpm/xcode
builtin-SwiftPerFileCompile TableBounds.swift
SwiftCompile normal arm64_32 /Users/admin/builder/spi-builder-workspace/.dependencies/checkouts/swift-markdown-ui/Sources/MarkdownUI/Views/Blocks/TableCell.swift (in target 'MarkdownUI' from project 'swift-markdown-ui')
cd /Users/admin/builder/spi-builder-workspace/.swiftpm/xcode
builtin-SwiftPerFileCompile TableCell.swift
SwiftCompile normal arm64_32 /Users/admin/builder/spi-builder-workspace/.dependencies/checkouts/swift-markdown-ui/Sources/MarkdownUI/Views/Blocks/TableView.swift (in target 'MarkdownUI' from project 'swift-markdown-ui')
cd /Users/admin/builder/spi-builder-workspace/.swiftpm/xcode
builtin-SwiftPerFileCompile TableView.swift
SwiftCompile normal arm64_32 /Users/admin/builder/spi-builder-workspace/.dependencies/checkouts/swift-markdown-ui/Sources/MarkdownUI/Views/Blocks/TaskListItemView.swift (in target 'MarkdownUI' from project 'swift-markdown-ui')
cd /Users/admin/builder/spi-builder-workspace/.swiftpm/xcode
builtin-SwiftPerFileCompile TaskListItemView.swift
SwiftCompile normal arm64_32 /Users/admin/builder/spi-builder-workspace/.dependencies/checkouts/swift-markdown-ui/Sources/MarkdownUI/Views/Blocks/TaskListView.swift (in target 'MarkdownUI' from project 'swift-markdown-ui')
cd /Users/admin/builder/spi-builder-workspace/.swiftpm/xcode
builtin-SwiftPerFileCompile TaskListView.swift
SwiftCompile normal arm64_32 /Users/admin/builder/spi-builder-workspace/.dependencies/checkouts/swift-markdown-ui/Sources/MarkdownUI/Views/Blocks/TextStyleAttributesReader.swift (in target 'MarkdownUI' from project 'swift-markdown-ui')
cd /Users/admin/builder/spi-builder-workspace/.swiftpm/xcode
builtin-SwiftPerFileCompile TextStyleAttributesReader.swift
SwiftCompile normal arm64_32 /Users/admin/builder/spi-builder-workspace/.dependencies/checkouts/swift-markdown-ui/Sources/MarkdownUI/Views/Blocks/ThematicBreakView.swift (in target 'MarkdownUI' from project 'swift-markdown-ui')
cd /Users/admin/builder/spi-builder-workspace/.swiftpm/xcode
builtin-SwiftPerFileCompile ThematicBreakView.swift
SwiftDriverJobDiscovery normal arm64_32 Compiling TableBackgroundStyle.swift, TableBorderStyle.swift, TableCellConfiguration.swift, TaskListMarkerConfiguration.swift, BackgroundColor.swift, EmptyTextStyle.swift, Font+FontProperties.swift, FontCapsVariant.swift, FontDigitVariant.swift, FontFamily.swift, FontFamilyVariant.swift, FontProperties.swift, FontPropertiesAttribute.swift (in target 'MarkdownUI' from project 'swift-markdown-ui')
SwiftEmitModule normal arm64 Emitting\ module\ for\ MarkdownUI (in target 'MarkdownUI' from project 'swift-markdown-ui')
SwiftCompile normal arm64 (in target 'MarkdownUI' from project 'swift-markdown-ui')
cd /Users/admin/builder/spi-builder-workspace/.swiftpm/xcode
SwiftCompile normal arm64 Compiling\ TableBackgroundStyle.swift,\ TableBorderStyle.swift,\ TableCellConfiguration.swift,\ TaskListMarkerConfiguration.swift,\ BackgroundColor.swift,\ EmptyTextStyle.swift,\ Font+FontProperties.swift,\ FontCapsVariant.swift,\ FontDigitVariant.swift,\ FontFamily.swift,\ FontFamilyVariant.swift,\ FontProperties.swift,\ FontPropertiesAttribute.swift /Users/admin/builder/spi-builder-workspace/.dependencies/checkouts/swift-markdown-ui/Sources/MarkdownUI/Theme/BlockStyle/TableBackgroundStyle.swift /Users/admin/builder/spi-builder-workspace/.dependencies/checkouts/swift-markdown-ui/Sources/MarkdownUI/Theme/BlockStyle/TableBorderStyle.swift /Users/admin/builder/spi-builder-workspace/.dependencies/checkouts/swift-markdown-ui/Sources/MarkdownUI/Theme/BlockStyle/TableCellConfiguration.swift /Users/admin/builder/spi-builder-workspace/.dependencies/checkouts/swift-markdown-ui/Sources/MarkdownUI/Theme/BlockStyle/TaskListMarkerConfiguration.swift /Users/admin/builder/spi-builder-workspace/.dependencies/checkouts/swift-markdown-ui/Sources/MarkdownUI/Theme/TextStyle/Styles/BackgroundColor.swift /Users/admin/builder/spi-builder-workspace/.dependencies/checkouts/swift-markdown-ui/Sources/MarkdownUI/Theme/TextStyle/Styles/EmptyTextStyle.swift /Users/admin/builder/spi-builder-workspace/.dependencies/checkouts/swift-markdown-ui/Sources/MarkdownUI/Theme/TextStyle/Styles/Font+FontProperties.swift /Users/admin/builder/spi-builder-workspace/.dependencies/checkouts/swift-markdown-ui/Sources/MarkdownUI/Theme/TextStyle/Styles/FontCapsVariant.swift /Users/admin/builder/spi-builder-workspace/.dependencies/checkouts/swift-markdown-ui/Sources/MarkdownUI/Theme/TextStyle/Styles/FontDigitVariant.swift /Users/admin/builder/spi-builder-workspace/.dependencies/checkouts/swift-markdown-ui/Sources/MarkdownUI/Theme/TextStyle/Styles/FontFamily.swift /Users/admin/builder/spi-builder-workspace/.dependencies/checkouts/swift-markdown-ui/Sources/MarkdownUI/Theme/TextStyle/Styles/FontFamilyVariant.swift /Users/admin/builder/spi-builder-workspace/.dependencies/checkouts/swift-markdown-ui/Sources/MarkdownUI/Theme/TextStyle/Styles/FontProperties.swift /Users/admin/builder/spi-builder-workspace/.dependencies/checkouts/swift-markdown-ui/Sources/MarkdownUI/Theme/TextStyle/Styles/FontPropertiesAttribute.swift (in target 'MarkdownUI' from project 'swift-markdown-ui')
SwiftCompile normal arm64 /Users/admin/builder/spi-builder-workspace/.dependencies/checkouts/swift-markdown-ui/Sources/MarkdownUI/Theme/BlockStyle/TableBackgroundStyle.swift (in target 'MarkdownUI' from project 'swift-markdown-ui')
cd /Users/admin/builder/spi-builder-workspace/.swiftpm/xcode
builtin-SwiftPerFileCompile TableBackgroundStyle.swift
SwiftCompile normal arm64 /Users/admin/builder/spi-builder-workspace/.dependencies/checkouts/swift-markdown-ui/Sources/MarkdownUI/Theme/BlockStyle/TableBorderStyle.swift (in target 'MarkdownUI' from project 'swift-markdown-ui')
cd /Users/admin/builder/spi-builder-workspace/.swiftpm/xcode
builtin-SwiftPerFileCompile TableBorderStyle.swift
SwiftCompile normal arm64 /Users/admin/builder/spi-builder-workspace/.dependencies/checkouts/swift-markdown-ui/Sources/MarkdownUI/Theme/BlockStyle/TableCellConfiguration.swift (in target 'MarkdownUI' from project 'swift-markdown-ui')
cd /Users/admin/builder/spi-builder-workspace/.swiftpm/xcode
builtin-SwiftPerFileCompile TableCellConfiguration.swift
SwiftCompile normal arm64 /Users/admin/builder/spi-builder-workspace/.dependencies/checkouts/swift-markdown-ui/Sources/MarkdownUI/Theme/BlockStyle/TaskListMarkerConfiguration.swift (in target 'MarkdownUI' from project 'swift-markdown-ui')
cd /Users/admin/builder/spi-builder-workspace/.swiftpm/xcode
builtin-SwiftPerFileCompile TaskListMarkerConfiguration.swift
SwiftCompile normal arm64 /Users/admin/builder/spi-builder-workspace/.dependencies/checkouts/swift-markdown-ui/Sources/MarkdownUI/Theme/TextStyle/Styles/BackgroundColor.swift (in target 'MarkdownUI' from project 'swift-markdown-ui')
cd /Users/admin/builder/spi-builder-workspace/.swiftpm/xcode
builtin-SwiftPerFileCompile BackgroundColor.swift
SwiftCompile normal arm64 /Users/admin/builder/spi-builder-workspace/.dependencies/checkouts/swift-markdown-ui/Sources/MarkdownUI/Theme/TextStyle/Styles/EmptyTextStyle.swift (in target 'MarkdownUI' from project 'swift-markdown-ui')
cd /Users/admin/builder/spi-builder-workspace/.swiftpm/xcode
builtin-SwiftPerFileCompile EmptyTextStyle.swift
SwiftCompile normal arm64 /Users/admin/builder/spi-builder-workspace/.dependencies/checkouts/swift-markdown-ui/Sources/MarkdownUI/Theme/TextStyle/Styles/Font+FontProperties.swift (in target 'MarkdownUI' from project 'swift-markdown-ui')
cd /Users/admin/builder/spi-builder-workspace/.swiftpm/xcode
builtin-SwiftPerFileCompile Font+FontProperties.swift
SwiftCompile normal arm64 /Users/admin/builder/spi-builder-workspace/.dependencies/checkouts/swift-markdown-ui/Sources/MarkdownUI/Theme/TextStyle/Styles/FontCapsVariant.swift (in target 'MarkdownUI' from project 'swift-markdown-ui')
cd /Users/admin/builder/spi-builder-workspace/.swiftpm/xcode
builtin-SwiftPerFileCompile FontCapsVariant.swift
SwiftCompile normal arm64 /Users/admin/builder/spi-builder-workspace/.dependencies/checkouts/swift-markdown-ui/Sources/MarkdownUI/Theme/TextStyle/Styles/FontDigitVariant.swift (in target 'MarkdownUI' from project 'swift-markdown-ui')
cd /Users/admin/builder/spi-builder-workspace/.swiftpm/xcode
builtin-SwiftPerFileCompile FontDigitVariant.swift
SwiftCompile normal arm64 /Users/admin/builder/spi-builder-workspace/.dependencies/checkouts/swift-markdown-ui/Sources/MarkdownUI/Theme/TextStyle/Styles/FontFamily.swift (in target 'MarkdownUI' from project 'swift-markdown-ui')
cd /Users/admin/builder/spi-builder-workspace/.swiftpm/xcode
builtin-SwiftPerFileCompile FontFamily.swift
SwiftCompile normal arm64 /Users/admin/builder/spi-builder-workspace/.dependencies/checkouts/swift-markdown-ui/Sources/MarkdownUI/Theme/TextStyle/Styles/FontFamilyVariant.swift (in target 'MarkdownUI' from project 'swift-markdown-ui')
cd /Users/admin/builder/spi-builder-workspace/.swiftpm/xcode
builtin-SwiftPerFileCompile FontFamilyVariant.swift
SwiftCompile normal arm64 /Users/admin/builder/spi-builder-workspace/.dependencies/checkouts/swift-markdown-ui/Sources/MarkdownUI/Theme/TextStyle/Styles/FontProperties.swift (in target 'MarkdownUI' from project 'swift-markdown-ui')
cd /Users/admin/builder/spi-builder-workspace/.swiftpm/xcode
builtin-SwiftPerFileCompile FontProperties.swift
SwiftCompile normal arm64 /Users/admin/builder/spi-builder-workspace/.dependencies/checkouts/swift-markdown-ui/Sources/MarkdownUI/Theme/TextStyle/Styles/FontPropertiesAttribute.swift (in target 'MarkdownUI' from project 'swift-markdown-ui')
cd /Users/admin/builder/spi-builder-workspace/.swiftpm/xcode
builtin-SwiftPerFileCompile FontPropertiesAttribute.swift
SwiftDriverJobDiscovery normal arm64_32 Compiling Blockquote.swift, BulletedList.swift, CodeBlock.swift, Heading.swift, ListContentBuilder.swift, ListItem.swift, MarkdownContent.swift, MarkdownContentBuilder.swift, NumberedList.swift, Paragraph.swift, TaskList.swift, TaskListContentBuilder.swift, TaskListItem.swift (in target 'MarkdownUI' from project 'swift-markdown-ui')
SwiftCompile normal arm64 Compiling\ HTMLTag.swift,\ InlineNode+Collect.swift,\ InlineNode+Rewrite.swift,\ InlineNode.swift,\ MarkdownParser.swift,\ AttributedStringInlineRenderer.swift,\ InlineTextStyles.swift,\ TextInlineRenderer.swift,\ BlockConfiguration.swift,\ BlockStyle.swift,\ CodeBlockConfiguration.swift,\ ListBullet.swift,\ ListMarkerConfiguration.swift /Users/admin/builder/spi-builder-workspace/.dependencies/checkouts/swift-markdown-ui/Sources/MarkdownUI/Parser/HTMLTag.swift /Users/admin/builder/spi-builder-workspace/.dependencies/checkouts/swift-markdown-ui/Sources/MarkdownUI/Parser/InlineNode+Collect.swift /Users/admin/builder/spi-builder-workspace/.dependencies/checkouts/swift-markdown-ui/Sources/MarkdownUI/Parser/InlineNode+Rewrite.swift /Users/admin/builder/spi-builder-workspace/.dependencies/checkouts/swift-markdown-ui/Sources/MarkdownUI/Parser/InlineNode.swift /Users/admin/builder/spi-builder-workspace/.dependencies/checkouts/swift-markdown-ui/Sources/MarkdownUI/Parser/MarkdownParser.swift /Users/admin/builder/spi-builder-workspace/.dependencies/checkouts/swift-markdown-ui/Sources/MarkdownUI/Renderer/AttributedStringInlineRenderer.swift /Users/admin/builder/spi-builder-workspace/.dependencies/checkouts/swift-markdown-ui/Sources/MarkdownUI/Renderer/InlineTextStyles.swift /Users/admin/builder/spi-builder-workspace/.dependencies/checkouts/swift-markdown-ui/Sources/MarkdownUI/Renderer/TextInlineRenderer.swift /Users/admin/builder/spi-builder-workspace/.dependencies/checkouts/swift-markdown-ui/Sources/MarkdownUI/Theme/BlockStyle/BlockConfiguration.swift /Users/admin/builder/spi-builder-workspace/.dependencies/checkouts/swift-markdown-ui/Sources/MarkdownUI/Theme/BlockStyle/BlockStyle.swift /Users/admin/builder/spi-builder-workspace/.dependencies/checkouts/swift-markdown-ui/Sources/MarkdownUI/Theme/BlockStyle/CodeBlockConfiguration.swift /Users/admin/builder/spi-builder-workspace/.dependencies/checkouts/swift-markdown-ui/Sources/MarkdownUI/Theme/BlockStyle/ListBullet.swift /Users/admin/builder/spi-builder-workspace/.dependencies/checkouts/swift-markdown-ui/Sources/MarkdownUI/Theme/BlockStyle/ListMarkerConfiguration.swift (in target 'MarkdownUI' from project 'swift-markdown-ui')
SwiftCompile normal arm64 /Users/admin/builder/spi-builder-workspace/.dependencies/checkouts/swift-markdown-ui/Sources/MarkdownUI/Parser/HTMLTag.swift (in target 'MarkdownUI' from project 'swift-markdown-ui')
cd /Users/admin/builder/spi-builder-workspace/.swiftpm/xcode
builtin-SwiftPerFileCompile HTMLTag.swift
SwiftCompile normal arm64 /Users/admin/builder/spi-builder-workspace/.dependencies/checkouts/swift-markdown-ui/Sources/MarkdownUI/Parser/InlineNode+Collect.swift (in target 'MarkdownUI' from project 'swift-markdown-ui')
cd /Users/admin/builder/spi-builder-workspace/.swiftpm/xcode
builtin-SwiftPerFileCompile InlineNode+Collect.swift
SwiftCompile normal arm64 /Users/admin/builder/spi-builder-workspace/.dependencies/checkouts/swift-markdown-ui/Sources/MarkdownUI/Parser/InlineNode+Rewrite.swift (in target 'MarkdownUI' from project 'swift-markdown-ui')
cd /Users/admin/builder/spi-builder-workspace/.swiftpm/xcode
builtin-SwiftPerFileCompile InlineNode+Rewrite.swift
SwiftCompile normal arm64 /Users/admin/builder/spi-builder-workspace/.dependencies/checkouts/swift-markdown-ui/Sources/MarkdownUI/Parser/InlineNode.swift (in target 'MarkdownUI' from project 'swift-markdown-ui')
cd /Users/admin/builder/spi-builder-workspace/.swiftpm/xcode
builtin-SwiftPerFileCompile InlineNode.swift
SwiftCompile normal arm64 /Users/admin/builder/spi-builder-workspace/.dependencies/checkouts/swift-markdown-ui/Sources/MarkdownUI/Parser/MarkdownParser.swift (in target 'MarkdownUI' from project 'swift-markdown-ui')
cd /Users/admin/builder/spi-builder-workspace/.swiftpm/xcode
builtin-SwiftPerFileCompile MarkdownParser.swift
SwiftCompile normal arm64 /Users/admin/builder/spi-builder-workspace/.dependencies/checkouts/swift-markdown-ui/Sources/MarkdownUI/Renderer/AttributedStringInlineRenderer.swift (in target 'MarkdownUI' from project 'swift-markdown-ui')
cd /Users/admin/builder/spi-builder-workspace/.swiftpm/xcode
builtin-SwiftPerFileCompile AttributedStringInlineRenderer.swift
SwiftCompile normal arm64 /Users/admin/builder/spi-builder-workspace/.dependencies/checkouts/swift-markdown-ui/Sources/MarkdownUI/Renderer/InlineTextStyles.swift (in target 'MarkdownUI' from project 'swift-markdown-ui')
cd /Users/admin/builder/spi-builder-workspace/.swiftpm/xcode
builtin-SwiftPerFileCompile InlineTextStyles.swift
SwiftCompile normal arm64 /Users/admin/builder/spi-builder-workspace/.dependencies/checkouts/swift-markdown-ui/Sources/MarkdownUI/Renderer/TextInlineRenderer.swift (in target 'MarkdownUI' from project 'swift-markdown-ui')
cd /Users/admin/builder/spi-builder-workspace/.swiftpm/xcode
builtin-SwiftPerFileCompile TextInlineRenderer.swift
SwiftCompile normal arm64 /Users/admin/builder/spi-builder-workspace/.dependencies/checkouts/swift-markdown-ui/Sources/MarkdownUI/Theme/BlockStyle/BlockConfiguration.swift (in target 'MarkdownUI' from project 'swift-markdown-ui')
cd /Users/admin/builder/spi-builder-workspace/.swiftpm/xcode
builtin-SwiftPerFileCompile BlockConfiguration.swift
SwiftCompile normal arm64 /Users/admin/builder/spi-builder-workspace/.dependencies/checkouts/swift-markdown-ui/Sources/MarkdownUI/Theme/BlockStyle/BlockStyle.swift (in target 'MarkdownUI' from project 'swift-markdown-ui')
cd /Users/admin/builder/spi-builder-workspace/.swiftpm/xcode
builtin-SwiftPerFileCompile BlockStyle.swift
SwiftCompile normal arm64 /Users/admin/builder/spi-builder-workspace/.dependencies/checkouts/swift-markdown-ui/Sources/MarkdownUI/Theme/BlockStyle/CodeBlockConfiguration.swift (in target 'MarkdownUI' from project 'swift-markdown-ui')
cd /Users/admin/builder/spi-builder-workspace/.swiftpm/xcode
builtin-SwiftPerFileCompile CodeBlockConfiguration.swift
SwiftCompile normal arm64 /Users/admin/builder/spi-builder-workspace/.dependencies/checkouts/swift-markdown-ui/Sources/MarkdownUI/Theme/BlockStyle/ListBullet.swift (in target 'MarkdownUI' from project 'swift-markdown-ui')
cd /Users/admin/builder/spi-builder-workspace/.swiftpm/xcode
builtin-SwiftPerFileCompile ListBullet.swift
SwiftCompile normal arm64 /Users/admin/builder/spi-builder-workspace/.dependencies/checkouts/swift-markdown-ui/Sources/MarkdownUI/Theme/BlockStyle/ListMarkerConfiguration.swift (in target 'MarkdownUI' from project 'swift-markdown-ui')
cd /Users/admin/builder/spi-builder-workspace/.swiftpm/xcode
builtin-SwiftPerFileCompile ListMarkerConfiguration.swift
SwiftDriverJobDiscovery normal arm64_32 Compiling LineBreak.swift, SoftBreak.swift, Strikethrough.swift, Strong.swift, AssetImageProvider.swift, AssetInlineImageProvider.swift, CodeSyntaxHighlighter.swift, DefaultImageProvider.swift, DefaultInlineImageProvider.swift, ImageProvider.swift, InlineImageProvider.swift, BlockNode+Rewrite.swift, BlockNode.swift (in target 'MarkdownUI' from project 'swift-markdown-ui')
SwiftCompile normal arm64 Compiling\ NumberedListView.swift,\ ParagraphView.swift,\ TableBackgroundView.swift,\ TableBorderSelector.swift,\ TableBorderView.swift,\ TableBounds.swift,\ TableCell.swift,\ TableView.swift,\ TaskListItemView.swift,\ TaskListView.swift,\ TextStyleAttributesReader.swift,\ ThematicBreakView.swift /Users/admin/builder/spi-builder-workspace/.dependencies/checkouts/swift-markdown-ui/Sources/MarkdownUI/Views/Blocks/NumberedListView.swift /Users/admin/builder/spi-builder-workspace/.dependencies/checkouts/swift-markdown-ui/Sources/MarkdownUI/Views/Blocks/ParagraphView.swift /Users/admin/builder/spi-builder-workspace/.dependencies/checkouts/swift-markdown-ui/Sources/MarkdownUI/Views/Blocks/TableBackgroundView.swift /Users/admin/builder/spi-builder-workspace/.dependencies/checkouts/swift-markdown-ui/Sources/MarkdownUI/Views/Blocks/TableBorderSelector.swift /Users/admin/builder/spi-builder-workspace/.dependencies/checkouts/swift-markdown-ui/Sources/MarkdownUI/Views/Blocks/TableBorderView.swift /Users/admin/builder/spi-builder-workspace/.dependencies/checkouts/swift-markdown-ui/Sources/MarkdownUI/Views/Blocks/TableBounds.swift /Users/admin/builder/spi-builder-workspace/.dependencies/checkouts/swift-markdown-ui/Sources/MarkdownUI/Views/Blocks/TableCell.swift /Users/admin/builder/spi-builder-workspace/.dependencies/checkouts/swift-markdown-ui/Sources/MarkdownUI/Views/Blocks/TableView.swift /Users/admin/builder/spi-builder-workspace/.dependencies/checkouts/swift-markdown-ui/Sources/MarkdownUI/Views/Blocks/TaskListItemView.swift /Users/admin/builder/spi-builder-workspace/.dependencies/checkouts/swift-markdown-ui/Sources/MarkdownUI/Views/Blocks/TaskListView.swift /Users/admin/builder/spi-builder-workspace/.dependencies/checkouts/swift-markdown-ui/Sources/MarkdownUI/Views/Blocks/TextStyleAttributesReader.swift /Users/admin/builder/spi-builder-workspace/.dependencies/checkouts/swift-markdown-ui/Sources/MarkdownUI/Views/Blocks/ThematicBreakView.swift (in target 'MarkdownUI' from project 'swift-markdown-ui')
SwiftCompile normal arm64 /Users/admin/builder/spi-builder-workspace/.dependencies/checkouts/swift-markdown-ui/Sources/MarkdownUI/Views/Blocks/NumberedListView.swift (in target 'MarkdownUI' from project 'swift-markdown-ui')
cd /Users/admin/builder/spi-builder-workspace/.swiftpm/xcode
builtin-SwiftPerFileCompile NumberedListView.swift
SwiftCompile normal arm64 /Users/admin/builder/spi-builder-workspace/.dependencies/checkouts/swift-markdown-ui/Sources/MarkdownUI/Views/Blocks/ParagraphView.swift (in target 'MarkdownUI' from project 'swift-markdown-ui')
cd /Users/admin/builder/spi-builder-workspace/.swiftpm/xcode
builtin-SwiftPerFileCompile ParagraphView.swift
SwiftCompile normal arm64 /Users/admin/builder/spi-builder-workspace/.dependencies/checkouts/swift-markdown-ui/Sources/MarkdownUI/Views/Blocks/TableBackgroundView.swift (in target 'MarkdownUI' from project 'swift-markdown-ui')
cd /Users/admin/builder/spi-builder-workspace/.swiftpm/xcode
builtin-SwiftPerFileCompile TableBackgroundView.swift
SwiftCompile normal arm64 /Users/admin/builder/spi-builder-workspace/.dependencies/checkouts/swift-markdown-ui/Sources/MarkdownUI/Views/Blocks/TableBorderSelector.swift (in target 'MarkdownUI' from project 'swift-markdown-ui')
cd /Users/admin/builder/spi-builder-workspace/.swiftpm/xcode
builtin-SwiftPerFileCompile TableBorderSelector.swift
SwiftCompile normal arm64 /Users/admin/builder/spi-builder-workspace/.dependencies/checkouts/swift-markdown-ui/Sources/MarkdownUI/Views/Blocks/TableBorderView.swift (in target 'MarkdownUI' from project 'swift-markdown-ui')
cd /Users/admin/builder/spi-builder-workspace/.swiftpm/xcode
builtin-SwiftPerFileCompile TableBorderView.swift
SwiftCompile normal arm64 /Users/admin/builder/spi-builder-workspace/.dependencies/checkouts/swift-markdown-ui/Sources/MarkdownUI/Views/Blocks/TableBounds.swift (in target 'MarkdownUI' from project 'swift-markdown-ui')
cd /Users/admin/builder/spi-builder-workspace/.swiftpm/xcode
builtin-SwiftPerFileCompile TableBounds.swift
SwiftCompile normal arm64 /Users/admin/builder/spi-builder-workspace/.dependencies/checkouts/swift-markdown-ui/Sources/MarkdownUI/Views/Blocks/TableCell.swift (in target 'MarkdownUI' from project 'swift-markdown-ui')
cd /Users/admin/builder/spi-builder-workspace/.swiftpm/xcode
builtin-SwiftPerFileCompile TableCell.swift
SwiftCompile normal arm64 /Users/admin/builder/spi-builder-workspace/.dependencies/checkouts/swift-markdown-ui/Sources/MarkdownUI/Views/Blocks/TableView.swift (in target 'MarkdownUI' from project 'swift-markdown-ui')
cd /Users/admin/builder/spi-builder-workspace/.swiftpm/xcode
builtin-SwiftPerFileCompile TableView.swift
SwiftCompile normal arm64 /Users/admin/builder/spi-builder-workspace/.dependencies/checkouts/swift-markdown-ui/Sources/MarkdownUI/Views/Blocks/TaskListItemView.swift (in target 'MarkdownUI' from project 'swift-markdown-ui')
cd /Users/admin/builder/spi-builder-workspace/.swiftpm/xcode
builtin-SwiftPerFileCompile TaskListItemView.swift
SwiftCompile normal arm64 /Users/admin/builder/spi-builder-workspace/.dependencies/checkouts/swift-markdown-ui/Sources/MarkdownUI/Views/Blocks/TaskListView.swift (in target 'MarkdownUI' from project 'swift-markdown-ui')
cd /Users/admin/builder/spi-builder-workspace/.swiftpm/xcode
builtin-SwiftPerFileCompile TaskListView.swift
SwiftCompile normal arm64 /Users/admin/builder/spi-builder-workspace/.dependencies/checkouts/swift-markdown-ui/Sources/MarkdownUI/Views/Blocks/TextStyleAttributesReader.swift (in target 'MarkdownUI' from project 'swift-markdown-ui')
cd /Users/admin/builder/spi-builder-workspace/.swiftpm/xcode
builtin-SwiftPerFileCompile TextStyleAttributesReader.swift
SwiftCompile normal arm64 /Users/admin/builder/spi-builder-workspace/.dependencies/checkouts/swift-markdown-ui/Sources/MarkdownUI/Views/Blocks/ThematicBreakView.swift (in target 'MarkdownUI' from project 'swift-markdown-ui')
cd /Users/admin/builder/spi-builder-workspace/.swiftpm/xcode
builtin-SwiftPerFileCompile ThematicBreakView.swift
SwiftDriverJobDiscovery normal arm64_32 Compiling FontSize.swift, FontStyle.swift, FontWeight.swift, FontWidth.swift, ForegroundColor.swift, StrikethroughStyle.swift, TextKerning.swift, TextTracking.swift, UnderlineStyle.swift, TextStyle.swift, TextStyleBuilder.swift, Theme+Basic.swift, Theme+DocC.swift (in target 'MarkdownUI' from project 'swift-markdown-ui')
SwiftCompile normal arm64 Compiling\ LineBreak.swift,\ SoftBreak.swift,\ Strikethrough.swift,\ Strong.swift,\ AssetImageProvider.swift,\ AssetInlineImageProvider.swift,\ CodeSyntaxHighlighter.swift,\ DefaultImageProvider.swift,\ DefaultInlineImageProvider.swift,\ ImageProvider.swift,\ InlineImageProvider.swift,\ BlockNode+Rewrite.swift,\ BlockNode.swift /Users/admin/builder/spi-builder-workspace/.dependencies/checkouts/swift-markdown-ui/Sources/MarkdownUI/DSL/Inlines/LineBreak.swift /Users/admin/builder/spi-builder-workspace/.dependencies/checkouts/swift-markdown-ui/Sources/MarkdownUI/DSL/Inlines/SoftBreak.swift /Users/admin/builder/spi-builder-workspace/.dependencies/checkouts/swift-markdown-ui/Sources/MarkdownUI/DSL/Inlines/Strikethrough.swift /Users/admin/builder/spi-builder-workspace/.dependencies/checkouts/swift-markdown-ui/Sources/MarkdownUI/DSL/Inlines/Strong.swift /Users/admin/builder/spi-builder-workspace/.dependencies/checkouts/swift-markdown-ui/Sources/MarkdownUI/Extensibility/AssetImageProvider.swift /Users/admin/builder/spi-builder-workspace/.dependencies/checkouts/swift-markdown-ui/Sources/MarkdownUI/Extensibility/AssetInlineImageProvider.swift /Users/admin/builder/spi-builder-workspace/.dependencies/checkouts/swift-markdown-ui/Sources/MarkdownUI/Extensibility/CodeSyntaxHighlighter.swift /Users/admin/builder/spi-builder-workspace/.dependencies/checkouts/swift-markdown-ui/Sources/MarkdownUI/Extensibility/DefaultImageProvider.swift /Users/admin/builder/spi-builder-workspace/.dependencies/checkouts/swift-markdown-ui/Sources/MarkdownUI/Extensibility/DefaultInlineImageProvider.swift /Users/admin/builder/spi-builder-workspace/.dependencies/checkouts/swift-markdown-ui/Sources/MarkdownUI/Extensibility/ImageProvider.swift /Users/admin/builder/spi-builder-workspace/.dependencies/checkouts/swift-markdown-ui/Sources/MarkdownUI/Extensibility/InlineImageProvider.swift /Users/admin/builder/spi-builder-workspace/.dependencies/checkouts/swift-markdown-ui/Sources/MarkdownUI/Parser/BlockNode+Rewrite.swift /Users/admin/builder/spi-builder-workspace/.dependencies/checkouts/swift-markdown-ui/Sources/MarkdownUI/Parser/BlockNode.swift (in target 'MarkdownUI' from project 'swift-markdown-ui')
SwiftCompile normal arm64 /Users/admin/builder/spi-builder-workspace/.dependencies/checkouts/swift-markdown-ui/Sources/MarkdownUI/DSL/Inlines/LineBreak.swift (in target 'MarkdownUI' from project 'swift-markdown-ui')
cd /Users/admin/builder/spi-builder-workspace/.swiftpm/xcode
builtin-SwiftPerFileCompile LineBreak.swift
SwiftCompile normal arm64 /Users/admin/builder/spi-builder-workspace/.dependencies/checkouts/swift-markdown-ui/Sources/MarkdownUI/DSL/Inlines/SoftBreak.swift (in target 'MarkdownUI' from project 'swift-markdown-ui')
cd /Users/admin/builder/spi-builder-workspace/.swiftpm/xcode
builtin-SwiftPerFileCompile SoftBreak.swift
SwiftCompile normal arm64 /Users/admin/builder/spi-builder-workspace/.dependencies/checkouts/swift-markdown-ui/Sources/MarkdownUI/DSL/Inlines/Strikethrough.swift (in target 'MarkdownUI' from project 'swift-markdown-ui')
cd /Users/admin/builder/spi-builder-workspace/.swiftpm/xcode
builtin-SwiftPerFileCompile Strikethrough.swift
SwiftCompile normal arm64 /Users/admin/builder/spi-builder-workspace/.dependencies/checkouts/swift-markdown-ui/Sources/MarkdownUI/DSL/Inlines/Strong.swift (in target 'MarkdownUI' from project 'swift-markdown-ui')
cd /Users/admin/builder/spi-builder-workspace/.swiftpm/xcode
builtin-SwiftPerFileCompile Strong.swift
SwiftCompile normal arm64 /Users/admin/builder/spi-builder-workspace/.dependencies/checkouts/swift-markdown-ui/Sources/MarkdownUI/Extensibility/AssetImageProvider.swift (in target 'MarkdownUI' from project 'swift-markdown-ui')
cd /Users/admin/builder/spi-builder-workspace/.swiftpm/xcode
builtin-SwiftPerFileCompile AssetImageProvider.swift
SwiftCompile normal arm64 /Users/admin/builder/spi-builder-workspace/.dependencies/checkouts/swift-markdown-ui/Sources/MarkdownUI/Extensibility/AssetInlineImageProvider.swift (in target 'MarkdownUI' from project 'swift-markdown-ui')
cd /Users/admin/builder/spi-builder-workspace/.swiftpm/xcode
builtin-SwiftPerFileCompile AssetInlineImageProvider.swift
SwiftCompile normal arm64 /Users/admin/builder/spi-builder-workspace/.dependencies/checkouts/swift-markdown-ui/Sources/MarkdownUI/Extensibility/CodeSyntaxHighlighter.swift (in target 'MarkdownUI' from project 'swift-markdown-ui')
cd /Users/admin/builder/spi-builder-workspace/.swiftpm/xcode
builtin-SwiftPerFileCompile CodeSyntaxHighlighter.swift
SwiftCompile normal arm64 /Users/admin/builder/spi-builder-workspace/.dependencies/checkouts/swift-markdown-ui/Sources/MarkdownUI/Extensibility/DefaultImageProvider.swift (in target 'MarkdownUI' from project 'swift-markdown-ui')
cd /Users/admin/builder/spi-builder-workspace/.swiftpm/xcode
builtin-SwiftPerFileCompile DefaultImageProvider.swift
SwiftCompile normal arm64 /Users/admin/builder/spi-builder-workspace/.dependencies/checkouts/swift-markdown-ui/Sources/MarkdownUI/Extensibility/DefaultInlineImageProvider.swift (in target 'MarkdownUI' from project 'swift-markdown-ui')
cd /Users/admin/builder/spi-builder-workspace/.swiftpm/xcode
builtin-SwiftPerFileCompile DefaultInlineImageProvider.swift
SwiftCompile normal arm64 /Users/admin/builder/spi-builder-workspace/.dependencies/checkouts/swift-markdown-ui/Sources/MarkdownUI/Extensibility/ImageProvider.swift (in target 'MarkdownUI' from project 'swift-markdown-ui')
cd /Users/admin/builder/spi-builder-workspace/.swiftpm/xcode
builtin-SwiftPerFileCompile ImageProvider.swift
SwiftCompile normal arm64 /Users/admin/builder/spi-builder-workspace/.dependencies/checkouts/swift-markdown-ui/Sources/MarkdownUI/Extensibility/InlineImageProvider.swift (in target 'MarkdownUI' from project 'swift-markdown-ui')
cd /Users/admin/builder/spi-builder-workspace/.swiftpm/xcode
builtin-SwiftPerFileCompile InlineImageProvider.swift
SwiftCompile normal arm64 /Users/admin/builder/spi-builder-workspace/.dependencies/checkouts/swift-markdown-ui/Sources/MarkdownUI/Parser/BlockNode+Rewrite.swift (in target 'MarkdownUI' from project 'swift-markdown-ui')
cd /Users/admin/builder/spi-builder-workspace/.swiftpm/xcode
builtin-SwiftPerFileCompile BlockNode+Rewrite.swift
SwiftCompile normal arm64 /Users/admin/builder/spi-builder-workspace/.dependencies/checkouts/swift-markdown-ui/Sources/MarkdownUI/Parser/BlockNode.swift (in target 'MarkdownUI' from project 'swift-markdown-ui')
cd /Users/admin/builder/spi-builder-workspace/.swiftpm/xcode
builtin-SwiftPerFileCompile BlockNode.swift
SwiftDriverJobDiscovery normal arm64_32 Emitting module for MarkdownUI (in target 'MarkdownUI' from project 'swift-markdown-ui')
SwiftDriver\ Compilation\ Requirements MarkdownUI normal arm64_32 com.apple.xcode.tools.swift.compiler (in target 'MarkdownUI' from project 'swift-markdown-ui')
cd /Users/admin/builder/spi-builder-workspace/.swiftpm/xcode
builtin-Swift-Compilation-Requirements -- /Applications/Xcode-27.0.0-Release.Candidate.app/Contents/Developer/Toolchains/XcodeDefault.xctoolchain/usr/bin/swiftc -parse-as-library -module-name MarkdownUI -Onone @/Users/admin/builder/spi-builder-workspace/.derivedData/Build/Intermediates.noindex/swift-markdown-ui.build/Debug-watchos/MarkdownUI-t.build/Objects-normal/arm64_32/MarkdownUI.SwiftFileList -DSWIFT_PACKAGE -DDEBUG -DSWIFT_MODULE_RESOURCE_BUNDLE_UNAVAILABLE -Xcc -fmodule-map-file\=/Users/admin/builder/spi-builder-workspace/.dependencies/checkouts/swift-cmark/src/include/module.modulemap -Xcc -fmodule-map-file\=/Users/admin/builder/spi-builder-workspace/.dependencies/checkouts/swift-cmark/extensions/include/module.modulemap -DXcode -plugin-path /Applications/Xcode-27.0.0-Release.Candidate.app/Contents/Developer/Toolchains/XcodeDefault.xctoolchain/usr/lib/swift/host/plugins/testing -enable-experimental-feature DebugDescriptionMacro -sdk /Applications/Xcode-27.0.0-Release.Candidate.app/Contents/Developer/Platforms/WatchOS.platform/Developer/SDKs/WatchOS27.0.sdk -target arm64_32-apple-watchos9.0 -g -module-cache-path /Users/admin/builder/spi-builder-workspace/.derivedData/ModuleCache.noindex -Xfrontend -serialize-debugging-options -profile-coverage-mapping -profile-generate -enable-testing -suppress-warnings -index-store-path /Users/admin/builder/spi-builder-workspace/.derivedData/Index.noindex/DataStore -Xcc -D_LIBCPP_HARDENING_MODE\=_LIBCPP_HARDENING_MODE_DEBUG -swift-version 5 -I /Users/admin/builder/spi-builder-workspace/.derivedData/Build/Products/Debug-watchos -Isystem /Applications/Xcode-27.0.0-Release.Candidate.app/Contents/Developer/Platforms/WatchOS.platform/Developer/usr/lib -F /Users/admin/builder/spi-builder-workspace/.derivedData/Build/Products/Debug-watchos/PackageFrameworks -F /Users/admin/builder/spi-builder-workspace/.derivedData/Build/Products/Debug-watchos -F /Applications/Xcode-27.0.0-Release.Candidate.app/Contents/Developer/Platforms/WatchOS.platform/Developer/Library/Frameworks -F /Applications/Xcode-27.0.0-Release.Candidate.app/Contents/Developer/Platforms/WatchOS.platform/Developer/SDKs/WatchOS27.0.sdk/Developer/Library/Frameworks -c -j10 -enable-batch-mode -incremental -Xcc -ivfsstatcache -Xcc /Users/admin/builder/spi-builder-workspace/.derivedData/SDKStatCaches.noindex/watchos27.0-24R360-e829b21a6f8c9b70876ba0858053c04477534ef55a1706bf4c1112bbb242f0a2.sdkstatcache -output-file-map /Users/admin/builder/spi-builder-workspace/.derivedData/Build/Intermediates.noindex/swift-markdown-ui.build/Debug-watchos/MarkdownUI-t.build/Objects-normal/arm64_32/MarkdownUI-OutputFileMap.json -save-temps -no-color-diagnostics -explicit-module-build -module-cache-path /Users/admin/builder/spi-builder-workspace/.derivedData/Build/Intermediates.noindex/SwiftExplicitPrecompiledModules -clang-scanner-module-cache-path /Users/admin/builder/spi-builder-workspace/.derivedData/ModuleCache.noindex -sdk-module-cache-path /Users/admin/builder/spi-builder-workspace/.derivedData/SDKExplicitPrecompiledModules -emit-dependencies -emit-module -emit-module-path /Users/admin/builder/spi-builder-workspace/.derivedData/Build/Intermediates.noindex/swift-markdown-ui.build/Debug-watchos/MarkdownUI-t.build/Objects-normal/arm64_32/MarkdownUI.swiftmodule -serialize-diagnostics -dependency-scan-serialize-diagnostics-path /Users/admin/builder/spi-builder-workspace/.derivedData/Build/Intermediates.noindex/swift-markdown-ui.build/Debug-watchos/MarkdownUI-t.build/Objects-normal/arm64_32/MarkdownUI-dependency-scan.dia -validate-clang-modules-once -clang-build-session-file /Users/admin/builder/spi-builder-workspace/.derivedData/ModuleCache.noindex/Session.modulevalidation -Xcc -fmodules-prune-interval\=86400 -Xcc -fmodules-prune-after\=345600 -emit-const-values -const-gather-protocols-list /Users/admin/builder/spi-builder-workspace/.derivedData/Build/Intermediates.noindex/swift-markdown-ui.build/Debug-watchos/MarkdownUI-t.build/Objects-normal/arm64_32/MarkdownUI_const_extract_protocols.json -Xcc -I/Users/admin/builder/spi-builder-workspace/.dependencies/checkouts/swift-cmark/src/include -Xcc -I/Users/admin/builder/spi-builder-workspace/.dependencies/checkouts/swift-cmark/extensions/include -Xcc -I/Users/admin/builder/spi-builder-workspace/.derivedData/Build/Products/Debug-watchos/include -Xcc -I/Users/admin/builder/spi-builder-workspace/.derivedData/Build/Intermediates.noindex/swift-markdown-ui.build/Debug-watchos/MarkdownUI-t.build/DerivedSources-normal/arm64_32 -Xcc -I/Users/admin/builder/spi-builder-workspace/.derivedData/Build/Intermediates.noindex/swift-markdown-ui.build/Debug-watchos/MarkdownUI-t.build/DerivedSources/arm64_32 -Xcc -I/Users/admin/builder/spi-builder-workspace/.derivedData/Build/Intermediates.noindex/swift-markdown-ui.build/Debug-watchos/MarkdownUI-t.build/DerivedSources -Xcc -DSWIFT_PACKAGE -Xcc -DDEBUG\=1 -emit-objc-header -emit-objc-header-path /Users/admin/builder/spi-builder-workspace/.derivedData/Build/Intermediates.noindex/swift-markdown-ui.build/Debug-watchos/MarkdownUI-t.build/Objects-normal/arm64_32/MarkdownUI-Swift.h -working-directory /Users/admin/builder/spi-builder-workspace/.swiftpm/xcode -experimental-emit-module-separately -disable-cmo
SwiftDriverJobDiscovery normal arm64_32 Compiling Environment+BaseURL.swift, Environment+CodeSyntaxHighlighter.swift, Environment+ImageProvider.swift, Environment+InlineImageProvider.swift, Environment+List.swift, Environment+SoftBreakMode.swift, Environment+Table.swift, Environment+TextStyle.swift, Environment+Theme.swift, ImageView.swift, InlineText.swift, Markdown.swift (in target 'MarkdownUI' from project 'swift-markdown-ui')
SwiftCompile normal arm64 Compiling\ FontSize.swift,\ FontStyle.swift,\ FontWeight.swift,\ FontWidth.swift,\ ForegroundColor.swift,\ StrikethroughStyle.swift,\ TextKerning.swift,\ TextTracking.swift,\ UnderlineStyle.swift,\ TextStyle.swift,\ TextStyleBuilder.swift,\ Theme+Basic.swift,\ Theme+DocC.swift /Users/admin/builder/spi-builder-workspace/.dependencies/checkouts/swift-markdown-ui/Sources/MarkdownUI/Theme/TextStyle/Styles/FontSize.swift /Users/admin/builder/spi-builder-workspace/.dependencies/checkouts/swift-markdown-ui/Sources/MarkdownUI/Theme/TextStyle/Styles/FontStyle.swift /Users/admin/builder/spi-builder-workspace/.dependencies/checkouts/swift-markdown-ui/Sources/MarkdownUI/Theme/TextStyle/Styles/FontWeight.swift /Users/admin/builder/spi-builder-workspace/.dependencies/checkouts/swift-markdown-ui/Sources/MarkdownUI/Theme/TextStyle/Styles/FontWidth.swift /Users/admin/builder/spi-builder-workspace/.dependencies/checkouts/swift-markdown-ui/Sources/MarkdownUI/Theme/TextStyle/Styles/ForegroundColor.swift /Users/admin/builder/spi-builder-workspace/.dependencies/checkouts/swift-markdown-ui/Sources/MarkdownUI/Theme/TextStyle/Styles/StrikethroughStyle.swift /Users/admin/builder/spi-builder-workspace/.dependencies/checkouts/swift-markdown-ui/Sources/MarkdownUI/Theme/TextStyle/Styles/TextKerning.swift /Users/admin/builder/spi-builder-workspace/.dependencies/checkouts/swift-markdown-ui/Sources/MarkdownUI/Theme/TextStyle/Styles/TextTracking.swift /Users/admin/builder/spi-builder-workspace/.dependencies/checkouts/swift-markdown-ui/Sources/MarkdownUI/Theme/TextStyle/Styles/UnderlineStyle.swift /Users/admin/builder/spi-builder-workspace/.dependencies/checkouts/swift-markdown-ui/Sources/MarkdownUI/Theme/TextStyle/TextStyle.swift /Users/admin/builder/spi-builder-workspace/.dependencies/checkouts/swift-markdown-ui/Sources/MarkdownUI/Theme/TextStyle/TextStyleBuilder.swift /Users/admin/builder/spi-builder-workspace/.dependencies/checkouts/swift-markdown-ui/Sources/MarkdownUI/Theme/Theme+Basic.swift /Users/admin/builder/spi-builder-workspace/.dependencies/checkouts/swift-markdown-ui/Sources/MarkdownUI/Theme/Theme+DocC.swift (in target 'MarkdownUI' from project 'swift-markdown-ui')
SwiftCompile normal arm64 /Users/admin/builder/spi-builder-workspace/.dependencies/checkouts/swift-markdown-ui/Sources/MarkdownUI/Theme/TextStyle/Styles/FontSize.swift (in target 'MarkdownUI' from project 'swift-markdown-ui')
cd /Users/admin/builder/spi-builder-workspace/.swiftpm/xcode
builtin-SwiftPerFileCompile FontSize.swift
SwiftCompile normal arm64 /Users/admin/builder/spi-builder-workspace/.dependencies/checkouts/swift-markdown-ui/Sources/MarkdownUI/Theme/TextStyle/Styles/FontStyle.swift (in target 'MarkdownUI' from project 'swift-markdown-ui')
cd /Users/admin/builder/spi-builder-workspace/.swiftpm/xcode
builtin-SwiftPerFileCompile FontStyle.swift
SwiftCompile normal arm64 /Users/admin/builder/spi-builder-workspace/.dependencies/checkouts/swift-markdown-ui/Sources/MarkdownUI/Theme/TextStyle/Styles/FontWeight.swift (in target 'MarkdownUI' from project 'swift-markdown-ui')
cd /Users/admin/builder/spi-builder-workspace/.swiftpm/xcode
builtin-SwiftPerFileCompile FontWeight.swift
SwiftCompile normal arm64 /Users/admin/builder/spi-builder-workspace/.dependencies/checkouts/swift-markdown-ui/Sources/MarkdownUI/Theme/TextStyle/Styles/FontWidth.swift (in target 'MarkdownUI' from project 'swift-markdown-ui')
cd /Users/admin/builder/spi-builder-workspace/.swiftpm/xcode
builtin-SwiftPerFileCompile FontWidth.swift
SwiftCompile normal arm64 /Users/admin/builder/spi-builder-workspace/.dependencies/checkouts/swift-markdown-ui/Sources/MarkdownUI/Theme/TextStyle/Styles/ForegroundColor.swift (in target 'MarkdownUI' from project 'swift-markdown-ui')
cd /Users/admin/builder/spi-builder-workspace/.swiftpm/xcode
builtin-SwiftPerFileCompile ForegroundColor.swift
SwiftCompile normal arm64 /Users/admin/builder/spi-builder-workspace/.dependencies/checkouts/swift-markdown-ui/Sources/MarkdownUI/Theme/TextStyle/Styles/StrikethroughStyle.swift (in target 'MarkdownUI' from project 'swift-markdown-ui')
cd /Users/admin/builder/spi-builder-workspace/.swiftpm/xcode
builtin-SwiftPerFileCompile StrikethroughStyle.swift
SwiftCompile normal arm64 /Users/admin/builder/spi-builder-workspace/.dependencies/checkouts/swift-markdown-ui/Sources/MarkdownUI/Theme/TextStyle/Styles/TextKerning.swift (in target 'MarkdownUI' from project 'swift-markdown-ui')
cd /Users/admin/builder/spi-builder-workspace/.swiftpm/xcode
builtin-SwiftPerFileCompile TextKerning.swift
SwiftCompile normal arm64 /Users/admin/builder/spi-builder-workspace/.dependencies/checkouts/swift-markdown-ui/Sources/MarkdownUI/Theme/TextStyle/Styles/TextTracking.swift (in target 'MarkdownUI' from project 'swift-markdown-ui')
cd /Users/admin/builder/spi-builder-workspace/.swiftpm/xcode
builtin-SwiftPerFileCompile TextTracking.swift
SwiftCompile normal arm64 /Users/admin/builder/spi-builder-workspace/.dependencies/checkouts/swift-markdown-ui/Sources/MarkdownUI/Theme/TextStyle/Styles/UnderlineStyle.swift (in target 'MarkdownUI' from project 'swift-markdown-ui')
cd /Users/admin/builder/spi-builder-workspace/.swiftpm/xcode
builtin-SwiftPerFileCompile UnderlineStyle.swift
SwiftCompile normal arm64 /Users/admin/builder/spi-builder-workspace/.dependencies/checkouts/swift-markdown-ui/Sources/MarkdownUI/Theme/TextStyle/TextStyle.swift (in target 'MarkdownUI' from project 'swift-markdown-ui')
cd /Users/admin/builder/spi-builder-workspace/.swiftpm/xcode
builtin-SwiftPerFileCompile TextStyle.swift
SwiftCompile normal arm64 /Users/admin/builder/spi-builder-workspace/.dependencies/checkouts/swift-markdown-ui/Sources/MarkdownUI/Theme/TextStyle/TextStyleBuilder.swift (in target 'MarkdownUI' from project 'swift-markdown-ui')
cd /Users/admin/builder/spi-builder-workspace/.swiftpm/xcode
builtin-SwiftPerFileCompile TextStyleBuilder.swift
SwiftCompile normal arm64 /Users/admin/builder/spi-builder-workspace/.dependencies/checkouts/swift-markdown-ui/Sources/MarkdownUI/Theme/Theme+Basic.swift (in target 'MarkdownUI' from project 'swift-markdown-ui')
cd /Users/admin/builder/spi-builder-workspace/.swiftpm/xcode
builtin-SwiftPerFileCompile Theme+Basic.swift
SwiftCompile normal arm64 /Users/admin/builder/spi-builder-workspace/.dependencies/checkouts/swift-markdown-ui/Sources/MarkdownUI/Theme/Theme+DocC.swift (in target 'MarkdownUI' from project 'swift-markdown-ui')
cd /Users/admin/builder/spi-builder-workspace/.swiftpm/xcode
builtin-SwiftPerFileCompile Theme+DocC.swift
Copy /Users/admin/builder/spi-builder-workspace/.derivedData/Build/Products/Debug-watchos/MarkdownUI.swiftmodule/arm64_32-apple-watchos.swiftmodule /Users/admin/builder/spi-builder-workspace/.derivedData/Build/Intermediates.noindex/swift-markdown-ui.build/Debug-watchos/MarkdownUI-t.build/Objects-normal/arm64_32/MarkdownUI.swiftmodule (in target 'MarkdownUI' from project 'swift-markdown-ui')
cd /Users/admin/builder/spi-builder-workspace/.dependencies/checkouts/swift-markdown-ui
builtin-copy -exclude .DS_Store -exclude CVS -exclude .svn -exclude .git -exclude .hg -resolve-src-symlinks -rename /Users/admin/builder/spi-builder-workspace/.derivedData/Build/Intermediates.noindex/swift-markdown-ui.build/Debug-watchos/MarkdownUI-t.build/Objects-normal/arm64_32/MarkdownUI.swiftmodule /Users/admin/builder/spi-builder-workspace/.derivedData/Build/Products/Debug-watchos/MarkdownUI.swiftmodule/arm64_32-apple-watchos.swiftmodule
SwiftDriverJobDiscovery normal arm64_32 Compiling String+KebabCase.swift, BlockMargin.swift, BlockNode+View.swift, BlockSequence.swift, BlockquoteView.swift, BulletedListView.swift, CodeBlockView.swift, ColumnWidthPreference.swift, HeadingView.swift, ImageFlow.swift, ListItemSequence.swift, ListItemView.swift (in target 'MarkdownUI' from project 'swift-markdown-ui')
Copy /Users/admin/builder/spi-builder-workspace/.derivedData/Build/Products/Debug-watchos/MarkdownUI.swiftmodule/arm64_32-apple-watchos.swiftdoc /Users/admin/builder/spi-builder-workspace/.derivedData/Build/Intermediates.noindex/swift-markdown-ui.build/Debug-watchos/MarkdownUI-t.build/Objects-normal/arm64_32/MarkdownUI.swiftdoc (in target 'MarkdownUI' from project 'swift-markdown-ui')
cd /Users/admin/builder/spi-builder-workspace/.dependencies/checkouts/swift-markdown-ui
builtin-copy -exclude .DS_Store -exclude CVS -exclude .svn -exclude .git -exclude .hg -resolve-src-symlinks -rename /Users/admin/builder/spi-builder-workspace/.derivedData/Build/Intermediates.noindex/swift-markdown-ui.build/Debug-watchos/MarkdownUI-t.build/Objects-normal/arm64_32/MarkdownUI.swiftdoc /Users/admin/builder/spi-builder-workspace/.derivedData/Build/Products/Debug-watchos/MarkdownUI.swiftmodule/arm64_32-apple-watchos.swiftdoc
Copy /Users/admin/builder/spi-builder-workspace/.derivedData/Build/Products/Debug-watchos/MarkdownUI.swiftmodule/arm64_32-apple-watchos.abi.json /Users/admin/builder/spi-builder-workspace/.derivedData/Build/Intermediates.noindex/swift-markdown-ui.build/Debug-watchos/MarkdownUI-t.build/Objects-normal/arm64_32/MarkdownUI.abi.json (in target 'MarkdownUI' from project 'swift-markdown-ui')
cd /Users/admin/builder/spi-builder-workspace/.dependencies/checkouts/swift-markdown-ui
builtin-copy -exclude .DS_Store -exclude CVS -exclude .svn -exclude .git -exclude .hg -resolve-src-symlinks -rename /Users/admin/builder/spi-builder-workspace/.derivedData/Build/Intermediates.noindex/swift-markdown-ui.build/Debug-watchos/MarkdownUI-t.build/Objects-normal/arm64_32/MarkdownUI.abi.json /Users/admin/builder/spi-builder-workspace/.derivedData/Build/Products/Debug-watchos/MarkdownUI.swiftmodule/arm64_32-apple-watchos.abi.json
Copy /Users/admin/builder/spi-builder-workspace/.derivedData/Build/Products/Debug-watchos/MarkdownUI.swiftmodule/Project/arm64_32-apple-watchos.swiftsourceinfo /Users/admin/builder/spi-builder-workspace/.derivedData/Build/Intermediates.noindex/swift-markdown-ui.build/Debug-watchos/MarkdownUI-t.build/Objects-normal/arm64_32/MarkdownUI.swiftsourceinfo (in target 'MarkdownUI' from project 'swift-markdown-ui')
cd /Users/admin/builder/spi-builder-workspace/.dependencies/checkouts/swift-markdown-ui
builtin-copy -exclude .DS_Store -exclude CVS -exclude .svn -exclude .git -exclude .hg -resolve-src-symlinks -rename /Users/admin/builder/spi-builder-workspace/.derivedData/Build/Intermediates.noindex/swift-markdown-ui.build/Debug-watchos/MarkdownUI-t.build/Objects-normal/arm64_32/MarkdownUI.swiftsourceinfo /Users/admin/builder/spi-builder-workspace/.derivedData/Build/Products/Debug-watchos/MarkdownUI.swiftmodule/Project/arm64_32-apple-watchos.swiftsourceinfo
SwiftCompile normal arm64 Compiling\ String+KebabCase.swift,\ BlockMargin.swift,\ BlockNode+View.swift,\ BlockSequence.swift,\ BlockquoteView.swift,\ BulletedListView.swift,\ CodeBlockView.swift,\ ColumnWidthPreference.swift,\ HeadingView.swift,\ ImageFlow.swift,\ ListItemSequence.swift,\ ListItemView.swift /Users/admin/builder/spi-builder-workspace/.dependencies/checkouts/swift-markdown-ui/Sources/MarkdownUI/Utility/String+KebabCase.swift /Users/admin/builder/spi-builder-workspace/.dependencies/checkouts/swift-markdown-ui/Sources/MarkdownUI/Views/Blocks/BlockMargin.swift /Users/admin/builder/spi-builder-workspace/.dependencies/checkouts/swift-markdown-ui/Sources/MarkdownUI/Views/Blocks/BlockNode+View.swift /Users/admin/builder/spi-builder-workspace/.dependencies/checkouts/swift-markdown-ui/Sources/MarkdownUI/Views/Blocks/BlockSequence.swift /Users/admin/builder/spi-builder-workspace/.dependencies/checkouts/swift-markdown-ui/Sources/MarkdownUI/Views/Blocks/BlockquoteView.swift /Users/admin/builder/spi-builder-workspace/.dependencies/checkouts/swift-markdown-ui/Sources/MarkdownUI/Views/Blocks/BulletedListView.swift /Users/admin/builder/spi-builder-workspace/.dependencies/checkouts/swift-markdown-ui/Sources/MarkdownUI/Views/Blocks/CodeBlockView.swift /Users/admin/builder/spi-builder-workspace/.dependencies/checkouts/swift-markdown-ui/Sources/MarkdownUI/Views/Blocks/ColumnWidthPreference.swift /Users/admin/builder/spi-builder-workspace/.dependencies/checkouts/swift-markdown-ui/Sources/MarkdownUI/Views/Blocks/HeadingView.swift /Users/admin/builder/spi-builder-workspace/.dependencies/checkouts/swift-markdown-ui/Sources/MarkdownUI/Views/Blocks/ImageFlow.swift /Users/admin/builder/spi-builder-workspace/.dependencies/checkouts/swift-markdown-ui/Sources/MarkdownUI/Views/Blocks/ListItemSequence.swift /Users/admin/builder/spi-builder-workspace/.dependencies/checkouts/swift-markdown-ui/Sources/MarkdownUI/Views/Blocks/ListItemView.swift (in target 'MarkdownUI' from project 'swift-markdown-ui')
SwiftCompile normal arm64 /Users/admin/builder/spi-builder-workspace/.dependencies/checkouts/swift-markdown-ui/Sources/MarkdownUI/Utility/String+KebabCase.swift (in target 'MarkdownUI' from project 'swift-markdown-ui')
cd /Users/admin/builder/spi-builder-workspace/.swiftpm/xcode
builtin-SwiftPerFileCompile String+KebabCase.swift
SwiftCompile normal arm64 /Users/admin/builder/spi-builder-workspace/.dependencies/checkouts/swift-markdown-ui/Sources/MarkdownUI/Views/Blocks/BlockMargin.swift (in target 'MarkdownUI' from project 'swift-markdown-ui')
cd /Users/admin/builder/spi-builder-workspace/.swiftpm/xcode
builtin-SwiftPerFileCompile BlockMargin.swift
SwiftCompile normal arm64 /Users/admin/builder/spi-builder-workspace/.dependencies/checkouts/swift-markdown-ui/Sources/MarkdownUI/Views/Blocks/BlockNode+View.swift (in target 'MarkdownUI' from project 'swift-markdown-ui')
cd /Users/admin/builder/spi-builder-workspace/.swiftpm/xcode
builtin-SwiftPerFileCompile BlockNode+View.swift
SwiftCompile normal arm64 /Users/admin/builder/spi-builder-workspace/.dependencies/checkouts/swift-markdown-ui/Sources/MarkdownUI/Views/Blocks/BlockSequence.swift (in target 'MarkdownUI' from project 'swift-markdown-ui')
cd /Users/admin/builder/spi-builder-workspace/.swiftpm/xcode
builtin-SwiftPerFileCompile BlockSequence.swift
SwiftCompile normal arm64 /Users/admin/builder/spi-builder-workspace/.dependencies/checkouts/swift-markdown-ui/Sources/MarkdownUI/Views/Blocks/BlockquoteView.swift (in target 'MarkdownUI' from project 'swift-markdown-ui')
cd /Users/admin/builder/spi-builder-workspace/.swiftpm/xcode
builtin-SwiftPerFileCompile BlockquoteView.swift
SwiftCompile normal arm64 /Users/admin/builder/spi-builder-workspace/.dependencies/checkouts/swift-markdown-ui/Sources/MarkdownUI/Views/Blocks/BulletedListView.swift (in target 'MarkdownUI' from project 'swift-markdown-ui')
cd /Users/admin/builder/spi-builder-workspace/.swiftpm/xcode
builtin-SwiftPerFileCompile BulletedListView.swift
SwiftCompile normal arm64 /Users/admin/builder/spi-builder-workspace/.dependencies/checkouts/swift-markdown-ui/Sources/MarkdownUI/Views/Blocks/CodeBlockView.swift (in target 'MarkdownUI' from project 'swift-markdown-ui')
cd /Users/admin/builder/spi-builder-workspace/.swiftpm/xcode
builtin-SwiftPerFileCompile CodeBlockView.swift
SwiftCompile normal arm64 /Users/admin/builder/spi-builder-workspace/.dependencies/checkouts/swift-markdown-ui/Sources/MarkdownUI/Views/Blocks/ColumnWidthPreference.swift (in target 'MarkdownUI' from project 'swift-markdown-ui')
cd /Users/admin/builder/spi-builder-workspace/.swiftpm/xcode
builtin-SwiftPerFileCompile ColumnWidthPreference.swift
SwiftCompile normal arm64 /Users/admin/builder/spi-builder-workspace/.dependencies/checkouts/swift-markdown-ui/Sources/MarkdownUI/Views/Blocks/HeadingView.swift (in target 'MarkdownUI' from project 'swift-markdown-ui')
cd /Users/admin/builder/spi-builder-workspace/.swiftpm/xcode
builtin-SwiftPerFileCompile HeadingView.swift
SwiftCompile normal arm64 /Users/admin/builder/spi-builder-workspace/.dependencies/checkouts/swift-markdown-ui/Sources/MarkdownUI/Views/Blocks/ImageFlow.swift (in target 'MarkdownUI' from project 'swift-markdown-ui')
cd /Users/admin/builder/spi-builder-workspace/.swiftpm/xcode
builtin-SwiftPerFileCompile ImageFlow.swift
SwiftCompile normal arm64 /Users/admin/builder/spi-builder-workspace/.dependencies/checkouts/swift-markdown-ui/Sources/MarkdownUI/Views/Blocks/ListItemSequence.swift (in target 'MarkdownUI' from project 'swift-markdown-ui')
cd /Users/admin/builder/spi-builder-workspace/.swiftpm/xcode
builtin-SwiftPerFileCompile ListItemSequence.swift
SwiftCompile normal arm64 /Users/admin/builder/spi-builder-workspace/.dependencies/checkouts/swift-markdown-ui/Sources/MarkdownUI/Views/Blocks/ListItemView.swift (in target 'MarkdownUI' from project 'swift-markdown-ui')
cd /Users/admin/builder/spi-builder-workspace/.swiftpm/xcode
builtin-SwiftPerFileCompile ListItemView.swift
SwiftCompile normal arm64 Compiling\ Theme+GitHub.swift,\ Theme.swift,\ BlockNode+ColorSchemeImage.swift,\ Color+RGBA.swift,\ Deprecations.swift,\ FlowLayout.swift,\ Indexed.swift,\ InlineNode+PlainText.swift,\ InlineNode+RawImageData.swift,\ Int+Roman.swift,\ RelativeSize.swift,\ ResizeToFit.swift /Users/admin/builder/spi-builder-workspace/.dependencies/checkouts/swift-markdown-ui/Sources/MarkdownUI/Theme/Theme+GitHub.swift /Users/admin/builder/spi-builder-workspace/.dependencies/checkouts/swift-markdown-ui/Sources/MarkdownUI/Theme/Theme.swift /Users/admin/builder/spi-builder-workspace/.dependencies/checkouts/swift-markdown-ui/Sources/MarkdownUI/Utility/BlockNode+ColorSchemeImage.swift /Users/admin/builder/spi-builder-workspace/.dependencies/checkouts/swift-markdown-ui/Sources/MarkdownUI/Utility/Color+RGBA.swift /Users/admin/builder/spi-builder-workspace/.dependencies/checkouts/swift-markdown-ui/Sources/MarkdownUI/Utility/Deprecations.swift /Users/admin/builder/spi-builder-workspace/.dependencies/checkouts/swift-markdown-ui/Sources/MarkdownUI/Utility/FlowLayout.swift /Users/admin/builder/spi-builder-workspace/.dependencies/checkouts/swift-markdown-ui/Sources/MarkdownUI/Utility/Indexed.swift /Users/admin/builder/spi-builder-workspace/.dependencies/checkouts/swift-markdown-ui/Sources/MarkdownUI/Utility/InlineNode+PlainText.swift /Users/admin/builder/spi-builder-workspace/.dependencies/checkouts/swift-markdown-ui/Sources/MarkdownUI/Utility/InlineNode+RawImageData.swift /Users/admin/builder/spi-builder-workspace/.dependencies/checkouts/swift-markdown-ui/Sources/MarkdownUI/Utility/Int+Roman.swift /Users/admin/builder/spi-builder-workspace/.dependencies/checkouts/swift-markdown-ui/Sources/MarkdownUI/Utility/RelativeSize.swift /Users/admin/builder/spi-builder-workspace/.dependencies/checkouts/swift-markdown-ui/Sources/MarkdownUI/Utility/ResizeToFit.swift (in target 'MarkdownUI' from project 'swift-markdown-ui')
SwiftCompile normal arm64 /Users/admin/builder/spi-builder-workspace/.dependencies/checkouts/swift-markdown-ui/Sources/MarkdownUI/Theme/Theme+GitHub.swift (in target 'MarkdownUI' from project 'swift-markdown-ui')
cd /Users/admin/builder/spi-builder-workspace/.swiftpm/xcode
builtin-SwiftPerFileCompile Theme+GitHub.swift
SwiftCompile normal arm64 /Users/admin/builder/spi-builder-workspace/.dependencies/checkouts/swift-markdown-ui/Sources/MarkdownUI/Theme/Theme.swift (in target 'MarkdownUI' from project 'swift-markdown-ui')
cd /Users/admin/builder/spi-builder-workspace/.swiftpm/xcode
builtin-SwiftPerFileCompile Theme.swift
SwiftCompile normal arm64 /Users/admin/builder/spi-builder-workspace/.dependencies/checkouts/swift-markdown-ui/Sources/MarkdownUI/Utility/BlockNode+ColorSchemeImage.swift (in target 'MarkdownUI' from project 'swift-markdown-ui')
cd /Users/admin/builder/spi-builder-workspace/.swiftpm/xcode
builtin-SwiftPerFileCompile BlockNode+ColorSchemeImage.swift
SwiftCompile normal arm64 /Users/admin/builder/spi-builder-workspace/.dependencies/checkouts/swift-markdown-ui/Sources/MarkdownUI/Utility/Color+RGBA.swift (in target 'MarkdownUI' from project 'swift-markdown-ui')
cd /Users/admin/builder/spi-builder-workspace/.swiftpm/xcode
builtin-SwiftPerFileCompile Color+RGBA.swift
SwiftCompile normal arm64 /Users/admin/builder/spi-builder-workspace/.dependencies/checkouts/swift-markdown-ui/Sources/MarkdownUI/Utility/Deprecations.swift (in target 'MarkdownUI' from project 'swift-markdown-ui')
cd /Users/admin/builder/spi-builder-workspace/.swiftpm/xcode
builtin-SwiftPerFileCompile Deprecations.swift
SwiftCompile normal arm64 /Users/admin/builder/spi-builder-workspace/.dependencies/checkouts/swift-markdown-ui/Sources/MarkdownUI/Utility/FlowLayout.swift (in target 'MarkdownUI' from project 'swift-markdown-ui')
cd /Users/admin/builder/spi-builder-workspace/.swiftpm/xcode
builtin-SwiftPerFileCompile FlowLayout.swift
SwiftCompile normal arm64 /Users/admin/builder/spi-builder-workspace/.dependencies/checkouts/swift-markdown-ui/Sources/MarkdownUI/Utility/Indexed.swift (in target 'MarkdownUI' from project 'swift-markdown-ui')
cd /Users/admin/builder/spi-builder-workspace/.swiftpm/xcode
builtin-SwiftPerFileCompile Indexed.swift
SwiftCompile normal arm64 /Users/admin/builder/spi-builder-workspace/.dependencies/checkouts/swift-markdown-ui/Sources/MarkdownUI/Utility/InlineNode+PlainText.swift (in target 'MarkdownUI' from project 'swift-markdown-ui')
cd /Users/admin/builder/spi-builder-workspace/.swiftpm/xcode
builtin-SwiftPerFileCompile InlineNode+PlainText.swift
SwiftCompile normal arm64 /Users/admin/builder/spi-builder-workspace/.dependencies/checkouts/swift-markdown-ui/Sources/MarkdownUI/Utility/InlineNode+RawImageData.swift (in target 'MarkdownUI' from project 'swift-markdown-ui')
cd /Users/admin/builder/spi-builder-workspace/.swiftpm/xcode
builtin-SwiftPerFileCompile InlineNode+RawImageData.swift
SwiftCompile normal arm64 /Users/admin/builder/spi-builder-workspace/.dependencies/checkouts/swift-markdown-ui/Sources/MarkdownUI/Utility/Int+Roman.swift (in target 'MarkdownUI' from project 'swift-markdown-ui')
cd /Users/admin/builder/spi-builder-workspace/.swiftpm/xcode
builtin-SwiftPerFileCompile Int+Roman.swift
SwiftCompile normal arm64 /Users/admin/builder/spi-builder-workspace/.dependencies/checkouts/swift-markdown-ui/Sources/MarkdownUI/Utility/RelativeSize.swift (in target 'MarkdownUI' from project 'swift-markdown-ui')
cd /Users/admin/builder/spi-builder-workspace/.swiftpm/xcode
builtin-SwiftPerFileCompile RelativeSize.swift
SwiftCompile normal arm64 /Users/admin/builder/spi-builder-workspace/.dependencies/checkouts/swift-markdown-ui/Sources/MarkdownUI/Utility/ResizeToFit.swift (in target 'MarkdownUI' from project 'swift-markdown-ui')
cd /Users/admin/builder/spi-builder-workspace/.swiftpm/xcode
builtin-SwiftPerFileCompile ResizeToFit.swift
SwiftDriverJobDiscovery normal arm64_32 Compiling HTMLTag.swift, InlineNode+Collect.swift, InlineNode+Rewrite.swift, InlineNode.swift, MarkdownParser.swift, AttributedStringInlineRenderer.swift, InlineTextStyles.swift, TextInlineRenderer.swift, BlockConfiguration.swift, BlockStyle.swift, CodeBlockConfiguration.swift, ListBullet.swift, ListMarkerConfiguration.swift (in target 'MarkdownUI' from project 'swift-markdown-ui')
SwiftCompile normal arm64 Compiling\ Environment+BaseURL.swift,\ Environment+CodeSyntaxHighlighter.swift,\ Environment+ImageProvider.swift,\ Environment+InlineImageProvider.swift,\ Environment+List.swift,\ Environment+SoftBreakMode.swift,\ Environment+Table.swift,\ Environment+TextStyle.swift,\ Environment+Theme.swift,\ ImageView.swift,\ InlineText.swift,\ Markdown.swift /Users/admin/builder/spi-builder-workspace/.dependencies/checkouts/swift-markdown-ui/Sources/MarkdownUI/Views/Environment/Environment+BaseURL.swift /Users/admin/builder/spi-builder-workspace/.dependencies/checkouts/swift-markdown-ui/Sources/MarkdownUI/Views/Environment/Environment+CodeSyntaxHighlighter.swift /Users/admin/builder/spi-builder-workspace/.dependencies/checkouts/swift-markdown-ui/Sources/MarkdownUI/Views/Environment/Environment+ImageProvider.swift /Users/admin/builder/spi-builder-workspace/.dependencies/checkouts/swift-markdown-ui/Sources/MarkdownUI/Views/Environment/Environment+InlineImageProvider.swift /Users/admin/builder/spi-builder-workspace/.dependencies/checkouts/swift-markdown-ui/Sources/MarkdownUI/Views/Environment/Environment+List.swift /Users/admin/builder/spi-builder-workspace/.dependencies/checkouts/swift-markdown-ui/Sources/MarkdownUI/Views/Environment/Environment+SoftBreakMode.swift /Users/admin/builder/spi-builder-workspace/.dependencies/checkouts/swift-markdown-ui/Sources/MarkdownUI/Views/Environment/Environment+Table.swift /Users/admin/builder/spi-builder-workspace/.dependencies/checkouts/swift-markdown-ui/Sources/MarkdownUI/Views/Environment/Environment+TextStyle.swift /Users/admin/builder/spi-builder-workspace/.dependencies/checkouts/swift-markdown-ui/Sources/MarkdownUI/Views/Environment/Environment+Theme.swift /Users/admin/builder/spi-builder-workspace/.dependencies/checkouts/swift-markdown-ui/Sources/MarkdownUI/Views/Inlines/ImageView.swift /Users/admin/builder/spi-builder-workspace/.dependencies/checkouts/swift-markdown-ui/Sources/MarkdownUI/Views/Inlines/InlineText.swift /Users/admin/builder/spi-builder-workspace/.dependencies/checkouts/swift-markdown-ui/Sources/MarkdownUI/Views/Markdown.swift (in target 'MarkdownUI' from project 'swift-markdown-ui')
SwiftCompile normal arm64 /Users/admin/builder/spi-builder-workspace/.dependencies/checkouts/swift-markdown-ui/Sources/MarkdownUI/Views/Environment/Environment+BaseURL.swift (in target 'MarkdownUI' from project 'swift-markdown-ui')
cd /Users/admin/builder/spi-builder-workspace/.swiftpm/xcode
builtin-SwiftPerFileCompile Environment+BaseURL.swift
SwiftCompile normal arm64 /Users/admin/builder/spi-builder-workspace/.dependencies/checkouts/swift-markdown-ui/Sources/MarkdownUI/Views/Environment/Environment+CodeSyntaxHighlighter.swift (in target 'MarkdownUI' from project 'swift-markdown-ui')
cd /Users/admin/builder/spi-builder-workspace/.swiftpm/xcode
builtin-SwiftPerFileCompile Environment+CodeSyntaxHighlighter.swift
SwiftCompile normal arm64 /Users/admin/builder/spi-builder-workspace/.dependencies/checkouts/swift-markdown-ui/Sources/MarkdownUI/Views/Environment/Environment+ImageProvider.swift (in target 'MarkdownUI' from project 'swift-markdown-ui')
cd /Users/admin/builder/spi-builder-workspace/.swiftpm/xcode
builtin-SwiftPerFileCompile Environment+ImageProvider.swift
SwiftCompile normal arm64 /Users/admin/builder/spi-builder-workspace/.dependencies/checkouts/swift-markdown-ui/Sources/MarkdownUI/Views/Environment/Environment+InlineImageProvider.swift (in target 'MarkdownUI' from project 'swift-markdown-ui')
cd /Users/admin/builder/spi-builder-workspace/.swiftpm/xcode
builtin-SwiftPerFileCompile Environment+InlineImageProvider.swift
SwiftCompile normal arm64 /Users/admin/builder/spi-builder-workspace/.dependencies/checkouts/swift-markdown-ui/Sources/MarkdownUI/Views/Environment/Environment+List.swift (in target 'MarkdownUI' from project 'swift-markdown-ui')
cd /Users/admin/builder/spi-builder-workspace/.swiftpm/xcode
builtin-SwiftPerFileCompile Environment+List.swift
SwiftCompile normal arm64 /Users/admin/builder/spi-builder-workspace/.dependencies/checkouts/swift-markdown-ui/Sources/MarkdownUI/Views/Environment/Environment+SoftBreakMode.swift (in target 'MarkdownUI' from project 'swift-markdown-ui')
cd /Users/admin/builder/spi-builder-workspace/.swiftpm/xcode
builtin-SwiftPerFileCompile Environment+SoftBreakMode.swift
SwiftCompile normal arm64 /Users/admin/builder/spi-builder-workspace/.dependencies/checkouts/swift-markdown-ui/Sources/MarkdownUI/Views/Environment/Environment+Table.swift (in target 'MarkdownUI' from project 'swift-markdown-ui')
cd /Users/admin/builder/spi-builder-workspace/.swiftpm/xcode
builtin-SwiftPerFileCompile Environment+Table.swift
SwiftCompile normal arm64 /Users/admin/builder/spi-builder-workspace/.dependencies/checkouts/swift-markdown-ui/Sources/MarkdownUI/Views/Environment/Environment+TextStyle.swift (in target 'MarkdownUI' from project 'swift-markdown-ui')
cd /Users/admin/builder/spi-builder-workspace/.swiftpm/xcode
builtin-SwiftPerFileCompile Environment+TextStyle.swift
SwiftCompile normal arm64 /Users/admin/builder/spi-builder-workspace/.dependencies/checkouts/swift-markdown-ui/Sources/MarkdownUI/Views/Environment/Environment+Theme.swift (in target 'MarkdownUI' from project 'swift-markdown-ui')
cd /Users/admin/builder/spi-builder-workspace/.swiftpm/xcode
builtin-SwiftPerFileCompile Environment+Theme.swift
SwiftCompile normal arm64 /Users/admin/builder/spi-builder-workspace/.dependencies/checkouts/swift-markdown-ui/Sources/MarkdownUI/Views/Inlines/ImageView.swift (in target 'MarkdownUI' from project 'swift-markdown-ui')
cd /Users/admin/builder/spi-builder-workspace/.swiftpm/xcode
builtin-SwiftPerFileCompile ImageView.swift
SwiftCompile normal arm64 /Users/admin/builder/spi-builder-workspace/.dependencies/checkouts/swift-markdown-ui/Sources/MarkdownUI/Views/Inlines/InlineText.swift (in target 'MarkdownUI' from project 'swift-markdown-ui')
cd /Users/admin/builder/spi-builder-workspace/.swiftpm/xcode
builtin-SwiftPerFileCompile InlineText.swift
SwiftCompile normal arm64 /Users/admin/builder/spi-builder-workspace/.dependencies/checkouts/swift-markdown-ui/Sources/MarkdownUI/Views/Markdown.swift (in target 'MarkdownUI' from project 'swift-markdown-ui')
cd /Users/admin/builder/spi-builder-workspace/.swiftpm/xcode
builtin-SwiftPerFileCompile Markdown.swift
SwiftDriverJobDiscovery normal arm64_32 Compiling Theme+GitHub.swift, Theme.swift, BlockNode+ColorSchemeImage.swift, Color+RGBA.swift, Deprecations.swift, FlowLayout.swift, Indexed.swift, InlineNode+PlainText.swift, InlineNode+RawImageData.swift, Int+Roman.swift, RelativeSize.swift, ResizeToFit.swift (in target 'MarkdownUI' from project 'swift-markdown-ui')
SwiftCompile normal arm64 Compiling\ Blockquote.swift,\ BulletedList.swift,\ CodeBlock.swift,\ Heading.swift,\ ListContentBuilder.swift,\ ListItem.swift,\ MarkdownContent.swift,\ MarkdownContentBuilder.swift,\ NumberedList.swift,\ Paragraph.swift,\ TaskList.swift,\ TaskListContentBuilder.swift,\ TaskListItem.swift /Users/admin/builder/spi-builder-workspace/.dependencies/checkouts/swift-markdown-ui/Sources/MarkdownUI/DSL/Blocks/Blockquote.swift /Users/admin/builder/spi-builder-workspace/.dependencies/checkouts/swift-markdown-ui/Sources/MarkdownUI/DSL/Blocks/BulletedList.swift /Users/admin/builder/spi-builder-workspace/.dependencies/checkouts/swift-markdown-ui/Sources/MarkdownUI/DSL/Blocks/CodeBlock.swift /Users/admin/builder/spi-builder-workspace/.dependencies/checkouts/swift-markdown-ui/Sources/MarkdownUI/DSL/Blocks/Heading.swift /Users/admin/builder/spi-builder-workspace/.dependencies/checkouts/swift-markdown-ui/Sources/MarkdownUI/DSL/Blocks/ListContentBuilder.swift /Users/admin/builder/spi-builder-workspace/.dependencies/checkouts/swift-markdown-ui/Sources/MarkdownUI/DSL/Blocks/ListItem.swift /Users/admin/builder/spi-builder-workspace/.dependencies/checkouts/swift-markdown-ui/Sources/MarkdownUI/DSL/Blocks/MarkdownContent.swift /Users/admin/builder/spi-builder-workspace/.dependencies/checkouts/swift-markdown-ui/Sources/MarkdownUI/DSL/Blocks/MarkdownContentBuilder.swift /Users/admin/builder/spi-builder-workspace/.dependencies/checkouts/swift-markdown-ui/Sources/MarkdownUI/DSL/Blocks/NumberedList.swift /Users/admin/builder/spi-builder-workspace/.dependencies/checkouts/swift-markdown-ui/Sources/MarkdownUI/DSL/Blocks/Paragraph.swift /Users/admin/builder/spi-builder-workspace/.dependencies/checkouts/swift-markdown-ui/Sources/MarkdownUI/DSL/Blocks/TaskList.swift /Users/admin/builder/spi-builder-workspace/.dependencies/checkouts/swift-markdown-ui/Sources/MarkdownUI/DSL/Blocks/TaskListContentBuilder.swift /Users/admin/builder/spi-builder-workspace/.dependencies/checkouts/swift-markdown-ui/Sources/MarkdownUI/DSL/Blocks/TaskListItem.swift (in target 'MarkdownUI' from project 'swift-markdown-ui')
SwiftCompile normal arm64 /Users/admin/builder/spi-builder-workspace/.dependencies/checkouts/swift-markdown-ui/Sources/MarkdownUI/DSL/Blocks/Blockquote.swift (in target 'MarkdownUI' from project 'swift-markdown-ui')
cd /Users/admin/builder/spi-builder-workspace/.swiftpm/xcode
builtin-SwiftPerFileCompile Blockquote.swift
SwiftCompile normal arm64 /Users/admin/builder/spi-builder-workspace/.dependencies/checkouts/swift-markdown-ui/Sources/MarkdownUI/DSL/Blocks/BulletedList.swift (in target 'MarkdownUI' from project 'swift-markdown-ui')
cd /Users/admin/builder/spi-builder-workspace/.swiftpm/xcode
builtin-SwiftPerFileCompile BulletedList.swift
SwiftCompile normal arm64 /Users/admin/builder/spi-builder-workspace/.dependencies/checkouts/swift-markdown-ui/Sources/MarkdownUI/DSL/Blocks/CodeBlock.swift (in target 'MarkdownUI' from project 'swift-markdown-ui')
cd /Users/admin/builder/spi-builder-workspace/.swiftpm/xcode
builtin-SwiftPerFileCompile CodeBlock.swift
SwiftCompile normal arm64 /Users/admin/builder/spi-builder-workspace/.dependencies/checkouts/swift-markdown-ui/Sources/MarkdownUI/DSL/Blocks/Heading.swift (in target 'MarkdownUI' from project 'swift-markdown-ui')
cd /Users/admin/builder/spi-builder-workspace/.swiftpm/xcode
builtin-SwiftPerFileCompile Heading.swift
SwiftCompile normal arm64 /Users/admin/builder/spi-builder-workspace/.dependencies/checkouts/swift-markdown-ui/Sources/MarkdownUI/DSL/Blocks/ListContentBuilder.swift (in target 'MarkdownUI' from project 'swift-markdown-ui')
cd /Users/admin/builder/spi-builder-workspace/.swiftpm/xcode
builtin-SwiftPerFileCompile ListContentBuilder.swift
SwiftCompile normal arm64 /Users/admin/builder/spi-builder-workspace/.dependencies/checkouts/swift-markdown-ui/Sources/MarkdownUI/DSL/Blocks/ListItem.swift (in target 'MarkdownUI' from project 'swift-markdown-ui')
cd /Users/admin/builder/spi-builder-workspace/.swiftpm/xcode
builtin-SwiftPerFileCompile ListItem.swift
SwiftCompile normal arm64 /Users/admin/builder/spi-builder-workspace/.dependencies/checkouts/swift-markdown-ui/Sources/MarkdownUI/DSL/Blocks/MarkdownContent.swift (in target 'MarkdownUI' from project 'swift-markdown-ui')
cd /Users/admin/builder/spi-builder-workspace/.swiftpm/xcode
builtin-SwiftPerFileCompile MarkdownContent.swift
SwiftCompile normal arm64 /Users/admin/builder/spi-builder-workspace/.dependencies/checkouts/swift-markdown-ui/Sources/MarkdownUI/DSL/Blocks/MarkdownContentBuilder.swift (in target 'MarkdownUI' from project 'swift-markdown-ui')
cd /Users/admin/builder/spi-builder-workspace/.swiftpm/xcode
builtin-SwiftPerFileCompile MarkdownContentBuilder.swift
SwiftCompile normal arm64 /Users/admin/builder/spi-builder-workspace/.dependencies/checkouts/swift-markdown-ui/Sources/MarkdownUI/DSL/Blocks/NumberedList.swift (in target 'MarkdownUI' from project 'swift-markdown-ui')
cd /Users/admin/builder/spi-builder-workspace/.swiftpm/xcode
builtin-SwiftPerFileCompile NumberedList.swift
SwiftCompile normal arm64 /Users/admin/builder/spi-builder-workspace/.dependencies/checkouts/swift-markdown-ui/Sources/MarkdownUI/DSL/Blocks/Paragraph.swift (in target 'MarkdownUI' from project 'swift-markdown-ui')
cd /Users/admin/builder/spi-builder-workspace/.swiftpm/xcode
builtin-SwiftPerFileCompile Paragraph.swift
SwiftCompile normal arm64 /Users/admin/builder/spi-builder-workspace/.dependencies/checkouts/swift-markdown-ui/Sources/MarkdownUI/DSL/Blocks/TaskList.swift (in target 'MarkdownUI' from project 'swift-markdown-ui')
cd /Users/admin/builder/spi-builder-workspace/.swiftpm/xcode
builtin-SwiftPerFileCompile TaskList.swift
SwiftCompile normal arm64 /Users/admin/builder/spi-builder-workspace/.dependencies/checkouts/swift-markdown-ui/Sources/MarkdownUI/DSL/Blocks/TaskListContentBuilder.swift (in target 'MarkdownUI' from project 'swift-markdown-ui')
cd /Users/admin/builder/spi-builder-workspace/.swiftpm/xcode
builtin-SwiftPerFileCompile TaskListContentBuilder.swift
SwiftCompile normal arm64 /Users/admin/builder/spi-builder-workspace/.dependencies/checkouts/swift-markdown-ui/Sources/MarkdownUI/DSL/Blocks/TaskListItem.swift (in target 'MarkdownUI' from project 'swift-markdown-ui')
cd /Users/admin/builder/spi-builder-workspace/.swiftpm/xcode
builtin-SwiftPerFileCompile TaskListItem.swift
SwiftDriverJobDiscovery normal arm64 Compiling TableBackgroundStyle.swift, TableBorderStyle.swift, TableCellConfiguration.swift, TaskListMarkerConfiguration.swift, BackgroundColor.swift, EmptyTextStyle.swift, Font+FontProperties.swift, FontCapsVariant.swift, FontDigitVariant.swift, FontFamily.swift, FontFamilyVariant.swift, FontProperties.swift, FontPropertiesAttribute.swift (in target 'MarkdownUI' from project 'swift-markdown-ui')
SwiftCompile normal arm64 Compiling\ TextTable.swift,\ TextTableColumn.swift,\ TextTableColumnAlignment.swift,\ TextTableColumnBuilder.swift,\ TextTableRow.swift,\ TextTableRowBuilder.swift,\ ThematicBreak.swift,\ Code.swift,\ Emphasis.swift,\ InlineContent.swift,\ InlineContentBuilder.swift,\ InlineImage.swift,\ InlineLink.swift /Users/admin/builder/spi-builder-workspace/.dependencies/checkouts/swift-markdown-ui/Sources/MarkdownUI/DSL/Blocks/TextTable.swift /Users/admin/builder/spi-builder-workspace/.dependencies/checkouts/swift-markdown-ui/Sources/MarkdownUI/DSL/Blocks/TextTableColumn.swift /Users/admin/builder/spi-builder-workspace/.dependencies/checkouts/swift-markdown-ui/Sources/MarkdownUI/DSL/Blocks/TextTableColumnAlignment.swift /Users/admin/builder/spi-builder-workspace/.dependencies/checkouts/swift-markdown-ui/Sources/MarkdownUI/DSL/Blocks/TextTableColumnBuilder.swift /Users/admin/builder/spi-builder-workspace/.dependencies/checkouts/swift-markdown-ui/Sources/MarkdownUI/DSL/Blocks/TextTableRow.swift /Users/admin/builder/spi-builder-workspace/.dependencies/checkouts/swift-markdown-ui/Sources/MarkdownUI/DSL/Blocks/TextTableRowBuilder.swift /Users/admin/builder/spi-builder-workspace/.dependencies/checkouts/swift-markdown-ui/Sources/MarkdownUI/DSL/Blocks/ThematicBreak.swift /Users/admin/builder/spi-builder-workspace/.dependencies/checkouts/swift-markdown-ui/Sources/MarkdownUI/DSL/Inlines/Code.swift /Users/admin/builder/spi-builder-workspace/.dependencies/checkouts/swift-markdown-ui/Sources/MarkdownUI/DSL/Inlines/Emphasis.swift /Users/admin/builder/spi-builder-workspace/.dependencies/checkouts/swift-markdown-ui/Sources/MarkdownUI/DSL/Inlines/InlineContent.swift /Users/admin/builder/spi-builder-workspace/.dependencies/checkouts/swift-markdown-ui/Sources/MarkdownUI/DSL/Inlines/InlineContentBuilder.swift /Users/admin/builder/spi-builder-workspace/.dependencies/checkouts/swift-markdown-ui/Sources/MarkdownUI/DSL/Inlines/InlineImage.swift /Users/admin/builder/spi-builder-workspace/.dependencies/checkouts/swift-markdown-ui/Sources/MarkdownUI/DSL/Inlines/InlineLink.swift (in target 'MarkdownUI' from project 'swift-markdown-ui')
SwiftCompile normal arm64 /Users/admin/builder/spi-builder-workspace/.dependencies/checkouts/swift-markdown-ui/Sources/MarkdownUI/DSL/Blocks/TextTable.swift (in target 'MarkdownUI' from project 'swift-markdown-ui')
cd /Users/admin/builder/spi-builder-workspace/.swiftpm/xcode
builtin-SwiftPerFileCompile TextTable.swift
SwiftCompile normal arm64 /Users/admin/builder/spi-builder-workspace/.dependencies/checkouts/swift-markdown-ui/Sources/MarkdownUI/DSL/Blocks/TextTableColumn.swift (in target 'MarkdownUI' from project 'swift-markdown-ui')
cd /Users/admin/builder/spi-builder-workspace/.swiftpm/xcode
builtin-SwiftPerFileCompile TextTableColumn.swift
SwiftCompile normal arm64 /Users/admin/builder/spi-builder-workspace/.dependencies/checkouts/swift-markdown-ui/Sources/MarkdownUI/DSL/Blocks/TextTableColumnAlignment.swift (in target 'MarkdownUI' from project 'swift-markdown-ui')
cd /Users/admin/builder/spi-builder-workspace/.swiftpm/xcode
builtin-SwiftPerFileCompile TextTableColumnAlignment.swift
SwiftCompile normal arm64 /Users/admin/builder/spi-builder-workspace/.dependencies/checkouts/swift-markdown-ui/Sources/MarkdownUI/DSL/Blocks/TextTableColumnBuilder.swift (in target 'MarkdownUI' from project 'swift-markdown-ui')
cd /Users/admin/builder/spi-builder-workspace/.swiftpm/xcode
builtin-SwiftPerFileCompile TextTableColumnBuilder.swift
SwiftCompile normal arm64 /Users/admin/builder/spi-builder-workspace/.dependencies/checkouts/swift-markdown-ui/Sources/MarkdownUI/DSL/Blocks/TextTableRow.swift (in target 'MarkdownUI' from project 'swift-markdown-ui')
cd /Users/admin/builder/spi-builder-workspace/.swiftpm/xcode
builtin-SwiftPerFileCompile TextTableRow.swift
SwiftCompile normal arm64 /Users/admin/builder/spi-builder-workspace/.dependencies/checkouts/swift-markdown-ui/Sources/MarkdownUI/DSL/Blocks/TextTableRowBuilder.swift (in target 'MarkdownUI' from project 'swift-markdown-ui')
cd /Users/admin/builder/spi-builder-workspace/.swiftpm/xcode
builtin-SwiftPerFileCompile TextTableRowBuilder.swift
SwiftCompile normal arm64 /Users/admin/builder/spi-builder-workspace/.dependencies/checkouts/swift-markdown-ui/Sources/MarkdownUI/DSL/Blocks/ThematicBreak.swift (in target 'MarkdownUI' from project 'swift-markdown-ui')
cd /Users/admin/builder/spi-builder-workspace/.swiftpm/xcode
builtin-SwiftPerFileCompile ThematicBreak.swift
SwiftCompile normal arm64 /Users/admin/builder/spi-builder-workspace/.dependencies/checkouts/swift-markdown-ui/Sources/MarkdownUI/DSL/Inlines/Code.swift (in target 'MarkdownUI' from project 'swift-markdown-ui')
cd /Users/admin/builder/spi-builder-workspace/.swiftpm/xcode
builtin-SwiftPerFileCompile Code.swift
SwiftCompile normal arm64 /Users/admin/builder/spi-builder-workspace/.dependencies/checkouts/swift-markdown-ui/Sources/MarkdownUI/DSL/Inlines/Emphasis.swift (in target 'MarkdownUI' from project 'swift-markdown-ui')
cd /Users/admin/builder/spi-builder-workspace/.swiftpm/xcode
builtin-SwiftPerFileCompile Emphasis.swift
SwiftCompile normal arm64 /Users/admin/builder/spi-builder-workspace/.dependencies/checkouts/swift-markdown-ui/Sources/MarkdownUI/DSL/Inlines/InlineContent.swift (in target 'MarkdownUI' from project 'swift-markdown-ui')
cd /Users/admin/builder/spi-builder-workspace/.swiftpm/xcode
builtin-SwiftPerFileCompile InlineContent.swift
SwiftCompile normal arm64 /Users/admin/builder/spi-builder-workspace/.dependencies/checkouts/swift-markdown-ui/Sources/MarkdownUI/DSL/Inlines/InlineContentBuilder.swift (in target 'MarkdownUI' from project 'swift-markdown-ui')
cd /Users/admin/builder/spi-builder-workspace/.swiftpm/xcode
builtin-SwiftPerFileCompile InlineContentBuilder.swift
SwiftCompile normal arm64 /Users/admin/builder/spi-builder-workspace/.dependencies/checkouts/swift-markdown-ui/Sources/MarkdownUI/DSL/Inlines/InlineImage.swift (in target 'MarkdownUI' from project 'swift-markdown-ui')
cd /Users/admin/builder/spi-builder-workspace/.swiftpm/xcode
builtin-SwiftPerFileCompile InlineImage.swift
SwiftCompile normal arm64 /Users/admin/builder/spi-builder-workspace/.dependencies/checkouts/swift-markdown-ui/Sources/MarkdownUI/DSL/Inlines/InlineLink.swift (in target 'MarkdownUI' from project 'swift-markdown-ui')
cd /Users/admin/builder/spi-builder-workspace/.swiftpm/xcode
builtin-SwiftPerFileCompile InlineLink.swift
SwiftDriverJobDiscovery normal arm64 Compiling LineBreak.swift, SoftBreak.swift, Strikethrough.swift, Strong.swift, AssetImageProvider.swift, AssetInlineImageProvider.swift, CodeSyntaxHighlighter.swift, DefaultImageProvider.swift, DefaultInlineImageProvider.swift, ImageProvider.swift, InlineImageProvider.swift, BlockNode+Rewrite.swift, BlockNode.swift (in target 'MarkdownUI' from project 'swift-markdown-ui')
SwiftDriverJobDiscovery normal arm64 Emitting module for MarkdownUI (in target 'MarkdownUI' from project 'swift-markdown-ui')
SwiftDriver\ Compilation\ Requirements MarkdownUI normal arm64 com.apple.xcode.tools.swift.compiler (in target 'MarkdownUI' from project 'swift-markdown-ui')
cd /Users/admin/builder/spi-builder-workspace/.swiftpm/xcode
builtin-Swift-Compilation-Requirements -- /Applications/Xcode-27.0.0-Release.Candidate.app/Contents/Developer/Toolchains/XcodeDefault.xctoolchain/usr/bin/swiftc -parse-as-library -module-name MarkdownUI -Onone @/Users/admin/builder/spi-builder-workspace/.derivedData/Build/Intermediates.noindex/swift-markdown-ui.build/Debug-watchos/MarkdownUI-t.build/Objects-normal/arm64/MarkdownUI.SwiftFileList -DSWIFT_PACKAGE -DDEBUG -DSWIFT_MODULE_RESOURCE_BUNDLE_UNAVAILABLE -Xcc -fmodule-map-file\=/Users/admin/builder/spi-builder-workspace/.dependencies/checkouts/swift-cmark/src/include/module.modulemap -Xcc -fmodule-map-file\=/Users/admin/builder/spi-builder-workspace/.dependencies/checkouts/swift-cmark/extensions/include/module.modulemap -DXcode -plugin-path /Applications/Xcode-27.0.0-Release.Candidate.app/Contents/Developer/Toolchains/XcodeDefault.xctoolchain/usr/lib/swift/host/plugins/testing -enable-experimental-feature DebugDescriptionMacro -sdk /Applications/Xcode-27.0.0-Release.Candidate.app/Contents/Developer/Platforms/WatchOS.platform/Developer/SDKs/WatchOS27.0.sdk -target arm64-apple-watchos9.0 -g -module-cache-path /Users/admin/builder/spi-builder-workspace/.derivedData/ModuleCache.noindex -Xfrontend -serialize-debugging-options -profile-coverage-mapping -profile-generate -enable-testing -suppress-warnings -index-store-path /Users/admin/builder/spi-builder-workspace/.derivedData/Index.noindex/DataStore -Xcc -D_LIBCPP_HARDENING_MODE\=_LIBCPP_HARDENING_MODE_DEBUG -swift-version 5 -I /Users/admin/builder/spi-builder-workspace/.derivedData/Build/Products/Debug-watchos -Isystem /Applications/Xcode-27.0.0-Release.Candidate.app/Contents/Developer/Platforms/WatchOS.platform/Developer/usr/lib -F /Users/admin/builder/spi-builder-workspace/.derivedData/Build/Products/Debug-watchos/PackageFrameworks -F /Users/admin/builder/spi-builder-workspace/.derivedData/Build/Products/Debug-watchos -F /Applications/Xcode-27.0.0-Release.Candidate.app/Contents/Developer/Platforms/WatchOS.platform/Developer/Library/Frameworks -F /Applications/Xcode-27.0.0-Release.Candidate.app/Contents/Developer/Platforms/WatchOS.platform/Developer/SDKs/WatchOS27.0.sdk/Developer/Library/Frameworks -c -j10 -enable-batch-mode -incremental -Xcc -ivfsstatcache -Xcc /Users/admin/builder/spi-builder-workspace/.derivedData/SDKStatCaches.noindex/watchos27.0-24R360-e829b21a6f8c9b70876ba0858053c04477534ef55a1706bf4c1112bbb242f0a2.sdkstatcache -output-file-map /Users/admin/builder/spi-builder-workspace/.derivedData/Build/Intermediates.noindex/swift-markdown-ui.build/Debug-watchos/MarkdownUI-t.build/Objects-normal/arm64/MarkdownUI-OutputFileMap.json -save-temps -no-color-diagnostics -explicit-module-build -module-cache-path /Users/admin/builder/spi-builder-workspace/.derivedData/Build/Intermediates.noindex/SwiftExplicitPrecompiledModules -clang-scanner-module-cache-path /Users/admin/builder/spi-builder-workspace/.derivedData/ModuleCache.noindex -sdk-module-cache-path /Users/admin/builder/spi-builder-workspace/.derivedData/SDKExplicitPrecompiledModules -emit-dependencies -emit-module -emit-module-path /Users/admin/builder/spi-builder-workspace/.derivedData/Build/Intermediates.noindex/swift-markdown-ui.build/Debug-watchos/MarkdownUI-t.build/Objects-normal/arm64/MarkdownUI.swiftmodule -serialize-diagnostics -dependency-scan-serialize-diagnostics-path /Users/admin/builder/spi-builder-workspace/.derivedData/Build/Intermediates.noindex/swift-markdown-ui.build/Debug-watchos/MarkdownUI-t.build/Objects-normal/arm64/MarkdownUI-dependency-scan.dia -validate-clang-modules-once -clang-build-session-file /Users/admin/builder/spi-builder-workspace/.derivedData/ModuleCache.noindex/Session.modulevalidation -Xcc -fmodules-prune-interval\=86400 -Xcc -fmodules-prune-after\=345600 -emit-const-values -const-gather-protocols-list /Users/admin/builder/spi-builder-workspace/.derivedData/Build/Intermediates.noindex/swift-markdown-ui.build/Debug-watchos/MarkdownUI-t.build/Objects-normal/arm64/MarkdownUI_const_extract_protocols.json -Xcc -I/Users/admin/builder/spi-builder-workspace/.dependencies/checkouts/swift-cmark/src/include -Xcc -I/Users/admin/builder/spi-builder-workspace/.dependencies/checkouts/swift-cmark/extensions/include -Xcc -I/Users/admin/builder/spi-builder-workspace/.derivedData/Build/Products/Debug-watchos/include -Xcc -I/Users/admin/builder/spi-builder-workspace/.derivedData/Build/Intermediates.noindex/swift-markdown-ui.build/Debug-watchos/MarkdownUI-t.build/DerivedSources-normal/arm64 -Xcc -I/Users/admin/builder/spi-builder-workspace/.derivedData/Build/Intermediates.noindex/swift-markdown-ui.build/Debug-watchos/MarkdownUI-t.build/DerivedSources/arm64 -Xcc -I/Users/admin/builder/spi-builder-workspace/.derivedData/Build/Intermediates.noindex/swift-markdown-ui.build/Debug-watchos/MarkdownUI-t.build/DerivedSources -Xcc -DSWIFT_PACKAGE -Xcc -DDEBUG\=1 -emit-objc-header -emit-objc-header-path /Users/admin/builder/spi-builder-workspace/.derivedData/Build/Intermediates.noindex/swift-markdown-ui.build/Debug-watchos/MarkdownUI-t.build/Objects-normal/arm64/MarkdownUI-Swift.h -working-directory /Users/admin/builder/spi-builder-workspace/.swiftpm/xcode -experimental-emit-module-separately -disable-cmo
SwiftMergeGeneratedHeaders /Users/admin/builder/spi-builder-workspace/.derivedData/Build/Intermediates.noindex/GeneratedModuleMaps-watchos/MarkdownUI-Swift.h /Users/admin/builder/spi-builder-workspace/.derivedData/Build/Intermediates.noindex/swift-markdown-ui.build/Debug-watchos/MarkdownUI-t.build/Objects-normal/arm64/MarkdownUI-Swift.h /Users/admin/builder/spi-builder-workspace/.derivedData/Build/Intermediates.noindex/swift-markdown-ui.build/Debug-watchos/MarkdownUI-t.build/Objects-normal/arm64_32/MarkdownUI-Swift.h (in target 'MarkdownUI' from project 'swift-markdown-ui')
cd /Users/admin/builder/spi-builder-workspace/.dependencies/checkouts/swift-markdown-ui
builtin-swiftHeaderTool -arch arm64 /Users/admin/builder/spi-builder-workspace/.derivedData/Build/Intermediates.noindex/swift-markdown-ui.build/Debug-watchos/MarkdownUI-t.build/Objects-normal/arm64/MarkdownUI-Swift.h -arch arm64_32 /Users/admin/builder/spi-builder-workspace/.derivedData/Build/Intermediates.noindex/swift-markdown-ui.build/Debug-watchos/MarkdownUI-t.build/Objects-normal/arm64_32/MarkdownUI-Swift.h -o /Users/admin/builder/spi-builder-workspace/.derivedData/Build/Intermediates.noindex/GeneratedModuleMaps-watchos/MarkdownUI-Swift.h
Copy /Users/admin/builder/spi-builder-workspace/.derivedData/Build/Products/Debug-watchos/MarkdownUI.swiftmodule/arm64-apple-watchos.swiftmodule /Users/admin/builder/spi-builder-workspace/.derivedData/Build/Intermediates.noindex/swift-markdown-ui.build/Debug-watchos/MarkdownUI-t.build/Objects-normal/arm64/MarkdownUI.swiftmodule (in target 'MarkdownUI' from project 'swift-markdown-ui')
cd /Users/admin/builder/spi-builder-workspace/.dependencies/checkouts/swift-markdown-ui
builtin-copy -exclude .DS_Store -exclude CVS -exclude .svn -exclude .git -exclude .hg -resolve-src-symlinks -rename /Users/admin/builder/spi-builder-workspace/.derivedData/Build/Intermediates.noindex/swift-markdown-ui.build/Debug-watchos/MarkdownUI-t.build/Objects-normal/arm64/MarkdownUI.swiftmodule /Users/admin/builder/spi-builder-workspace/.derivedData/Build/Products/Debug-watchos/MarkdownUI.swiftmodule/arm64-apple-watchos.swiftmodule
Copy /Users/admin/builder/spi-builder-workspace/.derivedData/Build/Products/Debug-watchos/MarkdownUI.swiftmodule/arm64-apple-watchos.swiftdoc /Users/admin/builder/spi-builder-workspace/.derivedData/Build/Intermediates.noindex/swift-markdown-ui.build/Debug-watchos/MarkdownUI-t.build/Objects-normal/arm64/MarkdownUI.swiftdoc (in target 'MarkdownUI' from project 'swift-markdown-ui')
cd /Users/admin/builder/spi-builder-workspace/.dependencies/checkouts/swift-markdown-ui
builtin-copy -exclude .DS_Store -exclude CVS -exclude .svn -exclude .git -exclude .hg -resolve-src-symlinks -rename /Users/admin/builder/spi-builder-workspace/.derivedData/Build/Intermediates.noindex/swift-markdown-ui.build/Debug-watchos/MarkdownUI-t.build/Objects-normal/arm64/MarkdownUI.swiftdoc /Users/admin/builder/spi-builder-workspace/.derivedData/Build/Products/Debug-watchos/MarkdownUI.swiftmodule/arm64-apple-watchos.swiftdoc
Copy /Users/admin/builder/spi-builder-workspace/.derivedData/Build/Products/Debug-watchos/MarkdownUI.swiftmodule/arm64-apple-watchos.abi.json /Users/admin/builder/spi-builder-workspace/.derivedData/Build/Intermediates.noindex/swift-markdown-ui.build/Debug-watchos/MarkdownUI-t.build/Objects-normal/arm64/MarkdownUI.abi.json (in target 'MarkdownUI' from project 'swift-markdown-ui')
cd /Users/admin/builder/spi-builder-workspace/.dependencies/checkouts/swift-markdown-ui
builtin-copy -exclude .DS_Store -exclude CVS -exclude .svn -exclude .git -exclude .hg -resolve-src-symlinks -rename /Users/admin/builder/spi-builder-workspace/.derivedData/Build/Intermediates.noindex/swift-markdown-ui.build/Debug-watchos/MarkdownUI-t.build/Objects-normal/arm64/MarkdownUI.abi.json /Users/admin/builder/spi-builder-workspace/.derivedData/Build/Products/Debug-watchos/MarkdownUI.swiftmodule/arm64-apple-watchos.abi.json
Copy /Users/admin/builder/spi-builder-workspace/.derivedData/Build/Products/Debug-watchos/MarkdownUI.swiftmodule/Project/arm64-apple-watchos.swiftsourceinfo /Users/admin/builder/spi-builder-workspace/.derivedData/Build/Intermediates.noindex/swift-markdown-ui.build/Debug-watchos/MarkdownUI-t.build/Objects-normal/arm64/MarkdownUI.swiftsourceinfo (in target 'MarkdownUI' from project 'swift-markdown-ui')
cd /Users/admin/builder/spi-builder-workspace/.dependencies/checkouts/swift-markdown-ui
builtin-copy -exclude .DS_Store -exclude CVS -exclude .svn -exclude .git -exclude .hg -resolve-src-symlinks -rename /Users/admin/builder/spi-builder-workspace/.derivedData/Build/Intermediates.noindex/swift-markdown-ui.build/Debug-watchos/MarkdownUI-t.build/Objects-normal/arm64/MarkdownUI.swiftsourceinfo /Users/admin/builder/spi-builder-workspace/.derivedData/Build/Products/Debug-watchos/MarkdownUI.swiftmodule/Project/arm64-apple-watchos.swiftsourceinfo
SwiftDriver SupportKit normal arm64 com.apple.xcode.tools.swift.compiler (in target 'SupportKit' from project 'SupportKit')
cd /Users/admin/builder/spi-builder-workspace/.swiftpm/xcode
builtin-SwiftDriver -- /Applications/Xcode-27.0.0-Release.Candidate.app/Contents/Developer/Toolchains/XcodeDefault.xctoolchain/usr/bin/swiftc -parse-as-library -module-name SupportKit -Onone @/Users/admin/builder/spi-builder-workspace/.derivedData/Build/Intermediates.noindex/SupportKit.build/Debug-watchos/SupportKit-t.build/Objects-normal/arm64/SupportKit.SwiftFileList -DSWIFT_PACKAGE -DDEBUG -DSWIFT_MODULE_RESOURCE_BUNDLE_UNAVAILABLE -Xcc -fmodule-map-file\=/Users/admin/builder/spi-builder-workspace/.dependencies/checkouts/swift-cmark/src/include/module.modulemap -Xcc -fmodule-map-file\=/Users/admin/builder/spi-builder-workspace/.dependencies/checkouts/swift-cmark/extensions/include/module.modulemap -DXcode -plugin-path /Applications/Xcode-27.0.0-Release.Candidate.app/Contents/Developer/Toolchains/XcodeDefault.xctoolchain/usr/lib/swift/host/plugins/testing -enable-experimental-feature DebugDescriptionMacro -sdk /Applications/Xcode-27.0.0-Release.Candidate.app/Contents/Developer/Platforms/WatchOS.platform/Developer/SDKs/WatchOS27.0.sdk -target arm64-apple-watchos9.0 -g -module-cache-path /Users/admin/builder/spi-builder-workspace/.derivedData/ModuleCache.noindex -Xfrontend -serialize-debugging-options -profile-coverage-mapping -profile-generate -enable-testing -index-store-path /Users/admin/builder/spi-builder-workspace/.derivedData/Index.noindex/DataStore -Xcc -D_LIBCPP_HARDENING_MODE\=_LIBCPP_HARDENING_MODE_DEBUG -swift-version 5 -I /Users/admin/builder/spi-builder-workspace/.derivedData/Build/Products/Debug-watchos -Isystem /Applications/Xcode-27.0.0-Release.Candidate.app/Contents/Developer/Platforms/WatchOS.platform/Developer/usr/lib -F /Users/admin/builder/spi-builder-workspace/.derivedData/Build/Products/Debug-watchos/PackageFrameworks -F /Users/admin/builder/spi-builder-workspace/.derivedData/Build/Products/Debug-watchos -F /Applications/Xcode-27.0.0-Release.Candidate.app/Contents/Developer/Platforms/WatchOS.platform/Developer/Library/Frameworks -F /Applications/Xcode-27.0.0-Release.Candidate.app/Contents/Developer/Platforms/WatchOS.platform/Developer/SDKs/WatchOS27.0.sdk/Developer/Library/Frameworks -c -j10 -enable-batch-mode -incremental -Xcc -ivfsstatcache -Xcc /Users/admin/builder/spi-builder-workspace/.derivedData/SDKStatCaches.noindex/watchos27.0-24R360-e829b21a6f8c9b70876ba0858053c04477534ef55a1706bf4c1112bbb242f0a2.sdkstatcache -output-file-map /Users/admin/builder/spi-builder-workspace/.derivedData/Build/Intermediates.noindex/SupportKit.build/Debug-watchos/SupportKit-t.build/Objects-normal/arm64/SupportKit-OutputFileMap.json -save-temps -no-color-diagnostics -explicit-module-build -module-cache-path /Users/admin/builder/spi-builder-workspace/.derivedData/Build/Intermediates.noindex/SwiftExplicitPrecompiledModules -clang-scanner-module-cache-path /Users/admin/builder/spi-builder-workspace/.derivedData/ModuleCache.noindex -sdk-module-cache-path /Users/admin/builder/spi-builder-workspace/.derivedData/SDKExplicitPrecompiledModules -emit-dependencies -emit-module -emit-module-path /Users/admin/builder/spi-builder-workspace/.derivedData/Build/Intermediates.noindex/SupportKit.build/Debug-watchos/SupportKit-t.build/Objects-normal/arm64/SupportKit.swiftmodule -serialize-diagnostics -dependency-scan-serialize-diagnostics-path /Users/admin/builder/spi-builder-workspace/.derivedData/Build/Intermediates.noindex/SupportKit.build/Debug-watchos/SupportKit-t.build/Objects-normal/arm64/SupportKit-dependency-scan.dia -validate-clang-modules-once -clang-build-session-file /Users/admin/builder/spi-builder-workspace/.derivedData/ModuleCache.noindex/Session.modulevalidation -Xcc -fmodules-prune-interval\=86400 -Xcc -fmodules-prune-after\=345600 -package-name spi_builder_workspace -emit-const-values -const-gather-protocols-list /Users/admin/builder/spi-builder-workspace/.derivedData/Build/Intermediates.noindex/SupportKit.build/Debug-watchos/SupportKit-t.build/Objects-normal/arm64/SupportKit_const_extract_protocols.json -Xcc -I/Users/admin/builder/spi-builder-workspace/.dependencies/checkouts/swift-cmark/src/include -Xcc -I/Users/admin/builder/spi-builder-workspace/.dependencies/checkouts/swift-cmark/extensions/include -Xcc -I/Users/admin/builder/spi-builder-workspace/.derivedData/Build/Products/Debug-watchos/include -Xcc -I/Users/admin/builder/spi-builder-workspace/.derivedData/Build/Intermediates.noindex/SupportKit.build/Debug-watchos/SupportKit-t.build/DerivedSources-normal/arm64 -Xcc -I/Users/admin/builder/spi-builder-workspace/.derivedData/Build/Intermediates.noindex/SupportKit.build/Debug-watchos/SupportKit-t.build/DerivedSources/arm64 -Xcc -I/Users/admin/builder/spi-builder-workspace/.derivedData/Build/Intermediates.noindex/SupportKit.build/Debug-watchos/SupportKit-t.build/DerivedSources -Xcc -DSWIFT_PACKAGE -Xcc -DDEBUG\=1 -emit-objc-header -emit-objc-header-path /Users/admin/builder/spi-builder-workspace/.derivedData/Build/Intermediates.noindex/SupportKit.build/Debug-watchos/SupportKit-t.build/Objects-normal/arm64/SupportKit-Swift.h -working-directory /Users/admin/builder/spi-builder-workspace/.swiftpm/xcode -experimental-emit-module-separately -disable-cmo
SwiftDriver SupportKit normal arm64_32 com.apple.xcode.tools.swift.compiler (in target 'SupportKit' from project 'SupportKit')
cd /Users/admin/builder/spi-builder-workspace/.swiftpm/xcode
builtin-SwiftDriver -- /Applications/Xcode-27.0.0-Release.Candidate.app/Contents/Developer/Toolchains/XcodeDefault.xctoolchain/usr/bin/swiftc -parse-as-library -module-name SupportKit -Onone @/Users/admin/builder/spi-builder-workspace/.derivedData/Build/Intermediates.noindex/SupportKit.build/Debug-watchos/SupportKit-t.build/Objects-normal/arm64_32/SupportKit.SwiftFileList -DSWIFT_PACKAGE -DDEBUG -DSWIFT_MODULE_RESOURCE_BUNDLE_UNAVAILABLE -Xcc -fmodule-map-file\=/Users/admin/builder/spi-builder-workspace/.dependencies/checkouts/swift-cmark/src/include/module.modulemap -Xcc -fmodule-map-file\=/Users/admin/builder/spi-builder-workspace/.dependencies/checkouts/swift-cmark/extensions/include/module.modulemap -DXcode -plugin-path /Applications/Xcode-27.0.0-Release.Candidate.app/Contents/Developer/Toolchains/XcodeDefault.xctoolchain/usr/lib/swift/host/plugins/testing -enable-experimental-feature DebugDescriptionMacro -sdk /Applications/Xcode-27.0.0-Release.Candidate.app/Contents/Developer/Platforms/WatchOS.platform/Developer/SDKs/WatchOS27.0.sdk -target arm64_32-apple-watchos9.0 -g -module-cache-path /Users/admin/builder/spi-builder-workspace/.derivedData/ModuleCache.noindex -Xfrontend -serialize-debugging-options -profile-coverage-mapping -profile-generate -enable-testing -index-store-path /Users/admin/builder/spi-builder-workspace/.derivedData/Index.noindex/DataStore -Xcc -D_LIBCPP_HARDENING_MODE\=_LIBCPP_HARDENING_MODE_DEBUG -swift-version 5 -I /Users/admin/builder/spi-builder-workspace/.derivedData/Build/Products/Debug-watchos -Isystem /Applications/Xcode-27.0.0-Release.Candidate.app/Contents/Developer/Platforms/WatchOS.platform/Developer/usr/lib -F /Users/admin/builder/spi-builder-workspace/.derivedData/Build/Products/Debug-watchos/PackageFrameworks -F /Users/admin/builder/spi-builder-workspace/.derivedData/Build/Products/Debug-watchos -F /Applications/Xcode-27.0.0-Release.Candidate.app/Contents/Developer/Platforms/WatchOS.platform/Developer/Library/Frameworks -F /Applications/Xcode-27.0.0-Release.Candidate.app/Contents/Developer/Platforms/WatchOS.platform/Developer/SDKs/WatchOS27.0.sdk/Developer/Library/Frameworks -c -j10 -enable-batch-mode -incremental -Xcc -ivfsstatcache -Xcc /Users/admin/builder/spi-builder-workspace/.derivedData/SDKStatCaches.noindex/watchos27.0-24R360-e829b21a6f8c9b70876ba0858053c04477534ef55a1706bf4c1112bbb242f0a2.sdkstatcache -output-file-map /Users/admin/builder/spi-builder-workspace/.derivedData/Build/Intermediates.noindex/SupportKit.build/Debug-watchos/SupportKit-t.build/Objects-normal/arm64_32/SupportKit-OutputFileMap.json -save-temps -no-color-diagnostics -explicit-module-build -module-cache-path /Users/admin/builder/spi-builder-workspace/.derivedData/Build/Intermediates.noindex/SwiftExplicitPrecompiledModules -clang-scanner-module-cache-path /Users/admin/builder/spi-builder-workspace/.derivedData/ModuleCache.noindex -sdk-module-cache-path /Users/admin/builder/spi-builder-workspace/.derivedData/SDKExplicitPrecompiledModules -emit-dependencies -emit-module -emit-module-path /Users/admin/builder/spi-builder-workspace/.derivedData/Build/Intermediates.noindex/SupportKit.build/Debug-watchos/SupportKit-t.build/Objects-normal/arm64_32/SupportKit.swiftmodule -serialize-diagnostics -dependency-scan-serialize-diagnostics-path /Users/admin/builder/spi-builder-workspace/.derivedData/Build/Intermediates.noindex/SupportKit.build/Debug-watchos/SupportKit-t.build/Objects-normal/arm64_32/SupportKit-dependency-scan.dia -validate-clang-modules-once -clang-build-session-file /Users/admin/builder/spi-builder-workspace/.derivedData/ModuleCache.noindex/Session.modulevalidation -Xcc -fmodules-prune-interval\=86400 -Xcc -fmodules-prune-after\=345600 -package-name spi_builder_workspace -emit-const-values -const-gather-protocols-list /Users/admin/builder/spi-builder-workspace/.derivedData/Build/Intermediates.noindex/SupportKit.build/Debug-watchos/SupportKit-t.build/Objects-normal/arm64_32/SupportKit_const_extract_protocols.json -Xcc -I/Users/admin/builder/spi-builder-workspace/.dependencies/checkouts/swift-cmark/src/include -Xcc -I/Users/admin/builder/spi-builder-workspace/.dependencies/checkouts/swift-cmark/extensions/include -Xcc -I/Users/admin/builder/spi-builder-workspace/.derivedData/Build/Products/Debug-watchos/include -Xcc -I/Users/admin/builder/spi-builder-workspace/.derivedData/Build/Intermediates.noindex/SupportKit.build/Debug-watchos/SupportKit-t.build/DerivedSources-normal/arm64_32 -Xcc -I/Users/admin/builder/spi-builder-workspace/.derivedData/Build/Intermediates.noindex/SupportKit.build/Debug-watchos/SupportKit-t.build/DerivedSources/arm64_32 -Xcc -I/Users/admin/builder/spi-builder-workspace/.derivedData/Build/Intermediates.noindex/SupportKit.build/Debug-watchos/SupportKit-t.build/DerivedSources -Xcc -DSWIFT_PACKAGE -Xcc -DDEBUG\=1 -emit-objc-header -emit-objc-header-path /Users/admin/builder/spi-builder-workspace/.derivedData/Build/Intermediates.noindex/SupportKit.build/Debug-watchos/SupportKit-t.build/Objects-normal/arm64_32/SupportKit-Swift.h -working-directory /Users/admin/builder/spi-builder-workspace/.swiftpm/xcode -experimental-emit-module-separately -disable-cmo
SwiftDriverJobDiscovery normal arm64 Compiling FontSize.swift, FontStyle.swift, FontWeight.swift, FontWidth.swift, ForegroundColor.swift, StrikethroughStyle.swift, TextKerning.swift, TextTracking.swift, UnderlineStyle.swift, TextStyle.swift, TextStyleBuilder.swift, Theme+Basic.swift, Theme+DocC.swift (in target 'MarkdownUI' from project 'swift-markdown-ui')
SwiftDriverJobDiscovery normal arm64_32 Compiling NumberedListView.swift, ParagraphView.swift, TableBackgroundView.swift, TableBorderSelector.swift, TableBorderView.swift, TableBounds.swift, TableCell.swift, TableView.swift, TaskListItemView.swift, TaskListView.swift, TextStyleAttributesReader.swift, ThematicBreakView.swift (in target 'MarkdownUI' from project 'swift-markdown-ui')
SwiftDriver\ Compilation MarkdownUI normal arm64_32 com.apple.xcode.tools.swift.compiler (in target 'MarkdownUI' from project 'swift-markdown-ui')
cd /Users/admin/builder/spi-builder-workspace/.swiftpm/xcode
builtin-Swift-Compilation -- /Applications/Xcode-27.0.0-Release.Candidate.app/Contents/Developer/Toolchains/XcodeDefault.xctoolchain/usr/bin/swiftc -parse-as-library -module-name MarkdownUI -Onone @/Users/admin/builder/spi-builder-workspace/.derivedData/Build/Intermediates.noindex/swift-markdown-ui.build/Debug-watchos/MarkdownUI-t.build/Objects-normal/arm64_32/MarkdownUI.SwiftFileList -DSWIFT_PACKAGE -DDEBUG -DSWIFT_MODULE_RESOURCE_BUNDLE_UNAVAILABLE -Xcc -fmodule-map-file\=/Users/admin/builder/spi-builder-workspace/.dependencies/checkouts/swift-cmark/src/include/module.modulemap -Xcc -fmodule-map-file\=/Users/admin/builder/spi-builder-workspace/.dependencies/checkouts/swift-cmark/extensions/include/module.modulemap -DXcode -plugin-path /Applications/Xcode-27.0.0-Release.Candidate.app/Contents/Developer/Toolchains/XcodeDefault.xctoolchain/usr/lib/swift/host/plugins/testing -enable-experimental-feature DebugDescriptionMacro -sdk /Applications/Xcode-27.0.0-Release.Candidate.app/Contents/Developer/Platforms/WatchOS.platform/Developer/SDKs/WatchOS27.0.sdk -target arm64_32-apple-watchos9.0 -g -module-cache-path /Users/admin/builder/spi-builder-workspace/.derivedData/ModuleCache.noindex -Xfrontend -serialize-debugging-options -profile-coverage-mapping -profile-generate -enable-testing -suppress-warnings -index-store-path /Users/admin/builder/spi-builder-workspace/.derivedData/Index.noindex/DataStore -Xcc -D_LIBCPP_HARDENING_MODE\=_LIBCPP_HARDENING_MODE_DEBUG -swift-version 5 -I /Users/admin/builder/spi-builder-workspace/.derivedData/Build/Products/Debug-watchos -Isystem /Applications/Xcode-27.0.0-Release.Candidate.app/Contents/Developer/Platforms/WatchOS.platform/Developer/usr/lib -F /Users/admin/builder/spi-builder-workspace/.derivedData/Build/Products/Debug-watchos/PackageFrameworks -F /Users/admin/builder/spi-builder-workspace/.derivedData/Build/Products/Debug-watchos -F /Applications/Xcode-27.0.0-Release.Candidate.app/Contents/Developer/Platforms/WatchOS.platform/Developer/Library/Frameworks -F /Applications/Xcode-27.0.0-Release.Candidate.app/Contents/Developer/Platforms/WatchOS.platform/Developer/SDKs/WatchOS27.0.sdk/Developer/Library/Frameworks -c -j10 -enable-batch-mode -incremental -Xcc -ivfsstatcache -Xcc /Users/admin/builder/spi-builder-workspace/.derivedData/SDKStatCaches.noindex/watchos27.0-24R360-e829b21a6f8c9b70876ba0858053c04477534ef55a1706bf4c1112bbb242f0a2.sdkstatcache -output-file-map /Users/admin/builder/spi-builder-workspace/.derivedData/Build/Intermediates.noindex/swift-markdown-ui.build/Debug-watchos/MarkdownUI-t.build/Objects-normal/arm64_32/MarkdownUI-OutputFileMap.json -save-temps -no-color-diagnostics -explicit-module-build -module-cache-path /Users/admin/builder/spi-builder-workspace/.derivedData/Build/Intermediates.noindex/SwiftExplicitPrecompiledModules -clang-scanner-module-cache-path /Users/admin/builder/spi-builder-workspace/.derivedData/ModuleCache.noindex -sdk-module-cache-path /Users/admin/builder/spi-builder-workspace/.derivedData/SDKExplicitPrecompiledModules -emit-dependencies -emit-module -emit-module-path /Users/admin/builder/spi-builder-workspace/.derivedData/Build/Intermediates.noindex/swift-markdown-ui.build/Debug-watchos/MarkdownUI-t.build/Objects-normal/arm64_32/MarkdownUI.swiftmodule -serialize-diagnostics -dependency-scan-serialize-diagnostics-path /Users/admin/builder/spi-builder-workspace/.derivedData/Build/Intermediates.noindex/swift-markdown-ui.build/Debug-watchos/MarkdownUI-t.build/Objects-normal/arm64_32/MarkdownUI-dependency-scan.dia -validate-clang-modules-once -clang-build-session-file /Users/admin/builder/spi-builder-workspace/.derivedData/ModuleCache.noindex/Session.modulevalidation -Xcc -fmodules-prune-interval\=86400 -Xcc -fmodules-prune-after\=345600 -emit-const-values -const-gather-protocols-list /Users/admin/builder/spi-builder-workspace/.derivedData/Build/Intermediates.noindex/swift-markdown-ui.build/Debug-watchos/MarkdownUI-t.build/Objects-normal/arm64_32/MarkdownUI_const_extract_protocols.json -Xcc -I/Users/admin/builder/spi-builder-workspace/.dependencies/checkouts/swift-cmark/src/include -Xcc -I/Users/admin/builder/spi-builder-workspace/.dependencies/checkouts/swift-cmark/extensions/include -Xcc -I/Users/admin/builder/spi-builder-workspace/.derivedData/Build/Products/Debug-watchos/include -Xcc -I/Users/admin/builder/spi-builder-workspace/.derivedData/Build/Intermediates.noindex/swift-markdown-ui.build/Debug-watchos/MarkdownUI-t.build/DerivedSources-normal/arm64_32 -Xcc -I/Users/admin/builder/spi-builder-workspace/.derivedData/Build/Intermediates.noindex/swift-markdown-ui.build/Debug-watchos/MarkdownUI-t.build/DerivedSources/arm64_32 -Xcc -I/Users/admin/builder/spi-builder-workspace/.derivedData/Build/Intermediates.noindex/swift-markdown-ui.build/Debug-watchos/MarkdownUI-t.build/DerivedSources -Xcc -DSWIFT_PACKAGE -Xcc -DDEBUG\=1 -emit-objc-header -emit-objc-header-path /Users/admin/builder/spi-builder-workspace/.derivedData/Build/Intermediates.noindex/swift-markdown-ui.build/Debug-watchos/MarkdownUI-t.build/Objects-normal/arm64_32/MarkdownUI-Swift.h -working-directory /Users/admin/builder/spi-builder-workspace/.swiftpm/xcode -experimental-emit-module-separately -disable-cmo
Ld /Users/admin/builder/spi-builder-workspace/.derivedData/Build/Intermediates.noindex/swift-markdown-ui.build/Debug-watchos/MarkdownUI-t.build/Objects-normal/arm64_32/Binary/MarkdownUI.o normal arm64_32 (in target 'MarkdownUI' from project 'swift-markdown-ui')
cd /Users/admin/builder/spi-builder-workspace/.dependencies/checkouts/swift-markdown-ui
/Applications/Xcode-27.0.0-Release.Candidate.app/Contents/Developer/Toolchains/XcodeDefault.xctoolchain/usr/bin/clang -Xlinker -reproducible -target arm64_32-apple-watchos9.0 -r -isysroot /Applications/Xcode-27.0.0-Release.Candidate.app/Contents/Developer/Platforms/WatchOS.platform/Developer/SDKs/WatchOS27.0.sdk -O0 -w -Xlinker -no_warn_duplicate_libraries -F/Users/admin/builder/spi-builder-workspace/.derivedData/Build/Intermediates.noindex/EagerLinkingTBDs/Debug-watchos -F/Users/admin/builder/spi-builder-workspace/.derivedData/Build/Products/Debug-watchos/PackageFrameworks -F/Users/admin/builder/spi-builder-workspace/.derivedData/Build/Products/Debug-watchos -iframework /Applications/Xcode-27.0.0-Release.Candidate.app/Contents/Developer/Platforms/WatchOS.platform/Developer/Library/Frameworks -iframework /Applications/Xcode-27.0.0-Release.Candidate.app/Contents/Developer/Platforms/WatchOS.platform/Developer/SDKs/WatchOS27.0.sdk/Developer/Library/Frameworks -filelist /Users/admin/builder/spi-builder-workspace/.derivedData/Build/Intermediates.noindex/swift-markdown-ui.build/Debug-watchos/MarkdownUI-t.build/Objects-normal/arm64_32/MarkdownUI.LinkFileList -nostdlib -Xlinker -object_path_lto -Xlinker /Users/admin/builder/spi-builder-workspace/.derivedData/Build/Intermediates.noindex/swift-markdown-ui.build/Debug-watchos/MarkdownUI-t.build/Objects-normal/arm64_32/MarkdownUI_lto.o -Xlinker -no_deduplicate -Xlinker -debug_variant -Xlinker -dependency_info -Xlinker /Users/admin/builder/spi-builder-workspace/.derivedData/Build/Intermediates.noindex/swift-markdown-ui.build/Debug-watchos/MarkdownUI-t.build/Objects-normal/arm64_32/MarkdownUI_dependency_info.dat -fobjc-link-runtime -L/Applications/Xcode-27.0.0-Release.Candidate.app/Contents/Developer/Toolchains/XcodeDefault.xctoolchain/usr/lib/swift/watchos -L/usr/lib/swift -Xlinker -add_ast_path -Xlinker /Users/admin/builder/spi-builder-workspace/.derivedData/Build/Intermediates.noindex/swift-markdown-ui.build/Debug-watchos/MarkdownUI-t.build/Objects-normal/arm64_32/MarkdownUI.swiftmodule -o /Users/admin/builder/spi-builder-workspace/.derivedData/Build/Intermediates.noindex/swift-markdown-ui.build/Debug-watchos/MarkdownUI-t.build/Objects-normal/arm64_32/Binary/MarkdownUI.o
SwiftDriverJobDiscovery normal arm64 Compiling NumberedListView.swift, ParagraphView.swift, TableBackgroundView.swift, TableBorderSelector.swift, TableBorderView.swift, TableBounds.swift, TableCell.swift, TableView.swift, TaskListItemView.swift, TaskListView.swift, TextStyleAttributesReader.swift, ThematicBreakView.swift (in target 'MarkdownUI' from project 'swift-markdown-ui')
SwiftDriverJobDiscovery normal arm64 Compiling HTMLTag.swift, InlineNode+Collect.swift, InlineNode+Rewrite.swift, InlineNode.swift, MarkdownParser.swift, AttributedStringInlineRenderer.swift, InlineTextStyles.swift, TextInlineRenderer.swift, BlockConfiguration.swift, BlockStyle.swift, CodeBlockConfiguration.swift, ListBullet.swift, ListMarkerConfiguration.swift (in target 'MarkdownUI' from project 'swift-markdown-ui')
SwiftDriverJobDiscovery normal arm64 Compiling TextTable.swift, TextTableColumn.swift, TextTableColumnAlignment.swift, TextTableColumnBuilder.swift, TextTableRow.swift, TextTableRowBuilder.swift, ThematicBreak.swift, Code.swift, Emphasis.swift, InlineContent.swift, InlineContentBuilder.swift, InlineImage.swift, InlineLink.swift (in target 'MarkdownUI' from project 'swift-markdown-ui')
SwiftDriverJobDiscovery normal arm64 Compiling Blockquote.swift, BulletedList.swift, CodeBlock.swift, Heading.swift, ListContentBuilder.swift, ListItem.swift, MarkdownContent.swift, MarkdownContentBuilder.swift, NumberedList.swift, Paragraph.swift, TaskList.swift, TaskListContentBuilder.swift, TaskListItem.swift (in target 'MarkdownUI' from project 'swift-markdown-ui')
SwiftDriverJobDiscovery normal arm64 Compiling String+KebabCase.swift, BlockMargin.swift, BlockNode+View.swift, BlockSequence.swift, BlockquoteView.swift, BulletedListView.swift, CodeBlockView.swift, ColumnWidthPreference.swift, HeadingView.swift, ImageFlow.swift, ListItemSequence.swift, ListItemView.swift (in target 'MarkdownUI' from project 'swift-markdown-ui')
SwiftEmitModule normal arm64 Emitting\ module\ for\ SupportKit (in target 'SupportKit' from project 'SupportKit')
/Users/admin/builder/spi-builder-workspace/Sources/SupportKit/Core/ChatEngine.swift:6:2: error: 'Observable()' is only available in watchOS 10.0 or newer
4 | /// Handles message processing and response generation
5 | @available(iOS 17.0, macOS 14.0, *)
6 | @Observable
| `- error: 'Observable()' is only available in watchOS 10.0 or newer
7 | @MainActor
8 | public final class ChatEngine {
macro expansion @Observable:1:2: error: 'ObservationTracked()' is only available in watchOS 10.0 or newer
`- /Users/admin/builder/spi-builder-workspace/Sources/SupportKit/Core/ChatEngine.swift:11:5: note: expanded code originates here
4 | /// Handles message processing and response generation
5 | @available(iOS 17.0, macOS 14.0, *)
6 | @Observable
| `- note: in expansion of macro 'Observable' on property 'messages' here
7 | @MainActor
8 | public final class ChatEngine {
| `- note: add '@available' attribute to enclosing class
9 |
10 | /// All messages in the conversation
11 | public private(set) var messages: [Message] = []
+--- macro expansion @Observable -----------------------------------
|1 | @ObservationTracked
| | `- error: 'ObservationTracked()' is only available in watchOS 10.0 or newer
+-------------------------------------------------------------------
12 |
13 | /// Whether a response is being generated
macro expansion @Observable:1:2: error: 'ObservationTracked()' is only available in watchOS 10.0 or newer
`- /Users/admin/builder/spi-builder-workspace/Sources/SupportKit/Core/ChatEngine.swift:14:5: note: expanded code originates here
4 | /// Handles message processing and response generation
5 | @available(iOS 17.0, macOS 14.0, *)
6 | @Observable
| `- note: in expansion of macro 'Observable' on property 'isProcessing' here
7 | @MainActor
8 | public final class ChatEngine {
| `- note: add '@available' attribute to enclosing class
9 |
10 | /// All messages in the conversation
:
12 |
13 | /// Whether a response is being generated
14 | public private(set) var isProcessing: Bool = false
+--- macro expansion @Observable -----------------------------------
|1 | @ObservationTracked
| | `- error: 'ObservationTracked()' is only available in watchOS 10.0 or newer
+-------------------------------------------------------------------
15 |
16 | /// Configuration
macro expansion @Observable:1:2: error: 'ObservationTracked()' is only available in watchOS 10.0 or newer
`- /Users/admin/builder/spi-builder-workspace/Sources/SupportKit/Core/ChatEngine.swift:20:5: note: expanded code originates here
4 | /// Handles message processing and response generation
5 | @available(iOS 17.0, macOS 14.0, *)
6 | @Observable
| `- note: in expansion of macro 'Observable' on property 'onDeviceProcessor' here
7 | @MainActor
8 | public final class ChatEngine {
| `- note: add '@available' attribute to enclosing class
9 |
10 | /// All messages in the conversation
:
18 |
19 | /// On-device processor (when available)
20 | private var onDeviceProcessor: OnDeviceProcessor?
+--- macro expansion @Observable -----------------------------------
|1 | @ObservationTracked
| | `- error: 'ObservationTracked()' is only available in watchOS 10.0 or newer
+-------------------------------------------------------------------
21 |
22 | /// API client for cloud fallback
macro expansion @Observable:1:2: error: 'ObservationTracked()' is only available in watchOS 10.0 or newer
`- /Users/admin/builder/spi-builder-workspace/Sources/SupportKit/Core/ChatEngine.swift:26:5: note: expanded code originates here
4 | /// Handles message processing and response generation
5 | @available(iOS 17.0, macOS 14.0, *)
6 | @Observable
| `- note: in expansion of macro 'Observable' on property 'knowledgeCache' here
7 | @MainActor
8 | public final class ChatEngine {
| `- note: add '@available' attribute to enclosing class
9 |
10 | /// All messages in the conversation
:
24 |
25 | /// Local knowledge cache
26 | private var knowledgeCache: KnowledgeCache
+--- macro expansion @Observable -----------------------------------
|1 | @ObservationTracked
| | `- error: 'ObservationTracked()' is only available in watchOS 10.0 or newer
+-------------------------------------------------------------------
27 |
28 | init(configuration: Configuration) {
macro expansion @Observable:1:2: error: 'ObservationIgnored()' is only available in watchOS 10.0 or newer
`- /Users/admin/builder/spi-builder-workspace/Sources/SupportKit/Core/ChatEngine.swift:110:1: note: expanded code originates here
4 | /// Handles message processing and response generation
5 | @available(iOS 17.0, macOS 14.0, *)
6 | @Observable
| `- note: in expansion of macro 'Observable' on class 'ChatEngine' here
7 | @MainActor
8 | public final class ChatEngine {
| `- note: add '@available' attribute to enclosing class
9 |
10 | /// All messages in the conversation
:
108 | )
109 | }
110 | }
+--- macro expansion @Observable -----------------------------------
| 1 | @ObservationIgnored private let _$observationRegistrar = Observation.ObservationRegistrar()
| | `- error: 'ObservationIgnored()' is only available in watchOS 10.0 or newer
| 2 |
| 3 | internal nonisolated func access<$s10SupportKit10ChatEngine10ObservablefMm_6MemberfMu_>(
+-------------------------------------------------------------------
111 |
macro expansion @ObservationTracked:3:6: error: 'ObservationIgnored()' is only available in watchOS 10.0 or newer
`- /Users/admin/builder/spi-builder-workspace/Sources/SupportKit/Core/ChatEngine.swift:11:53: note: expanded code originates here
6 | @Observable
7 | @MainActor
8 | public final class ChatEngine {
| `- note: add '@available' attribute to enclosing class
9 |
10 | /// All messages in the conversation
11 | public private(set) var messages: [Message] = []
+--- macro expansion @ObservationTracked ---------------------------
|1 | /// All messages in the conversation
|2 |
|3 | @ObservationIgnored
| | `- error: 'ObservationIgnored()' is only available in watchOS 10.0 or newer
|4 | private var _messages: [Message] = []
+-------------------------------------------------------------------
12 |
13 | /// Whether a response is being generated
macro expansion @ObservationTracked:3:6: error: 'ObservationIgnored()' is only available in watchOS 10.0 or newer
`- /Users/admin/builder/spi-builder-workspace/Sources/SupportKit/Core/ChatEngine.swift:14:55: note: expanded code originates here
6 | @Observable
7 | @MainActor
8 | public final class ChatEngine {
| `- note: add '@available' attribute to enclosing class
9 |
10 | /// All messages in the conversation
:
12 |
13 | /// Whether a response is being generated
14 | public private(set) var isProcessing: Bool = false
+--- macro expansion @ObservationTracked ---------------------------
|1 | /// Whether a response is being generated
|2 |
|3 | @ObservationIgnored
| | `- error: 'ObservationIgnored()' is only available in watchOS 10.0 or newer
|4 | private var _isProcessing: Bool = false
+-------------------------------------------------------------------
15 |
16 | /// Configuration
macro expansion @ObservationTracked:3:6: error: 'ObservationIgnored()' is only available in watchOS 10.0 or newer
`- /Users/admin/builder/spi-builder-workspace/Sources/SupportKit/Core/ChatEngine.swift:20:54: note: expanded code originates here
6 | @Observable
7 | @MainActor
8 | public final class ChatEngine {
| `- note: add '@available' attribute to enclosing class
9 |
10 | /// All messages in the conversation
:
18 |
19 | /// On-device processor (when available)
20 | private var onDeviceProcessor: OnDeviceProcessor?
+--- macro expansion @ObservationTracked ---------------------------
|1 | /// On-device processor (when available)
|2 |
|3 | @ObservationIgnored
| | `- error: 'ObservationIgnored()' is only available in watchOS 10.0 or newer
|4 | private var _onDeviceProcessor: OnDeviceProcessor?
+-------------------------------------------------------------------
21 |
22 | /// API client for cloud fallback
SwiftCompile normal arm64 (in target 'SupportKit' from project 'SupportKit')
cd /Users/admin/builder/spi-builder-workspace/.swiftpm/xcode
SwiftCompile normal arm64 Compiling\ ChatView.swift,\ ChatEngine.swift /Users/admin/builder/spi-builder-workspace/Sources/SupportKit/Chat/ChatView.swift /Users/admin/builder/spi-builder-workspace/Sources/SupportKit/Core/ChatEngine.swift (in target 'SupportKit' from project 'SupportKit')
SwiftCompile normal arm64 /Users/admin/builder/spi-builder-workspace/Sources/SupportKit/Chat/ChatView.swift (in target 'SupportKit' from project 'SupportKit')
cd /Users/admin/builder/spi-builder-workspace/.swiftpm/xcode
builtin-SwiftPerFileCompile ChatView.swift
SwiftCompile normal arm64 /Users/admin/builder/spi-builder-workspace/Sources/SupportKit/Core/ChatEngine.swift (in target 'SupportKit' from project 'SupportKit')
cd /Users/admin/builder/spi-builder-workspace/.swiftpm/xcode
builtin-SwiftPerFileCompile ChatEngine.swift
SwiftCompile normal arm64 Compiling\ DataConsentView.swift /Users/admin/builder/spi-builder-workspace/Sources/SupportKit/UI/DataConsentView.swift (in target 'SupportKit' from project 'SupportKit')
SwiftCompile normal arm64 /Users/admin/builder/spi-builder-workspace/Sources/SupportKit/UI/DataConsentView.swift (in target 'SupportKit' from project 'SupportKit')
cd /Users/admin/builder/spi-builder-workspace/.swiftpm/xcode
builtin-SwiftPerFileCompile DataConsentView.swift
SwiftCompile normal arm64 Compiling\ APIClient.swift /Users/admin/builder/spi-builder-workspace/Sources/SupportKit/Networking/APIClient.swift (in target 'SupportKit' from project 'SupportKit')
SwiftCompile normal arm64 /Users/admin/builder/spi-builder-workspace/Sources/SupportKit/Networking/APIClient.swift (in target 'SupportKit' from project 'SupportKit')
cd /Users/admin/builder/spi-builder-workspace/.swiftpm/xcode
builtin-SwiftPerFileCompile APIClient.swift
SwiftCompile normal arm64 Compiling\ KnowledgeCache.swift /Users/admin/builder/spi-builder-workspace/Sources/SupportKit/Intelligence/KnowledgeCache.swift (in target 'SupportKit' from project 'SupportKit')
SwiftCompile normal arm64 /Users/admin/builder/spi-builder-workspace/Sources/SupportKit/Intelligence/KnowledgeCache.swift (in target 'SupportKit' from project 'SupportKit')
cd /Users/admin/builder/spi-builder-workspace/.swiftpm/xcode
builtin-SwiftPerFileCompile KnowledgeCache.swift
SwiftCompile normal arm64 Compiling\ OnDeviceProcessor.swift /Users/admin/builder/spi-builder-workspace/Sources/SupportKit/Intelligence/OnDeviceProcessor.swift (in target 'SupportKit' from project 'SupportKit')
SwiftCompile normal arm64 /Users/admin/builder/spi-builder-workspace/Sources/SupportKit/Intelligence/OnDeviceProcessor.swift (in target 'SupportKit' from project 'SupportKit')
cd /Users/admin/builder/spi-builder-workspace/.swiftpm/xcode
builtin-SwiftPerFileCompile OnDeviceProcessor.swift
SwiftCompile normal arm64 Compiling\ InputBar.swift /Users/admin/builder/spi-builder-workspace/Sources/SupportKit/UI/InputBar.swift (in target 'SupportKit' from project 'SupportKit')
/Users/admin/builder/spi-builder-workspace/Sources/SupportKit/Core/ChatEngine.swift:6:2: error: 'Observable()' is only available in watchOS 10.0 or newer
4 | /// Handles message processing and response generation
5 | @available(iOS 17.0, macOS 14.0, *)
6 | @Observable
| `- error: 'Observable()' is only available in watchOS 10.0 or newer
7 | @MainActor
8 | public final class ChatEngine {
/Users/admin/builder/spi-builder-workspace/Sources/SupportKit/UI/InputBar.swift:31:28: error: 'systemBackground' is unavailable in watchOS
29 | .padding(.vertical, 8)
30 | #if canImport(UIKit)
31 | .background(Color(.systemBackground).opacity(0.95))
| `- error: 'systemBackground' is unavailable in watchOS
32 | #else
33 | .background(.background.opacity(0.95))
/Applications/Xcode-27.0.0-Release.Candidate.app/Contents/Developer/Platforms/WatchOS.platform/Developer/SDKs/WatchOS27.0.sdk/System/Library/Frameworks/UIKit.framework/Headers/UIInterface.h:208:49: note: 'systemBackground' has been explicitly marked unavailable here
206 | * primary background in light mode.
207 | */
208 | @property (class, nonatomic, readonly) UIColor *systemBackgroundColor API_AVAILABLE(ios(13.0)) API_UNAVAILABLE(tvos, watchos);
| `- note: 'systemBackground' has been explicitly marked unavailable here
209 | @property (class, nonatomic, readonly) UIColor *secondarySystemBackgroundColor API_AVAILABLE(ios(13.0)) API_UNAVAILABLE(tvos, watchos);
210 | @property (class, nonatomic, readonly) UIColor *tertiarySystemBackgroundColor API_AVAILABLE(ios(13.0)) API_UNAVAILABLE(tvos, watchos);
Failed frontend command:
/Applications/Xcode-27.0.0-Release.Candidate.app/Contents/Developer/Toolchains/XcodeDefault.xctoolchain/usr/bin/swift-frontend -frontend -c /Users/admin/builder/spi-builder-workspace/Sources/SupportKit/Chat/ChatView.swift /Users/admin/builder/spi-builder-workspace/Sources/SupportKit/Core/ChatEngine.swift /Users/admin/builder/spi-builder-workspace/Sources/SupportKit/Core/Configuration.swift /Users/admin/builder/spi-builder-workspace/Sources/SupportKit/Core/Message.swift /Users/admin/builder/spi-builder-workspace/Sources/SupportKit/Core/SupportKit.swift /Users/admin/builder/spi-builder-workspace/Sources/SupportKit/Intelligence/KnowledgeCache.swift /Users/admin/builder/spi-builder-workspace/Sources/SupportKit/Intelligence/OnDeviceProcessor.swift /Users/admin/builder/spi-builder-workspace/Sources/SupportKit/Networking/APIClient.swift /Users/admin/builder/spi-builder-workspace/Sources/SupportKit/UI/DataConsentView.swift -primary-file /Users/admin/builder/spi-builder-workspace/Sources/SupportKit/UI/InputBar.swift /Users/admin/builder/spi-builder-workspace/Sources/SupportKit/UI/MessageBubble.swift -emit-dependencies-path /Users/admin/builder/spi-builder-workspace/.derivedData/Build/Intermediates.noindex/SupportKit.build/Debug-watchos/SupportKit-t.build/Objects-normal/arm64/InputBar.d -emit-const-values-path /Users/admin/builder/spi-builder-workspace/.derivedData/Build/Intermediates.noindex/SupportKit.build/Debug-watchos/SupportKit-t.build/Objects-normal/arm64/InputBar.swiftconstvalues -emit-reference-dependencies-path /Users/admin/builder/spi-builder-workspace/.derivedData/Build/Intermediates.noindex/SupportKit.build/Debug-watchos/SupportKit-t.build/Objects-normal/arm64/InputBar.swiftdeps -serialize-diagnostics-path /Users/admin/builder/spi-builder-workspace/.derivedData/Build/Intermediates.noindex/SupportKit.build/Debug-watchos/SupportKit-t.build/Objects-normal/arm64/InputBar.dia -target arm64-apple-watchos9.0 -module-can-import-version UIKit 9127.0.84.1 9127.0.84 -disable-cross-import-overlay-search -load-resolved-plugin /Applications/Xcode-27.0.0-Release.Candidate.app/Contents/Developer/Platforms/WatchOS.platform/Developer/usr/lib/swift/host/plugins/libFoundationMacros.dylib\#/Applications/Xcode-27.0.0-Release.Candidate.app/Contents/Developer/Platforms/WatchOS.platform/Developer/usr/bin/swift-plugin-server\#FoundationMacros -load-resolved-plugin /Applications/Xcode-27.0.0-Release.Candidate.app/Contents/Developer/Platforms/WatchOS.platform/Developer/usr/lib/swift/host/plugins/libObservationMacros.dylib\#/Applications/Xcode-27.0.0-Release.Candidate.app/Contents/Developer/Platforms/WatchOS.platform/Developer/usr/bin/swift-plugin-server\#ObservationMacros -load-resolved-plugin /Applications/Xcode-27.0.0-Release.Candidate.app/Contents/Developer/Platforms/WatchOS.platform/Developer/usr/lib/swift/host/plugins/libPreviewsMacros.dylib\#/Applications/Xcode-27.0.0-Release.Candidate.app/Contents/Developer/Platforms/WatchOS.platform/Developer/usr/bin/swift-plugin-server\#PreviewsMacros -load-resolved-plugin /Applications/Xcode-27.0.0-Release.Candidate.app/Contents/Developer/Platforms/WatchOS.platform/Developer/usr/lib/swift/host/plugins/libSwiftMacros.dylib\#/Applications/Xcode-27.0.0-Release.Candidate.app/Contents/Developer/Platforms/WatchOS.platform/Developer/usr/bin/swift-plugin-server\#SwiftMacros -load-resolved-plugin /Applications/Xcode-27.0.0-Release.Candidate.app/Contents/Developer/Platforms/WatchOS.platform/Developer/usr/lib/swift/host/plugins/libSwiftUIMacros.dylib\#/Applications/Xcode-27.0.0-Release.Candidate.app/Contents/Developer/Platforms/WatchOS.platform/Developer/usr/bin/swift-plugin-server\#SwiftUIMacros -disable-implicit-swift-modules -Xcc -fno-implicit-modules -Xcc -fno-implicit-module-maps -explicit-swift-module-map-file /Users/admin/builder/spi-builder-workspace/.derivedData/Build/Intermediates.noindex/SupportKit.build/Debug-watchos/SupportKit-t.build/Objects-normal/arm64/SupportKit-dependencies-1.json -Xllvm -aarch64-use-tbi -enable-objc-interop -stack-check -sdk /Applications/Xcode-27.0.0-Release.Candidate.app/Contents/Developer/Platforms/WatchOS.platform/Developer/SDKs/WatchOS27.0.sdk -I /Users/admin/builder/spi-builder-workspace/.derivedData/Build/Products/Debug-watchos -Isystem /Applications/Xcode-27.0.0-Release.Candidate.app/Contents/Developer/Platforms/WatchOS.platform/Developer/usr/lib -F /Users/admin/builder/spi-builder-workspace/.derivedData/Build/Products/Debug-watchos/PackageFrameworks -F /Users/admin/builder/spi-builder-workspace/.derivedData/Build/Products/Debug-watchos -F /Applications/Xcode-27.0.0-Release.Candidate.app/Contents/Developer/Platforms/WatchOS.platform/Developer/Library/Frameworks -F /Applications/Xcode-27.0.0-Release.Candidate.app/Contents/Developer/Platforms/WatchOS.platform/Developer/SDKs/WatchOS27.0.sdk/Developer/Library/Frameworks -module-cache-path /Users/admin/builder/spi-builder-workspace/.derivedData/Build/Intermediates.noindex/SwiftExplicitPrecompiledModules -no-color-diagnostics -Xcc -fno-color-diagnostics -enable-testing -g -debug-info-format\=dwarf -dwarf-version\=4 -profile-generate -profile-coverage-mapping -swift-version 5 -Onone -D SWIFT_PACKAGE -D DEBUG -D SWIFT_MODULE_RESOURCE_BUNDLE_UNAVAILABLE -D Xcode -serialize-debugging-options -enable-experimental-feature DebugDescriptionMacro -empty-abi-descriptor -validate-clang-modules-once -clang-build-session-file /Users/admin/builder/spi-builder-workspace/.derivedData/ModuleCache.noindex/Session.modulevalidation -Xcc -working-directory -Xcc /Users/admin/builder/spi-builder-workspace/.swiftpm/xcode -enable-anonymous-context-mangled-names -file-compilation-dir /Users/admin/builder/spi-builder-workspace/.swiftpm/xcode -Xcc -fmodule-map-file\=/Users/admin/builder/spi-builder-workspace/.dependencies/checkouts/swift-cmark/src/include/module.modulemap -Xcc -fmodule-map-file\=/Users/admin/builder/spi-builder-workspace/.dependencies/checkouts/swift-cmark/extensions/include/module.modulemap -Xcc -D_LIBCPP_HARDENING_MODE\=_LIBCPP_HARDENING_MODE_DEBUG -Xcc -ivfsstatcache -Xcc /Users/admin/builder/spi-builder-workspace/.derivedData/SDKStatCaches.noindex/watchos27.0-24R360-e829b21a6f8c9b70876ba0858053c04477534ef55a1706bf4c1112bbb242f0a2.sdkstatcache -Xcc -fmodules-prune-interval\=86400 -Xcc -fmodules-prune-after\=345600 -Xcc -I/Users/admin/builder/spi-builder-workspace/.dependencies/checkouts/swift-cmark/src/include -Xcc -I/Users/admin/builder/spi-builder-workspace/.dependencies/checkouts/swift-cmark/extensions/include -Xcc -I/Users/admin/builder/spi-builder-workspace/.derivedData/Build/Products/Debug-watchos/include -Xcc -I/Users/admin/builder/spi-builder-workspace/.derivedData/Build/Intermediates.noindex/SupportKit.build/Debug-watchos/SupportKit-t.build/DerivedSources-normal/arm64 -Xcc -I/Users/admin/builder/spi-builder-workspace/.derivedData/Build/Intermediates.noindex/SupportKit.build/Debug-watchos/SupportKit-t.build/DerivedSources/arm64 -Xcc -I/Users/admin/builder/spi-builder-workspace/.derivedData/Build/Intermediates.noindex/SupportKit.build/Debug-watchos/SupportKit-t.build/DerivedSources -Xcc -DSWIFT_PACKAGE -Xcc -DDEBUG\=1 -no-auto-bridging-header-chaining -module-name SupportKit -package-name spi_builder_workspace -const-gather-protocols-file /Users/admin/builder/spi-builder-workspace/.derivedData/Build/Intermediates.noindex/SupportKit.build/Debug-watchos/SupportKit-t.build/Objects-normal/arm64/SupportKit_const_extract_protocols.json -disable-clang-spi -clang-target arm64-apple-watchos27.0 -target-sdk-version 27.0 -target-sdk-name watchos27.0 -in-process-plugin-server-path /Applications/Xcode-27.0.0-Release.Candidate.app/Contents/Developer/Toolchains/XcodeDefault.xctoolchain/usr/lib/swift/host/libSwiftInProcPluginServer.dylib -parse-as-library -o /Users/admin/builder/spi-builder-workspace/.derivedData/Build/Intermediates.noindex/SupportKit.build/Debug-watchos/SupportKit-t.build/Objects-normal/arm64/InputBar.o -debug-module-path /Users/admin/builder/spi-builder-workspace/.derivedData/Build/Intermediates.noindex/SupportKit.build/Debug-watchos/SupportKit-t.build/Objects-normal/arm64/SupportKit.swiftmodule -index-unit-output-path /SupportKit.build/Debug-watchos/SupportKit-t.build/Objects-normal/arm64/InputBar.o -index-store-path /Users/admin/builder/spi-builder-workspace/.derivedData/Index.noindex/DataStore -index-system-modules
SwiftCompile normal arm64 /Users/admin/builder/spi-builder-workspace/Sources/SupportKit/UI/InputBar.swift (in target 'SupportKit' from project 'SupportKit')
cd /Users/admin/builder/spi-builder-workspace/.swiftpm/xcode
builtin-SwiftPerFileCompile InputBar.swift
SwiftCompile normal arm64 Compiling\ Message.swift /Users/admin/builder/spi-builder-workspace/Sources/SupportKit/Core/Message.swift (in target 'SupportKit' from project 'SupportKit')
SwiftCompile normal arm64 /Users/admin/builder/spi-builder-workspace/Sources/SupportKit/Core/Message.swift (in target 'SupportKit' from project 'SupportKit')
cd /Users/admin/builder/spi-builder-workspace/.swiftpm/xcode
builtin-SwiftPerFileCompile Message.swift
SwiftEmitModule normal arm64_32 Emitting\ module\ for\ SupportKit (in target 'SupportKit' from project 'SupportKit')
SwiftCompile normal arm64_32 (in target 'SupportKit' from project 'SupportKit')
cd /Users/admin/builder/spi-builder-workspace/.swiftpm/xcode
SwiftDriverJobDiscovery normal arm64 Compiling Environment+BaseURL.swift, Environment+CodeSyntaxHighlighter.swift, Environment+ImageProvider.swift, Environment+InlineImageProvider.swift, Environment+List.swift, Environment+SoftBreakMode.swift, Environment+Table.swift, Environment+TextStyle.swift, Environment+Theme.swift, ImageView.swift, InlineText.swift, Markdown.swift (in target 'MarkdownUI' from project 'swift-markdown-ui')
SwiftCompile normal arm64_32 Compiling\ KnowledgeCache.swift /Users/admin/builder/spi-builder-workspace/Sources/SupportKit/Intelligence/KnowledgeCache.swift (in target 'SupportKit' from project 'SupportKit')
SwiftCompile normal arm64_32 /Users/admin/builder/spi-builder-workspace/Sources/SupportKit/Intelligence/KnowledgeCache.swift (in target 'SupportKit' from project 'SupportKit')
cd /Users/admin/builder/spi-builder-workspace/.swiftpm/xcode
builtin-SwiftPerFileCompile KnowledgeCache.swift
SwiftDriverJobDiscovery normal arm64 Compiling OnDeviceProcessor.swift (in target 'SupportKit' from project 'SupportKit')
SwiftCompile normal arm64_32 Compiling\ OnDeviceProcessor.swift /Users/admin/builder/spi-builder-workspace/Sources/SupportKit/Intelligence/OnDeviceProcessor.swift (in target 'SupportKit' from project 'SupportKit')
SwiftCompile normal arm64_32 /Users/admin/builder/spi-builder-workspace/Sources/SupportKit/Intelligence/OnDeviceProcessor.swift (in target 'SupportKit' from project 'SupportKit')
cd /Users/admin/builder/spi-builder-workspace/.swiftpm/xcode
builtin-SwiftPerFileCompile OnDeviceProcessor.swift
SwiftDriverJobDiscovery normal arm64 Compiling KnowledgeCache.swift (in target 'SupportKit' from project 'SupportKit')
SwiftCompile normal arm64_32 Compiling\ SupportKit.swift /Users/admin/builder/spi-builder-workspace/Sources/SupportKit/Core/SupportKit.swift (in target 'SupportKit' from project 'SupportKit')
SwiftCompile normal arm64_32 /Users/admin/builder/spi-builder-workspace/Sources/SupportKit/Core/SupportKit.swift (in target 'SupportKit' from project 'SupportKit')
cd /Users/admin/builder/spi-builder-workspace/.swiftpm/xcode
builtin-SwiftPerFileCompile SupportKit.swift
SwiftDriverJobDiscovery normal arm64 Compiling Message.swift (in target 'SupportKit' from project 'SupportKit')
SwiftCompile normal arm64_32 Compiling\ Configuration.swift /Users/admin/builder/spi-builder-workspace/Sources/SupportKit/Core/Configuration.swift (in target 'SupportKit' from project 'SupportKit')
SwiftCompile normal arm64_32 /Users/admin/builder/spi-builder-workspace/Sources/SupportKit/Core/Configuration.swift (in target 'SupportKit' from project 'SupportKit')
cd /Users/admin/builder/spi-builder-workspace/.swiftpm/xcode
builtin-SwiftPerFileCompile Configuration.swift
PruneExplicitPrecompiledModules /Users/admin/builder/spi-builder-workspace/.derivedData/Build/Intermediates.noindex/ExplicitPrecompiledModules
PruneExplicitPrecompiledModules /Users/admin/builder/spi-builder-workspace/.derivedData/Build/Intermediates.noindex/SwiftExplicitPrecompiledModules
PruneExplicitPrecompiledModules /Users/admin/builder/spi-builder-workspace/.derivedData/SDKExplicitPrecompiledModules
2026-09-24 05:04:22.459 xcodebuild[761:4612] [MT] IDERunDestination: Supported platforms for the buildables in the current scheme is empty.
** BUILD FAILED **
The following build commands failed:
SwiftCompile normal arm64 Compiling\ InputBar.swift /Users/admin/builder/spi-builder-workspace/Sources/SupportKit/UI/InputBar.swift (in target 'SupportKit' from project 'SupportKit')
SwiftCompile normal arm64 /Users/admin/builder/spi-builder-workspace/Sources/SupportKit/UI/InputBar.swift (in target 'SupportKit' from project 'SupportKit')
Building workspace SupportKit with scheme SupportKit
(3 failures)
Command line invocation:
/Applications/Xcode-27.0.0-Release.Candidate.app/Contents/Developer/usr/bin/xcodebuild -IDEClonedSourcePackagesDirPathOverride=/Users/admin/builder/spi-builder-workspace/.dependencies -resolvePackageDependencies
Resolve Package Graph
Resolved source packages:
SupportKit: /Users/admin/builder/spi-builder-workspace
cmark-gfm: https://github.com/swiftlang/swift-cmark @ 0.9.0
NetworkImage: https://github.com/gonzalezreal/NetworkImage @ 6.0.1
swift-markdown-ui: https://github.com/Babu12345/swift-markdown-ui @ 2.4.1
resolved source packages: SupportKit, cmark-gfm, NetworkImage, swift-markdown-ui
2026-09-24 05:04:39.161 xcodebuild[1242:6604] [MT] IDERunDestination: Supported platforms for the buildables in the current scheme is empty.
{
"dependencies" : [
{
"identity" : "swift-markdown-ui",
"requirement" : {
"range" : [
{
"lower_bound" : "2.4.0",
"upper_bound" : "3.0.0"
}
]
},
"type" : "sourceControl",
"url" : "https://github.com/Babu12345/swift-markdown-ui"
}
],
"manifest_display_name" : "SupportKit",
"name" : "SupportKit",
"path" : "/Users/admin/builder/spi-builder-workspace",
"platforms" : [
{
"name" : "ios",
"version" : "16.0"
},
{
"name" : "macos",
"version" : "13.0"
}
],
"products" : [
{
"name" : "SupportKit",
"targets" : [
"SupportKit"
],
"type" : {
"library" : [
"automatic"
]
}
}
],
"targets" : [
{
"c99name" : "SupportKitTests",
"module_type" : "SwiftTarget",
"name" : "SupportKitTests",
"path" : "Tests/SupportKitTests",
"sources" : [
"SupportKitTests.swift"
],
"target_dependencies" : [
"SupportKit"
],
"type" : "test"
},
{
"c99name" : "SupportKit",
"module_type" : "SwiftTarget",
"name" : "SupportKit",
"path" : "Sources/SupportKit",
"product_dependencies" : [
"MarkdownUI"
],
"product_memberships" : [
"SupportKit"
],
"sources" : [
"Chat/ChatView.swift",
"Core/ChatEngine.swift",
"Core/Configuration.swift",
"Core/Message.swift",
"Core/SupportKit.swift",
"Intelligence/KnowledgeCache.swift",
"Intelligence/OnDeviceProcessor.swift",
"Networking/APIClient.swift",
"UI/DataConsentView.swift",
"UI/InputBar.swift",
"UI/MessageBubble.swift"
],
"type" : "library"
}
],
"tools_version" : "6.0"
}
{
"workspace" : {
"name" : "SupportKit",
"schemes" : [
"MarkdownUI",
"SupportKit"
]
}
}
2026-09-24 05:04:40.476 xcodebuild[1250:6669] [MT] IDERunDestination: Supported platforms for the buildables in the current scheme is empty.
{
"workspace" : {
"name" : "SupportKit",
"schemes" : [
"MarkdownUI",
"SupportKit"
]
}
}
2026-09-24 05:04:41.571 xcodebuild[1252:6704] [MT] IDERunDestination: Supported platforms for the buildables in the current scheme is empty.
Running build ...
env DEVELOPER_DIR=/Applications/Xcode-27.0.0-Release.Candidate.app xcrun xcodebuild -IDEClonedSourcePackagesDirPathOverride=$PWD/.dependencies -skipMacroValidation -skipPackagePluginValidation -derivedDataPath $PWD/.derivedData build -scheme SupportKit -destination generic/platform=watchOS
Command line invocation:
/Applications/Xcode-27.0.0-Release.Candidate.app/Contents/Developer/usr/bin/xcodebuild -IDEClonedSourcePackagesDirPathOverride=/Users/admin/builder/spi-builder-workspace/.dependencies -skipMacroValidation -skipPackagePluginValidation -derivedDataPath /Users/admin/builder/spi-builder-workspace/.derivedData build -scheme SupportKit -destination generic/platform=watchOS
Resolve Package Graph
Resolved source packages:
SupportKit: /Users/admin/builder/spi-builder-workspace
swift-markdown-ui: https://github.com/Babu12345/swift-markdown-ui @ 2.4.1
cmark-gfm: https://github.com/swiftlang/swift-cmark @ 0.9.0
NetworkImage: https://github.com/gonzalezreal/NetworkImage @ 6.0.1
ComputePackagePrebuildTargetDependencyGraph
Prepare packages
CreateBuildRequest
SendProjectDescription
CreateBuildOperation
ComputeTargetDependencyGraph
note: Building targets in dependency order
note: Target dependency graph (10 targets)
Target 'SupportKit-product' in project 'SupportKit'
➜ Explicit dependency on target 'SupportKit' in project 'SupportKit'
➜ Explicit dependency on target 'MarkdownUI-product' in project 'swift-markdown-ui'
Target 'SupportKit' in project 'SupportKit'
➜ Explicit dependency on target 'MarkdownUI-product' in project 'swift-markdown-ui'
Target 'MarkdownUI-product' in project 'swift-markdown-ui'
➜ Explicit dependency on target 'MarkdownUI' in project 'swift-markdown-ui'
➜ Explicit dependency on target 'cmark-gfm-product' in project 'cmark-gfm'
➜ Explicit dependency on target 'cmark-gfm-extensions-product' in project 'cmark-gfm'
➜ Explicit dependency on target 'NetworkImage-product' in project 'NetworkImage'
Target 'MarkdownUI' in project 'swift-markdown-ui'
➜ Explicit dependency on target 'cmark-gfm-product' in project 'cmark-gfm'
➜ Explicit dependency on target 'cmark-gfm-extensions-product' in project 'cmark-gfm'
➜ Explicit dependency on target 'NetworkImage-product' in project 'NetworkImage'
Target 'NetworkImage-product' in project 'NetworkImage'
➜ Explicit dependency on target 'NetworkImage' in project 'NetworkImage'
Target 'NetworkImage' in project 'NetworkImage' (no dependencies)
Target 'cmark-gfm-extensions-product' in project 'cmark-gfm'
➜ Explicit dependency on target 'cmark-gfm-extensions' in project 'cmark-gfm'
➜ Explicit dependency on target 'cmark-gfm' in project 'cmark-gfm'
Target 'cmark-gfm-extensions' in project 'cmark-gfm'
➜ Explicit dependency on target 'cmark-gfm' in project 'cmark-gfm'
Target 'cmark-gfm-product' in project 'cmark-gfm'
➜ Explicit dependency on target 'cmark-gfm' in project 'cmark-gfm'
Target 'cmark-gfm' in project 'cmark-gfm' (no dependencies)
GatherProvisioningInputs
CreateBuildDescription
ClangStatCache /Applications/Xcode-27.0.0-Release.Candidate.app/Contents/Developer/Toolchains/XcodeDefault.xctoolchain/usr/bin/clang-stat-cache /Applications/Xcode-27.0.0-Release.Candidate.app/Contents/Developer/Platforms/WatchOS.platform/Developer/SDKs/WatchOS27.0.sdk /Users/admin/builder/spi-builder-workspace/.derivedData/SDKStatCaches.noindex/watchos27.0-24R360-e829b21a6f8c9b70876ba0858053c04477534ef55a1706bf4c1112bbb242f0a2.sdkstatcache
cd /Users/admin/builder/spi-builder-workspace/.swiftpm/xcode
/Applications/Xcode-27.0.0-Release.Candidate.app/Contents/Developer/Toolchains/XcodeDefault.xctoolchain/usr/bin/clang-stat-cache /Applications/Xcode-27.0.0-Release.Candidate.app/Contents/Developer/Platforms/WatchOS.platform/Developer/SDKs/WatchOS27.0.sdk -o /Users/admin/builder/spi-builder-workspace/.derivedData/SDKStatCaches.noindex/watchos27.0-24R360-e829b21a6f8c9b70876ba0858053c04477534ef55a1706bf4c1112bbb242f0a2.sdkstatcache
SwiftDriver SupportKit normal arm64 com.apple.xcode.tools.swift.compiler (in target 'SupportKit' from project 'SupportKit')
cd /Users/admin/builder/spi-builder-workspace/.swiftpm/xcode
builtin-SwiftDriver -- /Applications/Xcode-27.0.0-Release.Candidate.app/Contents/Developer/Toolchains/XcodeDefault.xctoolchain/usr/bin/swiftc -parse-as-library -module-name SupportKit -Onone @/Users/admin/builder/spi-builder-workspace/.derivedData/Build/Intermediates.noindex/SupportKit.build/Debug-watchos/SupportKit-t.build/Objects-normal/arm64/SupportKit.SwiftFileList -DSWIFT_PACKAGE -DDEBUG -DSWIFT_MODULE_RESOURCE_BUNDLE_UNAVAILABLE -Xcc -fmodule-map-file\=/Users/admin/builder/spi-builder-workspace/.dependencies/checkouts/swift-cmark/src/include/module.modulemap -Xcc -fmodule-map-file\=/Users/admin/builder/spi-builder-workspace/.dependencies/checkouts/swift-cmark/extensions/include/module.modulemap -DXcode -plugin-path /Applications/Xcode-27.0.0-Release.Candidate.app/Contents/Developer/Toolchains/XcodeDefault.xctoolchain/usr/lib/swift/host/plugins/testing -enable-experimental-feature DebugDescriptionMacro -sdk /Applications/Xcode-27.0.0-Release.Candidate.app/Contents/Developer/Platforms/WatchOS.platform/Developer/SDKs/WatchOS27.0.sdk -target arm64-apple-watchos9.0 -g -module-cache-path /Users/admin/builder/spi-builder-workspace/.derivedData/ModuleCache.noindex -Xfrontend -serialize-debugging-options -profile-coverage-mapping -profile-generate -enable-testing -index-store-path /Users/admin/builder/spi-builder-workspace/.derivedData/Index.noindex/DataStore -Xcc -D_LIBCPP_HARDENING_MODE\=_LIBCPP_HARDENING_MODE_DEBUG -swift-version 5 -I /Users/admin/builder/spi-builder-workspace/.derivedData/Build/Products/Debug-watchos -Isystem /Applications/Xcode-27.0.0-Release.Candidate.app/Contents/Developer/Platforms/WatchOS.platform/Developer/usr/lib -F /Users/admin/builder/spi-builder-workspace/.derivedData/Build/Products/Debug-watchos/PackageFrameworks -F /Users/admin/builder/spi-builder-workspace/.derivedData/Build/Products/Debug-watchos -F /Applications/Xcode-27.0.0-Release.Candidate.app/Contents/Developer/Platforms/WatchOS.platform/Developer/Library/Frameworks -F /Applications/Xcode-27.0.0-Release.Candidate.app/Contents/Developer/Platforms/WatchOS.platform/Developer/SDKs/WatchOS27.0.sdk/Developer/Library/Frameworks -c -j10 -enable-batch-mode -incremental -Xcc -ivfsstatcache -Xcc /Users/admin/builder/spi-builder-workspace/.derivedData/SDKStatCaches.noindex/watchos27.0-24R360-e829b21a6f8c9b70876ba0858053c04477534ef55a1706bf4c1112bbb242f0a2.sdkstatcache -output-file-map /Users/admin/builder/spi-builder-workspace/.derivedData/Build/Intermediates.noindex/SupportKit.build/Debug-watchos/SupportKit-t.build/Objects-normal/arm64/SupportKit-OutputFileMap.json -save-temps -no-color-diagnostics -explicit-module-build -module-cache-path /Users/admin/builder/spi-builder-workspace/.derivedData/Build/Intermediates.noindex/SwiftExplicitPrecompiledModules -clang-scanner-module-cache-path /Users/admin/builder/spi-builder-workspace/.derivedData/ModuleCache.noindex -sdk-module-cache-path /Users/admin/builder/spi-builder-workspace/.derivedData/SDKExplicitPrecompiledModules -emit-dependencies -emit-module -emit-module-path /Users/admin/builder/spi-builder-workspace/.derivedData/Build/Intermediates.noindex/SupportKit.build/Debug-watchos/SupportKit-t.build/Objects-normal/arm64/SupportKit.swiftmodule -serialize-diagnostics -dependency-scan-serialize-diagnostics-path /Users/admin/builder/spi-builder-workspace/.derivedData/Build/Intermediates.noindex/SupportKit.build/Debug-watchos/SupportKit-t.build/Objects-normal/arm64/SupportKit-dependency-scan.dia -validate-clang-modules-once -clang-build-session-file /Users/admin/builder/spi-builder-workspace/.derivedData/ModuleCache.noindex/Session.modulevalidation -Xcc -fmodules-prune-interval\=86400 -Xcc -fmodules-prune-after\=345600 -package-name spi_builder_workspace -emit-const-values -const-gather-protocols-list /Users/admin/builder/spi-builder-workspace/.derivedData/Build/Intermediates.noindex/SupportKit.build/Debug-watchos/SupportKit-t.build/Objects-normal/arm64/SupportKit_const_extract_protocols.json -Xcc -I/Users/admin/builder/spi-builder-workspace/.dependencies/checkouts/swift-cmark/src/include -Xcc -I/Users/admin/builder/spi-builder-workspace/.dependencies/checkouts/swift-cmark/extensions/include -Xcc -I/Users/admin/builder/spi-builder-workspace/.derivedData/Build/Products/Debug-watchos/include -Xcc -I/Users/admin/builder/spi-builder-workspace/.derivedData/Build/Intermediates.noindex/SupportKit.build/Debug-watchos/SupportKit-t.build/DerivedSources-normal/arm64 -Xcc -I/Users/admin/builder/spi-builder-workspace/.derivedData/Build/Intermediates.noindex/SupportKit.build/Debug-watchos/SupportKit-t.build/DerivedSources/arm64 -Xcc -I/Users/admin/builder/spi-builder-workspace/.derivedData/Build/Intermediates.noindex/SupportKit.build/Debug-watchos/SupportKit-t.build/DerivedSources -Xcc -DSWIFT_PACKAGE -Xcc -DDEBUG\=1 -emit-objc-header -emit-objc-header-path /Users/admin/builder/spi-builder-workspace/.derivedData/Build/Intermediates.noindex/SupportKit.build/Debug-watchos/SupportKit-t.build/Objects-normal/arm64/SupportKit-Swift.h -working-directory /Users/admin/builder/spi-builder-workspace/.swiftpm/xcode -experimental-emit-module-separately -disable-cmo
SwiftDriver MarkdownUI normal arm64 com.apple.xcode.tools.swift.compiler (in target 'MarkdownUI' from project 'swift-markdown-ui')
cd /Users/admin/builder/spi-builder-workspace/.swiftpm/xcode
builtin-SwiftDriver -- /Applications/Xcode-27.0.0-Release.Candidate.app/Contents/Developer/Toolchains/XcodeDefault.xctoolchain/usr/bin/swiftc -parse-as-library -module-name MarkdownUI -Onone @/Users/admin/builder/spi-builder-workspace/.derivedData/Build/Intermediates.noindex/swift-markdown-ui.build/Debug-watchos/MarkdownUI-t.build/Objects-normal/arm64/MarkdownUI.SwiftFileList -DSWIFT_PACKAGE -DDEBUG -DSWIFT_MODULE_RESOURCE_BUNDLE_UNAVAILABLE -Xcc -fmodule-map-file\=/Users/admin/builder/spi-builder-workspace/.dependencies/checkouts/swift-cmark/src/include/module.modulemap -Xcc -fmodule-map-file\=/Users/admin/builder/spi-builder-workspace/.dependencies/checkouts/swift-cmark/extensions/include/module.modulemap -DXcode -plugin-path /Applications/Xcode-27.0.0-Release.Candidate.app/Contents/Developer/Toolchains/XcodeDefault.xctoolchain/usr/lib/swift/host/plugins/testing -enable-experimental-feature DebugDescriptionMacro -sdk /Applications/Xcode-27.0.0-Release.Candidate.app/Contents/Developer/Platforms/WatchOS.platform/Developer/SDKs/WatchOS27.0.sdk -target arm64-apple-watchos9.0 -g -module-cache-path /Users/admin/builder/spi-builder-workspace/.derivedData/ModuleCache.noindex -Xfrontend -serialize-debugging-options -profile-coverage-mapping -profile-generate -enable-testing -suppress-warnings -index-store-path /Users/admin/builder/spi-builder-workspace/.derivedData/Index.noindex/DataStore -Xcc -D_LIBCPP_HARDENING_MODE\=_LIBCPP_HARDENING_MODE_DEBUG -swift-version 5 -I /Users/admin/builder/spi-builder-workspace/.derivedData/Build/Products/Debug-watchos -Isystem /Applications/Xcode-27.0.0-Release.Candidate.app/Contents/Developer/Platforms/WatchOS.platform/Developer/usr/lib -F /Users/admin/builder/spi-builder-workspace/.derivedData/Build/Products/Debug-watchos/PackageFrameworks -F /Users/admin/builder/spi-builder-workspace/.derivedData/Build/Products/Debug-watchos -F /Applications/Xcode-27.0.0-Release.Candidate.app/Contents/Developer/Platforms/WatchOS.platform/Developer/Library/Frameworks -F /Applications/Xcode-27.0.0-Release.Candidate.app/Contents/Developer/Platforms/WatchOS.platform/Developer/SDKs/WatchOS27.0.sdk/Developer/Library/Frameworks -c -j10 -enable-batch-mode -incremental -Xcc -ivfsstatcache -Xcc /Users/admin/builder/spi-builder-workspace/.derivedData/SDKStatCaches.noindex/watchos27.0-24R360-e829b21a6f8c9b70876ba0858053c04477534ef55a1706bf4c1112bbb242f0a2.sdkstatcache -output-file-map /Users/admin/builder/spi-builder-workspace/.derivedData/Build/Intermediates.noindex/swift-markdown-ui.build/Debug-watchos/MarkdownUI-t.build/Objects-normal/arm64/MarkdownUI-OutputFileMap.json -save-temps -no-color-diagnostics -explicit-module-build -module-cache-path /Users/admin/builder/spi-builder-workspace/.derivedData/Build/Intermediates.noindex/SwiftExplicitPrecompiledModules -clang-scanner-module-cache-path /Users/admin/builder/spi-builder-workspace/.derivedData/ModuleCache.noindex -sdk-module-cache-path /Users/admin/builder/spi-builder-workspace/.derivedData/SDKExplicitPrecompiledModules -emit-dependencies -emit-module -emit-module-path /Users/admin/builder/spi-builder-workspace/.derivedData/Build/Intermediates.noindex/swift-markdown-ui.build/Debug-watchos/MarkdownUI-t.build/Objects-normal/arm64/MarkdownUI.swiftmodule -serialize-diagnostics -dependency-scan-serialize-diagnostics-path /Users/admin/builder/spi-builder-workspace/.derivedData/Build/Intermediates.noindex/swift-markdown-ui.build/Debug-watchos/MarkdownUI-t.build/Objects-normal/arm64/MarkdownUI-dependency-scan.dia -validate-clang-modules-once -clang-build-session-file /Users/admin/builder/spi-builder-workspace/.derivedData/ModuleCache.noindex/Session.modulevalidation -Xcc -fmodules-prune-interval\=86400 -Xcc -fmodules-prune-after\=345600 -emit-const-values -const-gather-protocols-list /Users/admin/builder/spi-builder-workspace/.derivedData/Build/Intermediates.noindex/swift-markdown-ui.build/Debug-watchos/MarkdownUI-t.build/Objects-normal/arm64/MarkdownUI_const_extract_protocols.json -Xcc -I/Users/admin/builder/spi-builder-workspace/.dependencies/checkouts/swift-cmark/src/include -Xcc -I/Users/admin/builder/spi-builder-workspace/.dependencies/checkouts/swift-cmark/extensions/include -Xcc -I/Users/admin/builder/spi-builder-workspace/.derivedData/Build/Products/Debug-watchos/include -Xcc -I/Users/admin/builder/spi-builder-workspace/.derivedData/Build/Intermediates.noindex/swift-markdown-ui.build/Debug-watchos/MarkdownUI-t.build/DerivedSources-normal/arm64 -Xcc -I/Users/admin/builder/spi-builder-workspace/.derivedData/Build/Intermediates.noindex/swift-markdown-ui.build/Debug-watchos/MarkdownUI-t.build/DerivedSources/arm64 -Xcc -I/Users/admin/builder/spi-builder-workspace/.derivedData/Build/Intermediates.noindex/swift-markdown-ui.build/Debug-watchos/MarkdownUI-t.build/DerivedSources -Xcc -DSWIFT_PACKAGE -Xcc -DDEBUG\=1 -emit-objc-header -emit-objc-header-path /Users/admin/builder/spi-builder-workspace/.derivedData/Build/Intermediates.noindex/swift-markdown-ui.build/Debug-watchos/MarkdownUI-t.build/Objects-normal/arm64/MarkdownUI-Swift.h -working-directory /Users/admin/builder/spi-builder-workspace/.swiftpm/xcode -experimental-emit-module-separately -disable-cmo
SwiftDriver SupportKit normal arm64_32 com.apple.xcode.tools.swift.compiler (in target 'SupportKit' from project 'SupportKit')
cd /Users/admin/builder/spi-builder-workspace/.swiftpm/xcode
builtin-SwiftDriver -- /Applications/Xcode-27.0.0-Release.Candidate.app/Contents/Developer/Toolchains/XcodeDefault.xctoolchain/usr/bin/swiftc -parse-as-library -module-name SupportKit -Onone @/Users/admin/builder/spi-builder-workspace/.derivedData/Build/Intermediates.noindex/SupportKit.build/Debug-watchos/SupportKit-t.build/Objects-normal/arm64_32/SupportKit.SwiftFileList -DSWIFT_PACKAGE -DDEBUG -DSWIFT_MODULE_RESOURCE_BUNDLE_UNAVAILABLE -Xcc -fmodule-map-file\=/Users/admin/builder/spi-builder-workspace/.dependencies/checkouts/swift-cmark/src/include/module.modulemap -Xcc -fmodule-map-file\=/Users/admin/builder/spi-builder-workspace/.dependencies/checkouts/swift-cmark/extensions/include/module.modulemap -DXcode -plugin-path /Applications/Xcode-27.0.0-Release.Candidate.app/Contents/Developer/Toolchains/XcodeDefault.xctoolchain/usr/lib/swift/host/plugins/testing -enable-experimental-feature DebugDescriptionMacro -sdk /Applications/Xcode-27.0.0-Release.Candidate.app/Contents/Developer/Platforms/WatchOS.platform/Developer/SDKs/WatchOS27.0.sdk -target arm64_32-apple-watchos9.0 -g -module-cache-path /Users/admin/builder/spi-builder-workspace/.derivedData/ModuleCache.noindex -Xfrontend -serialize-debugging-options -profile-coverage-mapping -profile-generate -enable-testing -index-store-path /Users/admin/builder/spi-builder-workspace/.derivedData/Index.noindex/DataStore -Xcc -D_LIBCPP_HARDENING_MODE\=_LIBCPP_HARDENING_MODE_DEBUG -swift-version 5 -I /Users/admin/builder/spi-builder-workspace/.derivedData/Build/Products/Debug-watchos -Isystem /Applications/Xcode-27.0.0-Release.Candidate.app/Contents/Developer/Platforms/WatchOS.platform/Developer/usr/lib -F /Users/admin/builder/spi-builder-workspace/.derivedData/Build/Products/Debug-watchos/PackageFrameworks -F /Users/admin/builder/spi-builder-workspace/.derivedData/Build/Products/Debug-watchos -F /Applications/Xcode-27.0.0-Release.Candidate.app/Contents/Developer/Platforms/WatchOS.platform/Developer/Library/Frameworks -F /Applications/Xcode-27.0.0-Release.Candidate.app/Contents/Developer/Platforms/WatchOS.platform/Developer/SDKs/WatchOS27.0.sdk/Developer/Library/Frameworks -c -j10 -enable-batch-mode -incremental -Xcc -ivfsstatcache -Xcc /Users/admin/builder/spi-builder-workspace/.derivedData/SDKStatCaches.noindex/watchos27.0-24R360-e829b21a6f8c9b70876ba0858053c04477534ef55a1706bf4c1112bbb242f0a2.sdkstatcache -output-file-map /Users/admin/builder/spi-builder-workspace/.derivedData/Build/Intermediates.noindex/SupportKit.build/Debug-watchos/SupportKit-t.build/Objects-normal/arm64_32/SupportKit-OutputFileMap.json -save-temps -no-color-diagnostics -explicit-module-build -module-cache-path /Users/admin/builder/spi-builder-workspace/.derivedData/Build/Intermediates.noindex/SwiftExplicitPrecompiledModules -clang-scanner-module-cache-path /Users/admin/builder/spi-builder-workspace/.derivedData/ModuleCache.noindex -sdk-module-cache-path /Users/admin/builder/spi-builder-workspace/.derivedData/SDKExplicitPrecompiledModules -emit-dependencies -emit-module -emit-module-path /Users/admin/builder/spi-builder-workspace/.derivedData/Build/Intermediates.noindex/SupportKit.build/Debug-watchos/SupportKit-t.build/Objects-normal/arm64_32/SupportKit.swiftmodule -serialize-diagnostics -dependency-scan-serialize-diagnostics-path /Users/admin/builder/spi-builder-workspace/.derivedData/Build/Intermediates.noindex/SupportKit.build/Debug-watchos/SupportKit-t.build/Objects-normal/arm64_32/SupportKit-dependency-scan.dia -validate-clang-modules-once -clang-build-session-file /Users/admin/builder/spi-builder-workspace/.derivedData/ModuleCache.noindex/Session.modulevalidation -Xcc -fmodules-prune-interval\=86400 -Xcc -fmodules-prune-after\=345600 -package-name spi_builder_workspace -emit-const-values -const-gather-protocols-list /Users/admin/builder/spi-builder-workspace/.derivedData/Build/Intermediates.noindex/SupportKit.build/Debug-watchos/SupportKit-t.build/Objects-normal/arm64_32/SupportKit_const_extract_protocols.json -Xcc -I/Users/admin/builder/spi-builder-workspace/.dependencies/checkouts/swift-cmark/src/include -Xcc -I/Users/admin/builder/spi-builder-workspace/.dependencies/checkouts/swift-cmark/extensions/include -Xcc -I/Users/admin/builder/spi-builder-workspace/.derivedData/Build/Products/Debug-watchos/include -Xcc -I/Users/admin/builder/spi-builder-workspace/.derivedData/Build/Intermediates.noindex/SupportKit.build/Debug-watchos/SupportKit-t.build/DerivedSources-normal/arm64_32 -Xcc -I/Users/admin/builder/spi-builder-workspace/.derivedData/Build/Intermediates.noindex/SupportKit.build/Debug-watchos/SupportKit-t.build/DerivedSources/arm64_32 -Xcc -I/Users/admin/builder/spi-builder-workspace/.derivedData/Build/Intermediates.noindex/SupportKit.build/Debug-watchos/SupportKit-t.build/DerivedSources -Xcc -DSWIFT_PACKAGE -Xcc -DDEBUG\=1 -emit-objc-header -emit-objc-header-path /Users/admin/builder/spi-builder-workspace/.derivedData/Build/Intermediates.noindex/SupportKit.build/Debug-watchos/SupportKit-t.build/Objects-normal/arm64_32/SupportKit-Swift.h -working-directory /Users/admin/builder/spi-builder-workspace/.swiftpm/xcode -experimental-emit-module-separately -disable-cmo
SwiftEmitModule normal arm64_32 Emitting\ module\ for\ SupportKit (in target 'SupportKit' from project 'SupportKit')
SwiftCompile normal arm64_32 (in target 'SupportKit' from project 'SupportKit')
cd /Users/admin/builder/spi-builder-workspace/.swiftpm/xcode
SwiftCompile normal arm64_32 Compiling\ ChatView.swift,\ ChatEngine.swift /Users/admin/builder/spi-builder-workspace/Sources/SupportKit/Chat/ChatView.swift /Users/admin/builder/spi-builder-workspace/Sources/SupportKit/Core/ChatEngine.swift (in target 'SupportKit' from project 'SupportKit')
SwiftCompile normal arm64_32 /Users/admin/builder/spi-builder-workspace/Sources/SupportKit/Chat/ChatView.swift (in target 'SupportKit' from project 'SupportKit')
cd /Users/admin/builder/spi-builder-workspace/.swiftpm/xcode
builtin-SwiftPerFileCompile ChatView.swift
SwiftCompile normal arm64_32 /Users/admin/builder/spi-builder-workspace/Sources/SupportKit/Core/ChatEngine.swift (in target 'SupportKit' from project 'SupportKit')
cd /Users/admin/builder/spi-builder-workspace/.swiftpm/xcode
builtin-SwiftPerFileCompile ChatEngine.swift
SwiftCompile normal arm64_32 Compiling\ Message.swift /Users/admin/builder/spi-builder-workspace/Sources/SupportKit/Core/Message.swift (in target 'SupportKit' from project 'SupportKit')
SwiftCompile normal arm64_32 /Users/admin/builder/spi-builder-workspace/Sources/SupportKit/Core/Message.swift (in target 'SupportKit' from project 'SupportKit')
cd /Users/admin/builder/spi-builder-workspace/.swiftpm/xcode
builtin-SwiftPerFileCompile Message.swift
SwiftCompile normal arm64_32 Compiling\ SupportKit.swift /Users/admin/builder/spi-builder-workspace/Sources/SupportKit/Core/SupportKit.swift (in target 'SupportKit' from project 'SupportKit')
/Users/admin/builder/spi-builder-workspace/Sources/SupportKit/Core/ChatEngine.swift:6:2: error: 'Observable()' is only available in watchOS 10.0 or newer
4 | /// Handles message processing and response generation
5 | @available(iOS 17.0, macOS 14.0, *)
6 | @Observable
| `- error: 'Observable()' is only available in watchOS 10.0 or newer
7 | @MainActor
8 | public final class ChatEngine {
/Users/admin/builder/spi-builder-workspace/Sources/SupportKit/Core/SupportKit.swift:45:57: error: 'UIViewController' is unavailable in watchOS
43 | /// - Parameter viewController: The view controller to present from
44 | @MainActor
45 | public static func presentChat(from viewController: UIViewController) {
| `- error: 'UIViewController' is unavailable in watchOS
46 | guard shared.configuration != nil, let engine = shared.engine else {
47 | assertionFailure("SupportKit.configure() must be called before presentChat()")
/Applications/Xcode-27.0.0-Release.Candidate.app/Contents/Developer/Platforms/WatchOS.platform/Developer/SDKs/WatchOS27.0.sdk/System/Library/Frameworks/UIKit.framework/Headers/UIViewController.h:104:12: note: 'UIViewController' has been explicitly marked unavailable here
102 |
103 | UIKIT_EXTERN API_AVAILABLE(ios(2.0)) API_UNAVAILABLE(watchos) NS_SWIFT_UI_ACTOR
104 | @interface UIViewController : UIResponder <NSCoding, UIAppearanceContainer, UITraitEnvironment, UIContentContainer, UIFocusEnvironment>
| `- note: 'UIViewController' has been explicitly marked unavailable here
105 |
106 | /*
/Users/admin/builder/spi-builder-workspace/Sources/SupportKit/Core/SupportKit.swift:52:33: error: cannot find 'UIHostingController' in scope
50 |
51 | let chatView = ChatView(engine: engine)
52 | let hostingController = UIHostingController(rootView: chatView)
| `- error: cannot find 'UIHostingController' in scope
53 | hostingController.modalPresentationStyle = .pageSheet
54 |
/Users/admin/builder/spi-builder-workspace/Sources/SupportKit/Core/SupportKit.swift:53:53: error: cannot infer contextual base in reference to member 'pageSheet'
51 | let chatView = ChatView(engine: engine)
52 | let hostingController = UIHostingController(rootView: chatView)
53 | hostingController.modalPresentationStyle = .pageSheet
| `- error: cannot infer contextual base in reference to member 'pageSheet'
54 |
55 | if let sheet = hostingController.sheetPresentationController {
/Users/admin/builder/spi-builder-workspace/Sources/SupportKit/Core/SupportKit.swift:56:31: error: type 'Any' has no member 'medium'
54 |
55 | if let sheet = hostingController.sheetPresentationController {
56 | sheet.detents = [.medium(), .large()]
| `- error: type 'Any' has no member 'medium'
57 | sheet.prefersGrabberVisible = true
58 | }
/Users/admin/builder/spi-builder-workspace/Sources/SupportKit/Core/SupportKit.swift:56:42: error: type 'Any' has no member 'large'
54 |
55 | if let sheet = hostingController.sheetPresentationController {
56 | sheet.detents = [.medium(), .large()]
| `- error: type 'Any' has no member 'large'
57 | sheet.prefersGrabberVisible = true
58 | }
Failed frontend command:
/Applications/Xcode-27.0.0-Release.Candidate.app/Contents/Developer/Toolchains/XcodeDefault.xctoolchain/usr/bin/swift-frontend -frontend -c /Users/admin/builder/spi-builder-workspace/Sources/SupportKit/Chat/ChatView.swift /Users/admin/builder/spi-builder-workspace/Sources/SupportKit/Core/ChatEngine.swift /Users/admin/builder/spi-builder-workspace/Sources/SupportKit/Core/Configuration.swift /Users/admin/builder/spi-builder-workspace/Sources/SupportKit/Core/Message.swift -primary-file /Users/admin/builder/spi-builder-workspace/Sources/SupportKit/Core/SupportKit.swift /Users/admin/builder/spi-builder-workspace/Sources/SupportKit/Intelligence/KnowledgeCache.swift /Users/admin/builder/spi-builder-workspace/Sources/SupportKit/Intelligence/OnDeviceProcessor.swift /Users/admin/builder/spi-builder-workspace/Sources/SupportKit/Networking/APIClient.swift /Users/admin/builder/spi-builder-workspace/Sources/SupportKit/UI/DataConsentView.swift /Users/admin/builder/spi-builder-workspace/Sources/SupportKit/UI/InputBar.swift /Users/admin/builder/spi-builder-workspace/Sources/SupportKit/UI/MessageBubble.swift -emit-dependencies-path /Users/admin/builder/spi-builder-workspace/.derivedData/Build/Intermediates.noindex/SupportKit.build/Debug-watchos/SupportKit-t.build/Objects-normal/arm64_32/SupportKit.d -emit-const-values-path /Users/admin/builder/spi-builder-workspace/.derivedData/Build/Intermediates.noindex/SupportKit.build/Debug-watchos/SupportKit-t.build/Objects-normal/arm64_32/SupportKit.swiftconstvalues -emit-reference-dependencies-path /Users/admin/builder/spi-builder-workspace/.derivedData/Build/Intermediates.noindex/SupportKit.build/Debug-watchos/SupportKit-t.build/Objects-normal/arm64_32/SupportKit.swiftdeps -serialize-diagnostics-path /Users/admin/builder/spi-builder-workspace/.derivedData/Build/Intermediates.noindex/SupportKit.build/Debug-watchos/SupportKit-t.build/Objects-normal/arm64_32/SupportKit.dia -target arm64_32-apple-watchos9.0 -module-can-import-version UIKit 9127.0.84.1 9127.0.84 -disable-cross-import-overlay-search -load-resolved-plugin /Applications/Xcode-27.0.0-Release.Candidate.app/Contents/Developer/Platforms/WatchOS.platform/Developer/usr/lib/swift/host/plugins/libFoundationMacros.dylib\#/Applications/Xcode-27.0.0-Release.Candidate.app/Contents/Developer/Platforms/WatchOS.platform/Developer/usr/bin/swift-plugin-server\#FoundationMacros -load-resolved-plugin /Applications/Xcode-27.0.0-Release.Candidate.app/Contents/Developer/Platforms/WatchOS.platform/Developer/usr/lib/swift/host/plugins/libObservationMacros.dylib\#/Applications/Xcode-27.0.0-Release.Candidate.app/Contents/Developer/Platforms/WatchOS.platform/Developer/usr/bin/swift-plugin-server\#ObservationMacros -load-resolved-plugin /Applications/Xcode-27.0.0-Release.Candidate.app/Contents/Developer/Platforms/WatchOS.platform/Developer/usr/lib/swift/host/plugins/libPreviewsMacros.dylib\#/Applications/Xcode-27.0.0-Release.Candidate.app/Contents/Developer/Platforms/WatchOS.platform/Developer/usr/bin/swift-plugin-server\#PreviewsMacros -load-resolved-plugin /Applications/Xcode-27.0.0-Release.Candidate.app/Contents/Developer/Platforms/WatchOS.platform/Developer/usr/lib/swift/host/plugins/libSwiftMacros.dylib\#/Applications/Xcode-27.0.0-Release.Candidate.app/Contents/Developer/Platforms/WatchOS.platform/Developer/usr/bin/swift-plugin-server\#SwiftMacros -load-resolved-plugin /Applications/Xcode-27.0.0-Release.Candidate.app/Contents/Developer/Platforms/WatchOS.platform/Developer/usr/lib/swift/host/plugins/libSwiftUIMacros.dylib\#/Applications/Xcode-27.0.0-Release.Candidate.app/Contents/Developer/Platforms/WatchOS.platform/Developer/usr/bin/swift-plugin-server\#SwiftUIMacros -disable-implicit-swift-modules -Xcc -fno-implicit-modules -Xcc -fno-implicit-module-maps -explicit-swift-module-map-file /Users/admin/builder/spi-builder-workspace/.derivedData/Build/Intermediates.noindex/SupportKit.build/Debug-watchos/SupportKit-t.build/Objects-normal/arm64_32/SupportKit-dependencies-1.json -enable-objc-interop -sdk /Applications/Xcode-27.0.0-Release.Candidate.app/Contents/Developer/Platforms/WatchOS.platform/Developer/SDKs/WatchOS27.0.sdk -I /Users/admin/builder/spi-builder-workspace/.derivedData/Build/Products/Debug-watchos -Isystem /Applications/Xcode-27.0.0-Release.Candidate.app/Contents/Developer/Platforms/WatchOS.platform/Developer/usr/lib -F /Users/admin/builder/spi-builder-workspace/.derivedData/Build/Products/Debug-watchos/PackageFrameworks -F /Users/admin/builder/spi-builder-workspace/.derivedData/Build/Products/Debug-watchos -F /Applications/Xcode-27.0.0-Release.Candidate.app/Contents/Developer/Platforms/WatchOS.platform/Developer/Library/Frameworks -F /Applications/Xcode-27.0.0-Release.Candidate.app/Contents/Developer/Platforms/WatchOS.platform/Developer/SDKs/WatchOS27.0.sdk/Developer/Library/Frameworks -module-cache-path /Users/admin/builder/spi-builder-workspace/.derivedData/Build/Intermediates.noindex/SwiftExplicitPrecompiledModules -no-color-diagnostics -Xcc -fno-color-diagnostics -enable-testing -g -debug-info-format\=dwarf -dwarf-version\=4 -profile-generate -profile-coverage-mapping -swift-version 5 -Onone -D SWIFT_PACKAGE -D DEBUG -D SWIFT_MODULE_RESOURCE_BUNDLE_UNAVAILABLE -D Xcode -serialize-debugging-options -enable-experimental-feature DebugDescriptionMacro -empty-abi-descriptor -validate-clang-modules-once -clang-build-session-file /Users/admin/builder/spi-builder-workspace/.derivedData/ModuleCache.noindex/Session.modulevalidation -Xcc -working-directory -Xcc /Users/admin/builder/spi-builder-workspace/.swiftpm/xcode -enable-anonymous-context-mangled-names -file-compilation-dir /Users/admin/builder/spi-builder-workspace/.swiftpm/xcode -Xcc -fmodule-map-file\=/Users/admin/builder/spi-builder-workspace/.dependencies/checkouts/swift-cmark/src/include/module.modulemap -Xcc -fmodule-map-file\=/Users/admin/builder/spi-builder-workspace/.dependencies/checkouts/swift-cmark/extensions/include/module.modulemap -Xcc -D_LIBCPP_HARDENING_MODE\=_LIBCPP_HARDENING_MODE_DEBUG -Xcc -ivfsstatcache -Xcc /Users/admin/builder/spi-builder-workspace/.derivedData/SDKStatCaches.noindex/watchos27.0-24R360-e829b21a6f8c9b70876ba0858053c04477534ef55a1706bf4c1112bbb242f0a2.sdkstatcache -Xcc -fmodules-prune-interval\=86400 -Xcc -fmodules-prune-after\=345600 -Xcc -I/Users/admin/builder/spi-builder-workspace/.dependencies/checkouts/swift-cmark/src/include -Xcc -I/Users/admin/builder/spi-builder-workspace/.dependencies/checkouts/swift-cmark/extensions/include -Xcc -I/Users/admin/builder/spi-builder-workspace/.derivedData/Build/Products/Debug-watchos/include -Xcc -I/Users/admin/builder/spi-builder-workspace/.derivedData/Build/Intermediates.noindex/SupportKit.build/Debug-watchos/SupportKit-t.build/DerivedSources-normal/arm64_32 -Xcc -I/Users/admin/builder/spi-builder-workspace/.derivedData/Build/Intermediates.noindex/SupportKit.build/Debug-watchos/SupportKit-t.build/DerivedSources/arm64_32 -Xcc -I/Users/admin/builder/spi-builder-workspace/.derivedData/Build/Intermediates.noindex/SupportKit.build/Debug-watchos/SupportKit-t.build/DerivedSources -Xcc -DSWIFT_PACKAGE -Xcc -DDEBUG\=1 -no-auto-bridging-header-chaining -module-name SupportKit -package-name spi_builder_workspace -const-gather-protocols-file /Users/admin/builder/spi-builder-workspace/.derivedData/Build/Intermediates.noindex/SupportKit.build/Debug-watchos/SupportKit-t.build/Objects-normal/arm64_32/SupportKit_const_extract_protocols.json -disable-clang-spi -clang-target arm64_32-apple-watchos27.0 -target-sdk-version 27.0 -target-sdk-name watchos27.0 -in-process-plugin-server-path /Applications/Xcode-27.0.0-Release.Candidate.app/Contents/Developer/Toolchains/XcodeDefault.xctoolchain/usr/lib/swift/host/libSwiftInProcPluginServer.dylib -parse-as-library -o /Users/admin/builder/spi-builder-workspace/.derivedData/Build/Intermediates.noindex/SupportKit.build/Debug-watchos/SupportKit-t.build/Objects-normal/arm64_32/SupportKit.o -debug-module-path /Users/admin/builder/spi-builder-workspace/.derivedData/Build/Intermediates.noindex/SupportKit.build/Debug-watchos/SupportKit-t.build/Objects-normal/arm64_32/SupportKit.swiftmodule -index-unit-output-path /SupportKit.build/Debug-watchos/SupportKit-t.build/Objects-normal/arm64_32/SupportKit.o -index-store-path /Users/admin/builder/spi-builder-workspace/.derivedData/Index.noindex/DataStore -index-system-modules
SwiftCompile normal arm64_32 /Users/admin/builder/spi-builder-workspace/Sources/SupportKit/Core/SupportKit.swift (in target 'SupportKit' from project 'SupportKit')
cd /Users/admin/builder/spi-builder-workspace/.swiftpm/xcode
builtin-SwiftPerFileCompile SupportKit.swift
SwiftCompile normal arm64_32 Compiling\ OnDeviceProcessor.swift /Users/admin/builder/spi-builder-workspace/Sources/SupportKit/Intelligence/OnDeviceProcessor.swift (in target 'SupportKit' from project 'SupportKit')
SwiftCompile normal arm64_32 /Users/admin/builder/spi-builder-workspace/Sources/SupportKit/Intelligence/OnDeviceProcessor.swift (in target 'SupportKit' from project 'SupportKit')
cd /Users/admin/builder/spi-builder-workspace/.swiftpm/xcode
builtin-SwiftPerFileCompile OnDeviceProcessor.swift
SwiftCompile normal arm64_32 Compiling\ Configuration.swift /Users/admin/builder/spi-builder-workspace/Sources/SupportKit/Core/Configuration.swift (in target 'SupportKit' from project 'SupportKit')
SwiftCompile normal arm64_32 /Users/admin/builder/spi-builder-workspace/Sources/SupportKit/Core/Configuration.swift (in target 'SupportKit' from project 'SupportKit')
cd /Users/admin/builder/spi-builder-workspace/.swiftpm/xcode
builtin-SwiftPerFileCompile Configuration.swift
SwiftCompile normal arm64_32 Compiling\ KnowledgeCache.swift /Users/admin/builder/spi-builder-workspace/Sources/SupportKit/Intelligence/KnowledgeCache.swift (in target 'SupportKit' from project 'SupportKit')
SwiftCompile normal arm64_32 /Users/admin/builder/spi-builder-workspace/Sources/SupportKit/Intelligence/KnowledgeCache.swift (in target 'SupportKit' from project 'SupportKit')
cd /Users/admin/builder/spi-builder-workspace/.swiftpm/xcode
builtin-SwiftPerFileCompile KnowledgeCache.swift
SwiftCompile normal arm64_32 Compiling\ InputBar.swift /Users/admin/builder/spi-builder-workspace/Sources/SupportKit/UI/InputBar.swift (in target 'SupportKit' from project 'SupportKit')
SwiftCompile normal arm64_32 /Users/admin/builder/spi-builder-workspace/Sources/SupportKit/UI/InputBar.swift (in target 'SupportKit' from project 'SupportKit')
cd /Users/admin/builder/spi-builder-workspace/.swiftpm/xcode
builtin-SwiftPerFileCompile InputBar.swift
SwiftCompile normal arm64_32 Compiling\ MessageBubble.swift /Users/admin/builder/spi-builder-workspace/Sources/SupportKit/UI/MessageBubble.swift (in target 'SupportKit' from project 'SupportKit')
SwiftCompile normal arm64_32 /Users/admin/builder/spi-builder-workspace/Sources/SupportKit/UI/MessageBubble.swift (in target 'SupportKit' from project 'SupportKit')
cd /Users/admin/builder/spi-builder-workspace/.swiftpm/xcode
builtin-SwiftPerFileCompile MessageBubble.swift
SwiftEmitModule normal arm64 Emitting\ module\ for\ SupportKit (in target 'SupportKit' from project 'SupportKit')
SwiftCompile normal arm64 (in target 'SupportKit' from project 'SupportKit')
cd /Users/admin/builder/spi-builder-workspace/.swiftpm/xcode
SwiftEmitModule normal arm64 Emitting\ module\ for\ MarkdownUI (in target 'MarkdownUI' from project 'swift-markdown-ui')
SwiftCompile normal arm64 (in target 'MarkdownUI' from project 'swift-markdown-ui')
cd /Users/admin/builder/spi-builder-workspace/.swiftpm/xcode
SwiftDriverJobDiscovery normal arm64_32 Compiling OnDeviceProcessor.swift (in target 'SupportKit' from project 'SupportKit')
SwiftCompile normal arm64 Compiling\ Configuration.swift /Users/admin/builder/spi-builder-workspace/Sources/SupportKit/Core/Configuration.swift (in target 'SupportKit' from project 'SupportKit')
SwiftCompile normal arm64 /Users/admin/builder/spi-builder-workspace/Sources/SupportKit/Core/Configuration.swift (in target 'SupportKit' from project 'SupportKit')
cd /Users/admin/builder/spi-builder-workspace/.swiftpm/xcode
builtin-SwiftPerFileCompile Configuration.swift
SwiftDriverJobDiscovery normal arm64_32 Compiling Configuration.swift (in target 'SupportKit' from project 'SupportKit')
SwiftCompile normal arm64 Compiling\ DataConsentView.swift /Users/admin/builder/spi-builder-workspace/Sources/SupportKit/UI/DataConsentView.swift (in target 'SupportKit' from project 'SupportKit')
SwiftCompile normal arm64 /Users/admin/builder/spi-builder-workspace/Sources/SupportKit/UI/DataConsentView.swift (in target 'SupportKit' from project 'SupportKit')
cd /Users/admin/builder/spi-builder-workspace/.swiftpm/xcode
builtin-SwiftPerFileCompile DataConsentView.swift
PruneExplicitPrecompiledModules /Users/admin/builder/spi-builder-workspace/.derivedData/Build/Intermediates.noindex/ExplicitPrecompiledModules
PruneExplicitPrecompiledModules /Users/admin/builder/spi-builder-workspace/.derivedData/Build/Intermediates.noindex/SwiftExplicitPrecompiledModules
PruneExplicitPrecompiledModules /Users/admin/builder/spi-builder-workspace/.derivedData/SDKExplicitPrecompiledModules
2026-09-24 05:04:42.635 xcodebuild[1253:6730] [MT] IDERunDestination: Supported platforms for the buildables in the current scheme is empty.
** BUILD FAILED **
The following build commands failed:
SwiftCompile normal arm64_32 Compiling\ SupportKit.swift /Users/admin/builder/spi-builder-workspace/Sources/SupportKit/Core/SupportKit.swift (in target 'SupportKit' from project 'SupportKit')
SwiftCompile normal arm64_32 /Users/admin/builder/spi-builder-workspace/Sources/SupportKit/Core/SupportKit.swift (in target 'SupportKit' from project 'SupportKit')
Building workspace SupportKit with scheme SupportKit
(3 failures)
BUILD FAILURE 6.4 watchOS