The Swift Package Index logo.Swift Package Index

Build Information

Failed to build DatadogOpenFeatureProvider, reference 0.3.0 (d8da33), with Swift 6.1 for Wasm on 13 Oct 2026 17:02:08 UTC.

Build Command

bash -c docker run --pull=always --rm -v "checkouts-54344845-0":/host -w "$PWD" -e JAVA_HOME="/root/.sdkman/candidates/java/current" -e SPI_BUILD="1" -e SPI_PROCESSING="1" registry.gitlab.com/saguaro1/spi-images:wasm-6.1-latest swift build --swift-sdk wasm32-unknown-wasi 2>&1

Build Log

========================================
RunAll
========================================
Builder version: 5.1.2
Interrupt handler set up.
========================================
Checkout
========================================
Clone URL: https://github.com/DataDog/dd-openfeature-provider-swift.git
Reference: 0.3.0
Initialized empty Git repository in /host/spi-builder-workspace/.git/
hint: Using 'master' as the name for the initial branch. This default branch name
hint: is subject to change. To configure the initial branch name to use in all
hint: of your new repositories, which will suppress this warning, call:
hint:
hint: 	git config --global init.defaultBranch <name>
hint:
hint: Names commonly chosen instead of 'master' are 'main', 'trunk' and
hint: 'development'. The just-created branch can be renamed via this command:
hint:
hint: 	git branch -m <name>
From https://github.com/DataDog/dd-openfeature-provider-swift
 * tag               0.3.0      -> FETCH_HEAD
HEAD is now at d8da332 Release 0.3.0 (#41)
Cloned https://github.com/DataDog/dd-openfeature-provider-swift.git
Revision (git rev-parse @):
d8da3326b98f86e9d651af871f71539ff23f7232
SUCCESS checkout https://github.com/DataDog/dd-openfeature-provider-swift.git at 0.3.0
========================================
Build
========================================
Selected platform:         wasm
Swift version:             6.1
Building package at path:  $PWD
https://github.com/DataDog/dd-openfeature-provider-swift.git
https://github.com/DataDog/dd-openfeature-provider-swift.git
WARNING: environment variable SUPPRESS_SWIFT_6_FLAGS is not set
Running build ...
bash -c docker run --pull=always --rm -v "checkouts-54344845-0":/host -w "$PWD" -e JAVA_HOME="/root/.sdkman/candidates/java/current" -e SPI_BUILD="1" -e SPI_PROCESSING="1" registry.gitlab.com/saguaro1/spi-images:wasm-6.1-latest swift build --swift-sdk wasm32-unknown-wasi -Xswiftc -Xfrontend -Xswiftc -stats-output-dir -Xswiftc -Xfrontend -Xswiftc .stats -Xswiftc -strict-concurrency=complete -Xswiftc -enable-upcoming-feature -Xswiftc StrictConcurrency -Xswiftc -enable-upcoming-feature -Xswiftc DisableOutwardActorInference -Xswiftc -enable-upcoming-feature -Xswiftc GlobalActorIsolatedTypesUsability -Xswiftc -enable-upcoming-feature -Xswiftc InferSendableFromCaptures 2>&1
wasm-6.1-latest: Pulling from saguaro1/spi-images
Digest: sha256:005e294ea72e7f7733559677ac003354f37dc6afb35c5bbab6bc9a95fc174f44
Status: Image is up to date for registry.gitlab.com/saguaro1/spi-images:wasm-6.1-latest
Fetching https://github.com/open-feature/swift-sdk.git
Fetching https://github.com/DataDog/dd-sdk-ios.git
[1/1963] Fetching swift-sdk
[1964/163098] Fetching swift-sdk, dd-sdk-ios
Fetched https://github.com/open-feature/swift-sdk.git from cache (7.66s)
Fetched https://github.com/DataDog/dd-sdk-ios.git from cache (7.70s)
Computing version for https://github.com/open-feature/swift-sdk.git
Computed https://github.com/open-feature/swift-sdk.git at 0.3.1 (8.62s)
Computing version for https://github.com/DataDog/dd-sdk-ios.git
Computed https://github.com/DataDog/dd-sdk-ios.git at 3.18.0 (1.04s)
Fetching https://github.com/kstenerud/KSCrash.git
Fetching https://github.com/open-telemetry/opentelemetry-swift-core
[1/15190] Fetching opentelemetry-swift-core
[305/64220] Fetching opentelemetry-swift-core, kscrash
Fetched https://github.com/open-telemetry/opentelemetry-swift-core from cache (1.10s)
[2452/49030] Fetching kscrash
Fetched https://github.com/kstenerud/KSCrash.git from cache (17.70s)
Computing version for https://github.com/open-telemetry/opentelemetry-swift-core
Computed https://github.com/open-telemetry/opentelemetry-swift-core at 2.5.1 (17.98s)
Fetching https://github.com/apple/swift-atomics.git
[1/1889] Fetching swift-atomics
Fetched https://github.com/apple/swift-atomics.git from cache (0.64s)
Computing version for https://github.com/kstenerud/KSCrash.git
Computed https://github.com/kstenerud/KSCrash.git at 2.6.0 (0.94s)
Computing version for https://github.com/apple/swift-atomics.git
Computed https://github.com/apple/swift-atomics.git at 1.3.1 (0.23s)
Creating working copy for https://github.com/DataDog/dd-sdk-ios.git
Working copy of https://github.com/DataDog/dd-sdk-ios.git resolved at 3.18.0
Creating working copy for https://github.com/open-telemetry/opentelemetry-swift-core
Working copy of https://github.com/open-telemetry/opentelemetry-swift-core resolved at 2.5.1
Creating working copy for https://github.com/kstenerud/KSCrash.git
Working copy of https://github.com/kstenerud/KSCrash.git resolved at 2.6.0
Creating working copy for https://github.com/apple/swift-atomics.git
Working copy of https://github.com/apple/swift-atomics.git resolved at 1.3.1
Creating working copy for https://github.com/open-feature/swift-sdk.git
Working copy of https://github.com/open-feature/swift-sdk.git resolved at 0.3.1
Building for debugging...
[0/5] Write sources
[4/5] Write swift-version-24593BA9C3E375BF.txt
error: emit-module command failed with exit code 1 (use -v to see invocation)
[6/171] Emitting module OpenFeature
/host/spi-builder-workspace/.build/checkouts/swift-sdk/Sources/OpenFeature/EventHandler.swift:1:8: error: no such module 'Combine'
 1 | import Combine
   |        `- error: no such module 'Combine'
 2 | import Foundation
 3 |
error: emit-module command failed with exit code 1 (use -v to see invocation)
[7/174] Emitting module DatadogInternal
/host/spi-builder-workspace/.build/checkouts/dd-sdk-ios/DatadogInternal/Sources/Context/DeviceInfo.swift:123:8: error: no such module 'MachO'
121 | }
122 |
123 | import MachO
    |        `- error: no such module 'MachO'
124 |
125 | #if canImport(UIKit)
[8/193] Compiling OpenFeature Value.swift
/host/spi-builder-workspace/.build/checkouts/swift-sdk/Sources/OpenFeature/EventHandler.swift:1:8: error: no such module 'Combine'
 1 | import Combine
   |        `- error: no such module 'Combine'
 2 | import Foundation
 3 |
[9/193] Compiling OpenFeature ErrorCode.swift
/host/spi-builder-workspace/.build/checkouts/swift-sdk/Sources/OpenFeature/EventHandler.swift:1:8: error: no such module 'Combine'
 1 | import Combine
   |        `- error: no such module 'Combine'
 2 | import Foundation
 3 |
[10/193] Compiling OpenFeature OpenFeatureError.swift
/host/spi-builder-workspace/.build/checkouts/swift-sdk/Sources/OpenFeature/EventHandler.swift:1:8: error: no such module 'Combine'
 1 | import Combine
   |        `- error: no such module 'Combine'
 2 | import Foundation
 3 |
[11/193] Compiling DatadogInternal Attributes+Equatable.swift
/host/spi-builder-workspace/.build/checkouts/swift-sdk/Sources/OpenFeature/EventHandler.swift:1:8: error: no such module 'Combine'
 1 | import Combine
   |        `- error: no such module 'Combine'
 2 | import Foundation
 3 |
[12/193] Compiling DatadogInternal Data+Crypto.swift
/host/spi-builder-workspace/.build/checkouts/swift-sdk/Sources/OpenFeature/EventHandler.swift:1:8: error: no such module 'Combine'
 1 | import Combine
   |        `- error: no such module 'Combine'
 2 | import Foundation
 3 |
[13/193] Compiling DatadogInternal DatadogExtended.swift
/host/spi-builder-workspace/.build/checkouts/swift-sdk/Sources/OpenFeature/EventHandler.swift:1:8: error: no such module 'Combine'
 1 | import Combine
   |        `- error: no such module 'Combine'
 2 | import Foundation
 3 |
[14/193] Compiling DatadogInternal FixedWidthInteger+Convenience.swift
/host/spi-builder-workspace/.build/checkouts/swift-sdk/Sources/OpenFeature/EventHandler.swift:1:8: error: no such module 'Combine'
 1 | import Combine
   |        `- error: no such module 'Combine'
 2 | import Foundation
 3 |
[15/193] Compiling DatadogInternal AttributeEncoding.swift
/host/spi-builder-workspace/.build/checkouts/dd-sdk-ios/DatadogInternal/Sources/Context/DeviceInfo.swift:123:8: error: no such module 'MachO'
121 | }
122 |
123 | import MachO
    |        `- error: no such module 'MachO'
124 |
125 | #if canImport(UIKit)
[16/193] Compiling DatadogInternal AttributeEncodingRecovery.swift
/host/spi-builder-workspace/.build/checkouts/dd-sdk-ios/DatadogInternal/Sources/Context/DeviceInfo.swift:123:8: error: no such module 'MachO'
121 | }
122 |
123 | import MachO
    |        `- error: no such module 'MachO'
124 |
125 | #if canImport(UIKit)
[17/193] Compiling DatadogInternal Attributes.swift
/host/spi-builder-workspace/.build/checkouts/dd-sdk-ios/DatadogInternal/Sources/Context/DeviceInfo.swift:123:8: error: no such module 'MachO'
121 | }
122 |
123 | import MachO
    |        `- error: no such module 'MachO'
124 |
125 | #if canImport(UIKit)
[18/193] Compiling DatadogInternal AttributesSanitizer.swift
/host/spi-builder-workspace/.build/checkouts/dd-sdk-ios/DatadogInternal/Sources/Context/DeviceInfo.swift:123:8: error: no such module 'MachO'
121 | }
122 |
123 | import MachO
    |        `- error: no such module 'MachO'
124 |
125 | #if canImport(UIKit)
[19/193] Compiling DatadogInternal BacktraceReporter.swift
/host/spi-builder-workspace/.build/checkouts/dd-sdk-ios/DatadogInternal/Sources/Context/DeviceInfo.swift:123:8: error: no such module 'MachO'
121 | }
122 |
123 | import MachO
    |        `- error: no such module 'MachO'
124 |
125 | #if canImport(UIKit)
[20/193] Compiling DatadogInternal BacktraceReportingFeature.swift
/host/spi-builder-workspace/.build/checkouts/dd-sdk-ios/DatadogInternal/Sources/Context/DeviceInfo.swift:123:8: error: no such module 'MachO'
121 | }
122 |
123 | import MachO
    |        `- error: no such module 'MachO'
124 |
125 | #if canImport(UIKit)
[21/193] Compiling DatadogInternal BenchmarkProfiler.swift
/host/spi-builder-workspace/.build/checkouts/dd-sdk-ios/DatadogInternal/Sources/Context/DeviceInfo.swift:123:8: error: no such module 'MachO'
121 | }
122 |
123 | import MachO
    |        `- error: no such module 'MachO'
124 |
125 | #if canImport(UIKit)
[22/193] Compiling DatadogInternal AnyCodable.swift
/host/spi-builder-workspace/.build/checkouts/dd-sdk-ios/DatadogInternal/Sources/Context/DeviceInfo.swift:123:8: error: no such module 'MachO'
121 | }
122 |
123 | import MachO
    |        `- error: no such module 'MachO'
124 |
125 | #if canImport(UIKit)
[23/193] Compiling DatadogInternal AnyDecodable.swift
/host/spi-builder-workspace/.build/checkouts/dd-sdk-ios/DatadogInternal/Sources/Context/DeviceInfo.swift:123:8: error: no such module 'MachO'
121 | }
122 |
123 | import MachO
    |        `- error: no such module 'MachO'
124 |
125 | #if canImport(UIKit)
[24/193] Compiling DatadogInternal AnyEncodable.swift
/host/spi-builder-workspace/.build/checkouts/dd-sdk-ios/DatadogInternal/Sources/Context/DeviceInfo.swift:123:8: error: no such module 'MachO'
121 | }
122 |
123 | import MachO
    |        `- error: no such module 'MachO'
124 |
125 | #if canImport(UIKit)
[25/193] Compiling DatadogInternal DynamicCodingKey.swift
/host/spi-builder-workspace/.build/checkouts/dd-sdk-ios/DatadogInternal/Sources/Context/DeviceInfo.swift:123:8: error: no such module 'MachO'
121 | }
122 |
123 | import MachO
    |        `- error: no such module 'MachO'
124 |
125 | #if canImport(UIKit)
[26/193] Compiling DatadogInternal CompletionHandler.swift
/host/spi-builder-workspace/.build/checkouts/dd-sdk-ios/DatadogInternal/Sources/Context/DeviceInfo.swift:123:8: error: no such module 'MachO'
121 | }
122 |
123 | import MachO
    |        `- error: no such module 'MachO'
124 |
125 | #if canImport(UIKit)
[27/193] Compiling DatadogInternal Flushable.swift
/host/spi-builder-workspace/.build/checkouts/dd-sdk-ios/DatadogInternal/Sources/Context/DeviceInfo.swift:123:8: error: no such module 'MachO'
121 | }
122 |
123 | import MachO
    |        `- error: no such module 'MachO'
124 |
125 | #if canImport(UIKit)
[28/193] Compiling DatadogInternal ReadWriteLock.swift
/host/spi-builder-workspace/.build/checkouts/dd-sdk-ios/DatadogInternal/Sources/Context/DeviceInfo.swift:123:8: error: no such module 'MachO'
121 | }
122 |
123 | import MachO
    |        `- error: no such module 'MachO'
124 |
125 | #if canImport(UIKit)
[29/193] Compiling DatadogInternal Threading.swift
/host/spi-builder-workspace/.build/checkouts/dd-sdk-ios/DatadogInternal/Sources/Context/DeviceInfo.swift:123:8: error: no such module 'MachO'
121 | }
122 |
123 | import MachO
    |        `- error: no such module 'MachO'
124 |
125 | #if canImport(UIKit)
[30/193] Compiling DatadogInternal AccountInfo.swift
/host/spi-builder-workspace/.build/checkouts/dd-sdk-ios/DatadogInternal/Sources/Context/DeviceInfo.swift:123:8: error: no such module 'MachO'
121 | }
122 |
123 | import MachO
    |        `- error: no such module 'MachO'
124 |
125 | #if canImport(UIKit)
[31/193] Compiling DatadogInternal AppState.swift
/host/spi-builder-workspace/.build/checkouts/dd-sdk-ios/DatadogInternal/Sources/Context/DeviceInfo.swift:123:8: error: no such module 'MachO'
121 | }
122 |
123 | import MachO
    |        `- error: no such module 'MachO'
124 |
125 | #if canImport(UIKit)
[32/193] Compiling DatadogInternal ApplicationNotifications.swift
/host/spi-builder-workspace/.build/checkouts/dd-sdk-ios/DatadogInternal/Sources/Context/DeviceInfo.swift:123:8: error: no such module 'MachO'
121 | }
122 |
123 | import MachO
    |        `- error: no such module 'MachO'
124 |
125 | #if canImport(UIKit)
[33/193] Compiling DatadogInternal BatteryStatus.swift
/host/spi-builder-workspace/.build/checkouts/dd-sdk-ios/DatadogInternal/Sources/Context/DeviceInfo.swift:123:8: error: no such module 'MachO'
121 | }
122 |
123 | import MachO
    |        `- error: no such module 'MachO'
124 |
125 | #if canImport(UIKit)
[34/193] Compiling DatadogInternal BrightnessLevel.swift
/host/spi-builder-workspace/.build/checkouts/dd-sdk-ios/DatadogInternal/Sources/Context/DeviceInfo.swift:123:8: error: no such module 'MachO'
121 | }
122 |
123 | import MachO
    |        `- error: no such module 'MachO'
124 |
125 | #if canImport(UIKit)
[35/193] Compiling DatadogInternal Foundation+Datadog.swift
/host/spi-builder-workspace/.build/checkouts/swift-sdk/Sources/OpenFeature/EventHandler.swift:1:8: error: no such module 'Combine'
 1 | import Combine
   |        `- error: no such module 'Combine'
 2 | import Foundation
 3 |
[36/193] Compiling DatadogInternal InternalExtended.swift
/host/spi-builder-workspace/.build/checkouts/swift-sdk/Sources/OpenFeature/EventHandler.swift:1:8: error: no such module 'Combine'
 1 | import Combine
   |        `- error: no such module 'Combine'
 2 | import Foundation
 3 |
[37/193] Compiling DatadogInternal TimeInterval+Convenience.swift
/host/spi-builder-workspace/.build/checkouts/swift-sdk/Sources/OpenFeature/EventHandler.swift:1:8: error: no such module 'Combine'
 1 | import Combine
   |        `- error: no such module 'Combine'
 2 | import Foundation
 3 |
[38/193] Compiling DatadogInternal Feature.swift
/host/spi-builder-workspace/.build/checkouts/swift-sdk/Sources/OpenFeature/EventHandler.swift:1:8: error: no such module 'Combine'
 1 | import Combine
   |        `- error: no such module 'Combine'
 2 | import Foundation
 3 |
/host/spi-builder-workspace/.build/checkouts/dd-sdk-ios/DatadogInternal/Sources/Context/DeviceInfo.swift:123:8: error: no such module 'MachO'
121 | }
122 |
123 | import MachO
    |        `- error: no such module 'MachO'
124 |
125 | #if canImport(UIKit)
/host/spi-builder-workspace/.build/checkouts/dd-sdk-ios/DatadogInternal/Sources/Context/DeviceInfo.swift:123:8: error: no such module 'MachO'
121 | }
122 |
123 | import MachO
    |        `- error: no such module 'MachO'
124 |
125 | #if canImport(UIKit)
/host/spi-builder-workspace/.build/checkouts/dd-sdk-ios/DatadogInternal/Sources/Context/DeviceInfo.swift:123:8: error: no such module 'MachO'
121 | }
122 |
123 | import MachO
    |        `- error: no such module 'MachO'
124 |
125 | #if canImport(UIKit)
/host/spi-builder-workspace/.build/checkouts/dd-sdk-ios/DatadogInternal/Sources/Context/DeviceInfo.swift:123:8: error: no such module 'MachO'
121 | }
122 |
123 | import MachO
    |        `- error: no such module 'MachO'
124 |
125 | #if canImport(UIKit)
/host/spi-builder-workspace/.build/checkouts/dd-sdk-ios/DatadogInternal/Sources/Context/DeviceInfo.swift:123:8: error: no such module 'MachO'
121 | }
122 |
123 | import MachO
    |        `- error: no such module 'MachO'
124 |
125 | #if canImport(UIKit)
/host/spi-builder-workspace/.build/checkouts/dd-sdk-ios/DatadogInternal/Sources/Context/DeviceInfo.swift:123:8: error: no such module 'MachO'
121 | }
122 |
123 | import MachO
    |        `- error: no such module 'MachO'
124 |
125 | #if canImport(UIKit)
/host/spi-builder-workspace/.build/checkouts/dd-sdk-ios/DatadogInternal/Sources/Context/DeviceInfo.swift:123:8: error: no such module 'MachO'
121 | }
122 |
123 | import MachO
    |        `- error: no such module 'MachO'
124 |
125 | #if canImport(UIKit)
/host/spi-builder-workspace/.build/checkouts/dd-sdk-ios/DatadogInternal/Sources/Context/DeviceInfo.swift:123:8: error: no such module 'MachO'
121 | }
122 |
123 | import MachO
    |        `- error: no such module 'MachO'
124 |
125 | #if canImport(UIKit)
[47/193] Compiling DatadogInternal DatadogCoreProtocol+Heatmaps.swift
/host/spi-builder-workspace/.build/checkouts/dd-sdk-ios/DatadogInternal/Sources/Context/DeviceInfo.swift:123:8: error: no such module 'MachO'
121 | }
122 |
123 | import MachO
    |        `- error: no such module 'MachO'
124 |
125 | #if canImport(UIKit)
[48/193] Compiling DatadogInternal HeatmapAttributes.swift
/host/spi-builder-workspace/.build/checkouts/dd-sdk-ios/DatadogInternal/Sources/Context/DeviceInfo.swift:123:8: error: no such module 'MachO'
121 | }
122 |
123 | import MachO
    |        `- error: no such module 'MachO'
124 |
125 | #if canImport(UIKit)
[49/193] Compiling DatadogInternal HeatmapIdentifier.swift
/host/spi-builder-workspace/.build/checkouts/dd-sdk-ios/DatadogInternal/Sources/Context/DeviceInfo.swift:123:8: error: no such module 'MachO'
121 | }
122 |
123 | import MachO
    |        `- error: no such module 'MachO'
124 |
125 | #if canImport(UIKit)
[50/193] Compiling DatadogInternal HeatmapIdentifierRegistry.swift
/host/spi-builder-workspace/.build/checkouts/dd-sdk-ios/DatadogInternal/Sources/Context/DeviceInfo.swift:123:8: error: no such module 'MachO'
121 | }
122 |
123 | import MachO
    |        `- error: no such module 'MachO'
124 |
125 | #if canImport(UIKit)
[51/193] Compiling DatadogInternal HeatmapIdentifierRegistryFeature.swift
/host/spi-builder-workspace/.build/checkouts/dd-sdk-ios/DatadogInternal/Sources/Context/DeviceInfo.swift:123:8: error: no such module 'MachO'
121 | }
122 |
123 | import MachO
    |        `- error: no such module 'MachO'
124 |
125 | #if canImport(UIKit)
[52/193] Compiling DatadogInternal FeatureMessage.swift
/host/spi-builder-workspace/.build/checkouts/dd-sdk-ios/DatadogInternal/Sources/Context/DeviceInfo.swift:123:8: error: no such module 'MachO'
121 | }
122 |
123 | import MachO
    |        `- error: no such module 'MachO'
124 |
125 | #if canImport(UIKit)
[53/193] Compiling DatadogInternal FeatureMessageReceiver.swift
/host/spi-builder-workspace/.build/checkouts/dd-sdk-ios/DatadogInternal/Sources/Context/DeviceInfo.swift:123:8: error: no such module 'MachO'
121 | }
122 |
123 | import MachO
    |        `- error: no such module 'MachO'
124 |
125 | #if canImport(UIKit)
[54/193] Compiling DatadogInternal BacktraceReport.swift
/host/spi-builder-workspace/.build/checkouts/dd-sdk-ios/DatadogInternal/Sources/Context/DeviceInfo.swift:123:8: error: no such module 'MachO'
121 | }
122 |
123 | import MachO
    |        `- error: no such module 'MachO'
124 |
125 | #if canImport(UIKit)
[55/193] Compiling DatadogInternal BinaryImage.swift
/host/spi-builder-workspace/.build/checkouts/dd-sdk-ios/DatadogInternal/Sources/Context/DeviceInfo.swift:123:8: error: no such module 'MachO'
121 | }
122 |
123 | import MachO
    |        `- error: no such module 'MachO'
124 |
125 | #if canImport(UIKit)
[56/193] Compiling DatadogInternal Crash.swift
/host/spi-builder-workspace/.build/checkouts/dd-sdk-ios/DatadogInternal/Sources/Context/DeviceInfo.swift:123:8: error: no such module 'MachO'
121 | }
122 |
123 | import MachO
    |        `- error: no such module 'MachO'
124 |
125 | #if canImport(UIKit)
[57/193] Compiling DatadogInternal CrashContext.swift
/host/spi-builder-workspace/.build/checkouts/dd-sdk-ios/DatadogInternal/Sources/Context/DeviceInfo.swift:123:8: error: no such module 'MachO'
121 | }
122 |
123 | import MachO
    |        `- error: no such module 'MachO'
124 |
125 | #if canImport(UIKit)
[58/193] Compiling DatadogInternal CrashReportingConfiguration.swift
/host/spi-builder-workspace/.build/checkouts/dd-sdk-ios/DatadogInternal/Sources/Context/DeviceInfo.swift:123:8: error: no such module 'MachO'
121 | }
122 |
123 | import MachO
    |        `- error: no such module 'MachO'
124 |
125 | #if canImport(UIKit)
[59/193] Compiling DatadogInternal SessionReplayCoreContext.swift
/host/spi-builder-workspace/.build/checkouts/swift-sdk/Sources/OpenFeature/EventHandler.swift:1:8: error: no such module 'Combine'
 1 | import Combine
   |        `- error: no such module 'Combine'
 2 | import Foundation
 3 |
[60/193] Compiling DatadogInternal UIView+SessionReplaySlotID.swift
/host/spi-builder-workspace/.build/checkouts/swift-sdk/Sources/OpenFeature/EventHandler.swift:1:8: error: no such module 'Combine'
 1 | import Combine
   |        `- error: no such module 'Combine'
 2 | import Foundation
 3 |
[61/193] Compiling DatadogInternal ActiveSpanProvider.swift
/host/spi-builder-workspace/.build/checkouts/swift-sdk/Sources/OpenFeature/EventHandler.swift:1:8: error: no such module 'Combine'
 1 | import Combine
   |        `- error: no such module 'Combine'
 2 | import Foundation
 3 |
[62/193] Compiling DatadogInternal SamplingMechanismType.swift
/host/spi-builder-workspace/.build/checkouts/swift-sdk/Sources/OpenFeature/EventHandler.swift:1:8: error: no such module 'Combine'
 1 | import Combine
   |        `- error: no such module 'Combine'
 2 | import Foundation
 3 |
/host/spi-builder-workspace/.build/checkouts/swift-sdk/Sources/OpenFeature/EventHandler.swift:1:8: error: no such module 'Combine'
 1 | import Combine
   |        `- error: no such module 'Combine'
 2 | import Foundation
 3 |
/host/spi-builder-workspace/.build/checkouts/swift-sdk/Sources/OpenFeature/EventHandler.swift:1:8: error: no such module 'Combine'
 1 | import Combine
   |        `- error: no such module 'Combine'
 2 | import Foundation
 3 |
/host/spi-builder-workspace/.build/checkouts/swift-sdk/Sources/OpenFeature/EventHandler.swift:1:8: error: no such module 'Combine'
 1 | import Combine
   |        `- error: no such module 'Combine'
 2 | import Foundation
 3 |
/host/spi-builder-workspace/.build/checkouts/swift-sdk/Sources/OpenFeature/EventHandler.swift:1:8: error: no such module 'Combine'
 1 | import Combine
   |        `- error: no such module 'Combine'
 2 | import Foundation
 3 |
/host/spi-builder-workspace/.build/checkouts/swift-sdk/Sources/OpenFeature/EventHandler.swift:1:8: error: no such module 'Combine'
 1 | import Combine
   |        `- error: no such module 'Combine'
 2 | import Foundation
 3 |
/host/spi-builder-workspace/.build/checkouts/swift-sdk/Sources/OpenFeature/EventHandler.swift:1:8: error: no such module 'Combine'
 1 | import Combine
   |        `- error: no such module 'Combine'
 2 | import Foundation
 3 |
/host/spi-builder-workspace/.build/checkouts/swift-sdk/Sources/OpenFeature/EventHandler.swift:1:8: error: no such module 'Combine'
 1 | import Combine
   |        `- error: no such module 'Combine'
 2 | import Foundation
 3 |
/host/spi-builder-workspace/.build/checkouts/swift-sdk/Sources/OpenFeature/EventHandler.swift:1:8: error: no such module 'Combine'
 1 | import Combine
   |        `- error: no such module 'Combine'
 2 | import Foundation
 3 |
/host/spi-builder-workspace/.build/checkouts/swift-sdk/Sources/OpenFeature/EventHandler.swift:1:8: error: no such module 'Combine'
 1 | import Combine
   |        `- error: no such module 'Combine'
 2 | import Foundation
 3 |
/host/spi-builder-workspace/.build/checkouts/swift-sdk/Sources/OpenFeature/EventHandler.swift:1:8: error: no such module 'Combine'
 1 | import Combine
   |        `- error: no such module 'Combine'
 2 | import Foundation
 3 |
/host/spi-builder-workspace/.build/checkouts/swift-sdk/Sources/OpenFeature/EventHandler.swift:1:8: error: no such module 'Combine'
 1 | import Combine
   |        `- error: no such module 'Combine'
 2 | import Foundation
 3 |
/host/spi-builder-workspace/.build/checkouts/swift-sdk/Sources/OpenFeature/EventHandler.swift:1:8: error: no such module 'Combine'
 1 | import Combine
   |        `- error: no such module 'Combine'
 2 | import Foundation
 3 |
[75/193] Compiling DatadogInternal EmbeddedContentMessage.swift
/host/spi-builder-workspace/.build/checkouts/swift-sdk/Sources/OpenFeature/EventHandler.swift:1:8: error: no such module 'Combine'
 1 | import Combine
   |        `- error: no such module 'Combine'
 2 | import Foundation
 3 |
[76/193] Compiling DatadogInternal SessionReplayConfiguration.swift
/host/spi-builder-workspace/.build/checkouts/swift-sdk/Sources/OpenFeature/EventHandler.swift:1:8: error: no such module 'Combine'
 1 | import Combine
   |        `- error: no such module 'Combine'
 2 | import Foundation
 3 |
[77/193] Compiling DatadogInternal BundleType.swift
/host/spi-builder-workspace/.build/checkouts/dd-sdk-ios/DatadogInternal/Sources/Context/DeviceInfo.swift:123:8: error: no such module 'MachO'
121 | }
122 |
123 | import MachO
    |        `- error: no such module 'MachO'
124 |
125 | #if canImport(UIKit)
[78/193] Compiling DatadogInternal CarrierInfo.swift
/host/spi-builder-workspace/.build/checkouts/dd-sdk-ios/DatadogInternal/Sources/Context/DeviceInfo.swift:123:8: error: no such module 'MachO'
121 | }
122 |
123 | import MachO
    |        `- error: no such module 'MachO'
124 |
125 | #if canImport(UIKit)
[79/193] Compiling DatadogInternal DDTag.swift
/host/spi-builder-workspace/.build/checkouts/dd-sdk-ios/DatadogInternal/Sources/Context/DeviceInfo.swift:123:8: error: no such module 'MachO'
121 | }
122 |
123 | import MachO
    |        `- error: no such module 'MachO'
124 |
125 | #if canImport(UIKit)
[80/193] Compiling DatadogInternal DatadogContext.swift
/host/spi-builder-workspace/.build/checkouts/dd-sdk-ios/DatadogInternal/Sources/Context/DeviceInfo.swift:123:8: error: no such module 'MachO'
121 | }
122 |
123 | import MachO
    |        `- error: no such module 'MachO'
124 |
125 | #if canImport(UIKit)
[81/193] Compiling DatadogInternal DatadogSite.swift
/host/spi-builder-workspace/.build/checkouts/dd-sdk-ios/DatadogInternal/Sources/Context/DeviceInfo.swift:123:8: error: no such module 'MachO'
121 | }
122 |
123 | import MachO
    |        `- error: no such module 'MachO'
124 |
125 | #if canImport(UIKit)
[82/193] Compiling DatadogInternal DateProvider.swift
/host/spi-builder-workspace/.build/checkouts/dd-sdk-ios/DatadogInternal/Sources/Context/DeviceInfo.swift:123:8: error: no such module 'MachO'
121 | }
122 |
123 | import MachO
    |        `- error: no such module 'MachO'
124 |
125 | #if canImport(UIKit)
[83/193] Compiling DatadogInternal DeviceInfo.swift
/host/spi-builder-workspace/.build/checkouts/dd-sdk-ios/DatadogInternal/Sources/Context/DeviceInfo.swift:123:8: error: no such module 'MachO'
121 | }
122 |
123 | import MachO
    |        `- error: no such module 'MachO'
124 |
125 | #if canImport(UIKit)
[84/193] Compiling DatadogInternal LaunchInfo.swift
/host/spi-builder-workspace/.build/checkouts/dd-sdk-ios/DatadogInternal/Sources/Context/DeviceInfo.swift:123:8: error: no such module 'MachO'
121 | }
122 |
123 | import MachO
    |        `- error: no such module 'MachO'
124 |
125 | #if canImport(UIKit)
[85/193] Compiling DatadogInternal LocaleInfo.swift
/host/spi-builder-workspace/.build/checkouts/dd-sdk-ios/DatadogInternal/Sources/Context/DeviceInfo.swift:123:8: error: no such module 'MachO'
121 | }
122 |
123 | import MachO
    |        `- error: no such module 'MachO'
124 |
125 | #if canImport(UIKit)
[86/193] Compiling DatadogInternal MediaTimeProvider.swift
/host/spi-builder-workspace/.build/checkouts/dd-sdk-ios/DatadogInternal/Sources/Context/DeviceInfo.swift:123:8: error: no such module 'MachO'
121 | }
122 |
123 | import MachO
    |        `- error: no such module 'MachO'
124 |
125 | #if canImport(UIKit)
[87/193] Compiling DatadogInternal NetworkConnectionInfo.swift
/host/spi-builder-workspace/.build/checkouts/dd-sdk-ios/DatadogInternal/Sources/Context/DeviceInfo.swift:123:8: error: no such module 'MachO'
121 | }
122 |
123 | import MachO
    |        `- error: no such module 'MachO'
124 |
125 | #if canImport(UIKit)
[88/193] Compiling DatadogInternal OperatingSystem+Utils.swift
/host/spi-builder-workspace/.build/checkouts/dd-sdk-ios/DatadogInternal/Sources/Context/DeviceInfo.swift:123:8: error: no such module 'MachO'
121 | }
122 |
123 | import MachO
    |        `- error: no such module 'MachO'
124 |
125 | #if canImport(UIKit)
[89/193] Compiling DatadogInternal Sysctl.swift
/host/spi-builder-workspace/.build/checkouts/dd-sdk-ios/DatadogInternal/Sources/Context/DeviceInfo.swift:123:8: error: no such module 'MachO'
121 | }
122 |
123 | import MachO
    |        `- error: no such module 'MachO'
124 |
125 | #if canImport(UIKit)
[90/193] Compiling DatadogInternal TrackingConsent.swift
/host/spi-builder-workspace/.build/checkouts/dd-sdk-ios/DatadogInternal/Sources/Context/DeviceInfo.swift:123:8: error: no such module 'MachO'
121 | }
122 |
123 | import MachO
    |        `- error: no such module 'MachO'
124 |
125 | #if canImport(UIKit)
[91/193] Compiling DatadogInternal UserInfo.swift
/host/spi-builder-workspace/.build/checkouts/dd-sdk-ios/DatadogInternal/Sources/Context/DeviceInfo.swift:123:8: error: no such module 'MachO'
121 | }
122 |
123 | import MachO
    |        `- error: no such module 'MachO'
124 |
125 | #if canImport(UIKit)
[92/193] Compiling DatadogInternal CoreRegistry.swift
/host/spi-builder-workspace/.build/checkouts/dd-sdk-ios/DatadogInternal/Sources/Context/DeviceInfo.swift:123:8: error: no such module 'MachO'
121 | }
122 |
123 | import MachO
    |        `- error: no such module 'MachO'
124 |
125 | #if canImport(UIKit)
[93/193] Compiling DatadogInternal DD.swift
/host/spi-builder-workspace/.build/checkouts/dd-sdk-ios/DatadogInternal/Sources/Context/DeviceInfo.swift:123:8: error: no such module 'MachO'
121 | }
122 |
123 | import MachO
    |        `- error: no such module 'MachO'
124 |
125 | #if canImport(UIKit)
[94/193] Compiling DatadogInternal DataStore.swift
/host/spi-builder-workspace/.build/checkouts/dd-sdk-ios/DatadogInternal/Sources/Context/DeviceInfo.swift:123:8: error: no such module 'MachO'
121 | }
122 |
123 | import MachO
    |        `- error: no such module 'MachO'
124 |
125 | #if canImport(UIKit)
[95/193] Compiling DatadogInternal DatadogCoreProtocol.swift
/host/spi-builder-workspace/.build/checkouts/dd-sdk-ios/DatadogInternal/Sources/Context/DeviceInfo.swift:123:8: error: no such module 'MachO'
121 | }
122 |
123 | import MachO
    |        `- error: no such module 'MachO'
124 |
125 | #if canImport(UIKit)
[96/193] Compiling DatadogInternal DatadogFeature.swift
/host/spi-builder-workspace/.build/checkouts/dd-sdk-ios/DatadogInternal/Sources/Context/DeviceInfo.swift:123:8: error: no such module 'MachO'
121 | }
122 |
123 | import MachO
    |        `- error: no such module 'MachO'
124 |
125 | #if canImport(UIKit)
Running build ...
bash -c docker run --pull=always --rm -v "checkouts-54344845-0":/host -w "$PWD" -e JAVA_HOME="/root/.sdkman/candidates/java/current" -e SPI_BUILD="1" -e SPI_PROCESSING="1" registry.gitlab.com/saguaro1/spi-images:wasm-6.1-latest swift build --swift-sdk wasm32-unknown-wasi 2>&1
wasm-6.1-latest: Pulling from saguaro1/spi-images
Digest: sha256:005e294ea72e7f7733559677ac003354f37dc6afb35c5bbab6bc9a95fc174f44
Status: Image is up to date for registry.gitlab.com/saguaro1/spi-images:wasm-6.1-latest
[0/1] Planning build
Building for debugging...
[0/1] Write swift-version-24593BA9C3E375BF.txt
[2/150] Compiling DatadogInternal UserInfo.swift
/host/spi-builder-workspace/.build/checkouts/swift-sdk/Sources/OpenFeature/EventHandler.swift:1:8: error: no such module 'Combine'
 1 | import Combine
   |        `- error: no such module 'Combine'
 2 | import Foundation
 3 |
[3/150] Compiling DatadogInternal CoreRegistry.swift
/host/spi-builder-workspace/.build/checkouts/swift-sdk/Sources/OpenFeature/EventHandler.swift:1:8: error: no such module 'Combine'
 1 | import Combine
   |        `- error: no such module 'Combine'
 2 | import Foundation
 3 |
[4/150] Compiling DatadogInternal DD.swift
/host/spi-builder-workspace/.build/checkouts/swift-sdk/Sources/OpenFeature/EventHandler.swift:1:8: error: no such module 'Combine'
 1 | import Combine
   |        `- error: no such module 'Combine'
 2 | import Foundation
 3 |
[5/150] Compiling DatadogInternal DataStore.swift
/host/spi-builder-workspace/.build/checkouts/swift-sdk/Sources/OpenFeature/EventHandler.swift:1:8: error: no such module 'Combine'
 1 | import Combine
   |        `- error: no such module 'Combine'
 2 | import Foundation
 3 |
[6/170] Compiling DatadogInternal BundleType.swift
/host/spi-builder-workspace/.build/checkouts/swift-sdk/Sources/OpenFeature/EventHandler.swift:1:8: error: no such module 'Combine'
 1 | import Combine
   |        `- error: no such module 'Combine'
 2 | import Foundation
 3 |
[7/170] Compiling DatadogInternal CarrierInfo.swift
/host/spi-builder-workspace/.build/checkouts/swift-sdk/Sources/OpenFeature/EventHandler.swift:1:8: error: no such module 'Combine'
 1 | import Combine
   |        `- error: no such module 'Combine'
 2 | import Foundation
 3 |
[8/170] Compiling DatadogInternal DDTag.swift
/host/spi-builder-workspace/.build/checkouts/swift-sdk/Sources/OpenFeature/EventHandler.swift:1:8: error: no such module 'Combine'
 1 | import Combine
   |        `- error: no such module 'Combine'
 2 | import Foundation
 3 |
[9/170] Compiling DatadogInternal DatadogContext.swift
/host/spi-builder-workspace/.build/checkouts/swift-sdk/Sources/OpenFeature/EventHandler.swift:1:8: error: no such module 'Combine'
 1 | import Combine
   |        `- error: no such module 'Combine'
 2 | import Foundation
 3 |
[10/170] Compiling DatadogInternal DatadogSite.swift
/host/spi-builder-workspace/.build/checkouts/swift-sdk/Sources/OpenFeature/EventHandler.swift:1:8: error: no such module 'Combine'
 1 | import Combine
   |        `- error: no such module 'Combine'
 2 | import Foundation
 3 |
[11/170] Compiling DatadogInternal DateProvider.swift
/host/spi-builder-workspace/.build/checkouts/swift-sdk/Sources/OpenFeature/EventHandler.swift:1:8: error: no such module 'Combine'
 1 | import Combine
   |        `- error: no such module 'Combine'
 2 | import Foundation
 3 |
[12/170] Compiling DatadogInternal DeviceInfo.swift
/host/spi-builder-workspace/.build/checkouts/swift-sdk/Sources/OpenFeature/EventHandler.swift:1:8: error: no such module 'Combine'
 1 | import Combine
   |        `- error: no such module 'Combine'
 2 | import Foundation
 3 |
[13/170] Compiling DatadogInternal LaunchInfo.swift
/host/spi-builder-workspace/.build/checkouts/swift-sdk/Sources/OpenFeature/EventHandler.swift:1:8: error: no such module 'Combine'
 1 | import Combine
   |        `- error: no such module 'Combine'
 2 | import Foundation
 3 |
[14/170] Compiling DatadogInternal LocaleInfo.swift
/host/spi-builder-workspace/.build/checkouts/swift-sdk/Sources/OpenFeature/EventHandler.swift:1:8: error: no such module 'Combine'
 1 | import Combine
   |        `- error: no such module 'Combine'
 2 | import Foundation
 3 |
[15/170] Compiling DatadogInternal MediaTimeProvider.swift
/host/spi-builder-workspace/.build/checkouts/swift-sdk/Sources/OpenFeature/EventHandler.swift:1:8: error: no such module 'Combine'
 1 | import Combine
   |        `- error: no such module 'Combine'
 2 | import Foundation
 3 |
[16/170] Compiling DatadogInternal NetworkConnectionInfo.swift
/host/spi-builder-workspace/.build/checkouts/swift-sdk/Sources/OpenFeature/EventHandler.swift:1:8: error: no such module 'Combine'
 1 | import Combine
   |        `- error: no such module 'Combine'
 2 | import Foundation
 3 |
[17/170] Compiling DatadogInternal OperatingSystem+Utils.swift
/host/spi-builder-workspace/.build/checkouts/swift-sdk/Sources/OpenFeature/EventHandler.swift:1:8: error: no such module 'Combine'
 1 | import Combine
   |        `- error: no such module 'Combine'
 2 | import Foundation
 3 |
[18/170] Compiling DatadogInternal Sysctl.swift
/host/spi-builder-workspace/.build/checkouts/swift-sdk/Sources/OpenFeature/EventHandler.swift:1:8: error: no such module 'Combine'
 1 | import Combine
   |        `- error: no such module 'Combine'
 2 | import Foundation
 3 |
[19/170] Compiling DatadogInternal TrackingConsent.swift
/host/spi-builder-workspace/.build/checkouts/swift-sdk/Sources/OpenFeature/EventHandler.swift:1:8: error: no such module 'Combine'
 1 | import Combine
   |        `- error: no such module 'Combine'
 2 | import Foundation
 3 |
[20/170] Compiling DatadogInternal DatadogCoreProtocol.swift
/host/spi-builder-workspace/.build/checkouts/swift-sdk/Sources/OpenFeature/EventHandler.swift:1:8: error: no such module 'Combine'
 1 | import Combine
   |        `- error: no such module 'Combine'
 2 | import Foundation
 3 |
[21/170] Compiling DatadogInternal DatadogFeature.swift
/host/spi-builder-workspace/.build/checkouts/swift-sdk/Sources/OpenFeature/EventHandler.swift:1:8: error: no such module 'Combine'
 1 | import Combine
   |        `- error: no such module 'Combine'
 2 | import Foundation
 3 |
[22/170] Compiling DatadogInternal Attributes+Equatable.swift
/host/spi-builder-workspace/.build/checkouts/swift-sdk/Sources/OpenFeature/EventHandler.swift:1:8: error: no such module 'Combine'
 1 | import Combine
   |        `- error: no such module 'Combine'
 2 | import Foundation
 3 |
[23/170] Compiling DatadogInternal Data+Crypto.swift
/host/spi-builder-workspace/.build/checkouts/swift-sdk/Sources/OpenFeature/EventHandler.swift:1:8: error: no such module 'Combine'
 1 | import Combine
   |        `- error: no such module 'Combine'
 2 | import Foundation
 3 |
error: emit-module command failed with exit code 1 (use -v to see invocation)
[24/170] Emitting module OpenFeature
/host/spi-builder-workspace/.build/checkouts/swift-sdk/Sources/OpenFeature/EventHandler.swift:1:8: error: no such module 'Combine'
 1 | import Combine
   |        `- error: no such module 'Combine'
 2 | import Foundation
 3 |
[25/170] Compiling OpenFeature Value.swift
/host/spi-builder-workspace/.build/checkouts/swift-sdk/Sources/OpenFeature/EventHandler.swift:1:8: error: no such module 'Combine'
 1 | import Combine
   |        `- error: no such module 'Combine'
 2 | import Foundation
 3 |
[26/170] Compiling OpenFeature ErrorCode.swift
/host/spi-builder-workspace/.build/checkouts/swift-sdk/Sources/OpenFeature/EventHandler.swift:1:8: error: no such module 'Combine'
 1 | import Combine
   |        `- error: no such module 'Combine'
 2 | import Foundation
 3 |
[27/170] Compiling OpenFeature OpenFeatureError.swift
/host/spi-builder-workspace/.build/checkouts/swift-sdk/Sources/OpenFeature/EventHandler.swift:1:8: error: no such module 'Combine'
 1 | import Combine
   |        `- error: no such module 'Combine'
 2 | import Foundation
 3 |
[28/170] Compiling DatadogInternal DatadogExtended.swift
/host/spi-builder-workspace/.build/checkouts/swift-sdk/Sources/OpenFeature/EventHandler.swift:1:8: error: no such module 'Combine'
 1 | import Combine
   |        `- error: no such module 'Combine'
 2 | import Foundation
 3 |
[29/170] Compiling DatadogInternal FixedWidthInteger+Convenience.swift
/host/spi-builder-workspace/.build/checkouts/swift-sdk/Sources/OpenFeature/EventHandler.swift:1:8: error: no such module 'Combine'
 1 | import Combine
   |        `- error: no such module 'Combine'
 2 | import Foundation
 3 |
[30/170] Compiling DatadogInternal Foundation+Datadog.swift
/host/spi-builder-workspace/.build/checkouts/swift-sdk/Sources/OpenFeature/EventHandler.swift:1:8: error: no such module 'Combine'
 1 | import Combine
   |        `- error: no such module 'Combine'
 2 | import Foundation
 3 |
[31/170] Compiling DatadogInternal InternalExtended.swift
/host/spi-builder-workspace/.build/checkouts/swift-sdk/Sources/OpenFeature/EventHandler.swift:1:8: error: no such module 'Combine'
 1 | import Combine
   |        `- error: no such module 'Combine'
 2 | import Foundation
 3 |
BUILD FAILURE 6.1 wasm