The Swift Package Index logo.Swift Package Index

Build Information

Failed to build Avatars, reference master (f9d00e), with Swift 6.4 for macOS (Xcode) using Xcode 27.0 on 17 Sep 2026 02:18:49 UTC.

Build Command

env DEVELOPER_DIR=/Applications/Xcode-27.0.0-Release.Candidate.app xcrun xcodebuild -IDEClonedSourcePackagesDirPathOverride=$PWD/.dependencies -skipMacroValidation -skipPackagePluginValidation -derivedDataPath $PWD/.derivedData build -scheme Avatars-Package -destination platform=macOS,arch=arm64

Build Log

========================================
RunAll
========================================
Builder version: 5.1.0
Interrupt handler set up.
========================================
Checkout
========================================
Clone URL: https://github.com/Appsaurus/Avatars.git
Reference: master
Initialized empty Git repository in /Users/admin/builder/spi-builder-workspace/.git/
From https://github.com/Appsaurus/Avatars
 * branch            master     -> FETCH_HEAD
 * [new branch]      master     -> origin/master
HEAD is now at f9d00e4 Swift 4.2 WIP (Still waiting on dependency to update)
Cloned https://github.com/Appsaurus/Avatars.git
Revision (git rev-parse @):
f9d00e4cc330dfc86c0bf92092249ab84ef82287
SUCCESS checkout https://github.com/Appsaurus/Avatars.git at master
========================================
Build
========================================
Selected platform:         macosXcodebuild
Swift version:             6.4
Building package at path:  $PWD
https://github.com/Appsaurus/Avatars.git
Command line invocation:
    /Applications/Xcode-27.0.0-Release.Candidate.app/Contents/Developer/usr/bin/xcodebuild -IDEClonedSourcePackagesDirPathOverride=/Users/admin/builder/spi-builder-workspace/.dependencies -resolvePackageDependencies
resolved source packages:
2026-09-16 22:18:02.012 xcodebuild[529:3035] [MT] IDERunDestination: Supported platforms for the buildables in the current scheme is empty.
{
  "dependencies" : [
    {
      "identity" : "swifttestutils",
      "requirement" : {
        "range" : [
          {
            "lower_bound" : "1.0.0",
            "upper_bound" : "2.0.0"
          }
        ]
      },
      "type" : "sourceControl",
      "url" : "https://github.com/Appsaurus/SwiftTestUtils"
    }
  ],
  "manifest_display_name" : "Avatars",
  "name" : "Avatars",
  "path" : "/Users/admin/builder/spi-builder-workspace",
  "platforms" : [
  ],
  "products" : [
    {
      "name" : "Avatars",
      "targets" : [
        "Avatars"
      ],
      "type" : {
        "library" : [
          "automatic"
        ]
      }
    }
  ],
  "targets" : [
    {
      "c99name" : "AvatarsTests",
      "module_type" : "SwiftTarget",
      "name" : "AvatarsTests",
      "path" : "AvatarsTests/Shared",
      "product_dependencies" : [
        "SwiftTestUtils"
      ],
      "sources" : [
        "SharedTests.swift"
      ],
      "target_dependencies" : [
        "Avatars"
      ],
      "type" : "test"
    },
    {
      "c99name" : "Avatars",
      "module_type" : "SwiftTarget",
      "name" : "Avatars",
      "path" : "Sources/Shared",
      "product_memberships" : [
        "Avatars"
      ],
      "sources" : [
        "AdorableAvatarImageURLProvider.swift",
        "AvatarExtensions.swift",
        "AvatarImageURLBuilder.swift",
        "GravatarImageURLProvider.swift",
        "MD5.swift"
      ],
      "type" : "library"
    }
  ],
  "tools_version" : "4.0"
}
{
  "project" : {
    "configurations" : [
      "Debug",
      "Release"
    ],
    "name" : "Avatars",
    "schemes" : [
      "Avatars-iOS",
      "Avatars-macOS",
      "Avatars-Package",
      "SwiftPackage-tvOS",
      "SwiftPackage-watchOS"
    ],
    "targets" : [
      "Avatars",
      "AvatarsPackageDescription",
      "AvatarsPackageTests",
      "AvatarsTests",
      "SwiftTestUtils",
      "SwiftTestUtilsPackageDescription"
    ]
  }
}
2026-09-16 22:18:43.980 xcodebuild[619:3843] [MT] IDERunDestination: Supported platforms for the buildables in the current scheme is empty.
Running build ...
env DEVELOPER_DIR=/Applications/Xcode-27.0.0-Release.Candidate.app xcrun xcodebuild -IDEClonedSourcePackagesDirPathOverride=$PWD/.dependencies -skipMacroValidation -skipPackagePluginValidation -derivedDataPath $PWD/.derivedData build -scheme Avatars-Package -destination platform=macOS,arch=arm64
Command line invocation:
    /Applications/Xcode-27.0.0-Release.Candidate.app/Contents/Developer/usr/bin/xcodebuild -IDEClonedSourcePackagesDirPathOverride=/Users/admin/builder/spi-builder-workspace/.dependencies -skipMacroValidation -skipPackagePluginValidation -derivedDataPath /Users/admin/builder/spi-builder-workspace/.derivedData build -scheme Avatars-Package -destination platform=macOS,arch=arm64
ComputePackagePrebuildTargetDependencyGraph
Prepare packages
CreateBuildRequest
SendProjectDescription
CreateBuildOperation
ComputeTargetDependencyGraph
note: Building targets in dependency order
note: Target dependency graph (1 target)
    Target 'Avatars' in project 'Avatars' (no dependencies)
GatherProvisioningInputs
CreateBuildDescription
ExecuteExternalTool /Applications/Xcode-27.0.0-Release.Candidate.app/Contents/Developer/Toolchains/XcodeDefault.xctoolchain/usr/bin/clang -v -E -dM -isysroot /Applications/Xcode-27.0.0-Release.Candidate.app/Contents/Developer/Platforms/MacOSX.platform/Developer/SDKs/MacOSX27.0.sdk -x c -c /dev/null
ExecuteExternalTool /Applications/Xcode-27.0.0-Release.Candidate.app/Contents/Developer/Toolchains/XcodeDefault.xctoolchain/usr/bin/swiftc --version
ExecuteExternalTool /Applications/Xcode-27.0.0-Release.Candidate.app/Contents/Developer/Toolchains/XcodeDefault.xctoolchain/usr/bin/ld -version_details
Build description signature: 63a24c24045537fec6d25e5f552dd256
Build description path: /Users/admin/builder/spi-builder-workspace/.derivedData/Build/Intermediates.noindex/XCBuildData/63a24c24045537fec6d25e5f552dd256.xcbuilddata
/Users/admin/builder/spi-builder-workspace/Avatars.xcodeproj: error: The macOS deployment target 'MACOSX_DEPLOYMENT_TARGET' is set to 10.10, but the range of supported deployment target versions is 12.0 to 27.0.x. (in target 'Avatars' from project 'Avatars')
2026-09-16 22:18:44.922 xcodebuild[650:4069] [MT] IDERunDestination: Supported platforms for the buildables in the current scheme is empty.
2026-09-16 22:18:45.046 xcodebuild[650:4069] [MT] IDERunDestination: Supported platforms for the buildables in the current scheme is empty.
** BUILD FAILED **
The following build commands failed:
	Building project Avatars with scheme Avatars-Package
(1 failure)
Command line invocation:
    /Applications/Xcode-27.0.0-Release.Candidate.app/Contents/Developer/usr/bin/xcodebuild -IDEClonedSourcePackagesDirPathOverride=/Users/admin/builder/spi-builder-workspace/.dependencies -resolvePackageDependencies
resolved source packages:
2026-09-16 22:18:47.144 xcodebuild[659:4169] [MT] IDERunDestination: Supported platforms for the buildables in the current scheme is empty.
{
  "dependencies" : [
    {
      "identity" : "swifttestutils",
      "requirement" : {
        "range" : [
          {
            "lower_bound" : "1.0.0",
            "upper_bound" : "2.0.0"
          }
        ]
      },
      "type" : "sourceControl",
      "url" : "https://github.com/Appsaurus/SwiftTestUtils"
    }
  ],
  "manifest_display_name" : "Avatars",
  "name" : "Avatars",
  "path" : "/Users/admin/builder/spi-builder-workspace",
  "platforms" : [
  ],
  "products" : [
    {
      "name" : "Avatars",
      "targets" : [
        "Avatars"
      ],
      "type" : {
        "library" : [
          "automatic"
        ]
      }
    }
  ],
  "targets" : [
    {
      "c99name" : "AvatarsTests",
      "module_type" : "SwiftTarget",
      "name" : "AvatarsTests",
      "path" : "AvatarsTests/Shared",
      "product_dependencies" : [
        "SwiftTestUtils"
      ],
      "sources" : [
        "SharedTests.swift"
      ],
      "target_dependencies" : [
        "Avatars"
      ],
      "type" : "test"
    },
    {
      "c99name" : "Avatars",
      "module_type" : "SwiftTarget",
      "name" : "Avatars",
      "path" : "Sources/Shared",
      "product_memberships" : [
        "Avatars"
      ],
      "sources" : [
        "AdorableAvatarImageURLProvider.swift",
        "AvatarExtensions.swift",
        "AvatarImageURLBuilder.swift",
        "GravatarImageURLProvider.swift",
        "MD5.swift"
      ],
      "type" : "library"
    }
  ],
  "tools_version" : "4.0"
}
{
  "project" : {
    "configurations" : [
      "Debug",
      "Release"
    ],
    "name" : "Avatars",
    "schemes" : [
      "Avatars-iOS",
      "Avatars-macOS",
      "Avatars-Package",
      "SwiftPackage-tvOS",
      "SwiftPackage-watchOS"
    ],
    "targets" : [
      "Avatars",
      "AvatarsPackageDescription",
      "AvatarsPackageTests",
      "AvatarsTests",
      "SwiftTestUtils",
      "SwiftTestUtilsPackageDescription"
    ]
  }
}
2026-09-16 22:18:48.275 xcodebuild[667:4230] [MT] IDERunDestination: Supported platforms for the buildables in the current scheme is empty.
Running build ...
env DEVELOPER_DIR=/Applications/Xcode-27.0.0-Release.Candidate.app xcrun xcodebuild -IDEClonedSourcePackagesDirPathOverride=$PWD/.dependencies -skipMacroValidation -skipPackagePluginValidation -derivedDataPath $PWD/.derivedData build -scheme Avatars-Package -destination platform=macOS,arch=arm64
Command line invocation:
    /Applications/Xcode-27.0.0-Release.Candidate.app/Contents/Developer/usr/bin/xcodebuild -IDEClonedSourcePackagesDirPathOverride=/Users/admin/builder/spi-builder-workspace/.dependencies -skipMacroValidation -skipPackagePluginValidation -derivedDataPath /Users/admin/builder/spi-builder-workspace/.derivedData build -scheme Avatars-Package -destination platform=macOS,arch=arm64
ComputePackagePrebuildTargetDependencyGraph
Prepare packages
CreateBuildRequest
SendProjectDescription
CreateBuildOperation
ComputeTargetDependencyGraph
note: Building targets in dependency order
note: Target dependency graph (1 target)
    Target 'Avatars' in project 'Avatars' (no dependencies)
GatherProvisioningInputs
CreateBuildDescription
/Users/admin/builder/spi-builder-workspace/Avatars.xcodeproj: error: The macOS deployment target 'MACOSX_DEPLOYMENT_TARGET' is set to 10.10, but the range of supported deployment target versions is 12.0 to 27.0.x. (in target 'Avatars' from project 'Avatars')
2026-09-16 22:18:49.164 xcodebuild[668:4253] [MT] IDERunDestination: Supported platforms for the buildables in the current scheme is empty.
2026-09-16 22:18:49.276 xcodebuild[668:4253] [MT] IDERunDestination: Supported platforms for the buildables in the current scheme is empty.
** BUILD FAILED **
The following build commands failed:
	Building project Avatars with scheme Avatars-Package
(1 failure)
BUILD FAILURE 6.4 macosXcodebuild