Build Information
Failed to build swift-w3c-cssom, reference main (273e7d), with Swift 6.2 for tvOS using Xcode 26.3 on 25 Oct 2026 12:40:37 UTC.
Build Command
No build command. This typically means the build failed at an early stage where we determine the build command.Build Log
========================================
RunAll
========================================
Builder version: 5.1.3
Interrupt handler set up.
========================================
Checkout
========================================
Clone URL: https://github.com/swift-w3c/swift-w3c-cssom.git
Reference: main
Initialized empty Git repository in /Users/admin/builder/spi-builder-workspace/.git/
From https://github.com/swift-w3c/swift-w3c-cssom
* branch main -> FETCH_HEAD
* [new branch] main -> origin/main
HEAD is now at 273e7d7 Adopt canonical shape policy 5 .gitignore [skip ci]
Cloned https://github.com/swift-w3c/swift-w3c-cssom.git
Revision (git rev-parse @):
273e7d7ad6f93ea5067cf61dc4d074221abee4c5
SPI manifest file found: $PWD/.spi.yml
SUCCESS checkout https://github.com/swift-w3c/swift-w3c-cssom.git at main
========================================
Build
========================================
Selected platform: tvOS
Swift version: 6.2
Building package at path: $PWD
https://github.com/swift-w3c/swift-w3c-cssom.git
Command line invocation:
/Applications/Xcode-26.3.0.app/Contents/Developer/usr/bin/xcodebuild -IDEClonedSourcePackagesDirPathOverride=/Users/admin/builder/spi-builder-workspace/.dependencies -resolvePackageDependencies
Resolve Package Graph
package 'spi-builder-workspace' is using Swift tools version 6.4.0 but the installed version is 6.2.4
Resolved source packages:
spi-builder-workspace: (null)
2026-10-25 08:40:36.738 xcodebuild[538:3115] Writing error result bundle to /var/folders/xq/y_g06wb113726d38xsyx71_h0000gn/T/ResultBundle_2026-25-10_08-40-0036.xcresult
xcodebuild: error: Could not resolve package dependencies:
package 'spi-builder-workspace' is using Swift tools version 6.4.0 but the installed version is 6.2.4
Command line invocation:
/Applications/Xcode-26.3.0.app/Contents/Developer/usr/bin/xcodebuild -IDEClonedSourcePackagesDirPathOverride=/Users/admin/builder/spi-builder-workspace/.dependencies -resolvePackageDependencies
Resolve Package Graph
package 'spi-builder-workspace' is using Swift tools version 6.4.0 but the installed version is 6.2.4
Resolved source packages:
spi-builder-workspace: (null)
2026-10-25 08:40:37.618 xcodebuild[600:3643] Writing error result bundle to /var/folders/xq/y_g06wb113726d38xsyx71_h0000gn/T/ResultBundle_2026-25-10_08-40-0037.xcresult
xcodebuild: error: Could not resolve package dependencies:
package 'spi-builder-workspace' is using Swift tools version 6.4.0 but the installed version is 6.2.4
BUILD FAILURE 6.2 tvOS