Build Information
Failed to build NetworkInterfaceInfo, reference main (cd5a77), with Swift 6.4 for visionOS using Xcode 27.0 on 20 Sep 2026 18:38:23 UTC.
Build Command
env DEVELOPER_DIR=/Applications/Xcode-27.0.0-Release.Candidate.app xcrun xcodebuild -IDEClonedSourcePackagesDirPathOverride=$PWD/.dependencies -skipMacroValidation -skipPackagePluginValidation -derivedDataPath $PWD/.derivedData build -scheme NetworkInterfaceInfo-Package -destination generic/platform=xrOSBuild Log
========================================
RunAll
========================================
Builder version: 5.1.0
Interrupt handler set up.
========================================
Checkout
========================================
Clone URL: https://github.com/wadetregaskis/NetworkInterfaceInfo.git
Reference: main
Initialized empty Git repository in /Users/admin/builder/spi-builder-workspace/.git/
From https://github.com/wadetregaskis/NetworkInterfaceInfo
* branch main -> FETCH_HEAD
* [new branch] main -> origin/main
HEAD is now at cd5a774 Upgraded to swift-actions/setup-swift/v2.
Cloned https://github.com/wadetregaskis/NetworkInterfaceInfo.git
Revision (git rev-parse @):
cd5a7740f84eb707496431cd49e1f5ff23024a32
SPI manifest file found: $PWD/.spi.yml
SUCCESS checkout https://github.com/wadetregaskis/NetworkInterfaceInfo.git at main
========================================
Build
========================================
Selected platform: visionOS
Swift version: 6.4
Building package at path: $PWD
https://github.com/wadetregaskis/NetworkInterfaceInfo.git
Command line invocation:
/Applications/Xcode-27.0.0-Release.Candidate.app/Contents/Developer/usr/bin/xcodebuild -IDEClonedSourcePackagesDirPathOverride=/Users/admin/builder/spi-builder-workspace/.dependencies -resolvePackageDependencies
Resolve Package Graph
Fetching from https://github.com/wadetregaskis/FoundationExtensions.git
Creating working copy of package ‘FoundationExtensions’
Checking out 3.5.2 of package ‘FoundationExtensions’
Resolve Package Graph
Resolved source packages:
NetworkInterfaceInfo: /Users/admin/builder/spi-builder-workspace
FoundationExtensions: https://github.com/wadetregaskis/FoundationExtensions.git @ 3.5.2
resolved source packages: NetworkInterfaceInfo, FoundationExtensions
2026-09-20 14:37:35.210 xcodebuild[563:3073] [MT] IDERunDestination: Supported platforms for the buildables in the current scheme is empty.
{
"dependencies" : [
{
"identity" : "foundationextensions",
"requirement" : {
"range" : [
{
"lower_bound" : "3.0.0",
"upper_bound" : "4.0.0"
}
]
},
"type" : "sourceControl",
"url" : "https://github.com/wadetregaskis/FoundationExtensions.git"
}
],
"manifest_display_name" : "NetworkInterfaceInfo",
"name" : "NetworkInterfaceInfo",
"path" : "/Users/admin/builder/spi-builder-workspace",
"platforms" : [
{
"name" : "ios",
"version" : "15.0"
},
{
"name" : "macos",
"version" : "12.0"
},
{
"name" : "maccatalyst",
"version" : "15.0"
},
{
"name" : "tvos",
"version" : "15.0"
},
{
"name" : "watchos",
"version" : "8.0"
}
],
"products" : [
{
"name" : "NetworkInterfaceInfo",
"targets" : [
"NetworkInterfaceInfo"
],
"type" : {
"library" : [
"automatic"
]
}
},
{
"name" : "NetworkInterfaceChangeMonitoring",
"targets" : [
"NetworkInterfaceChangeMonitoring"
],
"type" : {
"library" : [
"automatic"
]
}
}
],
"targets" : [
{
"c99name" : "NetworkInterfaceInfoTests",
"module_type" : "SwiftTarget",
"name" : "NetworkInterfaceInfoTests",
"path" : "Tests/NetworkInterfaceInfoTests",
"sources" : [
"NetworkInterfaceInfoTests.swift"
],
"target_dependencies" : [
"NetworkInterfaceInfo"
],
"type" : "test"
},
{
"c99name" : "NetworkInterfaceInfo",
"module_type" : "SwiftTarget",
"name" : "NetworkInterfaceInfo",
"path" : "Sources/NetworkInterfaceInfo",
"product_dependencies" : [
"FoundationExtensions"
],
"product_memberships" : [
"NetworkInterfaceInfo",
"NetworkInterfaceChangeMonitoring"
],
"sources" : [
"IPv4Address.swift",
"Metrics.swift",
"NetworkAddress.swift",
"NetworkInterface.swift"
],
"type" : "library"
},
{
"c99name" : "NetworkInterfaceChangeMonitoringTests",
"module_type" : "SwiftTarget",
"name" : "NetworkInterfaceChangeMonitoringTests",
"path" : "Tests/NetworkInterfaceChangeMonitoringTests",
"sources" : [
"NetworkInterfaceChangeMonitoringTests.swift"
],
"target_dependencies" : [
"NetworkInterfaceChangeMonitoring"
],
"type" : "test"
},
{
"c99name" : "NetworkInterfaceChangeMonitoring",
"module_type" : "SwiftTarget",
"name" : "NetworkInterfaceChangeMonitoring",
"path" : "Sources/NetworkInterfaceChangeMonitoring",
"product_dependencies" : [
"FoundationExtensions"
],
"product_memberships" : [
"NetworkInterfaceChangeMonitoring"
],
"sources" : [
"NetworkInterfaceChangeMonitoring.swift"
],
"target_dependencies" : [
"NetworkInterfaceInfo"
],
"type" : "library"
}
],
"tools_version" : "5.9"
}
{
"workspace" : {
"name" : "NetworkInterfaceInfo",
"schemes" : [
"FoundationExtensions",
"NetworkInterfaceChangeMonitoring",
"NetworkInterfaceInfo",
"NetworkInterfaceInfo-Package"
]
}
}
2026-09-20 14:38:07.096 xcodebuild[697:4047] [MT] IDERunDestination: Supported platforms for the buildables in the current scheme is empty.
{
"workspace" : {
"name" : "NetworkInterfaceInfo",
"schemes" : [
"FoundationExtensions",
"NetworkInterfaceChangeMonitoring",
"NetworkInterfaceInfo",
"NetworkInterfaceInfo-Package"
]
}
}
2026-09-20 14:38:08.173 xcodebuild[699:4103] [MT] IDERunDestination: Supported platforms for the buildables in the current scheme is empty.
Running build ...
env DEVELOPER_DIR=/Applications/Xcode-27.0.0-Release.Candidate.app xcrun xcodebuild -IDEClonedSourcePackagesDirPathOverride=$PWD/.dependencies -skipMacroValidation -skipPackagePluginValidation -derivedDataPath $PWD/.derivedData build -scheme NetworkInterfaceInfo-Package -destination generic/platform=xrOS
Command line invocation:
/Applications/Xcode-27.0.0-Release.Candidate.app/Contents/Developer/usr/bin/xcodebuild -IDEClonedSourcePackagesDirPathOverride=/Users/admin/builder/spi-builder-workspace/.dependencies -skipMacroValidation -skipPackagePluginValidation -derivedDataPath /Users/admin/builder/spi-builder-workspace/.derivedData build -scheme NetworkInterfaceInfo-Package -destination generic/platform=xrOS
Resolve Package Graph
Resolve Package Graph
Resolved source packages:
FoundationExtensions: https://github.com/wadetregaskis/FoundationExtensions.git @ 3.5.2
NetworkInterfaceInfo: /Users/admin/builder/spi-builder-workspace
ComputePackagePrebuildTargetDependencyGraph
Prepare packages
CreateBuildRequest
SendProjectDescription
CreateBuildOperation
ComputeTargetDependencyGraph
note: Building targets in dependency order
note: Target dependency graph (6 targets)
Target 'NetworkInterfaceChangeMonitoring-product' in project 'NetworkInterfaceInfo'
➜ Explicit dependency on target 'NetworkInterfaceChangeMonitoring' in project 'NetworkInterfaceInfo'
➜ Explicit dependency on target 'NetworkInterfaceInfo' in project 'NetworkInterfaceInfo'
➜ Explicit dependency on target 'FoundationExtensions-product' in project 'FoundationExtensions'
Target 'NetworkInterfaceChangeMonitoring' in project 'NetworkInterfaceInfo'
➜ Explicit dependency on target 'NetworkInterfaceInfo' in project 'NetworkInterfaceInfo'
➜ Explicit dependency on target 'FoundationExtensions-product' in project 'FoundationExtensions'
Target 'NetworkInterfaceInfo-product' in project 'NetworkInterfaceInfo'
➜ Explicit dependency on target 'NetworkInterfaceInfo' in project 'NetworkInterfaceInfo'
➜ Explicit dependency on target 'FoundationExtensions-product' in project 'FoundationExtensions'
Target 'NetworkInterfaceInfo' in project 'NetworkInterfaceInfo'
➜ Explicit dependency on target 'FoundationExtensions-product' in project 'FoundationExtensions'
Target 'FoundationExtensions-product' in project 'FoundationExtensions'
➜ Explicit dependency on target 'FoundationExtensions' in project 'FoundationExtensions'
Target 'FoundationExtensions' in project 'FoundationExtensions' (no dependencies)
GatherProvisioningInputs
CreateBuildDescription
ExecuteExternalTool /Applications/Xcode-27.0.0-Release.Candidate.app/Contents/Developer/Toolchains/XcodeDefault.xctoolchain/usr/bin/swiftc --version
ExecuteExternalTool /Applications/Xcode-27.0.0-Release.Candidate.app/Contents/Developer/Toolchains/XcodeDefault.xctoolchain/usr/bin/clang -v -E -dM -isysroot /Applications/Xcode-27.0.0-Release.Candidate.app/Contents/Developer/Platforms/XROS.platform/Developer/SDKs/XROS27.0.sdk -x c -c /dev/null
ExecuteExternalTool /Applications/Xcode-27.0.0-Release.Candidate.app/Contents/Developer/Toolchains/XcodeDefault.xctoolchain/usr/bin/ld -version_details
Build description signature: 7539d39f7a0cb64aea032ee2baecd7b7
Build description path: /Users/admin/builder/spi-builder-workspace/.derivedData/Build/Intermediates.noindex/XCBuildData/7539d39f7a0cb64aea032ee2baecd7b7.xcbuilddata
CreateBuildDirectory /Users/admin/builder/spi-builder-workspace/.derivedData/CompilationCache.noindex
cd /Users/admin/builder/spi-builder-workspace/.swiftpm/xcode
builtin-create-build-directory /Users/admin/builder/spi-builder-workspace/.derivedData/CompilationCache.noindex
CreateBuildDirectory /Users/admin/builder/spi-builder-workspace/.derivedData/ModuleCache.noindex
cd /Users/admin/builder/spi-builder-workspace/.swiftpm/xcode
builtin-create-build-directory /Users/admin/builder/spi-builder-workspace/.derivedData/ModuleCache.noindex
CreateBuildDirectory /Users/admin/builder/spi-builder-workspace/.derivedData/SDKExplicitPrecompiledModules
cd /Users/admin/builder/spi-builder-workspace/.swiftpm/xcode
builtin-create-build-directory /Users/admin/builder/spi-builder-workspace/.derivedData/SDKExplicitPrecompiledModules
CreateBuildDirectory /Users/admin/builder/spi-builder-workspace/.derivedData/Build/Products
cd /Users/admin/builder/spi-builder-workspace/.swiftpm/xcode
builtin-create-build-directory /Users/admin/builder/spi-builder-workspace/.derivedData/Build/Products
CreateBuildDirectory /Users/admin/builder/spi-builder-workspace/.derivedData/Build/Intermediates.noindex
cd /Users/admin/builder/spi-builder-workspace/.swiftpm/xcode
builtin-create-build-directory /Users/admin/builder/spi-builder-workspace/.derivedData/Build/Intermediates.noindex
ClangStatCache /Applications/Xcode-27.0.0-Release.Candidate.app/Contents/Developer/Toolchains/XcodeDefault.xctoolchain/usr/bin/clang-stat-cache /Applications/Xcode-27.0.0-Release.Candidate.app/Contents/Developer/Platforms/XROS.platform/Developer/SDKs/XROS27.0.sdk /Users/admin/builder/spi-builder-workspace/.derivedData/SDKStatCaches.noindex/xros27.0-24M361-e829b21a6f8c9b70876ba0858053c044735bd543db762f57723cac368afd1ce4.sdkstatcache
cd /Users/admin/builder/spi-builder-workspace/.swiftpm/xcode
/Applications/Xcode-27.0.0-Release.Candidate.app/Contents/Developer/Toolchains/XcodeDefault.xctoolchain/usr/bin/clang-stat-cache /Applications/Xcode-27.0.0-Release.Candidate.app/Contents/Developer/Platforms/XROS.platform/Developer/SDKs/XROS27.0.sdk -o /Users/admin/builder/spi-builder-workspace/.derivedData/SDKStatCaches.noindex/xros27.0-24M361-e829b21a6f8c9b70876ba0858053c044735bd543db762f57723cac368afd1ce4.sdkstatcache
CreateBuildDirectory /Users/admin/builder/spi-builder-workspace/.derivedData/Build/Intermediates.noindex/SwiftExplicitPrecompiledModules
cd /Users/admin/builder/spi-builder-workspace/.swiftpm/xcode
builtin-create-build-directory /Users/admin/builder/spi-builder-workspace/.derivedData/Build/Intermediates.noindex/SwiftExplicitPrecompiledModules
CreateBuildDirectory /Users/admin/builder/spi-builder-workspace/.derivedData/Build/Intermediates.noindex/PrecompiledHeaders
cd /Users/admin/builder/spi-builder-workspace/.swiftpm/xcode
builtin-create-build-directory /Users/admin/builder/spi-builder-workspace/.derivedData/Build/Intermediates.noindex/PrecompiledHeaders
CreateBuildDirectory /Users/admin/builder/spi-builder-workspace/.derivedData/Build/Intermediates.noindex/ExplicitPrecompiledModules
cd /Users/admin/builder/spi-builder-workspace/.swiftpm/xcode
builtin-create-build-directory /Users/admin/builder/spi-builder-workspace/.derivedData/Build/Intermediates.noindex/ExplicitPrecompiledModules
CreateBuildDirectory /Users/admin/builder/spi-builder-workspace/.derivedData/Build/Intermediates.noindex/EagerLinkingTBDs/Debug-xros
cd /Users/admin/builder/spi-builder-workspace/.swiftpm/xcode
builtin-create-build-directory /Users/admin/builder/spi-builder-workspace/.derivedData/Build/Intermediates.noindex/EagerLinkingTBDs/Debug-xros
CreateBuildDirectory /Users/admin/builder/spi-builder-workspace/.derivedData/Build/Products/Debug-xros
cd /Users/admin/builder/spi-builder-workspace/.swiftpm/xcode
builtin-create-build-directory /Users/admin/builder/spi-builder-workspace/.derivedData/Build/Products/Debug-xros
CreateBuildDirectory /Users/admin/builder/spi-builder-workspace/.derivedData/Build/Products/Debug-xros/PackageFrameworks
cd /Users/admin/builder/spi-builder-workspace/.swiftpm/xcode
builtin-create-build-directory /Users/admin/builder/spi-builder-workspace/.derivedData/Build/Products/Debug-xros/PackageFrameworks
WriteAuxiliaryFile /Users/admin/builder/spi-builder-workspace/.derivedData/Build/Intermediates.noindex/NetworkInterfaceInfo.build/Debug-xros/NetworkInterfaceInfo-t.build/NetworkInterfaceInfo.modulemap (in target 'NetworkInterfaceInfo' from project 'NetworkInterfaceInfo')
cd /Users/admin/builder/spi-builder-workspace
write-file /Users/admin/builder/spi-builder-workspace/.derivedData/Build/Intermediates.noindex/NetworkInterfaceInfo.build/Debug-xros/NetworkInterfaceInfo-t.build/NetworkInterfaceInfo.modulemap
WriteAuxiliaryFile /Users/admin/builder/spi-builder-workspace/.derivedData/Build/Intermediates.noindex/NetworkInterfaceInfo.build/Debug-xros/NetworkInterfaceInfo-t.build/NetworkInterfaceInfo.DependencyStaticMetadataFileList (in target 'NetworkInterfaceInfo' from project 'NetworkInterfaceInfo')
cd /Users/admin/builder/spi-builder-workspace
write-file /Users/admin/builder/spi-builder-workspace/.derivedData/Build/Intermediates.noindex/NetworkInterfaceInfo.build/Debug-xros/NetworkInterfaceInfo-t.build/NetworkInterfaceInfo.DependencyStaticMetadataFileList
WriteAuxiliaryFile /Users/admin/builder/spi-builder-workspace/.derivedData/Build/Intermediates.noindex/NetworkInterfaceInfo.build/Debug-xros/NetworkInterfaceInfo-t.build/NetworkInterfaceInfo.DependencyMetadataFileList (in target 'NetworkInterfaceInfo' from project 'NetworkInterfaceInfo')
cd /Users/admin/builder/spi-builder-workspace
write-file /Users/admin/builder/spi-builder-workspace/.derivedData/Build/Intermediates.noindex/NetworkInterfaceInfo.build/Debug-xros/NetworkInterfaceInfo-t.build/NetworkInterfaceInfo.DependencyMetadataFileList
WriteAuxiliaryFile /Users/admin/builder/spi-builder-workspace/.derivedData/Build/Intermediates.noindex/NetworkInterfaceInfo.build/Debug-xros/NetworkInterfaceInfo-t.build/Objects-normal/arm64/NetworkInterfaceInfo_const_extract_protocols.json (in target 'NetworkInterfaceInfo' from project 'NetworkInterfaceInfo')
cd /Users/admin/builder/spi-builder-workspace
write-file /Users/admin/builder/spi-builder-workspace/.derivedData/Build/Intermediates.noindex/NetworkInterfaceInfo.build/Debug-xros/NetworkInterfaceInfo-t.build/Objects-normal/arm64/NetworkInterfaceInfo_const_extract_protocols.json
WriteAuxiliaryFile /Users/admin/builder/spi-builder-workspace/.derivedData/Build/Intermediates.noindex/NetworkInterfaceInfo.build/Debug-xros/NetworkInterfaceInfo-t.build/Objects-normal/arm64/NetworkInterfaceInfo.LinkFileList (in target 'NetworkInterfaceInfo' from project 'NetworkInterfaceInfo')
cd /Users/admin/builder/spi-builder-workspace
write-file /Users/admin/builder/spi-builder-workspace/.derivedData/Build/Intermediates.noindex/NetworkInterfaceInfo.build/Debug-xros/NetworkInterfaceInfo-t.build/Objects-normal/arm64/NetworkInterfaceInfo.LinkFileList
WriteAuxiliaryFile /Users/admin/builder/spi-builder-workspace/.derivedData/Build/Intermediates.noindex/NetworkInterfaceInfo.build/Debug-xros/NetworkInterfaceInfo-t.build/Objects-normal/arm64/NetworkInterfaceInfo.SwiftFileList (in target 'NetworkInterfaceInfo' from project 'NetworkInterfaceInfo')
cd /Users/admin/builder/spi-builder-workspace
write-file /Users/admin/builder/spi-builder-workspace/.derivedData/Build/Intermediates.noindex/NetworkInterfaceInfo.build/Debug-xros/NetworkInterfaceInfo-t.build/Objects-normal/arm64/NetworkInterfaceInfo.SwiftFileList
WriteAuxiliaryFile /Users/admin/builder/spi-builder-workspace/.derivedData/Build/Intermediates.noindex/NetworkInterfaceInfo.build/Debug-xros/NetworkInterfaceInfo-t.build/Objects-normal/arm64/NetworkInterfaceInfo.SwiftConstValuesFileList (in target 'NetworkInterfaceInfo' from project 'NetworkInterfaceInfo')
cd /Users/admin/builder/spi-builder-workspace
write-file /Users/admin/builder/spi-builder-workspace/.derivedData/Build/Intermediates.noindex/NetworkInterfaceInfo.build/Debug-xros/NetworkInterfaceInfo-t.build/Objects-normal/arm64/NetworkInterfaceInfo.SwiftConstValuesFileList
WriteAuxiliaryFile /Users/admin/builder/spi-builder-workspace/.derivedData/Build/Intermediates.noindex/NetworkInterfaceInfo.build/Debug-xros/NetworkInterfaceInfo-t.build/Objects-normal/arm64/NetworkInterfaceInfo-OutputFileMap.json (in target 'NetworkInterfaceInfo' from project 'NetworkInterfaceInfo')
cd /Users/admin/builder/spi-builder-workspace
write-file /Users/admin/builder/spi-builder-workspace/.derivedData/Build/Intermediates.noindex/NetworkInterfaceInfo.build/Debug-xros/NetworkInterfaceInfo-t.build/Objects-normal/arm64/NetworkInterfaceInfo-OutputFileMap.json
WriteAuxiliaryFile /Users/admin/builder/spi-builder-workspace/.derivedData/Build/Intermediates.noindex/NetworkInterfaceInfo.build/Debug-xros/NetworkInterfaceChangeMonitoring-t.build/Objects-normal/arm64/NetworkInterfaceChangeMonitoring_const_extract_protocols.json (in target 'NetworkInterfaceChangeMonitoring' from project 'NetworkInterfaceInfo')
cd /Users/admin/builder/spi-builder-workspace
write-file /Users/admin/builder/spi-builder-workspace/.derivedData/Build/Intermediates.noindex/NetworkInterfaceInfo.build/Debug-xros/NetworkInterfaceChangeMonitoring-t.build/Objects-normal/arm64/NetworkInterfaceChangeMonitoring_const_extract_protocols.json
WriteAuxiliaryFile /Users/admin/builder/spi-builder-workspace/.derivedData/Build/Intermediates.noindex/NetworkInterfaceInfo.build/Debug-xros/NetworkInterfaceChangeMonitoring-t.build/Objects-normal/arm64/NetworkInterfaceChangeMonitoring.SwiftFileList (in target 'NetworkInterfaceChangeMonitoring' from project 'NetworkInterfaceInfo')
cd /Users/admin/builder/spi-builder-workspace
write-file /Users/admin/builder/spi-builder-workspace/.derivedData/Build/Intermediates.noindex/NetworkInterfaceInfo.build/Debug-xros/NetworkInterfaceChangeMonitoring-t.build/Objects-normal/arm64/NetworkInterfaceChangeMonitoring.SwiftFileList
WriteAuxiliaryFile /Users/admin/builder/spi-builder-workspace/.derivedData/Build/Intermediates.noindex/NetworkInterfaceInfo.build/Debug-xros/NetworkInterfaceChangeMonitoring-t.build/Objects-normal/arm64/NetworkInterfaceChangeMonitoring.SwiftConstValuesFileList (in target 'NetworkInterfaceChangeMonitoring' from project 'NetworkInterfaceInfo')
cd /Users/admin/builder/spi-builder-workspace
write-file /Users/admin/builder/spi-builder-workspace/.derivedData/Build/Intermediates.noindex/NetworkInterfaceInfo.build/Debug-xros/NetworkInterfaceChangeMonitoring-t.build/Objects-normal/arm64/NetworkInterfaceChangeMonitoring.SwiftConstValuesFileList
WriteAuxiliaryFile /Users/admin/builder/spi-builder-workspace/.derivedData/Build/Intermediates.noindex/NetworkInterfaceInfo.build/Debug-xros/NetworkInterfaceChangeMonitoring-t.build/Objects-normal/arm64/NetworkInterfaceChangeMonitoring.LinkFileList (in target 'NetworkInterfaceChangeMonitoring' from project 'NetworkInterfaceInfo')
cd /Users/admin/builder/spi-builder-workspace
write-file /Users/admin/builder/spi-builder-workspace/.derivedData/Build/Intermediates.noindex/NetworkInterfaceInfo.build/Debug-xros/NetworkInterfaceChangeMonitoring-t.build/Objects-normal/arm64/NetworkInterfaceChangeMonitoring.LinkFileList
Copy /Users/admin/builder/spi-builder-workspace/.derivedData/Build/Intermediates.noindex/GeneratedModuleMaps-xros/NetworkInterfaceInfo.modulemap /Users/admin/builder/spi-builder-workspace/.derivedData/Build/Intermediates.noindex/NetworkInterfaceInfo.build/Debug-xros/NetworkInterfaceInfo-t.build/NetworkInterfaceInfo.modulemap (in target 'NetworkInterfaceInfo' from project 'NetworkInterfaceInfo')
cd /Users/admin/builder/spi-builder-workspace
builtin-copy -exclude .DS_Store -exclude CVS -exclude .svn -exclude .git -exclude .hg -resolve-src-symlinks /Users/admin/builder/spi-builder-workspace/.derivedData/Build/Intermediates.noindex/NetworkInterfaceInfo.build/Debug-xros/NetworkInterfaceInfo-t.build/NetworkInterfaceInfo.modulemap /Users/admin/builder/spi-builder-workspace/.derivedData/Build/Intermediates.noindex/GeneratedModuleMaps-xros
WriteAuxiliaryFile /Users/admin/builder/spi-builder-workspace/.derivedData/Build/Intermediates.noindex/NetworkInterfaceInfo.build/Debug-xros/NetworkInterfaceChangeMonitoring-t.build/Objects-normal/arm64/NetworkInterfaceChangeMonitoring-OutputFileMap.json (in target 'NetworkInterfaceChangeMonitoring' from project 'NetworkInterfaceInfo')
cd /Users/admin/builder/spi-builder-workspace
write-file /Users/admin/builder/spi-builder-workspace/.derivedData/Build/Intermediates.noindex/NetworkInterfaceInfo.build/Debug-xros/NetworkInterfaceChangeMonitoring-t.build/Objects-normal/arm64/NetworkInterfaceChangeMonitoring-OutputFileMap.json
WriteAuxiliaryFile /Users/admin/builder/spi-builder-workspace/.derivedData/Build/Intermediates.noindex/NetworkInterfaceInfo.build/Debug-xros/NetworkInterfaceChangeMonitoring-t.build/NetworkInterfaceChangeMonitoring.modulemap (in target 'NetworkInterfaceChangeMonitoring' from project 'NetworkInterfaceInfo')
cd /Users/admin/builder/spi-builder-workspace
write-file /Users/admin/builder/spi-builder-workspace/.derivedData/Build/Intermediates.noindex/NetworkInterfaceInfo.build/Debug-xros/NetworkInterfaceChangeMonitoring-t.build/NetworkInterfaceChangeMonitoring.modulemap
WriteAuxiliaryFile /Users/admin/builder/spi-builder-workspace/.derivedData/Build/Intermediates.noindex/NetworkInterfaceInfo.build/Debug-xros/NetworkInterfaceChangeMonitoring-t.build/NetworkInterfaceChangeMonitoring.DependencyStaticMetadataFileList (in target 'NetworkInterfaceChangeMonitoring' from project 'NetworkInterfaceInfo')
cd /Users/admin/builder/spi-builder-workspace
write-file /Users/admin/builder/spi-builder-workspace/.derivedData/Build/Intermediates.noindex/NetworkInterfaceInfo.build/Debug-xros/NetworkInterfaceChangeMonitoring-t.build/NetworkInterfaceChangeMonitoring.DependencyStaticMetadataFileList
WriteAuxiliaryFile /Users/admin/builder/spi-builder-workspace/.derivedData/Build/Intermediates.noindex/NetworkInterfaceInfo.build/Debug-xros/NetworkInterfaceChangeMonitoring-t.build/NetworkInterfaceChangeMonitoring.DependencyMetadataFileList (in target 'NetworkInterfaceChangeMonitoring' from project 'NetworkInterfaceInfo')
cd /Users/admin/builder/spi-builder-workspace
write-file /Users/admin/builder/spi-builder-workspace/.derivedData/Build/Intermediates.noindex/NetworkInterfaceInfo.build/Debug-xros/NetworkInterfaceChangeMonitoring-t.build/NetworkInterfaceChangeMonitoring.DependencyMetadataFileList
Copy /Users/admin/builder/spi-builder-workspace/.derivedData/Build/Intermediates.noindex/GeneratedModuleMaps-xros/NetworkInterfaceChangeMonitoring.modulemap /Users/admin/builder/spi-builder-workspace/.derivedData/Build/Intermediates.noindex/NetworkInterfaceInfo.build/Debug-xros/NetworkInterfaceChangeMonitoring-t.build/NetworkInterfaceChangeMonitoring.modulemap (in target 'NetworkInterfaceChangeMonitoring' from project 'NetworkInterfaceInfo')
cd /Users/admin/builder/spi-builder-workspace
builtin-copy -exclude .DS_Store -exclude CVS -exclude .svn -exclude .git -exclude .hg -resolve-src-symlinks /Users/admin/builder/spi-builder-workspace/.derivedData/Build/Intermediates.noindex/NetworkInterfaceInfo.build/Debug-xros/NetworkInterfaceChangeMonitoring-t.build/NetworkInterfaceChangeMonitoring.modulemap /Users/admin/builder/spi-builder-workspace/.derivedData/Build/Intermediates.noindex/GeneratedModuleMaps-xros
WriteAuxiliaryFile /Users/admin/builder/spi-builder-workspace/.derivedData/Build/Intermediates.noindex/FoundationExtensions.build/Debug-xros/FoundationExtensions-t.build/FoundationExtensions.modulemap (in target 'FoundationExtensions' from project 'FoundationExtensions')
cd /Users/admin/builder/spi-builder-workspace/.dependencies/checkouts/FoundationExtensions
write-file /Users/admin/builder/spi-builder-workspace/.derivedData/Build/Intermediates.noindex/FoundationExtensions.build/Debug-xros/FoundationExtensions-t.build/FoundationExtensions.modulemap
WriteAuxiliaryFile /Users/admin/builder/spi-builder-workspace/.derivedData/Build/Intermediates.noindex/FoundationExtensions.build/Debug-xros/FoundationExtensions-t.build/Objects-normal/arm64/FoundationExtensions.LinkFileList (in target 'FoundationExtensions' from project 'FoundationExtensions')
cd /Users/admin/builder/spi-builder-workspace/.dependencies/checkouts/FoundationExtensions
write-file /Users/admin/builder/spi-builder-workspace/.derivedData/Build/Intermediates.noindex/FoundationExtensions.build/Debug-xros/FoundationExtensions-t.build/Objects-normal/arm64/FoundationExtensions.LinkFileList
WriteAuxiliaryFile /Users/admin/builder/spi-builder-workspace/.derivedData/Build/Intermediates.noindex/FoundationExtensions.build/Debug-xros/FoundationExtensions-t.build/Objects-normal/arm64/FoundationExtensions_const_extract_protocols.json (in target 'FoundationExtensions' from project 'FoundationExtensions')
cd /Users/admin/builder/spi-builder-workspace/.dependencies/checkouts/FoundationExtensions
write-file /Users/admin/builder/spi-builder-workspace/.derivedData/Build/Intermediates.noindex/FoundationExtensions.build/Debug-xros/FoundationExtensions-t.build/Objects-normal/arm64/FoundationExtensions_const_extract_protocols.json
WriteAuxiliaryFile /Users/admin/builder/spi-builder-workspace/.derivedData/Build/Intermediates.noindex/FoundationExtensions.build/Debug-xros/FoundationExtensions-t.build/Objects-normal/arm64/FoundationExtensions-OutputFileMap.json (in target 'FoundationExtensions' from project 'FoundationExtensions')
cd /Users/admin/builder/spi-builder-workspace/.dependencies/checkouts/FoundationExtensions
write-file /Users/admin/builder/spi-builder-workspace/.derivedData/Build/Intermediates.noindex/FoundationExtensions.build/Debug-xros/FoundationExtensions-t.build/Objects-normal/arm64/FoundationExtensions-OutputFileMap.json
WriteAuxiliaryFile /Users/admin/builder/spi-builder-workspace/.derivedData/Build/Intermediates.noindex/FoundationExtensions.build/Debug-xros/FoundationExtensions-t.build/Objects-normal/arm64/FoundationExtensions.SwiftConstValuesFileList (in target 'FoundationExtensions' from project 'FoundationExtensions')
cd /Users/admin/builder/spi-builder-workspace/.dependencies/checkouts/FoundationExtensions
write-file /Users/admin/builder/spi-builder-workspace/.derivedData/Build/Intermediates.noindex/FoundationExtensions.build/Debug-xros/FoundationExtensions-t.build/Objects-normal/arm64/FoundationExtensions.SwiftConstValuesFileList
WriteAuxiliaryFile /Users/admin/builder/spi-builder-workspace/.derivedData/Build/Intermediates.noindex/FoundationExtensions.build/Debug-xros/FoundationExtensions-t.build/Objects-normal/arm64/FoundationExtensions.SwiftFileList (in target 'FoundationExtensions' from project 'FoundationExtensions')
cd /Users/admin/builder/spi-builder-workspace/.dependencies/checkouts/FoundationExtensions
write-file /Users/admin/builder/spi-builder-workspace/.derivedData/Build/Intermediates.noindex/FoundationExtensions.build/Debug-xros/FoundationExtensions-t.build/Objects-normal/arm64/FoundationExtensions.SwiftFileList
WriteAuxiliaryFile /Users/admin/builder/spi-builder-workspace/.derivedData/Build/Intermediates.noindex/FoundationExtensions.build/Debug-xros/FoundationExtensions-t.build/FoundationExtensions.DependencyStaticMetadataFileList (in target 'FoundationExtensions' from project 'FoundationExtensions')
cd /Users/admin/builder/spi-builder-workspace/.dependencies/checkouts/FoundationExtensions
write-file /Users/admin/builder/spi-builder-workspace/.derivedData/Build/Intermediates.noindex/FoundationExtensions.build/Debug-xros/FoundationExtensions-t.build/FoundationExtensions.DependencyStaticMetadataFileList
WriteAuxiliaryFile /Users/admin/builder/spi-builder-workspace/.derivedData/Build/Intermediates.noindex/FoundationExtensions.build/Debug-xros/FoundationExtensions-t.build/FoundationExtensions.DependencyMetadataFileList (in target 'FoundationExtensions' from project 'FoundationExtensions')
cd /Users/admin/builder/spi-builder-workspace/.dependencies/checkouts/FoundationExtensions
write-file /Users/admin/builder/spi-builder-workspace/.derivedData/Build/Intermediates.noindex/FoundationExtensions.build/Debug-xros/FoundationExtensions-t.build/FoundationExtensions.DependencyMetadataFileList
Copy /Users/admin/builder/spi-builder-workspace/.derivedData/Build/Intermediates.noindex/GeneratedModuleMaps-xros/FoundationExtensions.modulemap /Users/admin/builder/spi-builder-workspace/.derivedData/Build/Intermediates.noindex/FoundationExtensions.build/Debug-xros/FoundationExtensions-t.build/FoundationExtensions.modulemap (in target 'FoundationExtensions' from project 'FoundationExtensions')
cd /Users/admin/builder/spi-builder-workspace/.dependencies/checkouts/FoundationExtensions
builtin-copy -exclude .DS_Store -exclude CVS -exclude .svn -exclude .git -exclude .hg -resolve-src-symlinks /Users/admin/builder/spi-builder-workspace/.derivedData/Build/Intermediates.noindex/FoundationExtensions.build/Debug-xros/FoundationExtensions-t.build/FoundationExtensions.modulemap /Users/admin/builder/spi-builder-workspace/.derivedData/Build/Intermediates.noindex/GeneratedModuleMaps-xros
SwiftDriver FoundationExtensions normal arm64 com.apple.xcode.tools.swift.compiler (in target 'FoundationExtensions' from project 'FoundationExtensions')
cd /Users/admin/builder/spi-builder-workspace/.swiftpm/xcode
builtin-SwiftDriver -- /Applications/Xcode-27.0.0-Release.Candidate.app/Contents/Developer/Toolchains/XcodeDefault.xctoolchain/usr/bin/swiftc -parse-as-library -module-name FoundationExtensions -Onone @/Users/admin/builder/spi-builder-workspace/.derivedData/Build/Intermediates.noindex/FoundationExtensions.build/Debug-xros/FoundationExtensions-t.build/Objects-normal/arm64/FoundationExtensions.SwiftFileList -DSWIFT_PACKAGE -DDEBUG -DSWIFT_MODULE_RESOURCE_BUNDLE_UNAVAILABLE -DXcode -plugin-path /Applications/Xcode-27.0.0-Release.Candidate.app/Contents/Developer/Toolchains/XcodeDefault.xctoolchain/usr/lib/swift/host/plugins/testing -enable-experimental-feature DebugDescriptionMacro -sdk /Applications/Xcode-27.0.0-Release.Candidate.app/Contents/Developer/Platforms/XROS.platform/Developer/SDKs/XROS27.0.sdk -target arm64-apple-xros1.0 -g -module-cache-path /Users/admin/builder/spi-builder-workspace/.derivedData/ModuleCache.noindex -Xfrontend -serialize-debugging-options -profile-coverage-mapping -profile-generate -enable-testing -suppress-warnings -index-store-path /Users/admin/builder/spi-builder-workspace/.derivedData/Index.noindex/DataStore -Xcc -D_LIBCPP_HARDENING_MODE\=_LIBCPP_HARDENING_MODE_DEBUG -swift-version 5 -I /Users/admin/builder/spi-builder-workspace/.derivedData/Build/Products/Debug-xros -Isystem /Applications/Xcode-27.0.0-Release.Candidate.app/Contents/Developer/Platforms/XROS.platform/Developer/usr/lib -F /Users/admin/builder/spi-builder-workspace/.derivedData/Build/Products/Debug-xros -F /Applications/Xcode-27.0.0-Release.Candidate.app/Contents/Developer/Platforms/XROS.platform/Developer/Library/Frameworks -F /Applications/Xcode-27.0.0-Release.Candidate.app/Contents/Developer/Platforms/XROS.platform/Developer/SDKs/XROS27.0.sdk/Developer/Library/Frameworks -c -j10 -enable-batch-mode -incremental -Xcc -ivfsstatcache -Xcc /Users/admin/builder/spi-builder-workspace/.derivedData/SDKStatCaches.noindex/xros27.0-24M361-e829b21a6f8c9b70876ba0858053c044735bd543db762f57723cac368afd1ce4.sdkstatcache -output-file-map /Users/admin/builder/spi-builder-workspace/.derivedData/Build/Intermediates.noindex/FoundationExtensions.build/Debug-xros/FoundationExtensions-t.build/Objects-normal/arm64/FoundationExtensions-OutputFileMap.json -save-temps -no-color-diagnostics -explicit-module-build -module-cache-path /Users/admin/builder/spi-builder-workspace/.derivedData/Build/Intermediates.noindex/SwiftExplicitPrecompiledModules -clang-scanner-module-cache-path /Users/admin/builder/spi-builder-workspace/.derivedData/ModuleCache.noindex -sdk-module-cache-path /Users/admin/builder/spi-builder-workspace/.derivedData/SDKExplicitPrecompiledModules -emit-dependencies -emit-module -emit-module-path /Users/admin/builder/spi-builder-workspace/.derivedData/Build/Intermediates.noindex/FoundationExtensions.build/Debug-xros/FoundationExtensions-t.build/Objects-normal/arm64/FoundationExtensions.swiftmodule -serialize-diagnostics -dependency-scan-serialize-diagnostics-path /Users/admin/builder/spi-builder-workspace/.derivedData/Build/Intermediates.noindex/FoundationExtensions.build/Debug-xros/FoundationExtensions-t.build/Objects-normal/arm64/FoundationExtensions-dependency-scan.dia -validate-clang-modules-once -clang-build-session-file /Users/admin/builder/spi-builder-workspace/.derivedData/ModuleCache.noindex/Session.modulevalidation -Xcc -fmodules-prune-interval\=86400 -Xcc -fmodules-prune-after\=345600 -package-name foundationextensions -emit-const-values -const-gather-protocols-list /Users/admin/builder/spi-builder-workspace/.derivedData/Build/Intermediates.noindex/FoundationExtensions.build/Debug-xros/FoundationExtensions-t.build/Objects-normal/arm64/FoundationExtensions_const_extract_protocols.json -Xcc -I/Users/admin/builder/spi-builder-workspace/.derivedData/Build/Products/Debug-xros/include -Xcc -I/Users/admin/builder/spi-builder-workspace/.derivedData/Build/Intermediates.noindex/FoundationExtensions.build/Debug-xros/FoundationExtensions-t.build/DerivedSources-normal/arm64 -Xcc -I/Users/admin/builder/spi-builder-workspace/.derivedData/Build/Intermediates.noindex/FoundationExtensions.build/Debug-xros/FoundationExtensions-t.build/DerivedSources/arm64 -Xcc -I/Users/admin/builder/spi-builder-workspace/.derivedData/Build/Intermediates.noindex/FoundationExtensions.build/Debug-xros/FoundationExtensions-t.build/DerivedSources -Xcc -DSWIFT_PACKAGE -Xcc -DDEBUG\=1 -emit-objc-header -emit-objc-header-path /Users/admin/builder/spi-builder-workspace/.derivedData/Build/Intermediates.noindex/FoundationExtensions.build/Debug-xros/FoundationExtensions-t.build/Objects-normal/arm64/FoundationExtensions-Swift.h -working-directory /Users/admin/builder/spi-builder-workspace/.swiftpm/xcode -experimental-emit-module-separately -disable-cmo
SwiftExplicitDependencyGeneratePcm arm64 /Users/admin/builder/spi-builder-workspace/.derivedData/SDKExplicitPrecompiledModules/_SwiftConcurrencyShims-C8XHKSHX96D5YYALNM4W70Z0O.pcm
SwiftExplicitDependencyGeneratePcm arm64 /Users/admin/builder/spi-builder-workspace/.derivedData/SDKExplicitPrecompiledModules/_Builtin_stddef-5NQ9Z1GV07GBSRQGAQCGXGVRI.pcm
SwiftExplicitDependencyGeneratePcm arm64 /Users/admin/builder/spi-builder-workspace/.derivedData/SDKExplicitPrecompiledModules/_Builtin_stdarg-CDA349K2K4US766844K8E0PVA.pcm
SwiftExplicitDependencyGeneratePcm arm64 /Users/admin/builder/spi-builder-workspace/.derivedData/SDKExplicitPrecompiledModules/SwiftShims-CI4H5RO9IYFFWQ2COB512Q2S9.pcm
SwiftExplicitDependencyGeneratePcm arm64 /Users/admin/builder/spi-builder-workspace/.derivedData/SDKExplicitPrecompiledModules/_Builtin_stdbool-5BU2ADS7JXQMYENKQHW9X8XOU.pcm
SwiftExplicitDependencyGeneratePcm arm64 /Users/admin/builder/spi-builder-workspace/.derivedData/SDKExplicitPrecompiledModules/ptrcheck-BXA97MNLI4BB0HF5I8MJE403D.pcm
SwiftExplicitDependencyGeneratePcm arm64 /Users/admin/builder/spi-builder-workspace/.derivedData/SDKExplicitPrecompiledModules/_AvailabilityInternal-1Q8IQP6M38UWSGZ95UCEY2M44.pcm
SwiftExplicitDependencyGeneratePcm arm64 /Users/admin/builder/spi-builder-workspace/.derivedData/SDKExplicitPrecompiledModules/ptrauth-1WBA714DZSVUL5JQDJ08CLKZ.pcm
SwiftExplicitDependencyGeneratePcm arm64 /Users/admin/builder/spi-builder-workspace/.derivedData/SDKExplicitPrecompiledModules/_Builtin_float-6WKHNW5S40U2QGHXXGETUDIRA.pcm
SwiftExplicitDependencyGeneratePcm arm64 /Users/admin/builder/spi-builder-workspace/.derivedData/SDKExplicitPrecompiledModules/_DarwinFoundation1-5RGRVV2TZ6WC4WZW5IXF8NQ04.pcm
SwiftExplicitDependencyGeneratePcm arm64 /Users/admin/builder/spi-builder-workspace/.derivedData/SDKExplicitPrecompiledModules/_DarwinFoundation2-ENTECK156YEWITZRRBTOCE4KR.pcm
SwiftExplicitDependencyGeneratePcm arm64 /Users/admin/builder/spi-builder-workspace/.derivedData/SDKExplicitPrecompiledModules/_Builtin_limits-425JDMN5HPM3D0UEI8LEHP6NM.pcm
SwiftExplicitDependencyGeneratePcm arm64 /Users/admin/builder/spi-builder-workspace/.derivedData/SDKExplicitPrecompiledModules/sys_types-AYM0BHR77VKMWZCO2T0XGV2HF.pcm
SwiftExplicitDependencyGeneratePcm arm64 /Users/admin/builder/spi-builder-workspace/.derivedData/SDKExplicitPrecompiledModules/string_h-2GT67HHHHK5CF1V1S31LH0PU2.pcm
SwiftExplicitDependencyGeneratePcm arm64 /Users/admin/builder/spi-builder-workspace/.derivedData/SDKExplicitPrecompiledModules/_Builtin_stdint-8OR6T47OOYJA90ZBO3N1USDE.pcm
SwiftExplicitDependencyGeneratePcm arm64 /Users/admin/builder/spi-builder-workspace/.derivedData/SDKExplicitPrecompiledModules/_DarwinFoundation3-9ZHN6JKBS40BBA81RQMV8H0IC.pcm
SwiftExplicitDependencyGeneratePcm arm64 /Users/admin/builder/spi-builder-workspace/.derivedData/SDKExplicitPrecompiledModules/_Builtin_inttypes-11B64KJD36B3YOHBR1BBXBJY8.pcm
SwiftExplicitDependencyGeneratePcm arm64 /Users/admin/builder/spi-builder-workspace/.derivedData/SDKExplicitPrecompiledModules/Darwin-60P5LVNQO3ESRRM5DCJ05PFNK.pcm
SwiftExplicitDependencyGeneratePcm arm64 /Users/admin/builder/spi-builder-workspace/.derivedData/SDKExplicitPrecompiledModules/ObjectiveC-26TIBFYCEJZVP216ZZAU1X8KN.pcm
SwiftExplicitDependencyGeneratePcm arm64 /Users/admin/builder/spi-builder-workspace/.derivedData/SDKExplicitPrecompiledModules/os_object-692CJ8BG6RE5H04487EJJOVXW.pcm
SwiftExplicitDependencyGeneratePcm arm64 /Users/admin/builder/spi-builder-workspace/.derivedData/SDKExplicitPrecompiledModules/os_workgroup-4U1VXMWIZD80E7PRUQF2G7P9X.pcm
SwiftExplicitDependencyGeneratePcm arm64 /Users/admin/builder/spi-builder-workspace/.derivedData/SDKExplicitPrecompiledModules/Dispatch-CLT3466HKC22GCKAWSCNG0H7T.pcm
SwiftExplicitDependencyGeneratePcm arm64 /Users/admin/builder/spi-builder-workspace/.derivedData/SDKExplicitPrecompiledModules/XPC-EP5EU7FNGP4VOA3EDM18P1KHO.pcm
SwiftExplicitDependencyGeneratePcm arm64 /Users/admin/builder/spi-builder-workspace/.derivedData/SDKExplicitPrecompiledModules/CoreFoundation-AVLTZVCXBU2TO75JCN4AGU8XJ.pcm
SwiftExplicitDependencyGeneratePcm arm64 /Users/admin/builder/spi-builder-workspace/.derivedData/SDKExplicitPrecompiledModules/Security-8TH2M8WJIQMET4SADWX0N8372.pcm
SwiftExplicitDependencyGeneratePcm arm64 /Users/admin/builder/spi-builder-workspace/.derivedData/SDKExplicitPrecompiledModules/CFNetwork-5MI70N1VLDQSWTX4COWLMSIRO.pcm
SwiftExplicitDependencyGeneratePcm arm64 /Users/admin/builder/spi-builder-workspace/.derivedData/SDKExplicitPrecompiledModules/Foundation-8GON1KVEKRN3NOQI8RETBRWJP.pcm
SwiftCompile normal arm64 Compiling\ StringProtocol.swift /Users/admin/builder/spi-builder-workspace/.dependencies/checkouts/FoundationExtensions/Sources/FoundationExtensions/StringProtocol.swift (in target 'FoundationExtensions' from project 'FoundationExtensions')
SwiftCompile normal arm64 /Users/admin/builder/spi-builder-workspace/.dependencies/checkouts/FoundationExtensions/Sources/FoundationExtensions/StringProtocol.swift (in target 'FoundationExtensions' from project 'FoundationExtensions')
cd /Users/admin/builder/spi-builder-workspace/.swiftpm/xcode
builtin-SwiftPerFileCompile StringProtocol.swift
SwiftEmitModule normal arm64 Emitting\ module\ for\ FoundationExtensions (in target 'FoundationExtensions' from project 'FoundationExtensions')
SwiftCompile normal arm64 (in target 'FoundationExtensions' from project 'FoundationExtensions')
cd /Users/admin/builder/spi-builder-workspace/.swiftpm/xcode
SwiftCompile normal arm64 Compiling\ Float.swift /Users/admin/builder/spi-builder-workspace/.dependencies/checkouts/FoundationExtensions/Sources/FoundationExtensions/Float.swift (in target 'FoundationExtensions' from project 'FoundationExtensions')
SwiftCompile normal arm64 /Users/admin/builder/spi-builder-workspace/.dependencies/checkouts/FoundationExtensions/Sources/FoundationExtensions/Float.swift (in target 'FoundationExtensions' from project 'FoundationExtensions')
cd /Users/admin/builder/spi-builder-workspace/.swiftpm/xcode
builtin-SwiftPerFileCompile Float.swift
SwiftCompile normal arm64 Compiling\ IteratorProtocol.swift /Users/admin/builder/spi-builder-workspace/.dependencies/checkouts/FoundationExtensions/Sources/FoundationExtensions/IteratorProtocol.swift (in target 'FoundationExtensions' from project 'FoundationExtensions')
SwiftCompile normal arm64 /Users/admin/builder/spi-builder-workspace/.dependencies/checkouts/FoundationExtensions/Sources/FoundationExtensions/IteratorProtocol.swift (in target 'FoundationExtensions' from project 'FoundationExtensions')
cd /Users/admin/builder/spi-builder-workspace/.swiftpm/xcode
builtin-SwiftPerFileCompile IteratorProtocol.swift
SwiftCompile normal arm64 Compiling\ Date.swift /Users/admin/builder/spi-builder-workspace/.dependencies/checkouts/FoundationExtensions/Sources/FoundationExtensions/Date.swift (in target 'FoundationExtensions' from project 'FoundationExtensions')
SwiftCompile normal arm64 /Users/admin/builder/spi-builder-workspace/.dependencies/checkouts/FoundationExtensions/Sources/FoundationExtensions/Date.swift (in target 'FoundationExtensions' from project 'FoundationExtensions')
cd /Users/admin/builder/spi-builder-workspace/.swiftpm/xcode
builtin-SwiftPerFileCompile Date.swift
SwiftCompile normal arm64 Compiling\ Optional.swift /Users/admin/builder/spi-builder-workspace/.dependencies/checkouts/FoundationExtensions/Sources/FoundationExtensions/Optional.swift (in target 'FoundationExtensions' from project 'FoundationExtensions')
SwiftCompile normal arm64 /Users/admin/builder/spi-builder-workspace/.dependencies/checkouts/FoundationExtensions/Sources/FoundationExtensions/Optional.swift (in target 'FoundationExtensions' from project 'FoundationExtensions')
cd /Users/admin/builder/spi-builder-workspace/.swiftpm/xcode
builtin-SwiftPerFileCompile Optional.swift
SwiftCompile normal arm64 Compiling\ Locale.swift /Users/admin/builder/spi-builder-workspace/.dependencies/checkouts/FoundationExtensions/Sources/FoundationExtensions/Locale.swift (in target 'FoundationExtensions' from project 'FoundationExtensions')
SwiftCompile normal arm64 /Users/admin/builder/spi-builder-workspace/.dependencies/checkouts/FoundationExtensions/Sources/FoundationExtensions/Locale.swift (in target 'FoundationExtensions' from project 'FoundationExtensions')
cd /Users/admin/builder/spi-builder-workspace/.swiftpm/xcode
builtin-SwiftPerFileCompile Locale.swift
SwiftCompile normal arm64 Compiling\ Comparable.swift,\ Data.swift /Users/admin/builder/spi-builder-workspace/.dependencies/checkouts/FoundationExtensions/Sources/FoundationExtensions/Comparable.swift /Users/admin/builder/spi-builder-workspace/.dependencies/checkouts/FoundationExtensions/Sources/FoundationExtensions/Data.swift (in target 'FoundationExtensions' from project 'FoundationExtensions')
SwiftCompile normal arm64 /Users/admin/builder/spi-builder-workspace/.dependencies/checkouts/FoundationExtensions/Sources/FoundationExtensions/Comparable.swift (in target 'FoundationExtensions' from project 'FoundationExtensions')
cd /Users/admin/builder/spi-builder-workspace/.swiftpm/xcode
builtin-SwiftPerFileCompile Comparable.swift
SwiftCompile normal arm64 /Users/admin/builder/spi-builder-workspace/.dependencies/checkouts/FoundationExtensions/Sources/FoundationExtensions/Data.swift (in target 'FoundationExtensions' from project 'FoundationExtensions')
cd /Users/admin/builder/spi-builder-workspace/.swiftpm/xcode
builtin-SwiftPerFileCompile Data.swift
SwiftCompile normal arm64 Compiling\ BinaryInteger.swift,\ CollectionOfUInt8.swift /Users/admin/builder/spi-builder-workspace/.dependencies/checkouts/FoundationExtensions/Sources/FoundationExtensions/BinaryInteger.swift /Users/admin/builder/spi-builder-workspace/.dependencies/checkouts/FoundationExtensions/Sources/FoundationExtensions/CollectionOfUInt8.swift (in target 'FoundationExtensions' from project 'FoundationExtensions')
SwiftCompile normal arm64 /Users/admin/builder/spi-builder-workspace/.dependencies/checkouts/FoundationExtensions/Sources/FoundationExtensions/BinaryInteger.swift (in target 'FoundationExtensions' from project 'FoundationExtensions')
cd /Users/admin/builder/spi-builder-workspace/.swiftpm/xcode
builtin-SwiftPerFileCompile BinaryInteger.swift
SwiftCompile normal arm64 /Users/admin/builder/spi-builder-workspace/.dependencies/checkouts/FoundationExtensions/Sources/FoundationExtensions/CollectionOfUInt8.swift (in target 'FoundationExtensions' from project 'FoundationExtensions')
cd /Users/admin/builder/spi-builder-workspace/.swiftpm/xcode
builtin-SwiftPerFileCompile CollectionOfUInt8.swift
SwiftCompile normal arm64 Compiling\ AsyncSequence.swift,\ BidirectionalCollection.swift /Users/admin/builder/spi-builder-workspace/.dependencies/checkouts/FoundationExtensions/Sources/FoundationExtensions/AsyncSequence.swift /Users/admin/builder/spi-builder-workspace/.dependencies/checkouts/FoundationExtensions/Sources/FoundationExtensions/BidirectionalCollection.swift (in target 'FoundationExtensions' from project 'FoundationExtensions')
SwiftCompile normal arm64 /Users/admin/builder/spi-builder-workspace/.dependencies/checkouts/FoundationExtensions/Sources/FoundationExtensions/AsyncSequence.swift (in target 'FoundationExtensions' from project 'FoundationExtensions')
cd /Users/admin/builder/spi-builder-workspace/.swiftpm/xcode
builtin-SwiftPerFileCompile AsyncSequence.swift
SwiftCompile normal arm64 /Users/admin/builder/spi-builder-workspace/.dependencies/checkouts/FoundationExtensions/Sources/FoundationExtensions/BidirectionalCollection.swift (in target 'FoundationExtensions' from project 'FoundationExtensions')
cd /Users/admin/builder/spi-builder-workspace/.swiftpm/xcode
builtin-SwiftPerFileCompile BidirectionalCollection.swift
SwiftCompile normal arm64 Compiling\ Double.swift /Users/admin/builder/spi-builder-workspace/.dependencies/checkouts/FoundationExtensions/Sources/FoundationExtensions/Double.swift (in target 'FoundationExtensions' from project 'FoundationExtensions')
SwiftCompile normal arm64 /Users/admin/builder/spi-builder-workspace/.dependencies/checkouts/FoundationExtensions/Sources/FoundationExtensions/Double.swift (in target 'FoundationExtensions' from project 'FoundationExtensions')
cd /Users/admin/builder/spi-builder-workspace/.swiftpm/xcode
builtin-SwiftPerFileCompile Double.swift
SwiftDriverJobDiscovery normal arm64 Emitting module for FoundationExtensions (in target 'FoundationExtensions' from project 'FoundationExtensions')
SwiftDriver\ Compilation\ Requirements FoundationExtensions normal arm64 com.apple.xcode.tools.swift.compiler (in target 'FoundationExtensions' from project 'FoundationExtensions')
cd /Users/admin/builder/spi-builder-workspace/.swiftpm/xcode
builtin-Swift-Compilation-Requirements -- /Applications/Xcode-27.0.0-Release.Candidate.app/Contents/Developer/Toolchains/XcodeDefault.xctoolchain/usr/bin/swiftc -parse-as-library -module-name FoundationExtensions -Onone @/Users/admin/builder/spi-builder-workspace/.derivedData/Build/Intermediates.noindex/FoundationExtensions.build/Debug-xros/FoundationExtensions-t.build/Objects-normal/arm64/FoundationExtensions.SwiftFileList -DSWIFT_PACKAGE -DDEBUG -DSWIFT_MODULE_RESOURCE_BUNDLE_UNAVAILABLE -DXcode -plugin-path /Applications/Xcode-27.0.0-Release.Candidate.app/Contents/Developer/Toolchains/XcodeDefault.xctoolchain/usr/lib/swift/host/plugins/testing -enable-experimental-feature DebugDescriptionMacro -sdk /Applications/Xcode-27.0.0-Release.Candidate.app/Contents/Developer/Platforms/XROS.platform/Developer/SDKs/XROS27.0.sdk -target arm64-apple-xros1.0 -g -module-cache-path /Users/admin/builder/spi-builder-workspace/.derivedData/ModuleCache.noindex -Xfrontend -serialize-debugging-options -profile-coverage-mapping -profile-generate -enable-testing -suppress-warnings -index-store-path /Users/admin/builder/spi-builder-workspace/.derivedData/Index.noindex/DataStore -Xcc -D_LIBCPP_HARDENING_MODE\=_LIBCPP_HARDENING_MODE_DEBUG -swift-version 5 -I /Users/admin/builder/spi-builder-workspace/.derivedData/Build/Products/Debug-xros -Isystem /Applications/Xcode-27.0.0-Release.Candidate.app/Contents/Developer/Platforms/XROS.platform/Developer/usr/lib -F /Users/admin/builder/spi-builder-workspace/.derivedData/Build/Products/Debug-xros -F /Applications/Xcode-27.0.0-Release.Candidate.app/Contents/Developer/Platforms/XROS.platform/Developer/Library/Frameworks -F /Applications/Xcode-27.0.0-Release.Candidate.app/Contents/Developer/Platforms/XROS.platform/Developer/SDKs/XROS27.0.sdk/Developer/Library/Frameworks -c -j10 -enable-batch-mode -incremental -Xcc -ivfsstatcache -Xcc /Users/admin/builder/spi-builder-workspace/.derivedData/SDKStatCaches.noindex/xros27.0-24M361-e829b21a6f8c9b70876ba0858053c044735bd543db762f57723cac368afd1ce4.sdkstatcache -output-file-map /Users/admin/builder/spi-builder-workspace/.derivedData/Build/Intermediates.noindex/FoundationExtensions.build/Debug-xros/FoundationExtensions-t.build/Objects-normal/arm64/FoundationExtensions-OutputFileMap.json -save-temps -no-color-diagnostics -explicit-module-build -module-cache-path /Users/admin/builder/spi-builder-workspace/.derivedData/Build/Intermediates.noindex/SwiftExplicitPrecompiledModules -clang-scanner-module-cache-path /Users/admin/builder/spi-builder-workspace/.derivedData/ModuleCache.noindex -sdk-module-cache-path /Users/admin/builder/spi-builder-workspace/.derivedData/SDKExplicitPrecompiledModules -emit-dependencies -emit-module -emit-module-path /Users/admin/builder/spi-builder-workspace/.derivedData/Build/Intermediates.noindex/FoundationExtensions.build/Debug-xros/FoundationExtensions-t.build/Objects-normal/arm64/FoundationExtensions.swiftmodule -serialize-diagnostics -dependency-scan-serialize-diagnostics-path /Users/admin/builder/spi-builder-workspace/.derivedData/Build/Intermediates.noindex/FoundationExtensions.build/Debug-xros/FoundationExtensions-t.build/Objects-normal/arm64/FoundationExtensions-dependency-scan.dia -validate-clang-modules-once -clang-build-session-file /Users/admin/builder/spi-builder-workspace/.derivedData/ModuleCache.noindex/Session.modulevalidation -Xcc -fmodules-prune-interval\=86400 -Xcc -fmodules-prune-after\=345600 -package-name foundationextensions -emit-const-values -const-gather-protocols-list /Users/admin/builder/spi-builder-workspace/.derivedData/Build/Intermediates.noindex/FoundationExtensions.build/Debug-xros/FoundationExtensions-t.build/Objects-normal/arm64/FoundationExtensions_const_extract_protocols.json -Xcc -I/Users/admin/builder/spi-builder-workspace/.derivedData/Build/Products/Debug-xros/include -Xcc -I/Users/admin/builder/spi-builder-workspace/.derivedData/Build/Intermediates.noindex/FoundationExtensions.build/Debug-xros/FoundationExtensions-t.build/DerivedSources-normal/arm64 -Xcc -I/Users/admin/builder/spi-builder-workspace/.derivedData/Build/Intermediates.noindex/FoundationExtensions.build/Debug-xros/FoundationExtensions-t.build/DerivedSources/arm64 -Xcc -I/Users/admin/builder/spi-builder-workspace/.derivedData/Build/Intermediates.noindex/FoundationExtensions.build/Debug-xros/FoundationExtensions-t.build/DerivedSources -Xcc -DSWIFT_PACKAGE -Xcc -DDEBUG\=1 -emit-objc-header -emit-objc-header-path /Users/admin/builder/spi-builder-workspace/.derivedData/Build/Intermediates.noindex/FoundationExtensions.build/Debug-xros/FoundationExtensions-t.build/Objects-normal/arm64/FoundationExtensions-Swift.h -working-directory /Users/admin/builder/spi-builder-workspace/.swiftpm/xcode -experimental-emit-module-separately -disable-cmo
SwiftDriverJobDiscovery normal arm64 Compiling Optional.swift (in target 'FoundationExtensions' from project 'FoundationExtensions')
SwiftMergeGeneratedHeaders /Users/admin/builder/spi-builder-workspace/.derivedData/Build/Intermediates.noindex/GeneratedModuleMaps-xros/FoundationExtensions-Swift.h /Users/admin/builder/spi-builder-workspace/.derivedData/Build/Intermediates.noindex/FoundationExtensions.build/Debug-xros/FoundationExtensions-t.build/Objects-normal/arm64/FoundationExtensions-Swift.h (in target 'FoundationExtensions' from project 'FoundationExtensions')
cd /Users/admin/builder/spi-builder-workspace/.dependencies/checkouts/FoundationExtensions
builtin-swiftHeaderTool -arch arm64 /Users/admin/builder/spi-builder-workspace/.derivedData/Build/Intermediates.noindex/FoundationExtensions.build/Debug-xros/FoundationExtensions-t.build/Objects-normal/arm64/FoundationExtensions-Swift.h -o /Users/admin/builder/spi-builder-workspace/.derivedData/Build/Intermediates.noindex/GeneratedModuleMaps-xros/FoundationExtensions-Swift.h
Copy /Users/admin/builder/spi-builder-workspace/.derivedData/Build/Products/Debug-xros/FoundationExtensions.swiftmodule/arm64-apple-xros.swiftmodule /Users/admin/builder/spi-builder-workspace/.derivedData/Build/Intermediates.noindex/FoundationExtensions.build/Debug-xros/FoundationExtensions-t.build/Objects-normal/arm64/FoundationExtensions.swiftmodule (in target 'FoundationExtensions' from project 'FoundationExtensions')
cd /Users/admin/builder/spi-builder-workspace/.dependencies/checkouts/FoundationExtensions
builtin-copy -exclude .DS_Store -exclude CVS -exclude .svn -exclude .git -exclude .hg -resolve-src-symlinks -rename /Users/admin/builder/spi-builder-workspace/.derivedData/Build/Intermediates.noindex/FoundationExtensions.build/Debug-xros/FoundationExtensions-t.build/Objects-normal/arm64/FoundationExtensions.swiftmodule /Users/admin/builder/spi-builder-workspace/.derivedData/Build/Products/Debug-xros/FoundationExtensions.swiftmodule/arm64-apple-xros.swiftmodule
Copy /Users/admin/builder/spi-builder-workspace/.derivedData/Build/Products/Debug-xros/FoundationExtensions.swiftmodule/arm64-apple-xros.swiftdoc /Users/admin/builder/spi-builder-workspace/.derivedData/Build/Intermediates.noindex/FoundationExtensions.build/Debug-xros/FoundationExtensions-t.build/Objects-normal/arm64/FoundationExtensions.swiftdoc (in target 'FoundationExtensions' from project 'FoundationExtensions')
cd /Users/admin/builder/spi-builder-workspace/.dependencies/checkouts/FoundationExtensions
builtin-copy -exclude .DS_Store -exclude CVS -exclude .svn -exclude .git -exclude .hg -resolve-src-symlinks -rename /Users/admin/builder/spi-builder-workspace/.derivedData/Build/Intermediates.noindex/FoundationExtensions.build/Debug-xros/FoundationExtensions-t.build/Objects-normal/arm64/FoundationExtensions.swiftdoc /Users/admin/builder/spi-builder-workspace/.derivedData/Build/Products/Debug-xros/FoundationExtensions.swiftmodule/arm64-apple-xros.swiftdoc
Copy /Users/admin/builder/spi-builder-workspace/.derivedData/Build/Products/Debug-xros/FoundationExtensions.swiftmodule/arm64-apple-xros.abi.json /Users/admin/builder/spi-builder-workspace/.derivedData/Build/Intermediates.noindex/FoundationExtensions.build/Debug-xros/FoundationExtensions-t.build/Objects-normal/arm64/FoundationExtensions.abi.json (in target 'FoundationExtensions' from project 'FoundationExtensions')
cd /Users/admin/builder/spi-builder-workspace/.dependencies/checkouts/FoundationExtensions
builtin-copy -exclude .DS_Store -exclude CVS -exclude .svn -exclude .git -exclude .hg -resolve-src-symlinks -rename /Users/admin/builder/spi-builder-workspace/.derivedData/Build/Intermediates.noindex/FoundationExtensions.build/Debug-xros/FoundationExtensions-t.build/Objects-normal/arm64/FoundationExtensions.abi.json /Users/admin/builder/spi-builder-workspace/.derivedData/Build/Products/Debug-xros/FoundationExtensions.swiftmodule/arm64-apple-xros.abi.json
SwiftDriverJobDiscovery normal arm64 Compiling IteratorProtocol.swift (in target 'FoundationExtensions' from project 'FoundationExtensions')
SwiftDriverJobDiscovery normal arm64 Compiling Float.swift (in target 'FoundationExtensions' from project 'FoundationExtensions')
Copy /Users/admin/builder/spi-builder-workspace/.derivedData/Build/Products/Debug-xros/FoundationExtensions.swiftmodule/Project/arm64-apple-xros.swiftsourceinfo /Users/admin/builder/spi-builder-workspace/.derivedData/Build/Intermediates.noindex/FoundationExtensions.build/Debug-xros/FoundationExtensions-t.build/Objects-normal/arm64/FoundationExtensions.swiftsourceinfo (in target 'FoundationExtensions' from project 'FoundationExtensions')
cd /Users/admin/builder/spi-builder-workspace/.dependencies/checkouts/FoundationExtensions
builtin-copy -exclude .DS_Store -exclude CVS -exclude .svn -exclude .git -exclude .hg -resolve-src-symlinks -rename /Users/admin/builder/spi-builder-workspace/.derivedData/Build/Intermediates.noindex/FoundationExtensions.build/Debug-xros/FoundationExtensions-t.build/Objects-normal/arm64/FoundationExtensions.swiftsourceinfo /Users/admin/builder/spi-builder-workspace/.derivedData/Build/Products/Debug-xros/FoundationExtensions.swiftmodule/Project/arm64-apple-xros.swiftsourceinfo
SwiftDriverJobDiscovery normal arm64 Compiling AsyncSequence.swift, BidirectionalCollection.swift (in target 'FoundationExtensions' from project 'FoundationExtensions')
SwiftDriver NetworkInterfaceInfo normal arm64 com.apple.xcode.tools.swift.compiler (in target 'NetworkInterfaceInfo' from project 'NetworkInterfaceInfo')
cd /Users/admin/builder/spi-builder-workspace/.swiftpm/xcode
builtin-SwiftDriver -- /Applications/Xcode-27.0.0-Release.Candidate.app/Contents/Developer/Toolchains/XcodeDefault.xctoolchain/usr/bin/swiftc -parse-as-library -module-name NetworkInterfaceInfo -Onone @/Users/admin/builder/spi-builder-workspace/.derivedData/Build/Intermediates.noindex/NetworkInterfaceInfo.build/Debug-xros/NetworkInterfaceInfo-t.build/Objects-normal/arm64/NetworkInterfaceInfo.SwiftFileList -DSWIFT_PACKAGE -DDEBUG -DSWIFT_MODULE_RESOURCE_BUNDLE_UNAVAILABLE -DXcode -enable-upcoming-feature BareSlashRegexLiterals -enable-upcoming-feature ConciseMagicFile -enable-upcoming-feature ExistentialAny -enable-upcoming-feature ForwardTrailingClosures -enable-upcoming-feature ImplicitOpenExistentials -enable-upcoming-feature StrictConcurrency -plugin-path /Applications/Xcode-27.0.0-Release.Candidate.app/Contents/Developer/Toolchains/XcodeDefault.xctoolchain/usr/lib/swift/host/plugins/testing -enable-experimental-feature DebugDescriptionMacro -sdk /Applications/Xcode-27.0.0-Release.Candidate.app/Contents/Developer/Platforms/XROS.platform/Developer/SDKs/XROS27.0.sdk -target arm64-apple-xros1.0 -g -module-cache-path /Users/admin/builder/spi-builder-workspace/.derivedData/ModuleCache.noindex -Xfrontend -serialize-debugging-options -profile-coverage-mapping -profile-generate -enable-testing -index-store-path /Users/admin/builder/spi-builder-workspace/.derivedData/Index.noindex/DataStore -Xcc -D_LIBCPP_HARDENING_MODE\=_LIBCPP_HARDENING_MODE_DEBUG -swift-version 5 -I /Users/admin/builder/spi-builder-workspace/.derivedData/Build/Products/Debug-xros -Isystem /Applications/Xcode-27.0.0-Release.Candidate.app/Contents/Developer/Platforms/XROS.platform/Developer/usr/lib -F /Users/admin/builder/spi-builder-workspace/.derivedData/Build/Products/Debug-xros/PackageFrameworks -F /Users/admin/builder/spi-builder-workspace/.derivedData/Build/Products/Debug-xros -F /Applications/Xcode-27.0.0-Release.Candidate.app/Contents/Developer/Platforms/XROS.platform/Developer/Library/Frameworks -F /Applications/Xcode-27.0.0-Release.Candidate.app/Contents/Developer/Platforms/XROS.platform/Developer/SDKs/XROS27.0.sdk/Developer/Library/Frameworks -c -j10 -enable-batch-mode -incremental -Xcc -ivfsstatcache -Xcc /Users/admin/builder/spi-builder-workspace/.derivedData/SDKStatCaches.noindex/xros27.0-24M361-e829b21a6f8c9b70876ba0858053c044735bd543db762f57723cac368afd1ce4.sdkstatcache -output-file-map /Users/admin/builder/spi-builder-workspace/.derivedData/Build/Intermediates.noindex/NetworkInterfaceInfo.build/Debug-xros/NetworkInterfaceInfo-t.build/Objects-normal/arm64/NetworkInterfaceInfo-OutputFileMap.json -save-temps -no-color-diagnostics -explicit-module-build -module-cache-path /Users/admin/builder/spi-builder-workspace/.derivedData/Build/Intermediates.noindex/SwiftExplicitPrecompiledModules -clang-scanner-module-cache-path /Users/admin/builder/spi-builder-workspace/.derivedData/ModuleCache.noindex -sdk-module-cache-path /Users/admin/builder/spi-builder-workspace/.derivedData/SDKExplicitPrecompiledModules -emit-dependencies -emit-module -emit-module-path /Users/admin/builder/spi-builder-workspace/.derivedData/Build/Intermediates.noindex/NetworkInterfaceInfo.build/Debug-xros/NetworkInterfaceInfo-t.build/Objects-normal/arm64/NetworkInterfaceInfo.swiftmodule -serialize-diagnostics -dependency-scan-serialize-diagnostics-path /Users/admin/builder/spi-builder-workspace/.derivedData/Build/Intermediates.noindex/NetworkInterfaceInfo.build/Debug-xros/NetworkInterfaceInfo-t.build/Objects-normal/arm64/NetworkInterfaceInfo-dependency-scan.dia -validate-clang-modules-once -clang-build-session-file /Users/admin/builder/spi-builder-workspace/.derivedData/ModuleCache.noindex/Session.modulevalidation -Xcc -fmodules-prune-interval\=86400 -Xcc -fmodules-prune-after\=345600 -package-name spi_builder_workspace -emit-const-values -const-gather-protocols-list /Users/admin/builder/spi-builder-workspace/.derivedData/Build/Intermediates.noindex/NetworkInterfaceInfo.build/Debug-xros/NetworkInterfaceInfo-t.build/Objects-normal/arm64/NetworkInterfaceInfo_const_extract_protocols.json -Xcc -I/Users/admin/builder/spi-builder-workspace/.derivedData/Build/Products/Debug-xros/include -Xcc -I/Users/admin/builder/spi-builder-workspace/.derivedData/Build/Intermediates.noindex/NetworkInterfaceInfo.build/Debug-xros/NetworkInterfaceInfo-t.build/DerivedSources-normal/arm64 -Xcc -I/Users/admin/builder/spi-builder-workspace/.derivedData/Build/Intermediates.noindex/NetworkInterfaceInfo.build/Debug-xros/NetworkInterfaceInfo-t.build/DerivedSources/arm64 -Xcc -I/Users/admin/builder/spi-builder-workspace/.derivedData/Build/Intermediates.noindex/NetworkInterfaceInfo.build/Debug-xros/NetworkInterfaceInfo-t.build/DerivedSources -Xcc -DSWIFT_PACKAGE -Xcc -DDEBUG\=1 -emit-objc-header -emit-objc-header-path /Users/admin/builder/spi-builder-workspace/.derivedData/Build/Intermediates.noindex/NetworkInterfaceInfo.build/Debug-xros/NetworkInterfaceInfo-t.build/Objects-normal/arm64/NetworkInterfaceInfo-Swift.h -working-directory /Users/admin/builder/spi-builder-workspace/.swiftpm/xcode -experimental-emit-module-separately -disable-cmo
SwiftDriverJobDiscovery normal arm64 Compiling Double.swift (in target 'FoundationExtensions' from project 'FoundationExtensions')
SwiftCompile normal arm64 Compiling\ IPv4Address.swift /Users/admin/builder/spi-builder-workspace/Sources/NetworkInterfaceInfo/IPv4Address.swift (in target 'NetworkInterfaceInfo' from project 'NetworkInterfaceInfo')
SwiftCompile normal arm64 /Users/admin/builder/spi-builder-workspace/Sources/NetworkInterfaceInfo/IPv4Address.swift (in target 'NetworkInterfaceInfo' from project 'NetworkInterfaceInfo')
cd /Users/admin/builder/spi-builder-workspace/.swiftpm/xcode
builtin-SwiftPerFileCompile IPv4Address.swift
SwiftEmitModule normal arm64 Emitting\ module\ for\ NetworkInterfaceInfo (in target 'NetworkInterfaceInfo' from project 'NetworkInterfaceInfo')
SwiftCompile normal arm64 (in target 'NetworkInterfaceInfo' from project 'NetworkInterfaceInfo')
cd /Users/admin/builder/spi-builder-workspace/.swiftpm/xcode
SwiftCompile normal arm64 Compiling\ NetworkInterface.swift /Users/admin/builder/spi-builder-workspace/Sources/NetworkInterfaceInfo/NetworkInterface.swift (in target 'NetworkInterfaceInfo' from project 'NetworkInterfaceInfo')
SwiftCompile normal arm64 /Users/admin/builder/spi-builder-workspace/Sources/NetworkInterfaceInfo/NetworkInterface.swift (in target 'NetworkInterfaceInfo' from project 'NetworkInterfaceInfo')
cd /Users/admin/builder/spi-builder-workspace/.swiftpm/xcode
builtin-SwiftPerFileCompile NetworkInterface.swift
SwiftCompile normal arm64 Compiling\ Metrics.swift /Users/admin/builder/spi-builder-workspace/Sources/NetworkInterfaceInfo/Metrics.swift (in target 'NetworkInterfaceInfo' from project 'NetworkInterfaceInfo')
/Users/admin/builder/spi-builder-workspace/Sources/NetworkInterfaceInfo/Metrics.swift:154:33: error: cannot find 'NETLINK_GENERIC' in scope
152 | var MIB: [Int32] = [CTL_NET,
153 | PF_LINK,
154 | NETLINK_GENERIC,
| `- error: cannot find 'NETLINK_GENERIC' in scope
155 | IFMIB_IFDATA,
156 | Int32(interfaceIndex),
/Users/admin/builder/spi-builder-workspace/Sources/NetworkInterfaceInfo/Metrics.swift:155:33: error: cannot find 'IFMIB_IFDATA' in scope
153 | PF_LINK,
154 | NETLINK_GENERIC,
155 | IFMIB_IFDATA,
| `- error: cannot find 'IFMIB_IFDATA' in scope
156 | Int32(interfaceIndex),
157 | IFDATA_GENERAL]
/Users/admin/builder/spi-builder-workspace/Sources/NetworkInterfaceInfo/Metrics.swift:157:33: error: cannot find 'IFDATA_GENERAL' in scope
155 | IFMIB_IFDATA,
156 | Int32(interfaceIndex),
157 | IFDATA_GENERAL]
| `- error: cannot find 'IFDATA_GENERAL' in scope
158 | let MIBSize = UInt32(MIB.count) // Sigh… Swift won't allow direct access to MIB from inside the closure below.
159 |
/Users/admin/builder/spi-builder-workspace/Sources/NetworkInterfaceInfo/Metrics.swift:160:24: error: cannot find 'ifmibdata' in scope
158 | let MIBSize = UInt32(MIB.count) // Sigh… Swift won't allow direct access to MIB from inside the closure below.
159 |
160 | var data = ifmibdata()
| `- error: cannot find 'ifmibdata' in scope
161 | var size = MemoryLayout<ifmibdata>.size
162 |
/Users/admin/builder/spi-builder-workspace/Sources/NetworkInterfaceInfo/Metrics.swift:161:37: error: cannot find type 'ifmibdata' in scope
159 |
160 | var data = ifmibdata()
161 | var size = MemoryLayout<ifmibdata>.size
| `- error: cannot find type 'ifmibdata' in scope
162 |
163 | try MIB.withUnsafeMutableBufferPointer {
Failed frontend command:
/Applications/Xcode-27.0.0-Release.Candidate.app/Contents/Developer/Toolchains/XcodeDefault.xctoolchain/usr/bin/swift-frontend -frontend -c /Users/admin/builder/spi-builder-workspace/Sources/NetworkInterfaceInfo/IPv4Address.swift -primary-file /Users/admin/builder/spi-builder-workspace/Sources/NetworkInterfaceInfo/Metrics.swift /Users/admin/builder/spi-builder-workspace/Sources/NetworkInterfaceInfo/NetworkAddress.swift /Users/admin/builder/spi-builder-workspace/Sources/NetworkInterfaceInfo/NetworkInterface.swift -emit-dependencies-path /Users/admin/builder/spi-builder-workspace/.derivedData/Build/Intermediates.noindex/NetworkInterfaceInfo.build/Debug-xros/NetworkInterfaceInfo-t.build/Objects-normal/arm64/Metrics.d -emit-const-values-path /Users/admin/builder/spi-builder-workspace/.derivedData/Build/Intermediates.noindex/NetworkInterfaceInfo.build/Debug-xros/NetworkInterfaceInfo-t.build/Objects-normal/arm64/Metrics.swiftconstvalues -emit-reference-dependencies-path /Users/admin/builder/spi-builder-workspace/.derivedData/Build/Intermediates.noindex/NetworkInterfaceInfo.build/Debug-xros/NetworkInterfaceInfo-t.build/Objects-normal/arm64/Metrics.swiftdeps -serialize-diagnostics-path /Users/admin/builder/spi-builder-workspace/.derivedData/Build/Intermediates.noindex/NetworkInterfaceInfo.build/Debug-xros/NetworkInterfaceInfo-t.build/Objects-normal/arm64/Metrics.dia -target arm64-apple-xros1.0 -module-can-import-version Darwin 428.0.10 0 -disable-cross-import-overlay-search -swift-module-cross-import Darwin /Applications/Xcode-27.0.0-Release.Candidate.app/Contents/Developer/Platforms/XROS.platform/Developer/SDKs/XROS.sdk/usr/include/Darwin.swiftcrossimport/xlocale.swiftoverlay -load-resolved-plugin /Applications/Xcode-27.0.0-Release.Candidate.app/Contents/Developer/Platforms/XROS.platform/Developer/usr/lib/swift/host/plugins/libFoundationMacros.dylib\#/Applications/Xcode-27.0.0-Release.Candidate.app/Contents/Developer/Platforms/XROS.platform/Developer/usr/bin/swift-plugin-server\#FoundationMacros -load-resolved-plugin /Applications/Xcode-27.0.0-Release.Candidate.app/Contents/Developer/Platforms/XROS.platform/Developer/usr/lib/swift/host/plugins/libObservationMacros.dylib\#/Applications/Xcode-27.0.0-Release.Candidate.app/Contents/Developer/Platforms/XROS.platform/Developer/usr/bin/swift-plugin-server\#ObservationMacros -load-resolved-plugin /Applications/Xcode-27.0.0-Release.Candidate.app/Contents/Developer/Platforms/XROS.platform/Developer/usr/lib/swift/host/plugins/libSwiftMacros.dylib\#/Applications/Xcode-27.0.0-Release.Candidate.app/Contents/Developer/Platforms/XROS.platform/Developer/usr/bin/swift-plugin-server\#SwiftMacros -disable-implicit-swift-modules -Xcc -fno-implicit-modules -Xcc -fno-implicit-module-maps -explicit-swift-module-map-file /Users/admin/builder/spi-builder-workspace/.derivedData/Build/Intermediates.noindex/NetworkInterfaceInfo.build/Debug-xros/NetworkInterfaceInfo-t.build/Objects-normal/arm64/NetworkInterfaceInfo-dependencies-1.json -Xllvm -aarch64-use-tbi -enable-objc-interop -stack-check -sdk /Applications/Xcode-27.0.0-Release.Candidate.app/Contents/Developer/Platforms/XROS.platform/Developer/SDKs/XROS27.0.sdk -I /Users/admin/builder/spi-builder-workspace/.derivedData/Build/Products/Debug-xros -Isystem /Applications/Xcode-27.0.0-Release.Candidate.app/Contents/Developer/Platforms/XROS.platform/Developer/usr/lib -F /Users/admin/builder/spi-builder-workspace/.derivedData/Build/Products/Debug-xros/PackageFrameworks -F /Users/admin/builder/spi-builder-workspace/.derivedData/Build/Products/Debug-xros -F /Applications/Xcode-27.0.0-Release.Candidate.app/Contents/Developer/Platforms/XROS.platform/Developer/Library/Frameworks -F /Applications/Xcode-27.0.0-Release.Candidate.app/Contents/Developer/Platforms/XROS.platform/Developer/SDKs/XROS27.0.sdk/Developer/Library/Frameworks -module-cache-path /Users/admin/builder/spi-builder-workspace/.derivedData/Build/Intermediates.noindex/SwiftExplicitPrecompiledModules -no-color-diagnostics -Xcc -fno-color-diagnostics -enable-testing -g -debug-info-format\=dwarf -dwarf-version\=4 -profile-generate -profile-coverage-mapping -swift-version 5 -Onone -D SWIFT_PACKAGE -D DEBUG -D SWIFT_MODULE_RESOURCE_BUNDLE_UNAVAILABLE -D Xcode -serialize-debugging-options -enable-upcoming-feature BareSlashRegexLiterals -enable-upcoming-feature ConciseMagicFile -enable-upcoming-feature ExistentialAny -enable-upcoming-feature ForwardTrailingClosures -enable-upcoming-feature ImplicitOpenExistentials -enable-upcoming-feature StrictConcurrency -enable-experimental-feature DebugDescriptionMacro -empty-abi-descriptor -validate-clang-modules-once -clang-build-session-file /Users/admin/builder/spi-builder-workspace/.derivedData/ModuleCache.noindex/Session.modulevalidation -Xcc -working-directory -Xcc /Users/admin/builder/spi-builder-workspace/.swiftpm/xcode -enable-anonymous-context-mangled-names -file-compilation-dir /Users/admin/builder/spi-builder-workspace/.swiftpm/xcode -Xcc -D_LIBCPP_HARDENING_MODE\=_LIBCPP_HARDENING_MODE_DEBUG -Xcc -ivfsstatcache -Xcc /Users/admin/builder/spi-builder-workspace/.derivedData/SDKStatCaches.noindex/xros27.0-24M361-e829b21a6f8c9b70876ba0858053c044735bd543db762f57723cac368afd1ce4.sdkstatcache -Xcc -fmodules-prune-interval\=86400 -Xcc -fmodules-prune-after\=345600 -Xcc -I/Users/admin/builder/spi-builder-workspace/.derivedData/Build/Products/Debug-xros/include -Xcc -I/Users/admin/builder/spi-builder-workspace/.derivedData/Build/Intermediates.noindex/NetworkInterfaceInfo.build/Debug-xros/NetworkInterfaceInfo-t.build/DerivedSources-normal/arm64 -Xcc -I/Users/admin/builder/spi-builder-workspace/.derivedData/Build/Intermediates.noindex/NetworkInterfaceInfo.build/Debug-xros/NetworkInterfaceInfo-t.build/DerivedSources/arm64 -Xcc -I/Users/admin/builder/spi-builder-workspace/.derivedData/Build/Intermediates.noindex/NetworkInterfaceInfo.build/Debug-xros/NetworkInterfaceInfo-t.build/DerivedSources -Xcc -DSWIFT_PACKAGE -Xcc -DDEBUG\=1 -no-auto-bridging-header-chaining -module-name NetworkInterfaceInfo -package-name spi_builder_workspace -const-gather-protocols-file /Users/admin/builder/spi-builder-workspace/.derivedData/Build/Intermediates.noindex/NetworkInterfaceInfo.build/Debug-xros/NetworkInterfaceInfo-t.build/Objects-normal/arm64/NetworkInterfaceInfo_const_extract_protocols.json -disable-clang-spi -clang-target arm64-apple-xros27.0 -target-sdk-version 27.0 -target-sdk-name xros27.0 -in-process-plugin-server-path /Applications/Xcode-27.0.0-Release.Candidate.app/Contents/Developer/Toolchains/XcodeDefault.xctoolchain/usr/lib/swift/host/libSwiftInProcPluginServer.dylib -parse-as-library -o /Users/admin/builder/spi-builder-workspace/.derivedData/Build/Intermediates.noindex/NetworkInterfaceInfo.build/Debug-xros/NetworkInterfaceInfo-t.build/Objects-normal/arm64/Metrics.o -debug-module-path /Users/admin/builder/spi-builder-workspace/.derivedData/Build/Intermediates.noindex/NetworkInterfaceInfo.build/Debug-xros/NetworkInterfaceInfo-t.build/Objects-normal/arm64/NetworkInterfaceInfo.swiftmodule -index-unit-output-path /NetworkInterfaceInfo.build/Debug-xros/NetworkInterfaceInfo-t.build/Objects-normal/arm64/Metrics.o -index-store-path /Users/admin/builder/spi-builder-workspace/.derivedData/Index.noindex/DataStore -index-system-modules
SwiftCompile normal arm64 /Users/admin/builder/spi-builder-workspace/Sources/NetworkInterfaceInfo/Metrics.swift (in target 'NetworkInterfaceInfo' from project 'NetworkInterfaceInfo')
cd /Users/admin/builder/spi-builder-workspace/.swiftpm/xcode
builtin-SwiftPerFileCompile Metrics.swift
SwiftCompile normal arm64 Compiling\ NetworkAddress.swift /Users/admin/builder/spi-builder-workspace/Sources/NetworkInterfaceInfo/NetworkAddress.swift (in target 'NetworkInterfaceInfo' from project 'NetworkInterfaceInfo')
SwiftCompile normal arm64 /Users/admin/builder/spi-builder-workspace/Sources/NetworkInterfaceInfo/NetworkAddress.swift (in target 'NetworkInterfaceInfo' from project 'NetworkInterfaceInfo')
cd /Users/admin/builder/spi-builder-workspace/.swiftpm/xcode
builtin-SwiftPerFileCompile NetworkAddress.swift
SwiftDriverJobDiscovery normal arm64 Emitting module for NetworkInterfaceInfo (in target 'NetworkInterfaceInfo' from project 'NetworkInterfaceInfo')
SwiftDriver\ Compilation\ Requirements NetworkInterfaceInfo normal arm64 com.apple.xcode.tools.swift.compiler (in target 'NetworkInterfaceInfo' from project 'NetworkInterfaceInfo')
cd /Users/admin/builder/spi-builder-workspace/.swiftpm/xcode
builtin-Swift-Compilation-Requirements -- /Applications/Xcode-27.0.0-Release.Candidate.app/Contents/Developer/Toolchains/XcodeDefault.xctoolchain/usr/bin/swiftc -parse-as-library -module-name NetworkInterfaceInfo -Onone @/Users/admin/builder/spi-builder-workspace/.derivedData/Build/Intermediates.noindex/NetworkInterfaceInfo.build/Debug-xros/NetworkInterfaceInfo-t.build/Objects-normal/arm64/NetworkInterfaceInfo.SwiftFileList -DSWIFT_PACKAGE -DDEBUG -DSWIFT_MODULE_RESOURCE_BUNDLE_UNAVAILABLE -DXcode -enable-upcoming-feature BareSlashRegexLiterals -enable-upcoming-feature ConciseMagicFile -enable-upcoming-feature ExistentialAny -enable-upcoming-feature ForwardTrailingClosures -enable-upcoming-feature ImplicitOpenExistentials -enable-upcoming-feature StrictConcurrency -plugin-path /Applications/Xcode-27.0.0-Release.Candidate.app/Contents/Developer/Toolchains/XcodeDefault.xctoolchain/usr/lib/swift/host/plugins/testing -enable-experimental-feature DebugDescriptionMacro -sdk /Applications/Xcode-27.0.0-Release.Candidate.app/Contents/Developer/Platforms/XROS.platform/Developer/SDKs/XROS27.0.sdk -target arm64-apple-xros1.0 -g -module-cache-path /Users/admin/builder/spi-builder-workspace/.derivedData/ModuleCache.noindex -Xfrontend -serialize-debugging-options -profile-coverage-mapping -profile-generate -enable-testing -index-store-path /Users/admin/builder/spi-builder-workspace/.derivedData/Index.noindex/DataStore -Xcc -D_LIBCPP_HARDENING_MODE\=_LIBCPP_HARDENING_MODE_DEBUG -swift-version 5 -I /Users/admin/builder/spi-builder-workspace/.derivedData/Build/Products/Debug-xros -Isystem /Applications/Xcode-27.0.0-Release.Candidate.app/Contents/Developer/Platforms/XROS.platform/Developer/usr/lib -F /Users/admin/builder/spi-builder-workspace/.derivedData/Build/Products/Debug-xros/PackageFrameworks -F /Users/admin/builder/spi-builder-workspace/.derivedData/Build/Products/Debug-xros -F /Applications/Xcode-27.0.0-Release.Candidate.app/Contents/Developer/Platforms/XROS.platform/Developer/Library/Frameworks -F /Applications/Xcode-27.0.0-Release.Candidate.app/Contents/Developer/Platforms/XROS.platform/Developer/SDKs/XROS27.0.sdk/Developer/Library/Frameworks -c -j10 -enable-batch-mode -incremental -Xcc -ivfsstatcache -Xcc /Users/admin/builder/spi-builder-workspace/.derivedData/SDKStatCaches.noindex/xros27.0-24M361-e829b21a6f8c9b70876ba0858053c044735bd543db762f57723cac368afd1ce4.sdkstatcache -output-file-map /Users/admin/builder/spi-builder-workspace/.derivedData/Build/Intermediates.noindex/NetworkInterfaceInfo.build/Debug-xros/NetworkInterfaceInfo-t.build/Objects-normal/arm64/NetworkInterfaceInfo-OutputFileMap.json -save-temps -no-color-diagnostics -explicit-module-build -module-cache-path /Users/admin/builder/spi-builder-workspace/.derivedData/Build/Intermediates.noindex/SwiftExplicitPrecompiledModules -clang-scanner-module-cache-path /Users/admin/builder/spi-builder-workspace/.derivedData/ModuleCache.noindex -sdk-module-cache-path /Users/admin/builder/spi-builder-workspace/.derivedData/SDKExplicitPrecompiledModules -emit-dependencies -emit-module -emit-module-path /Users/admin/builder/spi-builder-workspace/.derivedData/Build/Intermediates.noindex/NetworkInterfaceInfo.build/Debug-xros/NetworkInterfaceInfo-t.build/Objects-normal/arm64/NetworkInterfaceInfo.swiftmodule -serialize-diagnostics -dependency-scan-serialize-diagnostics-path /Users/admin/builder/spi-builder-workspace/.derivedData/Build/Intermediates.noindex/NetworkInterfaceInfo.build/Debug-xros/NetworkInterfaceInfo-t.build/Objects-normal/arm64/NetworkInterfaceInfo-dependency-scan.dia -validate-clang-modules-once -clang-build-session-file /Users/admin/builder/spi-builder-workspace/.derivedData/ModuleCache.noindex/Session.modulevalidation -Xcc -fmodules-prune-interval\=86400 -Xcc -fmodules-prune-after\=345600 -package-name spi_builder_workspace -emit-const-values -const-gather-protocols-list /Users/admin/builder/spi-builder-workspace/.derivedData/Build/Intermediates.noindex/NetworkInterfaceInfo.build/Debug-xros/NetworkInterfaceInfo-t.build/Objects-normal/arm64/NetworkInterfaceInfo_const_extract_protocols.json -Xcc -I/Users/admin/builder/spi-builder-workspace/.derivedData/Build/Products/Debug-xros/include -Xcc -I/Users/admin/builder/spi-builder-workspace/.derivedData/Build/Intermediates.noindex/NetworkInterfaceInfo.build/Debug-xros/NetworkInterfaceInfo-t.build/DerivedSources-normal/arm64 -Xcc -I/Users/admin/builder/spi-builder-workspace/.derivedData/Build/Intermediates.noindex/NetworkInterfaceInfo.build/Debug-xros/NetworkInterfaceInfo-t.build/DerivedSources/arm64 -Xcc -I/Users/admin/builder/spi-builder-workspace/.derivedData/Build/Intermediates.noindex/NetworkInterfaceInfo.build/Debug-xros/NetworkInterfaceInfo-t.build/DerivedSources -Xcc -DSWIFT_PACKAGE -Xcc -DDEBUG\=1 -emit-objc-header -emit-objc-header-path /Users/admin/builder/spi-builder-workspace/.derivedData/Build/Intermediates.noindex/NetworkInterfaceInfo.build/Debug-xros/NetworkInterfaceInfo-t.build/Objects-normal/arm64/NetworkInterfaceInfo-Swift.h -working-directory /Users/admin/builder/spi-builder-workspace/.swiftpm/xcode -experimental-emit-module-separately -disable-cmo
SwiftMergeGeneratedHeaders /Users/admin/builder/spi-builder-workspace/.derivedData/Build/Intermediates.noindex/GeneratedModuleMaps-xros/NetworkInterfaceInfo-Swift.h /Users/admin/builder/spi-builder-workspace/.derivedData/Build/Intermediates.noindex/NetworkInterfaceInfo.build/Debug-xros/NetworkInterfaceInfo-t.build/Objects-normal/arm64/NetworkInterfaceInfo-Swift.h (in target 'NetworkInterfaceInfo' from project 'NetworkInterfaceInfo')
cd /Users/admin/builder/spi-builder-workspace
builtin-swiftHeaderTool -arch arm64 /Users/admin/builder/spi-builder-workspace/.derivedData/Build/Intermediates.noindex/NetworkInterfaceInfo.build/Debug-xros/NetworkInterfaceInfo-t.build/Objects-normal/arm64/NetworkInterfaceInfo-Swift.h -o /Users/admin/builder/spi-builder-workspace/.derivedData/Build/Intermediates.noindex/GeneratedModuleMaps-xros/NetworkInterfaceInfo-Swift.h
Copy /Users/admin/builder/spi-builder-workspace/.derivedData/Build/Products/Debug-xros/NetworkInterfaceInfo.swiftmodule/arm64-apple-xros.swiftmodule /Users/admin/builder/spi-builder-workspace/.derivedData/Build/Intermediates.noindex/NetworkInterfaceInfo.build/Debug-xros/NetworkInterfaceInfo-t.build/Objects-normal/arm64/NetworkInterfaceInfo.swiftmodule (in target 'NetworkInterfaceInfo' from project 'NetworkInterfaceInfo')
cd /Users/admin/builder/spi-builder-workspace
builtin-copy -exclude .DS_Store -exclude CVS -exclude .svn -exclude .git -exclude .hg -resolve-src-symlinks -rename /Users/admin/builder/spi-builder-workspace/.derivedData/Build/Intermediates.noindex/NetworkInterfaceInfo.build/Debug-xros/NetworkInterfaceInfo-t.build/Objects-normal/arm64/NetworkInterfaceInfo.swiftmodule /Users/admin/builder/spi-builder-workspace/.derivedData/Build/Products/Debug-xros/NetworkInterfaceInfo.swiftmodule/arm64-apple-xros.swiftmodule
Copy /Users/admin/builder/spi-builder-workspace/.derivedData/Build/Products/Debug-xros/NetworkInterfaceInfo.swiftmodule/arm64-apple-xros.swiftdoc /Users/admin/builder/spi-builder-workspace/.derivedData/Build/Intermediates.noindex/NetworkInterfaceInfo.build/Debug-xros/NetworkInterfaceInfo-t.build/Objects-normal/arm64/NetworkInterfaceInfo.swiftdoc (in target 'NetworkInterfaceInfo' from project 'NetworkInterfaceInfo')
cd /Users/admin/builder/spi-builder-workspace
builtin-copy -exclude .DS_Store -exclude CVS -exclude .svn -exclude .git -exclude .hg -resolve-src-symlinks -rename /Users/admin/builder/spi-builder-workspace/.derivedData/Build/Intermediates.noindex/NetworkInterfaceInfo.build/Debug-xros/NetworkInterfaceInfo-t.build/Objects-normal/arm64/NetworkInterfaceInfo.swiftdoc /Users/admin/builder/spi-builder-workspace/.derivedData/Build/Products/Debug-xros/NetworkInterfaceInfo.swiftmodule/arm64-apple-xros.swiftdoc
Copy /Users/admin/builder/spi-builder-workspace/.derivedData/Build/Products/Debug-xros/NetworkInterfaceInfo.swiftmodule/arm64-apple-xros.abi.json /Users/admin/builder/spi-builder-workspace/.derivedData/Build/Intermediates.noindex/NetworkInterfaceInfo.build/Debug-xros/NetworkInterfaceInfo-t.build/Objects-normal/arm64/NetworkInterfaceInfo.abi.json (in target 'NetworkInterfaceInfo' from project 'NetworkInterfaceInfo')
cd /Users/admin/builder/spi-builder-workspace
builtin-copy -exclude .DS_Store -exclude CVS -exclude .svn -exclude .git -exclude .hg -resolve-src-symlinks -rename /Users/admin/builder/spi-builder-workspace/.derivedData/Build/Intermediates.noindex/NetworkInterfaceInfo.build/Debug-xros/NetworkInterfaceInfo-t.build/Objects-normal/arm64/NetworkInterfaceInfo.abi.json /Users/admin/builder/spi-builder-workspace/.derivedData/Build/Products/Debug-xros/NetworkInterfaceInfo.swiftmodule/arm64-apple-xros.abi.json
Copy /Users/admin/builder/spi-builder-workspace/.derivedData/Build/Products/Debug-xros/NetworkInterfaceInfo.swiftmodule/Project/arm64-apple-xros.swiftsourceinfo /Users/admin/builder/spi-builder-workspace/.derivedData/Build/Intermediates.noindex/NetworkInterfaceInfo.build/Debug-xros/NetworkInterfaceInfo-t.build/Objects-normal/arm64/NetworkInterfaceInfo.swiftsourceinfo (in target 'NetworkInterfaceInfo' from project 'NetworkInterfaceInfo')
cd /Users/admin/builder/spi-builder-workspace
builtin-copy -exclude .DS_Store -exclude CVS -exclude .svn -exclude .git -exclude .hg -resolve-src-symlinks -rename /Users/admin/builder/spi-builder-workspace/.derivedData/Build/Intermediates.noindex/NetworkInterfaceInfo.build/Debug-xros/NetworkInterfaceInfo-t.build/Objects-normal/arm64/NetworkInterfaceInfo.swiftsourceinfo /Users/admin/builder/spi-builder-workspace/.derivedData/Build/Products/Debug-xros/NetworkInterfaceInfo.swiftmodule/Project/arm64-apple-xros.swiftsourceinfo
SwiftDriver NetworkInterfaceChangeMonitoring normal arm64 com.apple.xcode.tools.swift.compiler (in target 'NetworkInterfaceChangeMonitoring' from project 'NetworkInterfaceInfo')
cd /Users/admin/builder/spi-builder-workspace/.swiftpm/xcode
builtin-SwiftDriver -- /Applications/Xcode-27.0.0-Release.Candidate.app/Contents/Developer/Toolchains/XcodeDefault.xctoolchain/usr/bin/swiftc -parse-as-library -module-name NetworkInterfaceChangeMonitoring -Onone @/Users/admin/builder/spi-builder-workspace/.derivedData/Build/Intermediates.noindex/NetworkInterfaceInfo.build/Debug-xros/NetworkInterfaceChangeMonitoring-t.build/Objects-normal/arm64/NetworkInterfaceChangeMonitoring.SwiftFileList -DSWIFT_PACKAGE -DDEBUG -DSWIFT_MODULE_RESOURCE_BUNDLE_UNAVAILABLE -DXcode -enable-upcoming-feature BareSlashRegexLiterals -enable-upcoming-feature ConciseMagicFile -enable-upcoming-feature ExistentialAny -enable-upcoming-feature ForwardTrailingClosures -enable-upcoming-feature ImplicitOpenExistentials -enable-upcoming-feature StrictConcurrency -plugin-path /Applications/Xcode-27.0.0-Release.Candidate.app/Contents/Developer/Toolchains/XcodeDefault.xctoolchain/usr/lib/swift/host/plugins/testing -enable-experimental-feature DebugDescriptionMacro -sdk /Applications/Xcode-27.0.0-Release.Candidate.app/Contents/Developer/Platforms/XROS.platform/Developer/SDKs/XROS27.0.sdk -target arm64-apple-xros1.0 -g -module-cache-path /Users/admin/builder/spi-builder-workspace/.derivedData/ModuleCache.noindex -Xfrontend -serialize-debugging-options -profile-coverage-mapping -profile-generate -enable-testing -index-store-path /Users/admin/builder/spi-builder-workspace/.derivedData/Index.noindex/DataStore -Xcc -D_LIBCPP_HARDENING_MODE\=_LIBCPP_HARDENING_MODE_DEBUG -swift-version 5 -I /Users/admin/builder/spi-builder-workspace/.derivedData/Build/Products/Debug-xros -Isystem /Applications/Xcode-27.0.0-Release.Candidate.app/Contents/Developer/Platforms/XROS.platform/Developer/usr/lib -F /Users/admin/builder/spi-builder-workspace/.derivedData/Build/Products/Debug-xros/PackageFrameworks -F /Users/admin/builder/spi-builder-workspace/.derivedData/Build/Products/Debug-xros -F /Applications/Xcode-27.0.0-Release.Candidate.app/Contents/Developer/Platforms/XROS.platform/Developer/Library/Frameworks -F /Applications/Xcode-27.0.0-Release.Candidate.app/Contents/Developer/Platforms/XROS.platform/Developer/SDKs/XROS27.0.sdk/Developer/Library/Frameworks -c -j10 -enable-batch-mode -incremental -Xcc -ivfsstatcache -Xcc /Users/admin/builder/spi-builder-workspace/.derivedData/SDKStatCaches.noindex/xros27.0-24M361-e829b21a6f8c9b70876ba0858053c044735bd543db762f57723cac368afd1ce4.sdkstatcache -output-file-map /Users/admin/builder/spi-builder-workspace/.derivedData/Build/Intermediates.noindex/NetworkInterfaceInfo.build/Debug-xros/NetworkInterfaceChangeMonitoring-t.build/Objects-normal/arm64/NetworkInterfaceChangeMonitoring-OutputFileMap.json -save-temps -no-color-diagnostics -explicit-module-build -module-cache-path /Users/admin/builder/spi-builder-workspace/.derivedData/Build/Intermediates.noindex/SwiftExplicitPrecompiledModules -clang-scanner-module-cache-path /Users/admin/builder/spi-builder-workspace/.derivedData/ModuleCache.noindex -sdk-module-cache-path /Users/admin/builder/spi-builder-workspace/.derivedData/SDKExplicitPrecompiledModules -emit-dependencies -emit-module -emit-module-path /Users/admin/builder/spi-builder-workspace/.derivedData/Build/Intermediates.noindex/NetworkInterfaceInfo.build/Debug-xros/NetworkInterfaceChangeMonitoring-t.build/Objects-normal/arm64/NetworkInterfaceChangeMonitoring.swiftmodule -serialize-diagnostics -dependency-scan-serialize-diagnostics-path /Users/admin/builder/spi-builder-workspace/.derivedData/Build/Intermediates.noindex/NetworkInterfaceInfo.build/Debug-xros/NetworkInterfaceChangeMonitoring-t.build/Objects-normal/arm64/NetworkInterfaceChangeMonitoring-dependency-scan.dia -validate-clang-modules-once -clang-build-session-file /Users/admin/builder/spi-builder-workspace/.derivedData/ModuleCache.noindex/Session.modulevalidation -Xcc -fmodules-prune-interval\=86400 -Xcc -fmodules-prune-after\=345600 -package-name spi_builder_workspace -emit-const-values -const-gather-protocols-list /Users/admin/builder/spi-builder-workspace/.derivedData/Build/Intermediates.noindex/NetworkInterfaceInfo.build/Debug-xros/NetworkInterfaceChangeMonitoring-t.build/Objects-normal/arm64/NetworkInterfaceChangeMonitoring_const_extract_protocols.json -Xcc -I/Users/admin/builder/spi-builder-workspace/.derivedData/Build/Products/Debug-xros/include -Xcc -I/Users/admin/builder/spi-builder-workspace/.derivedData/Build/Intermediates.noindex/NetworkInterfaceInfo.build/Debug-xros/NetworkInterfaceChangeMonitoring-t.build/DerivedSources-normal/arm64 -Xcc -I/Users/admin/builder/spi-builder-workspace/.derivedData/Build/Intermediates.noindex/NetworkInterfaceInfo.build/Debug-xros/NetworkInterfaceChangeMonitoring-t.build/DerivedSources/arm64 -Xcc -I/Users/admin/builder/spi-builder-workspace/.derivedData/Build/Intermediates.noindex/NetworkInterfaceInfo.build/Debug-xros/NetworkInterfaceChangeMonitoring-t.build/DerivedSources -Xcc -DSWIFT_PACKAGE -Xcc -DDEBUG\=1 -emit-objc-header -emit-objc-header-path /Users/admin/builder/spi-builder-workspace/.derivedData/Build/Intermediates.noindex/NetworkInterfaceInfo.build/Debug-xros/NetworkInterfaceChangeMonitoring-t.build/Objects-normal/arm64/NetworkInterfaceChangeMonitoring-Swift.h -working-directory /Users/admin/builder/spi-builder-workspace/.swiftpm/xcode -experimental-emit-module-separately -disable-cmo
SwiftExplicitDependencyGeneratePcm arm64 /Users/admin/builder/spi-builder-workspace/.derivedData/SDKExplicitPrecompiledModules/dnssd-CCUV1M8EULNEQJUXO7L0PJAL4.pcm
SwiftExplicitDependencyGeneratePcm arm64 /Users/admin/builder/spi-builder-workspace/.derivedData/SDKExplicitPrecompiledModules/_Builtin_stdatomic-1VUZPM79PNCAHXVBERD53WRSF.pcm
SwiftExplicitDependencyGeneratePcm arm64 /Users/admin/builder/spi-builder-workspace/.derivedData/SDKExplicitPrecompiledModules/Network-EQPZZF3W6BWG89K0PY9NZO3T0.pcm
SwiftExplicitDependencyGeneratePcm arm64 /Users/admin/builder/spi-builder-workspace/.derivedData/SDKExplicitPrecompiledModules/MachO-3XTHY7HWV6RF3KXKYQVHUBUXK.pcm
PruneExplicitPrecompiledModules /Users/admin/builder/spi-builder-workspace/.derivedData/SDKExplicitPrecompiledModules
PruneExplicitPrecompiledModules /Users/admin/builder/spi-builder-workspace/.derivedData/Build/Intermediates.noindex/ExplicitPrecompiledModules
PruneExplicitPrecompiledModules /Users/admin/builder/spi-builder-workspace/.derivedData/Build/Intermediates.noindex/SwiftExplicitPrecompiledModules
2026-09-20 14:38:10.770 xcodebuild[701:4133] [MT] IDERunDestination: Supported platforms for the buildables in the current scheme is empty.
** BUILD FAILED **
The following build commands failed:
SwiftCompile normal arm64 Compiling\ Metrics.swift /Users/admin/builder/spi-builder-workspace/Sources/NetworkInterfaceInfo/Metrics.swift (in target 'NetworkInterfaceInfo' from project 'NetworkInterfaceInfo')
SwiftCompile normal arm64 /Users/admin/builder/spi-builder-workspace/Sources/NetworkInterfaceInfo/Metrics.swift (in target 'NetworkInterfaceInfo' from project 'NetworkInterfaceInfo')
Building workspace NetworkInterfaceInfo with scheme NetworkInterfaceInfo-Package
(3 failures)
Command line invocation:
/Applications/Xcode-27.0.0-Release.Candidate.app/Contents/Developer/usr/bin/xcodebuild -IDEClonedSourcePackagesDirPathOverride=/Users/admin/builder/spi-builder-workspace/.dependencies -resolvePackageDependencies
Resolve Package Graph
Resolved source packages:
FoundationExtensions: https://github.com/wadetregaskis/FoundationExtensions.git @ 3.5.2
NetworkInterfaceInfo: /Users/admin/builder/spi-builder-workspace
resolved source packages: FoundationExtensions, NetworkInterfaceInfo
2026-09-20 14:38:18.623 xcodebuild[812:4763] [MT] IDERunDestination: Supported platforms for the buildables in the current scheme is empty.
{
"dependencies" : [
{
"identity" : "foundationextensions",
"requirement" : {
"range" : [
{
"lower_bound" : "3.0.0",
"upper_bound" : "4.0.0"
}
]
},
"type" : "sourceControl",
"url" : "https://github.com/wadetregaskis/FoundationExtensions.git"
}
],
"manifest_display_name" : "NetworkInterfaceInfo",
"name" : "NetworkInterfaceInfo",
"path" : "/Users/admin/builder/spi-builder-workspace",
"platforms" : [
{
"name" : "ios",
"version" : "15.0"
},
{
"name" : "macos",
"version" : "12.0"
},
{
"name" : "maccatalyst",
"version" : "15.0"
},
{
"name" : "tvos",
"version" : "15.0"
},
{
"name" : "watchos",
"version" : "8.0"
}
],
"products" : [
{
"name" : "NetworkInterfaceInfo",
"targets" : [
"NetworkInterfaceInfo"
],
"type" : {
"library" : [
"automatic"
]
}
},
{
"name" : "NetworkInterfaceChangeMonitoring",
"targets" : [
"NetworkInterfaceChangeMonitoring"
],
"type" : {
"library" : [
"automatic"
]
}
}
],
"targets" : [
{
"c99name" : "NetworkInterfaceInfoTests",
"module_type" : "SwiftTarget",
"name" : "NetworkInterfaceInfoTests",
"path" : "Tests/NetworkInterfaceInfoTests",
"sources" : [
"NetworkInterfaceInfoTests.swift"
],
"target_dependencies" : [
"NetworkInterfaceInfo"
],
"type" : "test"
},
{
"c99name" : "NetworkInterfaceInfo",
"module_type" : "SwiftTarget",
"name" : "NetworkInterfaceInfo",
"path" : "Sources/NetworkInterfaceInfo",
"product_dependencies" : [
"FoundationExtensions"
],
"product_memberships" : [
"NetworkInterfaceInfo",
"NetworkInterfaceChangeMonitoring"
],
"sources" : [
"IPv4Address.swift",
"Metrics.swift",
"NetworkAddress.swift",
"NetworkInterface.swift"
],
"type" : "library"
},
{
"c99name" : "NetworkInterfaceChangeMonitoringTests",
"module_type" : "SwiftTarget",
"name" : "NetworkInterfaceChangeMonitoringTests",
"path" : "Tests/NetworkInterfaceChangeMonitoringTests",
"sources" : [
"NetworkInterfaceChangeMonitoringTests.swift"
],
"target_dependencies" : [
"NetworkInterfaceChangeMonitoring"
],
"type" : "test"
},
{
"c99name" : "NetworkInterfaceChangeMonitoring",
"module_type" : "SwiftTarget",
"name" : "NetworkInterfaceChangeMonitoring",
"path" : "Sources/NetworkInterfaceChangeMonitoring",
"product_dependencies" : [
"FoundationExtensions"
],
"product_memberships" : [
"NetworkInterfaceChangeMonitoring"
],
"sources" : [
"NetworkInterfaceChangeMonitoring.swift"
],
"target_dependencies" : [
"NetworkInterfaceInfo"
],
"type" : "library"
}
],
"tools_version" : "5.9"
}
{
"workspace" : {
"name" : "NetworkInterfaceInfo",
"schemes" : [
"FoundationExtensions",
"NetworkInterfaceChangeMonitoring",
"NetworkInterfaceInfo",
"NetworkInterfaceInfo-Package"
]
}
}
2026-09-20 14:38:19.869 xcodebuild[820:4836] [MT] IDERunDestination: Supported platforms for the buildables in the current scheme is empty.
{
"workspace" : {
"name" : "NetworkInterfaceInfo",
"schemes" : [
"FoundationExtensions",
"NetworkInterfaceChangeMonitoring",
"NetworkInterfaceInfo",
"NetworkInterfaceInfo-Package"
]
}
}
2026-09-20 14:38:20.863 xcodebuild[822:4870] [MT] IDERunDestination: Supported platforms for the buildables in the current scheme is empty.
Running build ...
env DEVELOPER_DIR=/Applications/Xcode-27.0.0-Release.Candidate.app xcrun xcodebuild -IDEClonedSourcePackagesDirPathOverride=$PWD/.dependencies -skipMacroValidation -skipPackagePluginValidation -derivedDataPath $PWD/.derivedData build -scheme NetworkInterfaceInfo-Package -destination generic/platform=xrOS
Command line invocation:
/Applications/Xcode-27.0.0-Release.Candidate.app/Contents/Developer/usr/bin/xcodebuild -IDEClonedSourcePackagesDirPathOverride=/Users/admin/builder/spi-builder-workspace/.dependencies -skipMacroValidation -skipPackagePluginValidation -derivedDataPath /Users/admin/builder/spi-builder-workspace/.derivedData build -scheme NetworkInterfaceInfo-Package -destination generic/platform=xrOS
Resolve Package Graph
Resolved source packages:
NetworkInterfaceInfo: /Users/admin/builder/spi-builder-workspace
FoundationExtensions: https://github.com/wadetregaskis/FoundationExtensions.git @ 3.5.2
ComputePackagePrebuildTargetDependencyGraph
Prepare packages
CreateBuildRequest
SendProjectDescription
CreateBuildOperation
ComputeTargetDependencyGraph
note: Building targets in dependency order
note: Target dependency graph (6 targets)
Target 'NetworkInterfaceChangeMonitoring-product' in project 'NetworkInterfaceInfo'
➜ Explicit dependency on target 'NetworkInterfaceChangeMonitoring' in project 'NetworkInterfaceInfo'
➜ Explicit dependency on target 'NetworkInterfaceInfo' in project 'NetworkInterfaceInfo'
➜ Explicit dependency on target 'FoundationExtensions-product' in project 'FoundationExtensions'
Target 'NetworkInterfaceChangeMonitoring' in project 'NetworkInterfaceInfo'
➜ Explicit dependency on target 'NetworkInterfaceInfo' in project 'NetworkInterfaceInfo'
➜ Explicit dependency on target 'FoundationExtensions-product' in project 'FoundationExtensions'
Target 'NetworkInterfaceInfo-product' in project 'NetworkInterfaceInfo'
➜ Explicit dependency on target 'NetworkInterfaceInfo' in project 'NetworkInterfaceInfo'
➜ Explicit dependency on target 'FoundationExtensions-product' in project 'FoundationExtensions'
Target 'NetworkInterfaceInfo' in project 'NetworkInterfaceInfo'
➜ Explicit dependency on target 'FoundationExtensions-product' in project 'FoundationExtensions'
Target 'FoundationExtensions-product' in project 'FoundationExtensions'
➜ Explicit dependency on target 'FoundationExtensions' in project 'FoundationExtensions'
Target 'FoundationExtensions' in project 'FoundationExtensions' (no dependencies)
GatherProvisioningInputs
CreateBuildDescription
ClangStatCache /Applications/Xcode-27.0.0-Release.Candidate.app/Contents/Developer/Toolchains/XcodeDefault.xctoolchain/usr/bin/clang-stat-cache /Applications/Xcode-27.0.0-Release.Candidate.app/Contents/Developer/Platforms/XROS.platform/Developer/SDKs/XROS27.0.sdk /Users/admin/builder/spi-builder-workspace/.derivedData/SDKStatCaches.noindex/xros27.0-24M361-e829b21a6f8c9b70876ba0858053c044735bd543db762f57723cac368afd1ce4.sdkstatcache
cd /Users/admin/builder/spi-builder-workspace/.swiftpm/xcode
/Applications/Xcode-27.0.0-Release.Candidate.app/Contents/Developer/Toolchains/XcodeDefault.xctoolchain/usr/bin/clang-stat-cache /Applications/Xcode-27.0.0-Release.Candidate.app/Contents/Developer/Platforms/XROS.platform/Developer/SDKs/XROS27.0.sdk -o /Users/admin/builder/spi-builder-workspace/.derivedData/SDKStatCaches.noindex/xros27.0-24M361-e829b21a6f8c9b70876ba0858053c044735bd543db762f57723cac368afd1ce4.sdkstatcache
SwiftDriver NetworkInterfaceChangeMonitoring normal arm64 com.apple.xcode.tools.swift.compiler (in target 'NetworkInterfaceChangeMonitoring' from project 'NetworkInterfaceInfo')
cd /Users/admin/builder/spi-builder-workspace/.swiftpm/xcode
builtin-SwiftDriver -- /Applications/Xcode-27.0.0-Release.Candidate.app/Contents/Developer/Toolchains/XcodeDefault.xctoolchain/usr/bin/swiftc -parse-as-library -module-name NetworkInterfaceChangeMonitoring -Onone @/Users/admin/builder/spi-builder-workspace/.derivedData/Build/Intermediates.noindex/NetworkInterfaceInfo.build/Debug-xros/NetworkInterfaceChangeMonitoring-t.build/Objects-normal/arm64/NetworkInterfaceChangeMonitoring.SwiftFileList -DSWIFT_PACKAGE -DDEBUG -DSWIFT_MODULE_RESOURCE_BUNDLE_UNAVAILABLE -DXcode -enable-upcoming-feature BareSlashRegexLiterals -enable-upcoming-feature ConciseMagicFile -enable-upcoming-feature ExistentialAny -enable-upcoming-feature ForwardTrailingClosures -enable-upcoming-feature ImplicitOpenExistentials -enable-upcoming-feature StrictConcurrency -plugin-path /Applications/Xcode-27.0.0-Release.Candidate.app/Contents/Developer/Toolchains/XcodeDefault.xctoolchain/usr/lib/swift/host/plugins/testing -enable-experimental-feature DebugDescriptionMacro -sdk /Applications/Xcode-27.0.0-Release.Candidate.app/Contents/Developer/Platforms/XROS.platform/Developer/SDKs/XROS27.0.sdk -target arm64-apple-xros1.0 -g -module-cache-path /Users/admin/builder/spi-builder-workspace/.derivedData/ModuleCache.noindex -Xfrontend -serialize-debugging-options -profile-coverage-mapping -profile-generate -enable-testing -index-store-path /Users/admin/builder/spi-builder-workspace/.derivedData/Index.noindex/DataStore -Xcc -D_LIBCPP_HARDENING_MODE\=_LIBCPP_HARDENING_MODE_DEBUG -swift-version 5 -I /Users/admin/builder/spi-builder-workspace/.derivedData/Build/Products/Debug-xros -Isystem /Applications/Xcode-27.0.0-Release.Candidate.app/Contents/Developer/Platforms/XROS.platform/Developer/usr/lib -F /Users/admin/builder/spi-builder-workspace/.derivedData/Build/Products/Debug-xros/PackageFrameworks -F /Users/admin/builder/spi-builder-workspace/.derivedData/Build/Products/Debug-xros -F /Applications/Xcode-27.0.0-Release.Candidate.app/Contents/Developer/Platforms/XROS.platform/Developer/Library/Frameworks -F /Applications/Xcode-27.0.0-Release.Candidate.app/Contents/Developer/Platforms/XROS.platform/Developer/SDKs/XROS27.0.sdk/Developer/Library/Frameworks -c -j10 -enable-batch-mode -incremental -Xcc -ivfsstatcache -Xcc /Users/admin/builder/spi-builder-workspace/.derivedData/SDKStatCaches.noindex/xros27.0-24M361-e829b21a6f8c9b70876ba0858053c044735bd543db762f57723cac368afd1ce4.sdkstatcache -output-file-map /Users/admin/builder/spi-builder-workspace/.derivedData/Build/Intermediates.noindex/NetworkInterfaceInfo.build/Debug-xros/NetworkInterfaceChangeMonitoring-t.build/Objects-normal/arm64/NetworkInterfaceChangeMonitoring-OutputFileMap.json -save-temps -no-color-diagnostics -explicit-module-build -module-cache-path /Users/admin/builder/spi-builder-workspace/.derivedData/Build/Intermediates.noindex/SwiftExplicitPrecompiledModules -clang-scanner-module-cache-path /Users/admin/builder/spi-builder-workspace/.derivedData/ModuleCache.noindex -sdk-module-cache-path /Users/admin/builder/spi-builder-workspace/.derivedData/SDKExplicitPrecompiledModules -emit-dependencies -emit-module -emit-module-path /Users/admin/builder/spi-builder-workspace/.derivedData/Build/Intermediates.noindex/NetworkInterfaceInfo.build/Debug-xros/NetworkInterfaceChangeMonitoring-t.build/Objects-normal/arm64/NetworkInterfaceChangeMonitoring.swiftmodule -serialize-diagnostics -dependency-scan-serialize-diagnostics-path /Users/admin/builder/spi-builder-workspace/.derivedData/Build/Intermediates.noindex/NetworkInterfaceInfo.build/Debug-xros/NetworkInterfaceChangeMonitoring-t.build/Objects-normal/arm64/NetworkInterfaceChangeMonitoring-dependency-scan.dia -validate-clang-modules-once -clang-build-session-file /Users/admin/builder/spi-builder-workspace/.derivedData/ModuleCache.noindex/Session.modulevalidation -Xcc -fmodules-prune-interval\=86400 -Xcc -fmodules-prune-after\=345600 -package-name spi_builder_workspace -emit-const-values -const-gather-protocols-list /Users/admin/builder/spi-builder-workspace/.derivedData/Build/Intermediates.noindex/NetworkInterfaceInfo.build/Debug-xros/NetworkInterfaceChangeMonitoring-t.build/Objects-normal/arm64/NetworkInterfaceChangeMonitoring_const_extract_protocols.json -Xcc -I/Users/admin/builder/spi-builder-workspace/.derivedData/Build/Products/Debug-xros/include -Xcc -I/Users/admin/builder/spi-builder-workspace/.derivedData/Build/Intermediates.noindex/NetworkInterfaceInfo.build/Debug-xros/NetworkInterfaceChangeMonitoring-t.build/DerivedSources-normal/arm64 -Xcc -I/Users/admin/builder/spi-builder-workspace/.derivedData/Build/Intermediates.noindex/NetworkInterfaceInfo.build/Debug-xros/NetworkInterfaceChangeMonitoring-t.build/DerivedSources/arm64 -Xcc -I/Users/admin/builder/spi-builder-workspace/.derivedData/Build/Intermediates.noindex/NetworkInterfaceInfo.build/Debug-xros/NetworkInterfaceChangeMonitoring-t.build/DerivedSources -Xcc -DSWIFT_PACKAGE -Xcc -DDEBUG\=1 -emit-objc-header -emit-objc-header-path /Users/admin/builder/spi-builder-workspace/.derivedData/Build/Intermediates.noindex/NetworkInterfaceInfo.build/Debug-xros/NetworkInterfaceChangeMonitoring-t.build/Objects-normal/arm64/NetworkInterfaceChangeMonitoring-Swift.h -working-directory /Users/admin/builder/spi-builder-workspace/.swiftpm/xcode -experimental-emit-module-separately -disable-cmo
SwiftDriver FoundationExtensions normal arm64 com.apple.xcode.tools.swift.compiler (in target 'FoundationExtensions' from project 'FoundationExtensions')
cd /Users/admin/builder/spi-builder-workspace/.swiftpm/xcode
builtin-SwiftDriver -- /Applications/Xcode-27.0.0-Release.Candidate.app/Contents/Developer/Toolchains/XcodeDefault.xctoolchain/usr/bin/swiftc -parse-as-library -module-name FoundationExtensions -Onone @/Users/admin/builder/spi-builder-workspace/.derivedData/Build/Intermediates.noindex/FoundationExtensions.build/Debug-xros/FoundationExtensions-t.build/Objects-normal/arm64/FoundationExtensions.SwiftFileList -DSWIFT_PACKAGE -DDEBUG -DSWIFT_MODULE_RESOURCE_BUNDLE_UNAVAILABLE -DXcode -plugin-path /Applications/Xcode-27.0.0-Release.Candidate.app/Contents/Developer/Toolchains/XcodeDefault.xctoolchain/usr/lib/swift/host/plugins/testing -enable-experimental-feature DebugDescriptionMacro -sdk /Applications/Xcode-27.0.0-Release.Candidate.app/Contents/Developer/Platforms/XROS.platform/Developer/SDKs/XROS27.0.sdk -target arm64-apple-xros1.0 -g -module-cache-path /Users/admin/builder/spi-builder-workspace/.derivedData/ModuleCache.noindex -Xfrontend -serialize-debugging-options -profile-coverage-mapping -profile-generate -enable-testing -suppress-warnings -index-store-path /Users/admin/builder/spi-builder-workspace/.derivedData/Index.noindex/DataStore -Xcc -D_LIBCPP_HARDENING_MODE\=_LIBCPP_HARDENING_MODE_DEBUG -swift-version 5 -I /Users/admin/builder/spi-builder-workspace/.derivedData/Build/Products/Debug-xros -Isystem /Applications/Xcode-27.0.0-Release.Candidate.app/Contents/Developer/Platforms/XROS.platform/Developer/usr/lib -F /Users/admin/builder/spi-builder-workspace/.derivedData/Build/Products/Debug-xros -F /Applications/Xcode-27.0.0-Release.Candidate.app/Contents/Developer/Platforms/XROS.platform/Developer/Library/Frameworks -F /Applications/Xcode-27.0.0-Release.Candidate.app/Contents/Developer/Platforms/XROS.platform/Developer/SDKs/XROS27.0.sdk/Developer/Library/Frameworks -c -j10 -enable-batch-mode -incremental -Xcc -ivfsstatcache -Xcc /Users/admin/builder/spi-builder-workspace/.derivedData/SDKStatCaches.noindex/xros27.0-24M361-e829b21a6f8c9b70876ba0858053c044735bd543db762f57723cac368afd1ce4.sdkstatcache -output-file-map /Users/admin/builder/spi-builder-workspace/.derivedData/Build/Intermediates.noindex/FoundationExtensions.build/Debug-xros/FoundationExtensions-t.build/Objects-normal/arm64/FoundationExtensions-OutputFileMap.json -save-temps -no-color-diagnostics -explicit-module-build -module-cache-path /Users/admin/builder/spi-builder-workspace/.derivedData/Build/Intermediates.noindex/SwiftExplicitPrecompiledModules -clang-scanner-module-cache-path /Users/admin/builder/spi-builder-workspace/.derivedData/ModuleCache.noindex -sdk-module-cache-path /Users/admin/builder/spi-builder-workspace/.derivedData/SDKExplicitPrecompiledModules -emit-dependencies -emit-module -emit-module-path /Users/admin/builder/spi-builder-workspace/.derivedData/Build/Intermediates.noindex/FoundationExtensions.build/Debug-xros/FoundationExtensions-t.build/Objects-normal/arm64/FoundationExtensions.swiftmodule -serialize-diagnostics -dependency-scan-serialize-diagnostics-path /Users/admin/builder/spi-builder-workspace/.derivedData/Build/Intermediates.noindex/FoundationExtensions.build/Debug-xros/FoundationExtensions-t.build/Objects-normal/arm64/FoundationExtensions-dependency-scan.dia -validate-clang-modules-once -clang-build-session-file /Users/admin/builder/spi-builder-workspace/.derivedData/ModuleCache.noindex/Session.modulevalidation -Xcc -fmodules-prune-interval\=86400 -Xcc -fmodules-prune-after\=345600 -package-name foundationextensions -emit-const-values -const-gather-protocols-list /Users/admin/builder/spi-builder-workspace/.derivedData/Build/Intermediates.noindex/FoundationExtensions.build/Debug-xros/FoundationExtensions-t.build/Objects-normal/arm64/FoundationExtensions_const_extract_protocols.json -Xcc -I/Users/admin/builder/spi-builder-workspace/.derivedData/Build/Products/Debug-xros/include -Xcc -I/Users/admin/builder/spi-builder-workspace/.derivedData/Build/Intermediates.noindex/FoundationExtensions.build/Debug-xros/FoundationExtensions-t.build/DerivedSources-normal/arm64 -Xcc -I/Users/admin/builder/spi-builder-workspace/.derivedData/Build/Intermediates.noindex/FoundationExtensions.build/Debug-xros/FoundationExtensions-t.build/DerivedSources/arm64 -Xcc -I/Users/admin/builder/spi-builder-workspace/.derivedData/Build/Intermediates.noindex/FoundationExtensions.build/Debug-xros/FoundationExtensions-t.build/DerivedSources -Xcc -DSWIFT_PACKAGE -Xcc -DDEBUG\=1 -emit-objc-header -emit-objc-header-path /Users/admin/builder/spi-builder-workspace/.derivedData/Build/Intermediates.noindex/FoundationExtensions.build/Debug-xros/FoundationExtensions-t.build/Objects-normal/arm64/FoundationExtensions-Swift.h -working-directory /Users/admin/builder/spi-builder-workspace/.swiftpm/xcode -experimental-emit-module-separately -disable-cmo
SwiftDriver NetworkInterfaceInfo normal arm64 com.apple.xcode.tools.swift.compiler (in target 'NetworkInterfaceInfo' from project 'NetworkInterfaceInfo')
cd /Users/admin/builder/spi-builder-workspace/.swiftpm/xcode
builtin-SwiftDriver -- /Applications/Xcode-27.0.0-Release.Candidate.app/Contents/Developer/Toolchains/XcodeDefault.xctoolchain/usr/bin/swiftc -parse-as-library -module-name NetworkInterfaceInfo -Onone @/Users/admin/builder/spi-builder-workspace/.derivedData/Build/Intermediates.noindex/NetworkInterfaceInfo.build/Debug-xros/NetworkInterfaceInfo-t.build/Objects-normal/arm64/NetworkInterfaceInfo.SwiftFileList -DSWIFT_PACKAGE -DDEBUG -DSWIFT_MODULE_RESOURCE_BUNDLE_UNAVAILABLE -DXcode -enable-upcoming-feature BareSlashRegexLiterals -enable-upcoming-feature ConciseMagicFile -enable-upcoming-feature ExistentialAny -enable-upcoming-feature ForwardTrailingClosures -enable-upcoming-feature ImplicitOpenExistentials -enable-upcoming-feature StrictConcurrency -plugin-path /Applications/Xcode-27.0.0-Release.Candidate.app/Contents/Developer/Toolchains/XcodeDefault.xctoolchain/usr/lib/swift/host/plugins/testing -enable-experimental-feature DebugDescriptionMacro -sdk /Applications/Xcode-27.0.0-Release.Candidate.app/Contents/Developer/Platforms/XROS.platform/Developer/SDKs/XROS27.0.sdk -target arm64-apple-xros1.0 -g -module-cache-path /Users/admin/builder/spi-builder-workspace/.derivedData/ModuleCache.noindex -Xfrontend -serialize-debugging-options -profile-coverage-mapping -profile-generate -enable-testing -index-store-path /Users/admin/builder/spi-builder-workspace/.derivedData/Index.noindex/DataStore -Xcc -D_LIBCPP_HARDENING_MODE\=_LIBCPP_HARDENING_MODE_DEBUG -swift-version 5 -I /Users/admin/builder/spi-builder-workspace/.derivedData/Build/Products/Debug-xros -Isystem /Applications/Xcode-27.0.0-Release.Candidate.app/Contents/Developer/Platforms/XROS.platform/Developer/usr/lib -F /Users/admin/builder/spi-builder-workspace/.derivedData/Build/Products/Debug-xros/PackageFrameworks -F /Users/admin/builder/spi-builder-workspace/.derivedData/Build/Products/Debug-xros -F /Applications/Xcode-27.0.0-Release.Candidate.app/Contents/Developer/Platforms/XROS.platform/Developer/Library/Frameworks -F /Applications/Xcode-27.0.0-Release.Candidate.app/Contents/Developer/Platforms/XROS.platform/Developer/SDKs/XROS27.0.sdk/Developer/Library/Frameworks -c -j10 -enable-batch-mode -incremental -Xcc -ivfsstatcache -Xcc /Users/admin/builder/spi-builder-workspace/.derivedData/SDKStatCaches.noindex/xros27.0-24M361-e829b21a6f8c9b70876ba0858053c044735bd543db762f57723cac368afd1ce4.sdkstatcache -output-file-map /Users/admin/builder/spi-builder-workspace/.derivedData/Build/Intermediates.noindex/NetworkInterfaceInfo.build/Debug-xros/NetworkInterfaceInfo-t.build/Objects-normal/arm64/NetworkInterfaceInfo-OutputFileMap.json -save-temps -no-color-diagnostics -explicit-module-build -module-cache-path /Users/admin/builder/spi-builder-workspace/.derivedData/Build/Intermediates.noindex/SwiftExplicitPrecompiledModules -clang-scanner-module-cache-path /Users/admin/builder/spi-builder-workspace/.derivedData/ModuleCache.noindex -sdk-module-cache-path /Users/admin/builder/spi-builder-workspace/.derivedData/SDKExplicitPrecompiledModules -emit-dependencies -emit-module -emit-module-path /Users/admin/builder/spi-builder-workspace/.derivedData/Build/Intermediates.noindex/NetworkInterfaceInfo.build/Debug-xros/NetworkInterfaceInfo-t.build/Objects-normal/arm64/NetworkInterfaceInfo.swiftmodule -serialize-diagnostics -dependency-scan-serialize-diagnostics-path /Users/admin/builder/spi-builder-workspace/.derivedData/Build/Intermediates.noindex/NetworkInterfaceInfo.build/Debug-xros/NetworkInterfaceInfo-t.build/Objects-normal/arm64/NetworkInterfaceInfo-dependency-scan.dia -validate-clang-modules-once -clang-build-session-file /Users/admin/builder/spi-builder-workspace/.derivedData/ModuleCache.noindex/Session.modulevalidation -Xcc -fmodules-prune-interval\=86400 -Xcc -fmodules-prune-after\=345600 -package-name spi_builder_workspace -emit-const-values -const-gather-protocols-list /Users/admin/builder/spi-builder-workspace/.derivedData/Build/Intermediates.noindex/NetworkInterfaceInfo.build/Debug-xros/NetworkInterfaceInfo-t.build/Objects-normal/arm64/NetworkInterfaceInfo_const_extract_protocols.json -Xcc -I/Users/admin/builder/spi-builder-workspace/.derivedData/Build/Products/Debug-xros/include -Xcc -I/Users/admin/builder/spi-builder-workspace/.derivedData/Build/Intermediates.noindex/NetworkInterfaceInfo.build/Debug-xros/NetworkInterfaceInfo-t.build/DerivedSources-normal/arm64 -Xcc -I/Users/admin/builder/spi-builder-workspace/.derivedData/Build/Intermediates.noindex/NetworkInterfaceInfo.build/Debug-xros/NetworkInterfaceInfo-t.build/DerivedSources/arm64 -Xcc -I/Users/admin/builder/spi-builder-workspace/.derivedData/Build/Intermediates.noindex/NetworkInterfaceInfo.build/Debug-xros/NetworkInterfaceInfo-t.build/DerivedSources -Xcc -DSWIFT_PACKAGE -Xcc -DDEBUG\=1 -emit-objc-header -emit-objc-header-path /Users/admin/builder/spi-builder-workspace/.derivedData/Build/Intermediates.noindex/NetworkInterfaceInfo.build/Debug-xros/NetworkInterfaceInfo-t.build/Objects-normal/arm64/NetworkInterfaceInfo-Swift.h -working-directory /Users/admin/builder/spi-builder-workspace/.swiftpm/xcode -experimental-emit-module-separately -disable-cmo
SwiftCompile normal arm64 Compiling\ BinaryInteger.swift /Users/admin/builder/spi-builder-workspace/.dependencies/checkouts/FoundationExtensions/Sources/FoundationExtensions/BinaryInteger.swift (in target 'FoundationExtensions' from project 'FoundationExtensions')
SwiftCompile normal arm64 /Users/admin/builder/spi-builder-workspace/.dependencies/checkouts/FoundationExtensions/Sources/FoundationExtensions/BinaryInteger.swift (in target 'FoundationExtensions' from project 'FoundationExtensions')
cd /Users/admin/builder/spi-builder-workspace/.swiftpm/xcode
builtin-SwiftPerFileCompile BinaryInteger.swift
SwiftEmitModule normal arm64 Emitting\ module\ for\ FoundationExtensions (in target 'FoundationExtensions' from project 'FoundationExtensions')
SwiftCompile normal arm64 (in target 'FoundationExtensions' from project 'FoundationExtensions')
cd /Users/admin/builder/spi-builder-workspace/.swiftpm/xcode
SwiftCompile normal arm64 Compiling\ Date.swift /Users/admin/builder/spi-builder-workspace/.dependencies/checkouts/FoundationExtensions/Sources/FoundationExtensions/Date.swift (in target 'FoundationExtensions' from project 'FoundationExtensions')
SwiftCompile normal arm64 /Users/admin/builder/spi-builder-workspace/.dependencies/checkouts/FoundationExtensions/Sources/FoundationExtensions/Date.swift (in target 'FoundationExtensions' from project 'FoundationExtensions')
cd /Users/admin/builder/spi-builder-workspace/.swiftpm/xcode
builtin-SwiftPerFileCompile Date.swift
SwiftCompile normal arm64 Compiling\ Locale.swift /Users/admin/builder/spi-builder-workspace/.dependencies/checkouts/FoundationExtensions/Sources/FoundationExtensions/Locale.swift (in target 'FoundationExtensions' from project 'FoundationExtensions')
SwiftCompile normal arm64 /Users/admin/builder/spi-builder-workspace/.dependencies/checkouts/FoundationExtensions/Sources/FoundationExtensions/Locale.swift (in target 'FoundationExtensions' from project 'FoundationExtensions')
cd /Users/admin/builder/spi-builder-workspace/.swiftpm/xcode
builtin-SwiftPerFileCompile Locale.swift
SwiftCompile normal arm64 Compiling\ Comparable.swift /Users/admin/builder/spi-builder-workspace/.dependencies/checkouts/FoundationExtensions/Sources/FoundationExtensions/Comparable.swift (in target 'FoundationExtensions' from project 'FoundationExtensions')
SwiftCompile normal arm64 /Users/admin/builder/spi-builder-workspace/.dependencies/checkouts/FoundationExtensions/Sources/FoundationExtensions/Comparable.swift (in target 'FoundationExtensions' from project 'FoundationExtensions')
cd /Users/admin/builder/spi-builder-workspace/.swiftpm/xcode
builtin-SwiftPerFileCompile Comparable.swift
SwiftCompile normal arm64 Compiling\ Data.swift /Users/admin/builder/spi-builder-workspace/.dependencies/checkouts/FoundationExtensions/Sources/FoundationExtensions/Data.swift (in target 'FoundationExtensions' from project 'FoundationExtensions')
SwiftCompile normal arm64 /Users/admin/builder/spi-builder-workspace/.dependencies/checkouts/FoundationExtensions/Sources/FoundationExtensions/Data.swift (in target 'FoundationExtensions' from project 'FoundationExtensions')
cd /Users/admin/builder/spi-builder-workspace/.swiftpm/xcode
builtin-SwiftPerFileCompile Data.swift
SwiftCompile normal arm64 Compiling\ StringProtocol.swift /Users/admin/builder/spi-builder-workspace/.dependencies/checkouts/FoundationExtensions/Sources/FoundationExtensions/StringProtocol.swift (in target 'FoundationExtensions' from project 'FoundationExtensions')
SwiftCompile normal arm64 /Users/admin/builder/spi-builder-workspace/.dependencies/checkouts/FoundationExtensions/Sources/FoundationExtensions/StringProtocol.swift (in target 'FoundationExtensions' from project 'FoundationExtensions')
cd /Users/admin/builder/spi-builder-workspace/.swiftpm/xcode
builtin-SwiftPerFileCompile StringProtocol.swift
SwiftCompile normal arm64 Compiling\ CollectionOfUInt8.swift /Users/admin/builder/spi-builder-workspace/.dependencies/checkouts/FoundationExtensions/Sources/FoundationExtensions/CollectionOfUInt8.swift (in target 'FoundationExtensions' from project 'FoundationExtensions')
SwiftCompile normal arm64 /Users/admin/builder/spi-builder-workspace/.dependencies/checkouts/FoundationExtensions/Sources/FoundationExtensions/CollectionOfUInt8.swift (in target 'FoundationExtensions' from project 'FoundationExtensions')
cd /Users/admin/builder/spi-builder-workspace/.swiftpm/xcode
builtin-SwiftPerFileCompile CollectionOfUInt8.swift
SwiftEmitModule normal arm64 Emitting\ module\ for\ NetworkInterfaceInfo (in target 'NetworkInterfaceInfo' from project 'NetworkInterfaceInfo')
SwiftCompile normal arm64 (in target 'NetworkInterfaceInfo' from project 'NetworkInterfaceInfo')
cd /Users/admin/builder/spi-builder-workspace/.swiftpm/xcode
SwiftExplicitDependencyGeneratePcm arm64 /Users/admin/builder/spi-builder-workspace/.derivedData/SDKExplicitPrecompiledModules/MachO-3XTHY7HWV6RF3KXKYQVHUBUXK.pcm
SwiftExplicitDependencyGeneratePcm arm64 /Users/admin/builder/spi-builder-workspace/.derivedData/SDKExplicitPrecompiledModules/Network-EQPZZF3W6BWG89K0PY9NZO3T0.pcm
SwiftExplicitDependencyGeneratePcm arm64 /Users/admin/builder/spi-builder-workspace/.derivedData/SDKExplicitPrecompiledModules/os-1004XEJ3IXOOAU0KL58SM3D0K.pcm
SwiftDriverJobDiscovery normal arm64 Compiling Locale.swift (in target 'FoundationExtensions' from project 'FoundationExtensions')
SwiftCompile normal arm64 Compiling\ IPv4Address.swift /Users/admin/builder/spi-builder-workspace/Sources/NetworkInterfaceInfo/IPv4Address.swift (in target 'NetworkInterfaceInfo' from project 'NetworkInterfaceInfo')
SwiftCompile normal arm64 /Users/admin/builder/spi-builder-workspace/Sources/NetworkInterfaceInfo/IPv4Address.swift (in target 'NetworkInterfaceInfo' from project 'NetworkInterfaceInfo')
cd /Users/admin/builder/spi-builder-workspace/.swiftpm/xcode
builtin-SwiftPerFileCompile IPv4Address.swift
SwiftDriverJobDiscovery normal arm64 Compiling Date.swift (in target 'FoundationExtensions' from project 'FoundationExtensions')
SwiftCompile normal arm64 Compiling\ NetworkAddress.swift /Users/admin/builder/spi-builder-workspace/Sources/NetworkInterfaceInfo/NetworkAddress.swift (in target 'NetworkInterfaceInfo' from project 'NetworkInterfaceInfo')
SwiftCompile normal arm64 /Users/admin/builder/spi-builder-workspace/Sources/NetworkInterfaceInfo/NetworkAddress.swift (in target 'NetworkInterfaceInfo' from project 'NetworkInterfaceInfo')
cd /Users/admin/builder/spi-builder-workspace/.swiftpm/xcode
builtin-SwiftPerFileCompile NetworkAddress.swift
SwiftDriverJobDiscovery normal arm64 Compiling Data.swift (in target 'FoundationExtensions' from project 'FoundationExtensions')
SwiftCompile normal arm64 Compiling\ Metrics.swift /Users/admin/builder/spi-builder-workspace/Sources/NetworkInterfaceInfo/Metrics.swift (in target 'NetworkInterfaceInfo' from project 'NetworkInterfaceInfo')
/Users/admin/builder/spi-builder-workspace/Sources/NetworkInterfaceInfo/Metrics.swift:154:33: error: cannot find 'NETLINK_GENERIC' in scope
152 | var MIB: [Int32] = [CTL_NET,
153 | PF_LINK,
154 | NETLINK_GENERIC,
| `- error: cannot find 'NETLINK_GENERIC' in scope
155 | IFMIB_IFDATA,
156 | Int32(interfaceIndex),
/Users/admin/builder/spi-builder-workspace/Sources/NetworkInterfaceInfo/Metrics.swift:155:33: error: cannot find 'IFMIB_IFDATA' in scope
153 | PF_LINK,
154 | NETLINK_GENERIC,
155 | IFMIB_IFDATA,
| `- error: cannot find 'IFMIB_IFDATA' in scope
156 | Int32(interfaceIndex),
157 | IFDATA_GENERAL]
/Users/admin/builder/spi-builder-workspace/Sources/NetworkInterfaceInfo/Metrics.swift:157:33: error: cannot find 'IFDATA_GENERAL' in scope
155 | IFMIB_IFDATA,
156 | Int32(interfaceIndex),
157 | IFDATA_GENERAL]
| `- error: cannot find 'IFDATA_GENERAL' in scope
158 | let MIBSize = UInt32(MIB.count) // Sigh… Swift won't allow direct access to MIB from inside the closure below.
159 |
/Users/admin/builder/spi-builder-workspace/Sources/NetworkInterfaceInfo/Metrics.swift:160:24: error: cannot find 'ifmibdata' in scope
158 | let MIBSize = UInt32(MIB.count) // Sigh… Swift won't allow direct access to MIB from inside the closure below.
159 |
160 | var data = ifmibdata()
| `- error: cannot find 'ifmibdata' in scope
161 | var size = MemoryLayout<ifmibdata>.size
162 |
/Users/admin/builder/spi-builder-workspace/Sources/NetworkInterfaceInfo/Metrics.swift:161:37: error: cannot find type 'ifmibdata' in scope
159 |
160 | var data = ifmibdata()
161 | var size = MemoryLayout<ifmibdata>.size
| `- error: cannot find type 'ifmibdata' in scope
162 |
163 | try MIB.withUnsafeMutableBufferPointer {
Failed frontend command:
/Applications/Xcode-27.0.0-Release.Candidate.app/Contents/Developer/Toolchains/XcodeDefault.xctoolchain/usr/bin/swift-frontend -frontend -c /Users/admin/builder/spi-builder-workspace/Sources/NetworkInterfaceInfo/IPv4Address.swift -primary-file /Users/admin/builder/spi-builder-workspace/Sources/NetworkInterfaceInfo/Metrics.swift /Users/admin/builder/spi-builder-workspace/Sources/NetworkInterfaceInfo/NetworkAddress.swift /Users/admin/builder/spi-builder-workspace/Sources/NetworkInterfaceInfo/NetworkInterface.swift -emit-dependencies-path /Users/admin/builder/spi-builder-workspace/.derivedData/Build/Intermediates.noindex/NetworkInterfaceInfo.build/Debug-xros/NetworkInterfaceInfo-t.build/Objects-normal/arm64/Metrics.d -emit-const-values-path /Users/admin/builder/spi-builder-workspace/.derivedData/Build/Intermediates.noindex/NetworkInterfaceInfo.build/Debug-xros/NetworkInterfaceInfo-t.build/Objects-normal/arm64/Metrics.swiftconstvalues -emit-reference-dependencies-path /Users/admin/builder/spi-builder-workspace/.derivedData/Build/Intermediates.noindex/NetworkInterfaceInfo.build/Debug-xros/NetworkInterfaceInfo-t.build/Objects-normal/arm64/Metrics.swiftdeps -serialize-diagnostics-path /Users/admin/builder/spi-builder-workspace/.derivedData/Build/Intermediates.noindex/NetworkInterfaceInfo.build/Debug-xros/NetworkInterfaceInfo-t.build/Objects-normal/arm64/Metrics.dia -target arm64-apple-xros1.0 -module-can-import-version Darwin 428.0.10 0 -disable-cross-import-overlay-search -swift-module-cross-import Darwin /Applications/Xcode-27.0.0-Release.Candidate.app/Contents/Developer/Platforms/XROS.platform/Developer/SDKs/XROS.sdk/usr/include/Darwin.swiftcrossimport/xlocale.swiftoverlay -load-resolved-plugin /Applications/Xcode-27.0.0-Release.Candidate.app/Contents/Developer/Platforms/XROS.platform/Developer/usr/lib/swift/host/plugins/libFoundationMacros.dylib\#/Applications/Xcode-27.0.0-Release.Candidate.app/Contents/Developer/Platforms/XROS.platform/Developer/usr/bin/swift-plugin-server\#FoundationMacros -load-resolved-plugin /Applications/Xcode-27.0.0-Release.Candidate.app/Contents/Developer/Platforms/XROS.platform/Developer/usr/lib/swift/host/plugins/libObservationMacros.dylib\#/Applications/Xcode-27.0.0-Release.Candidate.app/Contents/Developer/Platforms/XROS.platform/Developer/usr/bin/swift-plugin-server\#ObservationMacros -load-resolved-plugin /Applications/Xcode-27.0.0-Release.Candidate.app/Contents/Developer/Platforms/XROS.platform/Developer/usr/lib/swift/host/plugins/libSwiftMacros.dylib\#/Applications/Xcode-27.0.0-Release.Candidate.app/Contents/Developer/Platforms/XROS.platform/Developer/usr/bin/swift-plugin-server\#SwiftMacros -disable-implicit-swift-modules -Xcc -fno-implicit-modules -Xcc -fno-implicit-module-maps -explicit-swift-module-map-file /Users/admin/builder/spi-builder-workspace/.derivedData/Build/Intermediates.noindex/NetworkInterfaceInfo.build/Debug-xros/NetworkInterfaceInfo-t.build/Objects-normal/arm64/NetworkInterfaceInfo-dependencies-1.json -Xllvm -aarch64-use-tbi -enable-objc-interop -stack-check -sdk /Applications/Xcode-27.0.0-Release.Candidate.app/Contents/Developer/Platforms/XROS.platform/Developer/SDKs/XROS27.0.sdk -I /Users/admin/builder/spi-builder-workspace/.derivedData/Build/Products/Debug-xros -Isystem /Applications/Xcode-27.0.0-Release.Candidate.app/Contents/Developer/Platforms/XROS.platform/Developer/usr/lib -F /Users/admin/builder/spi-builder-workspace/.derivedData/Build/Products/Debug-xros/PackageFrameworks -F /Users/admin/builder/spi-builder-workspace/.derivedData/Build/Products/Debug-xros -F /Applications/Xcode-27.0.0-Release.Candidate.app/Contents/Developer/Platforms/XROS.platform/Developer/Library/Frameworks -F /Applications/Xcode-27.0.0-Release.Candidate.app/Contents/Developer/Platforms/XROS.platform/Developer/SDKs/XROS27.0.sdk/Developer/Library/Frameworks -module-cache-path /Users/admin/builder/spi-builder-workspace/.derivedData/Build/Intermediates.noindex/SwiftExplicitPrecompiledModules -no-color-diagnostics -Xcc -fno-color-diagnostics -enable-testing -g -debug-info-format\=dwarf -dwarf-version\=4 -profile-generate -profile-coverage-mapping -swift-version 5 -Onone -D SWIFT_PACKAGE -D DEBUG -D SWIFT_MODULE_RESOURCE_BUNDLE_UNAVAILABLE -D Xcode -serialize-debugging-options -enable-upcoming-feature BareSlashRegexLiterals -enable-upcoming-feature ConciseMagicFile -enable-upcoming-feature ExistentialAny -enable-upcoming-feature ForwardTrailingClosures -enable-upcoming-feature ImplicitOpenExistentials -enable-upcoming-feature StrictConcurrency -enable-experimental-feature DebugDescriptionMacro -empty-abi-descriptor -validate-clang-modules-once -clang-build-session-file /Users/admin/builder/spi-builder-workspace/.derivedData/ModuleCache.noindex/Session.modulevalidation -Xcc -working-directory -Xcc /Users/admin/builder/spi-builder-workspace/.swiftpm/xcode -enable-anonymous-context-mangled-names -file-compilation-dir /Users/admin/builder/spi-builder-workspace/.swiftpm/xcode -Xcc -D_LIBCPP_HARDENING_MODE\=_LIBCPP_HARDENING_MODE_DEBUG -Xcc -ivfsstatcache -Xcc /Users/admin/builder/spi-builder-workspace/.derivedData/SDKStatCaches.noindex/xros27.0-24M361-e829b21a6f8c9b70876ba0858053c044735bd543db762f57723cac368afd1ce4.sdkstatcache -Xcc -fmodules-prune-interval\=86400 -Xcc -fmodules-prune-after\=345600 -Xcc -I/Users/admin/builder/spi-builder-workspace/.derivedData/Build/Products/Debug-xros/include -Xcc -I/Users/admin/builder/spi-builder-workspace/.derivedData/Build/Intermediates.noindex/NetworkInterfaceInfo.build/Debug-xros/NetworkInterfaceInfo-t.build/DerivedSources-normal/arm64 -Xcc -I/Users/admin/builder/spi-builder-workspace/.derivedData/Build/Intermediates.noindex/NetworkInterfaceInfo.build/Debug-xros/NetworkInterfaceInfo-t.build/DerivedSources/arm64 -Xcc -I/Users/admin/builder/spi-builder-workspace/.derivedData/Build/Intermediates.noindex/NetworkInterfaceInfo.build/Debug-xros/NetworkInterfaceInfo-t.build/DerivedSources -Xcc -DSWIFT_PACKAGE -Xcc -DDEBUG\=1 -no-auto-bridging-header-chaining -module-name NetworkInterfaceInfo -package-name spi_builder_workspace -const-gather-protocols-file /Users/admin/builder/spi-builder-workspace/.derivedData/Build/Intermediates.noindex/NetworkInterfaceInfo.build/Debug-xros/NetworkInterfaceInfo-t.build/Objects-normal/arm64/NetworkInterfaceInfo_const_extract_protocols.json -disable-clang-spi -clang-target arm64-apple-xros27.0 -target-sdk-version 27.0 -target-sdk-name xros27.0 -in-process-plugin-server-path /Applications/Xcode-27.0.0-Release.Candidate.app/Contents/Developer/Toolchains/XcodeDefault.xctoolchain/usr/lib/swift/host/libSwiftInProcPluginServer.dylib -parse-as-library -o /Users/admin/builder/spi-builder-workspace/.derivedData/Build/Intermediates.noindex/NetworkInterfaceInfo.build/Debug-xros/NetworkInterfaceInfo-t.build/Objects-normal/arm64/Metrics.o -debug-module-path /Users/admin/builder/spi-builder-workspace/.derivedData/Build/Intermediates.noindex/NetworkInterfaceInfo.build/Debug-xros/NetworkInterfaceInfo-t.build/Objects-normal/arm64/NetworkInterfaceInfo.swiftmodule -index-unit-output-path /NetworkInterfaceInfo.build/Debug-xros/NetworkInterfaceInfo-t.build/Objects-normal/arm64/Metrics.o -index-store-path /Users/admin/builder/spi-builder-workspace/.derivedData/Index.noindex/DataStore -index-system-modules
SwiftCompile normal arm64 /Users/admin/builder/spi-builder-workspace/Sources/NetworkInterfaceInfo/Metrics.swift (in target 'NetworkInterfaceInfo' from project 'NetworkInterfaceInfo')
cd /Users/admin/builder/spi-builder-workspace/.swiftpm/xcode
builtin-SwiftPerFileCompile Metrics.swift
SwiftDriverJobDiscovery normal arm64 Compiling Comparable.swift (in target 'FoundationExtensions' from project 'FoundationExtensions')
SwiftCompile normal arm64 Compiling\ NetworkInterface.swift /Users/admin/builder/spi-builder-workspace/Sources/NetworkInterfaceInfo/NetworkInterface.swift (in target 'NetworkInterfaceInfo' from project 'NetworkInterfaceInfo')
SwiftCompile normal arm64 /Users/admin/builder/spi-builder-workspace/Sources/NetworkInterfaceInfo/NetworkInterface.swift (in target 'NetworkInterfaceInfo' from project 'NetworkInterfaceInfo')
cd /Users/admin/builder/spi-builder-workspace/.swiftpm/xcode
builtin-SwiftPerFileCompile NetworkInterface.swift
SwiftDriverJobDiscovery normal arm64 Compiling StringProtocol.swift (in target 'FoundationExtensions' from project 'FoundationExtensions')
SwiftCompile normal arm64 Compiling\ BidirectionalCollection.swift /Users/admin/builder/spi-builder-workspace/.dependencies/checkouts/FoundationExtensions/Sources/FoundationExtensions/BidirectionalCollection.swift (in target 'FoundationExtensions' from project 'FoundationExtensions')
SwiftCompile normal arm64 /Users/admin/builder/spi-builder-workspace/.dependencies/checkouts/FoundationExtensions/Sources/FoundationExtensions/BidirectionalCollection.swift (in target 'FoundationExtensions' from project 'FoundationExtensions')
cd /Users/admin/builder/spi-builder-workspace/.swiftpm/xcode
builtin-SwiftPerFileCompile BidirectionalCollection.swift
SwiftDriverJobDiscovery normal arm64 Compiling BinaryInteger.swift (in target 'FoundationExtensions' from project 'FoundationExtensions')
SwiftCompile normal arm64 Compiling\ Double.swift /Users/admin/builder/spi-builder-workspace/.dependencies/checkouts/FoundationExtensions/Sources/FoundationExtensions/Double.swift (in target 'FoundationExtensions' from project 'FoundationExtensions')
SwiftCompile normal arm64 /Users/admin/builder/spi-builder-workspace/.dependencies/checkouts/FoundationExtensions/Sources/FoundationExtensions/Double.swift (in target 'FoundationExtensions' from project 'FoundationExtensions')
cd /Users/admin/builder/spi-builder-workspace/.swiftpm/xcode
builtin-SwiftPerFileCompile Double.swift
SwiftCompile normal arm64 Compiling\ Optional.swift /Users/admin/builder/spi-builder-workspace/.dependencies/checkouts/FoundationExtensions/Sources/FoundationExtensions/Optional.swift (in target 'FoundationExtensions' from project 'FoundationExtensions')
SwiftCompile normal arm64 /Users/admin/builder/spi-builder-workspace/.dependencies/checkouts/FoundationExtensions/Sources/FoundationExtensions/Optional.swift (in target 'FoundationExtensions' from project 'FoundationExtensions')
cd /Users/admin/builder/spi-builder-workspace/.swiftpm/xcode
builtin-SwiftPerFileCompile Optional.swift
SwiftDriverJobDiscovery normal arm64 Compiling CollectionOfUInt8.swift (in target 'FoundationExtensions' from project 'FoundationExtensions')
SwiftCompile normal arm64 Compiling\ Float.swift /Users/admin/builder/spi-builder-workspace/.dependencies/checkouts/FoundationExtensions/Sources/FoundationExtensions/Float.swift (in target 'FoundationExtensions' from project 'FoundationExtensions')
SwiftCompile normal arm64 /Users/admin/builder/spi-builder-workspace/.dependencies/checkouts/FoundationExtensions/Sources/FoundationExtensions/Float.swift (in target 'FoundationExtensions' from project 'FoundationExtensions')
cd /Users/admin/builder/spi-builder-workspace/.swiftpm/xcode
builtin-SwiftPerFileCompile Float.swift
SwiftEmitModule normal arm64 Emitting\ module\ for\ NetworkInterfaceChangeMonitoring (in target 'NetworkInterfaceChangeMonitoring' from project 'NetworkInterfaceInfo')
SwiftCompile normal arm64 (in target 'NetworkInterfaceChangeMonitoring' from project 'NetworkInterfaceInfo')
cd /Users/admin/builder/spi-builder-workspace/.swiftpm/xcode
SwiftCompile normal arm64 Compiling\ NetworkInterfaceChangeMonitoring.swift /Users/admin/builder/spi-builder-workspace/Sources/NetworkInterfaceChangeMonitoring/NetworkInterfaceChangeMonitoring.swift (in target 'NetworkInterfaceChangeMonitoring' from project 'NetworkInterfaceInfo')
SwiftCompile normal arm64 /Users/admin/builder/spi-builder-workspace/Sources/NetworkInterfaceChangeMonitoring/NetworkInterfaceChangeMonitoring.swift (in target 'NetworkInterfaceChangeMonitoring' from project 'NetworkInterfaceInfo')
cd /Users/admin/builder/spi-builder-workspace/.swiftpm/xcode
builtin-SwiftPerFileCompile NetworkInterfaceChangeMonitoring.swift
SwiftDriverJobDiscovery normal arm64 Compiling BidirectionalCollection.swift (in target 'FoundationExtensions' from project 'FoundationExtensions')
SwiftCompile normal arm64 Compiling\ AsyncSequence.swift /Users/admin/builder/spi-builder-workspace/.dependencies/checkouts/FoundationExtensions/Sources/FoundationExtensions/AsyncSequence.swift (in target 'FoundationExtensions' from project 'FoundationExtensions')
SwiftCompile normal arm64 /Users/admin/builder/spi-builder-workspace/.dependencies/checkouts/FoundationExtensions/Sources/FoundationExtensions/AsyncSequence.swift (in target 'FoundationExtensions' from project 'FoundationExtensions')
cd /Users/admin/builder/spi-builder-workspace/.swiftpm/xcode
builtin-SwiftPerFileCompile AsyncSequence.swift
SwiftDriverJobDiscovery normal arm64 Compiling Optional.swift (in target 'FoundationExtensions' from project 'FoundationExtensions')
SwiftDriverJobDiscovery normal arm64 Compiling Double.swift (in target 'FoundationExtensions' from project 'FoundationExtensions')
SwiftDriverJobDiscovery normal arm64 Compiling Float.swift (in target 'FoundationExtensions' from project 'FoundationExtensions')
PruneExplicitPrecompiledModules /Users/admin/builder/spi-builder-workspace/.derivedData/Build/Intermediates.noindex/SwiftExplicitPrecompiledModules
PruneExplicitPrecompiledModules /Users/admin/builder/spi-builder-workspace/.derivedData/SDKExplicitPrecompiledModules
PruneExplicitPrecompiledModules /Users/admin/builder/spi-builder-workspace/.derivedData/Build/Intermediates.noindex/ExplicitPrecompiledModules
2026-09-20 14:38:21.877 xcodebuild[823:4897] [MT] IDERunDestination: Supported platforms for the buildables in the current scheme is empty.
** BUILD FAILED **
The following build commands failed:
SwiftCompile normal arm64 Compiling\ Metrics.swift /Users/admin/builder/spi-builder-workspace/Sources/NetworkInterfaceInfo/Metrics.swift (in target 'NetworkInterfaceInfo' from project 'NetworkInterfaceInfo')
SwiftCompile normal arm64 /Users/admin/builder/spi-builder-workspace/Sources/NetworkInterfaceInfo/Metrics.swift (in target 'NetworkInterfaceInfo' from project 'NetworkInterfaceInfo')
Building workspace NetworkInterfaceInfo with scheme NetworkInterfaceInfo-Package
(3 failures)
BUILD FAILURE 6.4 visionOS