The Swift Package Index logo.Swift Package Index

Build Information

Failed to build swift-composable-presentation, reference main (9f9684), with Swift 6.4 for Linux on 19 Sep 2026 01:19:54 UTC.

Build Command

bash -c docker run --pull=always --rm -v "checkouts-53886769-0":/host -w "$PWD" -e JAVA_HOME="/root/.sdkman/candidates/java/current" -e SPI_BUILD="1" -e SPI_PROCESSING="1" registry.gitlab.com/saguaro1/spi-images:basic-6.4-latest swift build --triple x86_64-unknown-linux-gnu 2>&1

Build Log

========================================
RunAll
========================================
Builder version: 5.1.0
Interrupt handler set up.
========================================
Checkout
========================================
Clone URL: https://github.com/darrarski/swift-composable-presentation.git
Reference: main
Initialized empty Git repository in /host/spi-builder-workspace/.git/
hint: Using 'master' as the name for the initial branch. This default branch name
hint: is subject to change. To configure the initial branch name to use in all
hint: of your new repositories, which will suppress this warning, call:
hint:
hint: 	git config --global init.defaultBranch <name>
hint:
hint: Names commonly chosen instead of 'master' are 'main', 'trunk' and
hint: 'development'. The just-created branch can be renamed via this command:
hint:
hint: 	git branch -m <name>
From https://github.com/darrarski/swift-composable-presentation
 * branch            main       -> FETCH_HEAD
 * [new branch]      main       -> origin/main
HEAD is now at 9f9684c Update package dependencies
Cloned https://github.com/darrarski/swift-composable-presentation.git
Revision (git rev-parse @):
9f9684c61f1350b7dea4ec97d384da39bcf06fd8
SUCCESS checkout https://github.com/darrarski/swift-composable-presentation.git at main
========================================
Build
========================================
Selected platform:         linux
Swift version:             6.4
Building package at path:  $PWD
https://github.com/darrarski/swift-composable-presentation.git
Running build ...
bash -c docker run --pull=always --rm -v "checkouts-53886769-0":/host -w "$PWD" -e JAVA_HOME="/root/.sdkman/candidates/java/current" -e SPI_BUILD="1" -e SPI_PROCESSING="1" registry.gitlab.com/saguaro1/spi-images:basic-6.4-latest swift build --triple x86_64-unknown-linux-gnu 2>&1
basic-6.4-latest: Pulling from saguaro1/spi-images
Digest: sha256:c77fcce225e223ac0fafed844619173fc6de8d62dd560eeb28db3182af6a282b
Status: Image is up to date for registry.gitlab.com/saguaro1/spi-images:basic-6.4-latest
Fetching https://github.com/pointfreeco/swift-composable-architecture.git
[1/313659] Fetching swift-composable-architecture
Fetched https://github.com/pointfreeco/swift-composable-architecture.git (19.61s)
Computing version for https://github.com/pointfreeco/swift-composable-architecture.git
Computed https://github.com/pointfreeco/swift-composable-architecture.git at 0.59.0 (19.82s)
Fetching https://github.com/pointfreeco/swift-concurrency-extras
Fetching https://github.com/pointfreeco/swift-identified-collections
Fetching https://github.com/pointfreeco/swiftui-navigation
Fetching https://github.com/pointfreeco/xctest-dynamic-overlay
[1/1394] Fetching swiftui-navigation
[43/2452] Fetching swiftui-navigation, swift-concurrency-extras
[2453/4032] Fetching swiftui-navigation, swift-concurrency-extras, swift-identified-collections
Fetching https://github.com/pointfreeco/swift-case-paths
Fetching https://github.com/pointfreeco/swift-dependencies
Fetched https://github.com/pointfreeco/swift-concurrency-extras (0.43s)
Fetching https://github.com/pointfreeco/swift-custom-dump
[1473/2974] Fetching swiftui-navigation, swift-identified-collections
[2170/5701] Fetching swiftui-navigation, swift-identified-collections, xctest-dynamic-overlay
Fetched https://github.com/pointfreeco/swiftui-navigation (0.53s)
Fetched https://github.com/pointfreeco/swift-identified-collections (0.54s)
Fetching https://github.com/pointfreeco/combine-schedulers
Fetching https://github.com/apple/swift-collections
[355/2727] Fetching xctest-dynamic-overlay
Fetched https://github.com/pointfreeco/xctest-dynamic-overlay (0.65s)
[1/5332] Fetching swift-case-paths
[2/12923] Fetching swift-case-paths, swift-dependencies
[3052/18578] Fetching swift-case-paths, swift-dependencies, swift-custom-dump
Fetched https://github.com/pointfreeco/swift-case-paths (0.53s)
Fetched https://github.com/pointfreeco/swift-dependencies (0.53s)
Fetched https://github.com/pointfreeco/swift-custom-dump (0.54s)
[1/27320] Fetching swift-collections
[27321/30006] Fetching swift-collections, combine-schedulers
Fetched https://github.com/pointfreeco/combine-schedulers (1.00s)
Fetched https://github.com/apple/swift-collections (1.15s)
Computing version for https://github.com/pointfreeco/swiftui-navigation
Computed https://github.com/pointfreeco/swiftui-navigation at 0.8.0 (1.92s)
Computing version for https://github.com/pointfreeco/swift-dependencies
Computed https://github.com/pointfreeco/swift-dependencies at 0.6.0 (0.19s)
Fetching https://github.com/pointfreeco/swift-clocks
[1/1446] Fetching swift-clocks
Fetched https://github.com/pointfreeco/swift-clocks (0.47s)
Computing version for https://github.com/pointfreeco/swift-case-paths
Computed https://github.com/pointfreeco/swift-case-paths at 0.14.1 (0.67s)
Computing version for https://github.com/pointfreeco/combine-schedulers
Computed https://github.com/pointfreeco/combine-schedulers at 0.11.0 (0.18s)
Computing version for https://github.com/pointfreeco/swift-clocks
Computed https://github.com/pointfreeco/swift-clocks at 0.4.0 (0.18s)
Computing version for https://github.com/pointfreeco/swift-custom-dump
Computed https://github.com/pointfreeco/swift-custom-dump at 0.11.2 (0.19s)
Computing version for https://github.com/pointfreeco/swift-concurrency-extras
Computed https://github.com/pointfreeco/swift-concurrency-extras at 0.1.2 (0.26s)
Computing version for https://github.com/pointfreeco/xctest-dynamic-overlay
Computed https://github.com/pointfreeco/xctest-dynamic-overlay at 0.9.0 (0.34s)
Computing version for https://github.com/pointfreeco/swift-identified-collections
Computed https://github.com/pointfreeco/swift-identified-collections at 0.8.0 (0.53s)
Computing version for https://github.com/apple/swift-collections
Computed https://github.com/apple/swift-collections at 1.6.0 (1.24s)
Creating working copy for https://github.com/pointfreeco/swift-composable-architecture.git
Working copy of https://github.com/pointfreeco/swift-composable-architecture.git resolved at 0.59.0
Creating working copy for https://github.com/apple/swift-collections
Working copy of https://github.com/apple/swift-collections resolved at 1.6.0
Creating working copy for https://github.com/pointfreeco/swift-case-paths
Working copy of https://github.com/pointfreeco/swift-case-paths resolved at 0.14.1
Creating working copy for https://github.com/pointfreeco/combine-schedulers
Working copy of https://github.com/pointfreeco/combine-schedulers resolved at 0.11.0
Creating working copy for https://github.com/pointfreeco/swift-identified-collections
Working copy of https://github.com/pointfreeco/swift-identified-collections resolved at 0.8.0
Creating working copy for https://github.com/pointfreeco/swift-concurrency-extras
Working copy of https://github.com/pointfreeco/swift-concurrency-extras resolved at 0.1.2
Creating working copy for https://github.com/pointfreeco/swift-clocks
Working copy of https://github.com/pointfreeco/swift-clocks resolved at 0.4.0
Creating working copy for https://github.com/pointfreeco/swift-custom-dump
Working copy of https://github.com/pointfreeco/swift-custom-dump resolved at 0.11.2
Creating working copy for https://github.com/pointfreeco/swift-dependencies
Working copy of https://github.com/pointfreeco/swift-dependencies resolved at 0.6.0
Creating working copy for https://github.com/pointfreeco/swiftui-navigation
Working copy of https://github.com/pointfreeco/swiftui-navigation resolved at 0.8.0
Creating working copy for https://github.com/pointfreeco/xctest-dynamic-overlay
Working copy of https://github.com/pointfreeco/xctest-dynamic-overlay resolved at 0.9.0
Building for debugging...
[Computing dependencies]
[Pre-planning 1 / 425]
[Planning deferred tasks]
[52 / 182] Dependencies
[101 / 212] ConcurrencyExtras
[103 / 212] ConcurrencyExtras
[113 / 212] InternalCollectionsUtilities
[114 / 212] XCTestDynamicOverlay
[117 / 212] InternalCollectionsUtilities
[122 / 212] XCTestDynamicOverlay
[123 / 212] XCTestDynamicOverlay
[131 / 213] XCTestDynamicOverlay
[134 / 213] CustomDump
[138 / 213] ConcurrencyExtras-product
[151 / 263] OrderedCollections
[161 / 263] OrderedCollections
[172 / 263] InternalCollectionsUtilities
[174 / 264] OrderedCollections
[177 / 264] CustomDump
[186 / 264] InternalCollectionsUtilities
[190 / 264] CustomDump
[194 / 264] CombineSchedulers
[199 / 264] Clocks
[204 / 265] Clocks-product
[208 / 265] Clocks
[210 / 265] CasePaths
[212 / 265] CasePaths
[214 / 266] Clocks
[223 / 286] SwiftUINavigationCore
error: SwiftCompile normal x86_64 /host/spi-builder-workspace/.build/checkouts/swiftui-navigation/Sources/SwiftUINavigationCore/Internal/RuntimeWarnings.swift failed with a nonzero exit code. Command line:     cd /host
    builtin-SwiftPerFileCompile RuntimeWarnings.swift
/host/spi-builder-workspace/.build/checkouts/swiftui-navigation/Sources/SwiftUINavigationCore/AlertState.swift:2:8: error: no such module 'SwiftUI'
  1 | import CustomDump
  2 | import SwiftUI
    |        `- error: no such module 'SwiftUI'
  3 |
  4 | /// A data type that describes the state of an alert that can be shown to the user. The `Action`
Failed frontend command:
/usr/bin/swift-frontend -frontend -c /host/spi-builder-workspace/.build/checkouts/swiftui-navigation/Sources/SwiftUINavigationCore/AlertState.swift /host/spi-builder-workspace/.build/checkouts/swiftui-navigation/Sources/SwiftUINavigationCore/Bind.swift /host/spi-builder-workspace/.build/checkouts/swiftui-navigation/Sources/SwiftUINavigationCore/ButtonState.swift /host/spi-builder-workspace/.build/checkouts/swiftui-navigation/Sources/SwiftUINavigationCore/ButtonStateBuilder.swift /host/spi-builder-workspace/.build/checkouts/swiftui-navigation/Sources/SwiftUINavigationCore/ConfirmationDialogState.swift /host/spi-builder-workspace/.build/checkouts/swiftui-navigation/Sources/SwiftUINavigationCore/Internal/Deprecations.swift -primary-file /host/spi-builder-workspace/.build/checkouts/swiftui-navigation/Sources/SwiftUINavigationCore/Internal/RuntimeWarnings.swift /host/spi-builder-workspace/.build/checkouts/swiftui-navigation/Sources/SwiftUINavigationCore/TextState.swift -emit-dependencies-path /host/spi-builder-workspace/.build/out/Intermediates.noindex/swiftui-navigation.build/Debug-linux-x86_64/SwiftUINavigationCore-t.build/Objects-normal/x86_64/RuntimeWarnings.d -emit-const-values-path /host/spi-builder-workspace/.build/out/Intermediates.noindex/swiftui-navigation.build/Debug-linux-x86_64/SwiftUINavigationCore-t.build/Objects-normal/x86_64/RuntimeWarnings.swiftconstvalues -emit-reference-dependencies-path /host/spi-builder-workspace/.build/out/Intermediates.noindex/swiftui-navigation.build/Debug-linux-x86_64/SwiftUINavigationCore-t.build/Objects-normal/x86_64/RuntimeWarnings.swiftdeps -serialize-diagnostics-path /host/spi-builder-workspace/.build/out/Intermediates.noindex/swiftui-navigation.build/Debug-linux-x86_64/SwiftUINavigationCore-t.build/Objects-normal/x86_64/RuntimeWarnings.dia -target x86_64-unknown-linux-gnu -disable-objc-interop -I /host/spi-builder-workspace/.build/out/Products/Debug-linux-x86_64 -module-cache-path /host/spi-builder-workspace/.build/out/ModuleCache.noindex -color-diagnostics -Xcc -fcolor-diagnostics -enable-testing -g -debug-info-format\=dwarf -dwarf-version\=4 -suppress-warnings -swift-version 5 -Onone -D SWIFT_PACKAGE -D DEBUG -D SWIFT_MODULE_RESOURCE_BUNDLE_UNAVAILABLE -D Xcode -serialize-debugging-options -enable-experimental-feature DebugDescriptionMacro -empty-abi-descriptor -external-plugin-path /usr/lib/swift/host/plugins/testing\#/usr/bin/swift-plugin-server -validate-clang-modules-once -clang-build-session-file /host/spi-builder-workspace/.build/out/ModuleCache.noindex/Session.modulevalidation -Xcc -working-directory -Xcc /host -enable-anonymous-context-mangled-names -file-compilation-dir /host -Xcc -fno-omit-frame-pointer -Xcc -D_LIBCPP_HARDENING_MODE\=_LIBCPP_HARDENING_MODE_DEBUG -Xcc -fmodules-prune-interval\=86400 -Xcc -fmodules-prune-after\=345600 -Xcc -I/host/spi-builder-workspace/.build/out/Products/Debug-linux-x86_64/include -Xcc -I/host/spi-builder-workspace/.build/out/Intermediates.noindex/swiftui-navigation.build/Debug-linux-x86_64/SwiftUINavigationCore-t.build/DerivedSources-normal/x86_64 -Xcc -I/host/spi-builder-workspace/.build/out/Intermediates.noindex/swiftui-navigation.build/Debug-linux-x86_64/SwiftUINavigationCore-t.build/DerivedSources/x86_64 -Xcc -I/host/spi-builder-workspace/.build/out/Intermediates.noindex/swiftui-navigation.build/Debug-linux-x86_64/SwiftUINavigationCore-t.build/DerivedSources -Xcc -DSWIFT_PACKAGE -Xcc -DDEBUG\=1 -no-auto-bridging-header-chaining -module-name SwiftUINavigationCore -const-gather-protocols-file /host/spi-builder-workspace/.build/out/Intermediates.noindex/swiftui-navigation.build/Debug-linux-x86_64/SwiftUINavigationCore-t.build/Objects-normal/x86_64/SwiftUINavigationCore_const_extract_protocols.json -in-process-plugin-server-path /usr/lib/swift/host/libSwiftInProcPluginServer.so -plugin-path /usr/lib/swift/host/plugins -plugin-path /usr/local/lib/swift/host/plugins -parse-as-library -o /host/spi-builder-workspace/.build/out/Intermediates.noindex/swiftui-navigation.build/Debug-linux-x86_64/SwiftUINavigationCore-t.build/Objects-normal/x86_64/RuntimeWarnings.o -index-unit-output-path /swiftui-navigation.build/Debug-linux-x86_64/SwiftUINavigationCore-t.build/Objects-normal/x86_64/RuntimeWarnings.o -index-store-path /host/spi-builder-workspace/.build/out -index-system-modules
error: SwiftCompile normal x86_64 /host/spi-builder-workspace/.build/checkouts/swiftui-navigation/Sources/SwiftUINavigationCore/ButtonStateBuilder.swift failed with a nonzero exit code. Command line:     cd /host
    builtin-SwiftPerFileCompile ButtonStateBuilder.swift
/host/spi-builder-workspace/.build/checkouts/swiftui-navigation/Sources/SwiftUINavigationCore/AlertState.swift:2:8: error: no such module 'SwiftUI'
  1 | import CustomDump
  2 | import SwiftUI
    |        `- error: no such module 'SwiftUI'
  3 |
  4 | /// A data type that describes the state of an alert that can be shown to the user. The `Action`
Failed frontend command:
/usr/bin/swift-frontend -frontend -c /host/spi-builder-workspace/.build/checkouts/swiftui-navigation/Sources/SwiftUINavigationCore/AlertState.swift /host/spi-builder-workspace/.build/checkouts/swiftui-navigation/Sources/SwiftUINavigationCore/Bind.swift /host/spi-builder-workspace/.build/checkouts/swiftui-navigation/Sources/SwiftUINavigationCore/ButtonState.swift -primary-file /host/spi-builder-workspace/.build/checkouts/swiftui-navigation/Sources/SwiftUINavigationCore/ButtonStateBuilder.swift /host/spi-builder-workspace/.build/checkouts/swiftui-navigation/Sources/SwiftUINavigationCore/ConfirmationDialogState.swift /host/spi-builder-workspace/.build/checkouts/swiftui-navigation/Sources/SwiftUINavigationCore/Internal/Deprecations.swift /host/spi-builder-workspace/.build/checkouts/swiftui-navigation/Sources/SwiftUINavigationCore/Internal/RuntimeWarnings.swift /host/spi-builder-workspace/.build/checkouts/swiftui-navigation/Sources/SwiftUINavigationCore/TextState.swift -emit-dependencies-path /host/spi-builder-workspace/.build/out/Intermediates.noindex/swiftui-navigation.build/Debug-linux-x86_64/SwiftUINavigationCore-t.build/Objects-normal/x86_64/ButtonStateBuilder.d -emit-const-values-path /host/spi-builder-workspace/.build/out/Intermediates.noindex/swiftui-navigation.build/Debug-linux-x86_64/SwiftUINavigationCore-t.build/Objects-normal/x86_64/ButtonStateBuilder.swiftconstvalues -emit-reference-dependencies-path /host/spi-builder-workspace/.build/out/Intermediates.noindex/swiftui-navigation.build/Debug-linux-x86_64/SwiftUINavigationCore-t.build/Objects-normal/x86_64/ButtonStateBuilder.swiftdeps -serialize-diagnostics-path /host/spi-builder-workspace/.build/out/Intermediates.noindex/swiftui-navigation.build/Debug-linux-x86_64/SwiftUINavigationCore-t.build/Objects-normal/x86_64/ButtonStateBuilder.dia -target x86_64-unknown-linux-gnu -disable-objc-interop -I /host/spi-builder-workspace/.build/out/Products/Debug-linux-x86_64 -module-cache-path /host/spi-builder-workspace/.build/out/ModuleCache.noindex -color-diagnostics -Xcc -fcolor-diagnostics -enable-testing -g -debug-info-format\=dwarf -dwarf-version\=4 -suppress-warnings -swift-version 5 -Onone -D SWIFT_PACKAGE -D DEBUG -D SWIFT_MODULE_RESOURCE_BUNDLE_UNAVAILABLE -D Xcode -serialize-debugging-options -enable-experimental-feature DebugDescriptionMacro -empty-abi-descriptor -external-plugin-path /usr/lib/swift/host/plugins/testing\#/usr/bin/swift-plugin-server -validate-clang-modules-once -clang-build-session-file /host/spi-builder-workspace/.build/out/ModuleCache.noindex/Session.modulevalidation -Xcc -working-directory -Xcc /host -enable-anonymous-context-mangled-names -file-compilation-dir /host -Xcc -fno-omit-frame-pointer -Xcc -D_LIBCPP_HARDENING_MODE\=_LIBCPP_HARDENING_MODE_DEBUG -Xcc -fmodules-prune-interval\=86400 -Xcc -fmodules-prune-after\=345600 -Xcc -I/host/spi-builder-workspace/.build/out/Products/Debug-linux-x86_64/include -Xcc -I/host/spi-builder-workspace/.build/out/Intermediates.noindex/swiftui-navigation.build/Debug-linux-x86_64/SwiftUINavigationCore-t.build/DerivedSources-normal/x86_64 -Xcc -I/host/spi-builder-workspace/.build/out/Intermediates.noindex/swiftui-navigation.build/Debug-linux-x86_64/SwiftUINavigationCore-t.build/DerivedSources/x86_64 -Xcc -I/host/spi-builder-workspace/.build/out/Intermediates.noindex/swiftui-navigation.build/Debug-linux-x86_64/SwiftUINavigationCore-t.build/DerivedSources -Xcc -DSWIFT_PACKAGE -Xcc -DDEBUG\=1 -no-auto-bridging-header-chaining -module-name SwiftUINavigationCore -const-gather-protocols-file /host/spi-builder-workspace/.build/out/Intermediates.noindex/swiftui-navigation.build/Debug-linux-x86_64/SwiftUINavigationCore-t.build/Objects-normal/x86_64/SwiftUINavigationCore_const_extract_protocols.json -in-process-plugin-server-path /usr/lib/swift/host/libSwiftInProcPluginServer.so -plugin-path /usr/lib/swift/host/plugins -plugin-path /usr/local/lib/swift/host/plugins -parse-as-library -o /host/spi-builder-workspace/.build/out/Intermediates.noindex/swiftui-navigation.build/Debug-linux-x86_64/SwiftUINavigationCore-t.build/Objects-normal/x86_64/ButtonStateBuilder.o -index-unit-output-path /swiftui-navigation.build/Debug-linux-x86_64/SwiftUINavigationCore-t.build/Objects-normal/x86_64/ButtonStateBuilder.o -index-store-path /host/spi-builder-workspace/.build/out -index-system-modules
error: Build failed
BUILD FAILURE 6.4 linux