The Swift Package Index logo.Swift Package Index

Build Information

Failed to build PLCrashReporter, reference master (0254f9), with Swift 6.4 for watchOS using Xcode 27.0 on 23 Sep 2026 09:55:37 UTC.

Build Command

env DEVELOPER_DIR=/Applications/Xcode-27.0.0-Release.Candidate.app xcrun xcodebuild -IDEClonedSourcePackagesDirPathOverride=$PWD/.dependencies -skipMacroValidation -skipPackagePluginValidation -derivedDataPath $PWD/.derivedData build -scheme PLCrashReporter -destination generic/platform=watchOS

Build Log

ScanDependencies /Users/admin/builder/spi-builder-workspace/.derivedData/Build/Intermediates.noindex/PLCrashReporter.build/Debug-watchos/CrashReporter-t.build/Objects-normal/arm64_32/PLCrashReporterNSError.o /Users/admin/builder/spi-builder-workspace/Source/PLCrashReporterNSError.m normal arm64_32 objective-c com.apple.compilers.llvm.clang.1_0.compiler (in target 'CrashReporter' from project 'PLCrashReporter')
    cd /Users/admin/builder/spi-builder-workspace/.swiftpm/xcode

    Using response file: /Users/admin/builder/spi-builder-workspace/.derivedData/Build/Intermediates.noindex/PLCrashReporter.build/Debug-watchos/CrashReporter-t.build/Objects-normal/arm64_32/e6072d4f65d7061329687fe24e3d63a7-common-args.resp

    builtin-ScanDependencies -o /Users/admin/builder/spi-builder-workspace/.derivedData/Build/Intermediates.noindex/PLCrashReporter.build/Debug-watchos/CrashReporter-t.build/Objects-normal/arm64_32/PLCrashReporterNSError.o.scan -- /Applications/Xcode-27.0.0-Release.Candidate.app/Contents/Developer/Toolchains/XcodeDefault.xctoolchain/usr/bin/clang -x objective-c -ivfsstatcache /Users/admin/builder/spi-builder-workspace/.derivedData/SDKStatCaches.noindex/watchos27.0-24R360-e829b21a6f8c9b70876ba0858053c04477534ef55a1706bf4c1112bbb242f0a2.sdkstatcache -target arm64_32-apple-watchos9.0 -fmessage-length\=0 -fdiagnostics-show-note-include-stack -fmacro-backtrace-limit\=0 -fno-color-diagnostics -fmodules-prune-interval\=86400 -fmodules-prune-after\=345600 -fbuild-session-file\=/Users/admin/builder/spi-builder-workspace/.derivedData/ModuleCache.noindex/Session.modulevalidation -fmodules-validate-once-per-build-session -Wnon-modular-include-in-framework-module -Werror\=non-modular-include-in-framework-module -Wno-trigraphs -Wno-missing-field-initializers -Wno-missing-prototypes -Wno-return-type -Wno-implicit-atomic-properties -Wno-objc-interface-ivars -Wno-arc-repeated-use-of-weak -Wno-missing-braces -Wparentheses -Wswitch -Wno-unused-function -Wno-unused-label -Wno-unused-parameter -Wno-unused-variable -Wunused-value -Wno-empty-body -Wno-uninitialized -Wno-unknown-pragmas -Wno-shadow -Wno-four-char-constants -Wno-conversion -Wno-constant-conversion -Wno-int-conversion -Wno-bool-conversion -Wno-enum-conversion -Wno-float-conversion -Wno-non-literal-null-conversion -Wno-objc-literal-conversion -Wno-shorten-64-to-32 -Wpointer-sign -Wno-newline-eof -Wno-selector -Wno-strict-selector-match -Wno-undeclared-selector -Wno-deprecated-implementations -Wno-implicit-fallthrough -isysroot /Applications/Xcode-27.0.0-Release.Candidate.app/Contents/Developer/Platforms/WatchOS.platform/Developer/SDKs/WatchOS27.0.sdk -fstrict-aliasing -Wprotocol -Wdeprecated-declarations -Wno-sign-conversion -Wno-infinite-recursion -Wno-comma -Wno-block-capture-autoreleasing -Wno-strict-prototypes -Wno-semicolon-before-method-body -index-store-path /Users/admin/builder/spi-builder-workspace/.derivedData/Index.noindex/DataStore @/Users/admin/builder/spi-builder-workspace/.derivedData/Build/Intermediates.noindex/PLCrashReporter.build/Debug-watchos/CrashReporter-t.build/Objects-normal/arm64_32/e6072d4f65d7061329687fe24e3d63a7-common-args.resp -include /Users/admin/builder/spi-builder-workspace/.derivedData/Build/Intermediates.noindex/PLCrashReporter.build/Debug-watchos/CrashReporter-t.build/DerivedSources/resource_bundle_accessor.h -MMD -MT dependencies -MF /Users/admin/builder/spi-builder-workspace/.derivedData/Build/Intermediates.noindex/PLCrashReporter.build/Debug-watchos/CrashReporter-t.build/Objects-normal/arm64_32/PLCrashReporterNSError.d --serialize-diagnostics /Users/admin/builder/spi-builder-workspace/.derivedData/Build/Intermediates.noindex/PLCrashReporter.build/Debug-watchos/CrashReporter-t.build/Objects-normal/arm64_32/PLCrashReporterNSError.dia -c /Users/admin/builder/spi-builder-workspace/Source/PLCrashReporterNSError.m -o /Users/admin/builder/spi-builder-workspace/.derivedData/Build/Intermediates.noindex/PLCrashReporter.build/Debug-watchos/CrashReporter-t.build/Objects-normal/arm64_32/PLCrashReporterNSError.o -index-unit-output-path /PLCrashReporter.build/Debug-watchos/CrashReporter-t.build/Objects-normal/arm64_32/PLCrashReporterNSError.o
ScanDependencies /Users/admin/builder/spi-builder-workspace/.derivedData/Build/Intermediates.noindex/PLCrashReporter.build/Debug-watchos/CrashReporter-t.build/Objects-normal/arm64_32/PLCrashReportSystemInfo.o /Users/admin/builder/spi-builder-workspace/Source/PLCrashReportSystemInfo.m normal arm64_32 objective-c com.apple.compilers.llvm.clang.1_0.compiler (in target 'CrashReporter' from project 'PLCrashReporter')
    cd /Users/admin/builder/spi-builder-workspace/.swiftpm/xcode

    Using response file: /Users/admin/builder/spi-builder-workspace/.derivedData/Build/Intermediates.noindex/PLCrashReporter.build/Debug-watchos/CrashReporter-t.build/Objects-normal/arm64_32/e6072d4f65d7061329687fe24e3d63a7-common-args.resp

    builtin-ScanDependencies -o /Users/admin/builder/spi-builder-workspace/.derivedData/Build/Intermediates.noindex/PLCrashReporter.build/Debug-watchos/CrashReporter-t.build/Objects-normal/arm64_32/PLCrashReportSystemInfo.o.scan -- /Applications/Xcode-27.0.0-Release.Candidate.app/Contents/Developer/Toolchains/XcodeDefault.xctoolchain/usr/bin/clang -x objective-c -ivfsstatcache /Users/admin/builder/spi-builder-workspace/.derivedData/SDKStatCaches.noindex/watchos27.0-24R360-e829b21a6f8c9b70876ba0858053c04477534ef55a1706bf4c1112bbb242f0a2.sdkstatcache -target arm64_32-apple-watchos9.0 -fmessage-length\=0 -fdiagnostics-show-note-include-stack -fmacro-backtrace-limit\=0 -fno-color-diagnostics -fmodules-prune-interval\=86400 -fmodules-prune-after\=345600 -fbuild-session-file\=/Users/admin/builder/spi-builder-workspace/.derivedData/ModuleCache.noindex/Session.modulevalidation -fmodules-validate-once-per-build-session -Wnon-modular-include-in-framework-module -Werror\=non-modular-include-in-framework-module -Wno-trigraphs -Wno-missing-field-initializers -Wno-missing-prototypes -Wno-return-type -Wno-implicit-atomic-properties -Wno-objc-interface-ivars -Wno-arc-repeated-use-of-weak -Wno-missing-braces -Wparentheses -Wswitch -Wno-unused-function -Wno-unused-label -Wno-unused-parameter -Wno-unused-variable -Wunused-value -Wno-empty-body -Wno-uninitialized -Wno-unknown-pragmas -Wno-shadow -Wno-four-char-constants -Wno-conversion -Wno-constant-conversion -Wno-int-conversion -Wno-bool-conversion -Wno-enum-conversion -Wno-float-conversion -Wno-non-literal-null-conversion -Wno-objc-literal-conversion -Wno-shorten-64-to-32 -Wpointer-sign -Wno-newline-eof -Wno-selector -Wno-strict-selector-match -Wno-undeclared-selector -Wno-deprecated-implementations -Wno-implicit-fallthrough -isysroot /Applications/Xcode-27.0.0-Release.Candidate.app/Contents/Developer/Platforms/WatchOS.platform/Developer/SDKs/WatchOS27.0.sdk -fstrict-aliasing -Wprotocol -Wdeprecated-declarations -Wno-sign-conversion -Wno-infinite-recursion -Wno-comma -Wno-block-capture-autoreleasing -Wno-strict-prototypes -Wno-semicolon-before-method-body -index-store-path /Users/admin/builder/spi-builder-workspace/.derivedData/Index.noindex/DataStore @/Users/admin/builder/spi-builder-workspace/.derivedData/Build/Intermediates.noindex/PLCrashReporter.build/Debug-watchos/CrashReporter-t.build/Objects-normal/arm64_32/e6072d4f65d7061329687fe24e3d63a7-common-args.resp -include /Users/admin/builder/spi-builder-workspace/.derivedData/Build/Intermediates.noindex/PLCrashReporter.build/Debug-watchos/CrashReporter-t.build/DerivedSources/resource_bundle_accessor.h -MMD -MT dependencies -MF /Users/admin/builder/spi-builder-workspace/.derivedData/Build/Intermediates.noindex/PLCrashReporter.build/Debug-watchos/CrashReporter-t.build/Objects-normal/arm64_32/PLCrashReportSystemInfo.d --serialize-diagnostics /Users/admin/builder/spi-builder-workspace/.derivedData/Build/Intermediates.noindex/PLCrashReporter.build/Debug-watchos/CrashReporter-t.build/Objects-normal/arm64_32/PLCrashReportSystemInfo.dia -c /Users/admin/builder/spi-builder-workspace/Source/PLCrashReportSystemInfo.m -o /Users/admin/builder/spi-builder-workspace/.derivedData/Build/Intermediates.noindex/PLCrashReporter.build/Debug-watchos/CrashReporter-t.build/Objects-normal/arm64_32/PLCrashReportSystemInfo.o -index-unit-output-path /PLCrashReporter.build/Debug-watchos/CrashReporter-t.build/Objects-normal/arm64_32/PLCrashReportSystemInfo.o
CompileC /Users/admin/builder/spi-builder-workspace/.derivedData/Build/Intermediates.noindex/PLCrashReporter.build/Debug-watchos/CrashReporter-t.build/Objects-normal/arm64_32/dwarf_opstream.o /Users/admin/builder/spi-builder-workspace/Source/dwarf_opstream.cpp normal arm64_32 c++ com.apple.compilers.llvm.clang.1_0.compiler (in target 'CrashReporter' from project 'PLCrashReporter')
    cd /Users/admin/builder/spi-builder-workspace/.swiftpm/xcode

    Using response file: /Users/admin/builder/spi-builder-workspace/.derivedData/Build/Intermediates.noindex/PLCrashReporter.build/Debug-watchos/CrashReporter-t.build/Objects-normal/arm64_32/82b82416624d2658e5098eb0a28c15c5-common-args.resp

    /Applications/Xcode-27.0.0-Release.Candidate.app/Contents/Developer/Toolchains/XcodeDefault.xctoolchain/usr/bin/clang -x c++ -ivfsstatcache /Users/admin/builder/spi-builder-workspace/.derivedData/SDKStatCaches.noindex/watchos27.0-24R360-e829b21a6f8c9b70876ba0858053c04477534ef55a1706bf4c1112bbb242f0a2.sdkstatcache -target arm64_32-apple-watchos9.0 -fmessage-length\=0 -fdiagnostics-show-note-include-stack -fmacro-backtrace-limit\=0 -fno-color-diagnostics -fmodules-prune-interval\=86400 -fmodules-prune-after\=345600 -fbuild-session-file\=/Users/admin/builder/spi-builder-workspace/.derivedData/ModuleCache.noindex/Session.modulevalidation -fmodules-validate-once-per-build-session -Wnon-modular-include-in-framework-module -Werror\=non-modular-include-in-framework-module -Wno-trigraphs -Wno-missing-field-initializers -Wno-missing-prototypes -Wno-return-type -Wno-non-virtual-dtor -Wno-overloaded-virtual -Wno-exit-time-destructors -Wno-missing-braces -Wparentheses -Wswitch -Wno-unused-function -Wno-unused-label -Wno-unused-parameter -Wno-unused-variable -Wunused-value -Wno-empty-body -Wno-uninitialized -Wno-unknown-pragmas -Wno-shadow -Wno-four-char-constants -Wno-conversion -Wno-constant-conversion -Wno-int-conversion -Wno-bool-conversion -Wno-enum-conversion -Wno-float-conversion -Wno-non-literal-null-conversion -Wno-objc-literal-conversion -Wno-shorten-64-to-32 -Wno-newline-eof -Wno-c++11-extensions -Wno-implicit-fallthrough -isysroot /Applications/Xcode-27.0.0-Release.Candidate.app/Contents/Developer/Platforms/WatchOS.platform/Developer/SDKs/WatchOS27.0.sdk -fstrict-aliasing -Wdeprecated-declarations -Winvalid-offsetof -Wno-sign-conversion -Wno-infinite-recursion -Wno-move -Wno-comma -Wno-block-capture-autoreleasing -Wno-strict-prototypes -Wno-range-loop-analysis -Wno-semicolon-before-method-body -index-store-path /Users/admin/builder/spi-builder-workspace/.derivedData/Index.noindex/DataStore @/Users/admin/builder/spi-builder-workspace/.derivedData/Build/Intermediates.noindex/PLCrashReporter.build/Debug-watchos/CrashReporter-t.build/Objects-normal/arm64_32/82b82416624d2658e5098eb0a28c15c5-common-args.resp -MMD -MT dependencies -MF /Users/admin/builder/spi-builder-workspace/.derivedData/Build/Intermediates.noindex/PLCrashReporter.build/Debug-watchos/CrashReporter-t.build/Objects-normal/arm64_32/dwarf_opstream.d --serialize-diagnostics /Users/admin/builder/spi-builder-workspace/.derivedData/Build/Intermediates.noindex/PLCrashReporter.build/Debug-watchos/CrashReporter-t.build/Objects-normal/arm64_32/dwarf_opstream.dia -c /Users/admin/builder/spi-builder-workspace/Source/dwarf_opstream.cpp -o /Users/admin/builder/spi-builder-workspace/.derivedData/Build/Intermediates.noindex/PLCrashReporter.build/Debug-watchos/CrashReporter-t.build/Objects-normal/arm64_32/dwarf_opstream.o -index-unit-output-path /PLCrashReporter.build/Debug-watchos/CrashReporter-t.build/Objects-normal/arm64_32/dwarf_opstream.o
CompileC /Users/admin/builder/spi-builder-workspace/.derivedData/Build/Intermediates.noindex/PLCrashReporter.build/Debug-watchos/CrashReporter-t.build/Objects-normal/arm64_32/PLCrashSignalHandler.o /Users/admin/builder/spi-builder-workspace/Source/PLCrashSignalHandler.mm normal arm64_32 objective-c++ com.apple.compilers.llvm.clang.1_0.compiler (in target 'CrashReporter' from project 'PLCrashReporter')
    cd /Users/admin/builder/spi-builder-workspace/.swiftpm/xcode

    Using response file: /Users/admin/builder/spi-builder-workspace/.derivedData/Build/Intermediates.noindex/PLCrashReporter.build/Debug-watchos/CrashReporter-t.build/Objects-normal/arm64_32/af3fcb34312c57c0f52879cdce924b91-common-args.resp

    /Applications/Xcode-27.0.0-Release.Candidate.app/Contents/Developer/Toolchains/XcodeDefault.xctoolchain/usr/bin/clang -x objective-c++ -ivfsstatcache /Users/admin/builder/spi-builder-workspace/.derivedData/SDKStatCaches.noindex/watchos27.0-24R360-e829b21a6f8c9b70876ba0858053c04477534ef55a1706bf4c1112bbb242f0a2.sdkstatcache -target arm64_32-apple-watchos9.0 -fmessage-length\=0 -fdiagnostics-show-note-include-stack -fmacro-backtrace-limit\=0 -fno-color-diagnostics -fmodules-prune-interval\=86400 -fmodules-prune-after\=345600 -fbuild-session-file\=/Users/admin/builder/spi-builder-workspace/.derivedData/ModuleCache.noindex/Session.modulevalidation -fmodules-validate-once-per-build-session -Wnon-modular-include-in-framework-module -Werror\=non-modular-include-in-framework-module -Wno-trigraphs -Wno-missing-field-initializers -Wno-missing-prototypes -Wno-return-type -Wno-implicit-atomic-properties -Wno-objc-interface-ivars -Wno-arc-repeated-use-of-weak -Wno-non-virtual-dtor -Wno-overloaded-virtual -Wno-exit-time-destructors -Wno-missing-braces -Wparentheses -Wswitch -Wno-unused-function -Wno-unused-label -Wno-unused-parameter -Wno-unused-variable -Wunused-value -Wno-empty-body -Wno-uninitialized -Wno-unknown-pragmas -Wno-shadow -Wno-four-char-constants -Wno-conversion -Wno-constant-conversion -Wno-int-conversion -Wno-bool-conversion -Wno-enum-conversion -Wno-float-conversion -Wno-non-literal-null-conversion -Wno-objc-literal-conversion -Wno-shorten-64-to-32 -Wno-newline-eof -Wno-selector -Wno-strict-selector-match -Wno-undeclared-selector -Wno-deprecated-implementations -Wno-c++11-extensions -Wno-implicit-fallthrough -isysroot /Applications/Xcode-27.0.0-Release.Candidate.app/Contents/Developer/Platforms/WatchOS.platform/Developer/SDKs/WatchOS27.0.sdk -fstrict-aliasing -Wprotocol -Wdeprecated-declarations -Winvalid-offsetof -Wno-sign-conversion -Wno-infinite-recursion -Wno-move -Wno-comma -Wno-block-capture-autoreleasing -Wno-strict-prototypes -Wno-range-loop-analysis -Wno-semicolon-before-method-body -index-store-path /Users/admin/builder/spi-builder-workspace/.derivedData/Index.noindex/DataStore @/Users/admin/builder/spi-builder-workspace/.derivedData/Build/Intermediates.noindex/PLCrashReporter.build/Debug-watchos/CrashReporter-t.build/Objects-normal/arm64_32/af3fcb34312c57c0f52879cdce924b91-common-args.resp -include /Users/admin/builder/spi-builder-workspace/.derivedData/Build/Intermediates.noindex/PLCrashReporter.build/Debug-watchos/CrashReporter-t.build/DerivedSources/resource_bundle_accessor.h -MMD -MT dependencies -MF /Users/admin/builder/spi-builder-workspace/.derivedData/Build/Intermediates.noindex/PLCrashReporter.build/Debug-watchos/CrashReporter-t.build/Objects-normal/arm64_32/PLCrashSignalHandler.d --serialize-diagnostics /Users/admin/builder/spi-builder-workspace/.derivedData/Build/Intermediates.noindex/PLCrashReporter.build/Debug-watchos/CrashReporter-t.build/Objects-normal/arm64_32/PLCrashSignalHandler.dia -c /Users/admin/builder/spi-builder-workspace/Source/PLCrashSignalHandler.mm -o /Users/admin/builder/spi-builder-workspace/.derivedData/Build/Intermediates.noindex/PLCrashReporter.build/Debug-watchos/CrashReporter-t.build/Objects-normal/arm64_32/PLCrashSignalHandler.o -index-unit-output-path /PLCrashReporter.build/Debug-watchos/CrashReporter-t.build/Objects-normal/arm64_32/PLCrashSignalHandler.o
/Users/admin/builder/spi-builder-workspace/Source/PLCrashSignalHandler.mm:339:17: error: 'sigaltstack' is unavailable: not available on watchOS
  339 |             if (sigaltstack(&_sigstk, 0) < 0) {
      |                 ^
In file included from <built-in>:1:
In file included from /Users/admin/builder/spi-builder-workspace/.derivedData/Build/Intermediates.noindex/PLCrashReporter.build/Debug-watchos/CrashReporter-t.build/DerivedSources/resource_bundle_accessor.h:1:
In file included from /Applications/Xcode-27.0.0-Release.Candidate.app/Contents/Developer/Platforms/WatchOS.platform/Developer/SDKs/WatchOS27.0.sdk/System/Library/Frameworks/Foundation.framework/Headers/Foundation.h:6:
In file included from /Applications/Xcode-27.0.0-Release.Candidate.app/Contents/Developer/Platforms/WatchOS.platform/Developer/SDKs/WatchOS27.0.sdk/System/Library/Frameworks/CoreFoundation.framework/Headers/CoreFoundation.h:31:
/Applications/Xcode-27.0.0-Release.Candidate.app/Contents/Developer/Platforms/WatchOS.platform/Developer/SDKs/WatchOS27.0.sdk/usr/include/signal.h:90:5: note: 'sigaltstack' has been explicitly marked unavailable here
   90 | int     sigaltstack(const stack_t * __restrict, stack_t * __restrict)  __DARWIN_ALIAS(sigaltstack) __WATCHOS_PROHIBITED __TVOS_PROHIBITED;
      |         ^
1 error generated.
CompileC /Users/admin/builder/spi-builder-workspace/.derivedData/Build/Intermediates.noindex/PLCrashReporter.build/Debug-watchos/CrashReporter-t.build/Objects-normal/arm64_32/PLCrashFrameDWARFUnwind.o /Users/admin/builder/spi-builder-workspace/Source/PLCrashFrameDWARFUnwind.cpp normal arm64_32 c++ com.apple.compilers.llvm.clang.1_0.compiler (in target 'CrashReporter' from project 'PLCrashReporter')
    cd /Users/admin/builder/spi-builder-workspace/.swiftpm/xcode

    Using response file: /Users/admin/builder/spi-builder-workspace/.derivedData/Build/Intermediates.noindex/PLCrashReporter.build/Debug-watchos/CrashReporter-t.build/Objects-normal/arm64_32/82b82416624d2658e5098eb0a28c15c5-common-args.resp

    /Applications/Xcode-27.0.0-Release.Candidate.app/Contents/Developer/Toolchains/XcodeDefault.xctoolchain/usr/bin/clang -x c++ -ivfsstatcache /Users/admin/builder/spi-builder-workspace/.derivedData/SDKStatCaches.noindex/watchos27.0-24R360-e829b21a6f8c9b70876ba0858053c04477534ef55a1706bf4c1112bbb242f0a2.sdkstatcache -target arm64_32-apple-watchos9.0 -fmessage-length\=0 -fdiagnostics-show-note-include-stack -fmacro-backtrace-limit\=0 -fno-color-diagnostics -fmodules-prune-interval\=86400 -fmodules-prune-after\=345600 -fbuild-session-file\=/Users/admin/builder/spi-builder-workspace/.derivedData/ModuleCache.noindex/Session.modulevalidation -fmodules-validate-once-per-build-session -Wnon-modular-include-in-framework-module -Werror\=non-modular-include-in-framework-module -Wno-trigraphs -Wno-missing-field-initializers -Wno-missing-prototypes -Wno-return-type -Wno-non-virtual-dtor -Wno-overloaded-virtual -Wno-exit-time-destructors -Wno-missing-braces -Wparentheses -Wswitch -Wno-unused-function -Wno-unused-label -Wno-unused-parameter -Wno-unused-variable -Wunused-value -Wno-empty-body -Wno-uninitialized -Wno-unknown-pragmas -Wno-shadow -Wno-four-char-constants -Wno-conversion -Wno-constant-conversion -Wno-int-conversion -Wno-bool-conversion -Wno-enum-conversion -Wno-float-conversion -Wno-non-literal-null-conversion -Wno-objc-literal-conversion -Wno-shorten-64-to-32 -Wno-newline-eof -Wno-c++11-extensions -Wno-implicit-fallthrough -isysroot /Applications/Xcode-27.0.0-Release.Candidate.app/Contents/Developer/Platforms/WatchOS.platform/Developer/SDKs/WatchOS27.0.sdk -fstrict-aliasing -Wdeprecated-declarations -Winvalid-offsetof -Wno-sign-conversion -Wno-infinite-recursion -Wno-move -Wno-comma -Wno-block-capture-autoreleasing -Wno-strict-prototypes -Wno-range-loop-analysis -Wno-semicolon-before-method-body -index-store-path /Users/admin/builder/spi-builder-workspace/.derivedData/Index.noindex/DataStore @/Users/admin/builder/spi-builder-workspace/.derivedData/Build/Intermediates.noindex/PLCrashReporter.build/Debug-watchos/CrashReporter-t.build/Objects-normal/arm64_32/82b82416624d2658e5098eb0a28c15c5-common-args.resp -MMD -MT dependencies -MF /Users/admin/builder/spi-builder-workspace/.derivedData/Build/Intermediates.noindex/PLCrashReporter.build/Debug-watchos/CrashReporter-t.build/Objects-normal/arm64_32/PLCrashFrameDWARFUnwind.d --serialize-diagnostics /Users/admin/builder/spi-builder-workspace/.derivedData/Build/Intermediates.noindex/PLCrashReporter.build/Debug-watchos/CrashReporter-t.build/Objects-normal/arm64_32/PLCrashFrameDWARFUnwind.dia -c /Users/admin/builder/spi-builder-workspace/Source/PLCrashFrameDWARFUnwind.cpp -o /Users/admin/builder/spi-builder-workspace/.derivedData/Build/Intermediates.noindex/PLCrashReporter.build/Debug-watchos/CrashReporter-t.build/Objects-normal/arm64_32/PLCrashFrameDWARFUnwind.o -index-unit-output-path /PLCrashReporter.build/Debug-watchos/CrashReporter-t.build/Objects-normal/arm64_32/PLCrashFrameDWARFUnwind.o
CompileC /Users/admin/builder/spi-builder-workspace/.derivedData/Build/Intermediates.noindex/PLCrashReporter.build/Debug-watchos/CrashReporter-t.build/Objects-normal/arm64_32/PLCrashAsyncThread_current-39c559c4f7283ea4fcb4992724566833.o /Users/admin/builder/spi-builder-workspace/Source/PLCrashAsyncThread_current.S normal arm64_32 assembler-with-cpp com.apple.compilers.llvm.clang.1_0.compiler (in target 'CrashReporter' from project 'PLCrashReporter')
    cd /Users/admin/builder/spi-builder-workspace/.swiftpm/xcode

    Using response file: /Users/admin/builder/spi-builder-workspace/.derivedData/Build/Intermediates.noindex/PLCrashReporter.build/Debug-watchos/CrashReporter-t.build/Objects-normal/arm64_32/533656923a283fa776881f304837ed9e-common-args.resp

    /Applications/Xcode-27.0.0-Release.Candidate.app/Contents/Developer/Toolchains/XcodeDefault.xctoolchain/usr/bin/clang -x assembler-with-cpp -ivfsstatcache /Users/admin/builder/spi-builder-workspace/.derivedData/SDKStatCaches.noindex/watchos27.0-24R360-e829b21a6f8c9b70876ba0858053c04477534ef55a1706bf4c1112bbb242f0a2.sdkstatcache -target arm64_32-apple-watchos9.0 -fmessage-length\=0 -fdiagnostics-show-note-include-stack -fmacro-backtrace-limit\=0 -fno-color-diagnostics -fmodules-prune-interval\=86400 -fmodules-prune-after\=345600 -fbuild-session-file\=/Users/admin/builder/spi-builder-workspace/.derivedData/ModuleCache.noindex/Session.modulevalidation -fmodules-validate-once-per-build-session -Wnon-modular-include-in-framework-module -Werror\=non-modular-include-in-framework-module -Wno-trigraphs -Wno-missing-field-initializers -Wno-missing-prototypes -Wno-return-type -Wno-missing-braces -Wparentheses -Wswitch -Wno-unused-function -Wno-unused-label -Wno-unused-parameter -Wno-unused-variable -Wunused-value -Wno-empty-body -Wno-uninitialized -Wno-unknown-pragmas -Wno-shadow -Wno-four-char-constants -Wno-conversion -Wno-constant-conversion -Wno-int-conversion -Wno-bool-conversion -Wno-enum-conversion -Wno-float-conversion -Wno-non-literal-null-conversion -Wno-objc-literal-conversion -Wno-shorten-64-to-32 -Wno-newline-eof -Wno-implicit-fallthrough -isysroot /Applications/Xcode-27.0.0-Release.Candidate.app/Contents/Developer/Platforms/WatchOS.platform/Developer/SDKs/WatchOS27.0.sdk -fstrict-aliasing -Wdeprecated-declarations -Wno-sign-conversion -Wno-infinite-recursion -Wno-comma -Wno-block-capture-autoreleasing -Wno-strict-prototypes -Wno-semicolon-before-method-body -index-store-path /Users/admin/builder/spi-builder-workspace/.derivedData/Index.noindex/DataStore @/Users/admin/builder/spi-builder-workspace/.derivedData/Build/Intermediates.noindex/PLCrashReporter.build/Debug-watchos/CrashReporter-t.build/Objects-normal/arm64_32/533656923a283fa776881f304837ed9e-common-args.resp -MMD -MT dependencies -MF /Users/admin/builder/spi-builder-workspace/.derivedData/Build/Intermediates.noindex/PLCrashReporter.build/Debug-watchos/CrashReporter-t.build/Objects-normal/arm64_32/PLCrashAsyncThread_current-39c559c4f7283ea4fcb4992724566833.d --serialize-diagnostics /Users/admin/builder/spi-builder-workspace/.derivedData/Build/Intermediates.noindex/PLCrashReporter.build/Debug-watchos/CrashReporter-t.build/Objects-normal/arm64_32/PLCrashAsyncThread_current-39c559c4f7283ea4fcb4992724566833.dia -c /Users/admin/builder/spi-builder-workspace/Source/PLCrashAsyncThread_current.S -o /Users/admin/builder/spi-builder-workspace/.derivedData/Build/Intermediates.noindex/PLCrashReporter.build/Debug-watchos/CrashReporter-t.build/Objects-normal/arm64_32/PLCrashAsyncThread_current-39c559c4f7283ea4fcb4992724566833.o -index-unit-output-path /PLCrashReporter.build/Debug-watchos/CrashReporter-t.build/Objects-normal/arm64_32/PLCrashAsyncThread_current-39c559c4f7283ea4fcb4992724566833.o
CompileC /Users/admin/builder/spi-builder-workspace/.derivedData/Build/Intermediates.noindex/PLCrashReporter.build/Debug-watchos/CrashReporter-t.build/Objects-normal/arm64_32/PLCrashAsyncImageList.o /Users/admin/builder/spi-builder-workspace/Source/PLCrashAsyncImageList.cpp normal arm64_32 c++ com.apple.compilers.llvm.clang.1_0.compiler (in target 'CrashReporter' from project 'PLCrashReporter')
    cd /Users/admin/builder/spi-builder-workspace/.swiftpm/xcode

    Using response file: /Users/admin/builder/spi-builder-workspace/.derivedData/Build/Intermediates.noindex/PLCrashReporter.build/Debug-watchos/CrashReporter-t.build/Objects-normal/arm64_32/82b82416624d2658e5098eb0a28c15c5-common-args.resp

    /Applications/Xcode-27.0.0-Release.Candidate.app/Contents/Developer/Toolchains/XcodeDefault.xctoolchain/usr/bin/clang -x c++ -ivfsstatcache /Users/admin/builder/spi-builder-workspace/.derivedData/SDKStatCaches.noindex/watchos27.0-24R360-e829b21a6f8c9b70876ba0858053c04477534ef55a1706bf4c1112bbb242f0a2.sdkstatcache -target arm64_32-apple-watchos9.0 -fmessage-length\=0 -fdiagnostics-show-note-include-stack -fmacro-backtrace-limit\=0 -fno-color-diagnostics -fmodules-prune-interval\=86400 -fmodules-prune-after\=345600 -fbuild-session-file\=/Users/admin/builder/spi-builder-workspace/.derivedData/ModuleCache.noindex/Session.modulevalidation -fmodules-validate-once-per-build-session -Wnon-modular-include-in-framework-module -Werror\=non-modular-include-in-framework-module -Wno-trigraphs -Wno-missing-field-initializers -Wno-missing-prototypes -Wno-return-type -Wno-non-virtual-dtor -Wno-overloaded-virtual -Wno-exit-time-destructors -Wno-missing-braces -Wparentheses -Wswitch -Wno-unused-function -Wno-unused-label -Wno-unused-parameter -Wno-unused-variable -Wunused-value -Wno-empty-body -Wno-uninitialized -Wno-unknown-pragmas -Wno-shadow -Wno-four-char-constants -Wno-conversion -Wno-constant-conversion -Wno-int-conversion -Wno-bool-conversion -Wno-enum-conversion -Wno-float-conversion -Wno-non-literal-null-conversion -Wno-objc-literal-conversion -Wno-shorten-64-to-32 -Wno-newline-eof -Wno-c++11-extensions -Wno-implicit-fallthrough -isysroot /Applications/Xcode-27.0.0-Release.Candidate.app/Contents/Developer/Platforms/WatchOS.platform/Developer/SDKs/WatchOS27.0.sdk -fstrict-aliasing -Wdeprecated-declarations -Winvalid-offsetof -Wno-sign-conversion -Wno-infinite-recursion -Wno-move -Wno-comma -Wno-block-capture-autoreleasing -Wno-strict-prototypes -Wno-range-loop-analysis -Wno-semicolon-before-method-body -index-store-path /Users/admin/builder/spi-builder-workspace/.derivedData/Index.noindex/DataStore @/Users/admin/builder/spi-builder-workspace/.derivedData/Build/Intermediates.noindex/PLCrashReporter.build/Debug-watchos/CrashReporter-t.build/Objects-normal/arm64_32/82b82416624d2658e5098eb0a28c15c5-common-args.resp -MMD -MT dependencies -MF /Users/admin/builder/spi-builder-workspace/.derivedData/Build/Intermediates.noindex/PLCrashReporter.build/Debug-watchos/CrashReporter-t.build/Objects-normal/arm64_32/PLCrashAsyncImageList.d --serialize-diagnostics /Users/admin/builder/spi-builder-workspace/.derivedData/Build/Intermediates.noindex/PLCrashReporter.build/Debug-watchos/CrashReporter-t.build/Objects-normal/arm64_32/PLCrashAsyncImageList.dia -c /Users/admin/builder/spi-builder-workspace/Source/PLCrashAsyncImageList.cpp -o /Users/admin/builder/spi-builder-workspace/.derivedData/Build/Intermediates.noindex/PLCrashReporter.build/Debug-watchos/CrashReporter-t.build/Objects-normal/arm64_32/PLCrashAsyncImageList.o -index-unit-output-path /PLCrashReporter.build/Debug-watchos/CrashReporter-t.build/Objects-normal/arm64_32/PLCrashAsyncImageList.o
CompileC /Users/admin/builder/spi-builder-workspace/.derivedData/Build/Intermediates.noindex/PLCrashReporter.build/Debug-watchos/CrashReporter-t.build/Objects-normal/arm64_32/PLCrashAsyncObjCSection.o /Users/admin/builder/spi-builder-workspace/Source/PLCrashAsyncObjCSection.mm normal arm64_32 objective-c++ com.apple.compilers.llvm.clang.1_0.compiler (in target 'CrashReporter' from project 'PLCrashReporter')
    cd /Users/admin/builder/spi-builder-workspace/.swiftpm/xcode

    Using response file: /Users/admin/builder/spi-builder-workspace/.derivedData/Build/Intermediates.noindex/PLCrashReporter.build/Debug-watchos/CrashReporter-t.build/Objects-normal/arm64_32/af3fcb34312c57c0f52879cdce924b91-common-args.resp

    /Applications/Xcode-27.0.0-Release.Candidate.app/Contents/Developer/Toolchains/XcodeDefault.xctoolchain/usr/bin/clang -x objective-c++ -ivfsstatcache /Users/admin/builder/spi-builder-workspace/.derivedData/SDKStatCaches.noindex/watchos27.0-24R360-e829b21a6f8c9b70876ba0858053c04477534ef55a1706bf4c1112bbb242f0a2.sdkstatcache -target arm64_32-apple-watchos9.0 -fmessage-length\=0 -fdiagnostics-show-note-include-stack -fmacro-backtrace-limit\=0 -fno-color-diagnostics -fmodules-prune-interval\=86400 -fmodules-prune-after\=345600 -fbuild-session-file\=/Users/admin/builder/spi-builder-workspace/.derivedData/ModuleCache.noindex/Session.modulevalidation -fmodules-validate-once-per-build-session -Wnon-modular-include-in-framework-module -Werror\=non-modular-include-in-framework-module -Wno-trigraphs -Wno-missing-field-initializers -Wno-missing-prototypes -Wno-return-type -Wno-implicit-atomic-properties -Wno-objc-interface-ivars -Wno-arc-repeated-use-of-weak -Wno-non-virtual-dtor -Wno-overloaded-virtual -Wno-exit-time-destructors -Wno-missing-braces -Wparentheses -Wswitch -Wno-unused-function -Wno-unused-label -Wno-unused-parameter -Wno-unused-variable -Wunused-value -Wno-empty-body -Wno-uninitialized -Wno-unknown-pragmas -Wno-shadow -Wno-four-char-constants -Wno-conversion -Wno-constant-conversion -Wno-int-conversion -Wno-bool-conversion -Wno-enum-conversion -Wno-float-conversion -Wno-non-literal-null-conversion -Wno-objc-literal-conversion -Wno-shorten-64-to-32 -Wno-newline-eof -Wno-selector -Wno-strict-selector-match -Wno-undeclared-selector -Wno-deprecated-implementations -Wno-c++11-extensions -Wno-implicit-fallthrough -isysroot /Applications/Xcode-27.0.0-Release.Candidate.app/Contents/Developer/Platforms/WatchOS.platform/Developer/SDKs/WatchOS27.0.sdk -fstrict-aliasing -Wprotocol -Wdeprecated-declarations -Winvalid-offsetof -Wno-sign-conversion -Wno-infinite-recursion -Wno-move -Wno-comma -Wno-block-capture-autoreleasing -Wno-strict-prototypes -Wno-range-loop-analysis -Wno-semicolon-before-method-body -index-store-path /Users/admin/builder/spi-builder-workspace/.derivedData/Index.noindex/DataStore @/Users/admin/builder/spi-builder-workspace/.derivedData/Build/Intermediates.noindex/PLCrashReporter.build/Debug-watchos/CrashReporter-t.build/Objects-normal/arm64_32/af3fcb34312c57c0f52879cdce924b91-common-args.resp -include /Users/admin/builder/spi-builder-workspace/.derivedData/Build/Intermediates.noindex/PLCrashReporter.build/Debug-watchos/CrashReporter-t.build/DerivedSources/resource_bundle_accessor.h -MMD -MT dependencies -MF /Users/admin/builder/spi-builder-workspace/.derivedData/Build/Intermediates.noindex/PLCrashReporter.build/Debug-watchos/CrashReporter-t.build/Objects-normal/arm64_32/PLCrashAsyncObjCSection.d --serialize-diagnostics /Users/admin/builder/spi-builder-workspace/.derivedData/Build/Intermediates.noindex/PLCrashReporter.build/Debug-watchos/CrashReporter-t.build/Objects-normal/arm64_32/PLCrashAsyncObjCSection.dia -c /Users/admin/builder/spi-builder-workspace/Source/PLCrashAsyncObjCSection.mm -o /Users/admin/builder/spi-builder-workspace/.derivedData/Build/Intermediates.noindex/PLCrashReporter.build/Debug-watchos/CrashReporter-t.build/Objects-normal/arm64_32/PLCrashAsyncObjCSection.o -index-unit-output-path /PLCrashReporter.build/Debug-watchos/CrashReporter-t.build/Objects-normal/arm64_32/PLCrashAsyncObjCSection.o
CompileC /Users/admin/builder/spi-builder-workspace/.derivedData/Build/Intermediates.noindex/PLCrashReporter.build/Debug-watchos/CrashReporter-t.build/Objects-normal/arm64_32/PLCrashAsyncDwarfPrimitives.o /Users/admin/builder/spi-builder-workspace/Source/PLCrashAsyncDwarfPrimitives.cpp normal arm64_32 c++ com.apple.compilers.llvm.clang.1_0.compiler (in target 'CrashReporter' from project 'PLCrashReporter')
    cd /Users/admin/builder/spi-builder-workspace/.swiftpm/xcode

    Using response file: /Users/admin/builder/spi-builder-workspace/.derivedData/Build/Intermediates.noindex/PLCrashReporter.build/Debug-watchos/CrashReporter-t.build/Objects-normal/arm64_32/82b82416624d2658e5098eb0a28c15c5-common-args.resp

    /Applications/Xcode-27.0.0-Release.Candidate.app/Contents/Developer/Toolchains/XcodeDefault.xctoolchain/usr/bin/clang -x c++ -ivfsstatcache /Users/admin/builder/spi-builder-workspace/.derivedData/SDKStatCaches.noindex/watchos27.0-24R360-e829b21a6f8c9b70876ba0858053c04477534ef55a1706bf4c1112bbb242f0a2.sdkstatcache -target arm64_32-apple-watchos9.0 -fmessage-length\=0 -fdiagnostics-show-note-include-stack -fmacro-backtrace-limit\=0 -fno-color-diagnostics -fmodules-prune-interval\=86400 -fmodules-prune-after\=345600 -fbuild-session-file\=/Users/admin/builder/spi-builder-workspace/.derivedData/ModuleCache.noindex/Session.modulevalidation -fmodules-validate-once-per-build-session -Wnon-modular-include-in-framework-module -Werror\=non-modular-include-in-framework-module -Wno-trigraphs -Wno-missing-field-initializers -Wno-missing-prototypes -Wno-return-type -Wno-non-virtual-dtor -Wno-overloaded-virtual -Wno-exit-time-destructors -Wno-missing-braces -Wparentheses -Wswitch -Wno-unused-function -Wno-unused-label -Wno-unused-parameter -Wno-unused-variable -Wunused-value -Wno-empty-body -Wno-uninitialized -Wno-unknown-pragmas -Wno-shadow -Wno-four-char-constants -Wno-conversion -Wno-constant-conversion -Wno-int-conversion -Wno-bool-conversion -Wno-enum-conversion -Wno-float-conversion -Wno-non-literal-null-conversion -Wno-objc-literal-conversion -Wno-shorten-64-to-32 -Wno-newline-eof -Wno-c++11-extensions -Wno-implicit-fallthrough -isysroot /Applications/Xcode-27.0.0-Release.Candidate.app/Contents/Developer/Platforms/WatchOS.platform/Developer/SDKs/WatchOS27.0.sdk -fstrict-aliasing -Wdeprecated-declarations -Winvalid-offsetof -Wno-sign-conversion -Wno-infinite-recursion -Wno-move -Wno-comma -Wno-block-capture-autoreleasing -Wno-strict-prototypes -Wno-range-loop-analysis -Wno-semicolon-before-method-body -index-store-path /Users/admin/builder/spi-builder-workspace/.derivedData/Index.noindex/DataStore @/Users/admin/builder/spi-builder-workspace/.derivedData/Build/Intermediates.noindex/PLCrashReporter.build/Debug-watchos/CrashReporter-t.build/Objects-normal/arm64_32/82b82416624d2658e5098eb0a28c15c5-common-args.resp -MMD -MT dependencies -MF /Users/admin/builder/spi-builder-workspace/.derivedData/Build/Intermediates.noindex/PLCrashReporter.build/Debug-watchos/CrashReporter-t.build/Objects-normal/arm64_32/PLCrashAsyncDwarfPrimitives.d --serialize-diagnostics /Users/admin/builder/spi-builder-workspace/.derivedData/Build/Intermediates.noindex/PLCrashReporter.build/Debug-watchos/CrashReporter-t.build/Objects-normal/arm64_32/PLCrashAsyncDwarfPrimitives.dia -c /Users/admin/builder/spi-builder-workspace/Source/PLCrashAsyncDwarfPrimitives.cpp -o /Users/admin/builder/spi-builder-workspace/.derivedData/Build/Intermediates.noindex/PLCrashReporter.build/Debug-watchos/CrashReporter-t.build/Objects-normal/arm64_32/PLCrashAsyncDwarfPrimitives.o -index-unit-output-path /PLCrashReporter.build/Debug-watchos/CrashReporter-t.build/Objects-normal/arm64_32/PLCrashAsyncDwarfPrimitives.o
CompileC /Users/admin/builder/spi-builder-workspace/.derivedData/Build/Intermediates.noindex/PLCrashReporter.build/Debug-watchos/CrashReporter-t.build/Objects-normal/arm64_32/PLCrashAsyncDwarfFDE.o /Users/admin/builder/spi-builder-workspace/Source/PLCrashAsyncDwarfFDE.cpp normal arm64_32 c++ com.apple.compilers.llvm.clang.1_0.compiler (in target 'CrashReporter' from project 'PLCrashReporter')
    cd /Users/admin/builder/spi-builder-workspace/.swiftpm/xcode

    Using response file: /Users/admin/builder/spi-builder-workspace/.derivedData/Build/Intermediates.noindex/PLCrashReporter.build/Debug-watchos/CrashReporter-t.build/Objects-normal/arm64_32/82b82416624d2658e5098eb0a28c15c5-common-args.resp

    /Applications/Xcode-27.0.0-Release.Candidate.app/Contents/Developer/Toolchains/XcodeDefault.xctoolchain/usr/bin/clang -x c++ -ivfsstatcache /Users/admin/builder/spi-builder-workspace/.derivedData/SDKStatCaches.noindex/watchos27.0-24R360-e829b21a6f8c9b70876ba0858053c04477534ef55a1706bf4c1112bbb242f0a2.sdkstatcache -target arm64_32-apple-watchos9.0 -fmessage-length\=0 -fdiagnostics-show-note-include-stack -fmacro-backtrace-limit\=0 -fno-color-diagnostics -fmodules-prune-interval\=86400 -fmodules-prune-after\=345600 -fbuild-session-file\=/Users/admin/builder/spi-builder-workspace/.derivedData/ModuleCache.noindex/Session.modulevalidation -fmodules-validate-once-per-build-session -Wnon-modular-include-in-framework-module -Werror\=non-modular-include-in-framework-module -Wno-trigraphs -Wno-missing-field-initializers -Wno-missing-prototypes -Wno-return-type -Wno-non-virtual-dtor -Wno-overloaded-virtual -Wno-exit-time-destructors -Wno-missing-braces -Wparentheses -Wswitch -Wno-unused-function -Wno-unused-label -Wno-unused-parameter -Wno-unused-variable -Wunused-value -Wno-empty-body -Wno-uninitialized -Wno-unknown-pragmas -Wno-shadow -Wno-four-char-constants -Wno-conversion -Wno-constant-conversion -Wno-int-conversion -Wno-bool-conversion -Wno-enum-conversion -Wno-float-conversion -Wno-non-literal-null-conversion -Wno-objc-literal-conversion -Wno-shorten-64-to-32 -Wno-newline-eof -Wno-c++11-extensions -Wno-implicit-fallthrough -isysroot /Applications/Xcode-27.0.0-Release.Candidate.app/Contents/Developer/Platforms/WatchOS.platform/Developer/SDKs/WatchOS27.0.sdk -fstrict-aliasing -Wdeprecated-declarations -Winvalid-offsetof -Wno-sign-conversion -Wno-infinite-recursion -Wno-move -Wno-comma -Wno-block-capture-autoreleasing -Wno-strict-prototypes -Wno-range-loop-analysis -Wno-semicolon-before-method-body -index-store-path /Users/admin/builder/spi-builder-workspace/.derivedData/Index.noindex/DataStore @/Users/admin/builder/spi-builder-workspace/.derivedData/Build/Intermediates.noindex/PLCrashReporter.build/Debug-watchos/CrashReporter-t.build/Objects-normal/arm64_32/82b82416624d2658e5098eb0a28c15c5-common-args.resp -MMD -MT dependencies -MF /Users/admin/builder/spi-builder-workspace/.derivedData/Build/Intermediates.noindex/PLCrashReporter.build/Debug-watchos/CrashReporter-t.build/Objects-normal/arm64_32/PLCrashAsyncDwarfFDE.d --serialize-diagnostics /Users/admin/builder/spi-builder-workspace/.derivedData/Build/Intermediates.noindex/PLCrashReporter.build/Debug-watchos/CrashReporter-t.build/Objects-normal/arm64_32/PLCrashAsyncDwarfFDE.dia -c /Users/admin/builder/spi-builder-workspace/Source/PLCrashAsyncDwarfFDE.cpp -o /Users/admin/builder/spi-builder-workspace/.derivedData/Build/Intermediates.noindex/PLCrashReporter.build/Debug-watchos/CrashReporter-t.build/Objects-normal/arm64_32/PLCrashAsyncDwarfFDE.o -index-unit-output-path /PLCrashReporter.build/Debug-watchos/CrashReporter-t.build/Objects-normal/arm64_32/PLCrashAsyncDwarfFDE.o
CompileC /Users/admin/builder/spi-builder-workspace/.derivedData/Build/Intermediates.noindex/PLCrashReporter.build/Debug-watchos/CrashReporter-t.build/Objects-normal/arm64_32/PLCrashAsyncDwarfExpression.o /Users/admin/builder/spi-builder-workspace/Source/PLCrashAsyncDwarfExpression.cpp normal arm64_32 c++ com.apple.compilers.llvm.clang.1_0.compiler (in target 'CrashReporter' from project 'PLCrashReporter')
    cd /Users/admin/builder/spi-builder-workspace/.swiftpm/xcode

    Using response file: /Users/admin/builder/spi-builder-workspace/.derivedData/Build/Intermediates.noindex/PLCrashReporter.build/Debug-watchos/CrashReporter-t.build/Objects-normal/arm64_32/82b82416624d2658e5098eb0a28c15c5-common-args.resp

    /Applications/Xcode-27.0.0-Release.Candidate.app/Contents/Developer/Toolchains/XcodeDefault.xctoolchain/usr/bin/clang -x c++ -ivfsstatcache /Users/admin/builder/spi-builder-workspace/.derivedData/SDKStatCaches.noindex/watchos27.0-24R360-e829b21a6f8c9b70876ba0858053c04477534ef55a1706bf4c1112bbb242f0a2.sdkstatcache -target arm64_32-apple-watchos9.0 -fmessage-length\=0 -fdiagnostics-show-note-include-stack -fmacro-backtrace-limit\=0 -fno-color-diagnostics -fmodules-prune-interval\=86400 -fmodules-prune-after\=345600 -fbuild-session-file\=/Users/admin/builder/spi-builder-workspace/.derivedData/ModuleCache.noindex/Session.modulevalidation -fmodules-validate-once-per-build-session -Wnon-modular-include-in-framework-module -Werror\=non-modular-include-in-framework-module -Wno-trigraphs -Wno-missing-field-initializers -Wno-missing-prototypes -Wno-return-type -Wno-non-virtual-dtor -Wno-overloaded-virtual -Wno-exit-time-destructors -Wno-missing-braces -Wparentheses -Wswitch -Wno-unused-function -Wno-unused-label -Wno-unused-parameter -Wno-unused-variable -Wunused-value -Wno-empty-body -Wno-uninitialized -Wno-unknown-pragmas -Wno-shadow -Wno-four-char-constants -Wno-conversion -Wno-constant-conversion -Wno-int-conversion -Wno-bool-conversion -Wno-enum-conversion -Wno-float-conversion -Wno-non-literal-null-conversion -Wno-objc-literal-conversion -Wno-shorten-64-to-32 -Wno-newline-eof -Wno-c++11-extensions -Wno-implicit-fallthrough -isysroot /Applications/Xcode-27.0.0-Release.Candidate.app/Contents/Developer/Platforms/WatchOS.platform/Developer/SDKs/WatchOS27.0.sdk -fstrict-aliasing -Wdeprecated-declarations -Winvalid-offsetof -Wno-sign-conversion -Wno-infinite-recursion -Wno-move -Wno-comma -Wno-block-capture-autoreleasing -Wno-strict-prototypes -Wno-range-loop-analysis -Wno-semicolon-before-method-body -index-store-path /Users/admin/builder/spi-builder-workspace/.derivedData/Index.noindex/DataStore @/Users/admin/builder/spi-builder-workspace/.derivedData/Build/Intermediates.noindex/PLCrashReporter.build/Debug-watchos/CrashReporter-t.build/Objects-normal/arm64_32/82b82416624d2658e5098eb0a28c15c5-common-args.resp -MMD -MT dependencies -MF /Users/admin/builder/spi-builder-workspace/.derivedData/Build/Intermediates.noindex/PLCrashReporter.build/Debug-watchos/CrashReporter-t.build/Objects-normal/arm64_32/PLCrashAsyncDwarfExpression.d --serialize-diagnostics /Users/admin/builder/spi-builder-workspace/.derivedData/Build/Intermediates.noindex/PLCrashReporter.build/Debug-watchos/CrashReporter-t.build/Objects-normal/arm64_32/PLCrashAsyncDwarfExpression.dia -c /Users/admin/builder/spi-builder-workspace/Source/PLCrashAsyncDwarfExpression.cpp -o /Users/admin/builder/spi-builder-workspace/.derivedData/Build/Intermediates.noindex/PLCrashReporter.build/Debug-watchos/CrashReporter-t.build/Objects-normal/arm64_32/PLCrashAsyncDwarfExpression.o -index-unit-output-path /PLCrashReporter.build/Debug-watchos/CrashReporter-t.build/Objects-normal/arm64_32/PLCrashAsyncDwarfExpression.o
CompileC /Users/admin/builder/spi-builder-workspace/.derivedData/Build/Intermediates.noindex/PLCrashReporter.build/Debug-watchos/CrashReporter-t.build/Objects-normal/arm64_32/PLCrashAsyncDwarfEncoding.o /Users/admin/builder/spi-builder-workspace/Source/PLCrashAsyncDwarfEncoding.cpp normal arm64_32 c++ com.apple.compilers.llvm.clang.1_0.compiler (in target 'CrashReporter' from project 'PLCrashReporter')
    cd /Users/admin/builder/spi-builder-workspace/.swiftpm/xcode

    Using response file: /Users/admin/builder/spi-builder-workspace/.derivedData/Build/Intermediates.noindex/PLCrashReporter.build/Debug-watchos/CrashReporter-t.build/Objects-normal/arm64_32/82b82416624d2658e5098eb0a28c15c5-common-args.resp

    /Applications/Xcode-27.0.0-Release.Candidate.app/Contents/Developer/Toolchains/XcodeDefault.xctoolchain/usr/bin/clang -x c++ -ivfsstatcache /Users/admin/builder/spi-builder-workspace/.derivedData/SDKStatCaches.noindex/watchos27.0-24R360-e829b21a6f8c9b70876ba0858053c04477534ef55a1706bf4c1112bbb242f0a2.sdkstatcache -target arm64_32-apple-watchos9.0 -fmessage-length\=0 -fdiagnostics-show-note-include-stack -fmacro-backtrace-limit\=0 -fno-color-diagnostics -fmodules-prune-interval\=86400 -fmodules-prune-after\=345600 -fbuild-session-file\=/Users/admin/builder/spi-builder-workspace/.derivedData/ModuleCache.noindex/Session.modulevalidation -fmodules-validate-once-per-build-session -Wnon-modular-include-in-framework-module -Werror\=non-modular-include-in-framework-module -Wno-trigraphs -Wno-missing-field-initializers -Wno-missing-prototypes -Wno-return-type -Wno-non-virtual-dtor -Wno-overloaded-virtual -Wno-exit-time-destructors -Wno-missing-braces -Wparentheses -Wswitch -Wno-unused-function -Wno-unused-label -Wno-unused-parameter -Wno-unused-variable -Wunused-value -Wno-empty-body -Wno-uninitialized -Wno-unknown-pragmas -Wno-shadow -Wno-four-char-constants -Wno-conversion -Wno-constant-conversion -Wno-int-conversion -Wno-bool-conversion -Wno-enum-conversion -Wno-float-conversion -Wno-non-literal-null-conversion -Wno-objc-literal-conversion -Wno-shorten-64-to-32 -Wno-newline-eof -Wno-c++11-extensions -Wno-implicit-fallthrough -isysroot /Applications/Xcode-27.0.0-Release.Candidate.app/Contents/Developer/Platforms/WatchOS.platform/Developer/SDKs/WatchOS27.0.sdk -fstrict-aliasing -Wdeprecated-declarations -Winvalid-offsetof -Wno-sign-conversion -Wno-infinite-recursion -Wno-move -Wno-comma -Wno-block-capture-autoreleasing -Wno-strict-prototypes -Wno-range-loop-analysis -Wno-semicolon-before-method-body -index-store-path /Users/admin/builder/spi-builder-workspace/.derivedData/Index.noindex/DataStore @/Users/admin/builder/spi-builder-workspace/.derivedData/Build/Intermediates.noindex/PLCrashReporter.build/Debug-watchos/CrashReporter-t.build/Objects-normal/arm64_32/82b82416624d2658e5098eb0a28c15c5-common-args.resp -MMD -MT dependencies -MF /Users/admin/builder/spi-builder-workspace/.derivedData/Build/Intermediates.noindex/PLCrashReporter.build/Debug-watchos/CrashReporter-t.build/Objects-normal/arm64_32/PLCrashAsyncDwarfEncoding.d --serialize-diagnostics /Users/admin/builder/spi-builder-workspace/.derivedData/Build/Intermediates.noindex/PLCrashReporter.build/Debug-watchos/CrashReporter-t.build/Objects-normal/arm64_32/PLCrashAsyncDwarfEncoding.dia -c /Users/admin/builder/spi-builder-workspace/Source/PLCrashAsyncDwarfEncoding.cpp -o /Users/admin/builder/spi-builder-workspace/.derivedData/Build/Intermediates.noindex/PLCrashReporter.build/Debug-watchos/CrashReporter-t.build/Objects-normal/arm64_32/PLCrashAsyncDwarfEncoding.o -index-unit-output-path /PLCrashReporter.build/Debug-watchos/CrashReporter-t.build/Objects-normal/arm64_32/PLCrashAsyncDwarfEncoding.o
CompileC /Users/admin/builder/spi-builder-workspace/.derivedData/Build/Intermediates.noindex/PLCrashReporter.build/Debug-watchos/CrashReporter-t.build/Objects-normal/arm64_32/PLCrashAsyncDwarfCIE.o /Users/admin/builder/spi-builder-workspace/Source/PLCrashAsyncDwarfCIE.cpp normal arm64_32 c++ com.apple.compilers.llvm.clang.1_0.compiler (in target 'CrashReporter' from project 'PLCrashReporter')
    cd /Users/admin/builder/spi-builder-workspace/.swiftpm/xcode

    Using response file: /Users/admin/builder/spi-builder-workspace/.derivedData/Build/Intermediates.noindex/PLCrashReporter.build/Debug-watchos/CrashReporter-t.build/Objects-normal/arm64_32/82b82416624d2658e5098eb0a28c15c5-common-args.resp

    /Applications/Xcode-27.0.0-Release.Candidate.app/Contents/Developer/Toolchains/XcodeDefault.xctoolchain/usr/bin/clang -x c++ -ivfsstatcache /Users/admin/builder/spi-builder-workspace/.derivedData/SDKStatCaches.noindex/watchos27.0-24R360-e829b21a6f8c9b70876ba0858053c04477534ef55a1706bf4c1112bbb242f0a2.sdkstatcache -target arm64_32-apple-watchos9.0 -fmessage-length\=0 -fdiagnostics-show-note-include-stack -fmacro-backtrace-limit\=0 -fno-color-diagnostics -fmodules-prune-interval\=86400 -fmodules-prune-after\=345600 -fbuild-session-file\=/Users/admin/builder/spi-builder-workspace/.derivedData/ModuleCache.noindex/Session.modulevalidation -fmodules-validate-once-per-build-session -Wnon-modular-include-in-framework-module -Werror\=non-modular-include-in-framework-module -Wno-trigraphs -Wno-missing-field-initializers -Wno-missing-prototypes -Wno-return-type -Wno-non-virtual-dtor -Wno-overloaded-virtual -Wno-exit-time-destructors -Wno-missing-braces -Wparentheses -Wswitch -Wno-unused-function -Wno-unused-label -Wno-unused-parameter -Wno-unused-variable -Wunused-value -Wno-empty-body -Wno-uninitialized -Wno-unknown-pragmas -Wno-shadow -Wno-four-char-constants -Wno-conversion -Wno-constant-conversion -Wno-int-conversion -Wno-bool-conversion -Wno-enum-conversion -Wno-float-conversion -Wno-non-literal-null-conversion -Wno-objc-literal-conversion -Wno-shorten-64-to-32 -Wno-newline-eof -Wno-c++11-extensions -Wno-implicit-fallthrough -isysroot /Applications/Xcode-27.0.0-Release.Candidate.app/Contents/Developer/Platforms/WatchOS.platform/Developer/SDKs/WatchOS27.0.sdk -fstrict-aliasing -Wdeprecated-declarations -Winvalid-offsetof -Wno-sign-conversion -Wno-infinite-recursion -Wno-move -Wno-comma -Wno-block-capture-autoreleasing -Wno-strict-prototypes -Wno-range-loop-analysis -Wno-semicolon-before-method-body -index-store-path /Users/admin/builder/spi-builder-workspace/.derivedData/Index.noindex/DataStore @/Users/admin/builder/spi-builder-workspace/.derivedData/Build/Intermediates.noindex/PLCrashReporter.build/Debug-watchos/CrashReporter-t.build/Objects-normal/arm64_32/82b82416624d2658e5098eb0a28c15c5-common-args.resp -MMD -MT dependencies -MF /Users/admin/builder/spi-builder-workspace/.derivedData/Build/Intermediates.noindex/PLCrashReporter.build/Debug-watchos/CrashReporter-t.build/Objects-normal/arm64_32/PLCrashAsyncDwarfCIE.d --serialize-diagnostics /Users/admin/builder/spi-builder-workspace/.derivedData/Build/Intermediates.noindex/PLCrashReporter.build/Debug-watchos/CrashReporter-t.build/Objects-normal/arm64_32/PLCrashAsyncDwarfCIE.dia -c /Users/admin/builder/spi-builder-workspace/Source/PLCrashAsyncDwarfCIE.cpp -o /Users/admin/builder/spi-builder-workspace/.derivedData/Build/Intermediates.noindex/PLCrashReporter.build/Debug-watchos/CrashReporter-t.build/Objects-normal/arm64_32/PLCrashAsyncDwarfCIE.o -index-unit-output-path /PLCrashReporter.build/Debug-watchos/CrashReporter-t.build/Objects-normal/arm64_32/PLCrashAsyncDwarfCIE.o
CompileC /Users/admin/builder/spi-builder-workspace/.derivedData/Build/Intermediates.noindex/PLCrashReporter.build/Debug-watchos/CrashReporter-t.build/Objects-normal/arm64_32/PLCrashAsyncDwarfCFAStateEvaluation.o /Users/admin/builder/spi-builder-workspace/Source/PLCrashAsyncDwarfCFAStateEvaluation.cpp normal arm64_32 c++ com.apple.compilers.llvm.clang.1_0.compiler (in target 'CrashReporter' from project 'PLCrashReporter')
    cd /Users/admin/builder/spi-builder-workspace/.swiftpm/xcode

    Using response file: /Users/admin/builder/spi-builder-workspace/.derivedData/Build/Intermediates.noindex/PLCrashReporter.build/Debug-watchos/CrashReporter-t.build/Objects-normal/arm64_32/82b82416624d2658e5098eb0a28c15c5-common-args.resp

    /Applications/Xcode-27.0.0-Release.Candidate.app/Contents/Developer/Toolchains/XcodeDefault.xctoolchain/usr/bin/clang -x c++ -ivfsstatcache /Users/admin/builder/spi-builder-workspace/.derivedData/SDKStatCaches.noindex/watchos27.0-24R360-e829b21a6f8c9b70876ba0858053c04477534ef55a1706bf4c1112bbb242f0a2.sdkstatcache -target arm64_32-apple-watchos9.0 -fmessage-length\=0 -fdiagnostics-show-note-include-stack -fmacro-backtrace-limit\=0 -fno-color-diagnostics -fmodules-prune-interval\=86400 -fmodules-prune-after\=345600 -fbuild-session-file\=/Users/admin/builder/spi-builder-workspace/.derivedData/ModuleCache.noindex/Session.modulevalidation -fmodules-validate-once-per-build-session -Wnon-modular-include-in-framework-module -Werror\=non-modular-include-in-framework-module -Wno-trigraphs -Wno-missing-field-initializers -Wno-missing-prototypes -Wno-return-type -Wno-non-virtual-dtor -Wno-overloaded-virtual -Wno-exit-time-destructors -Wno-missing-braces -Wparentheses -Wswitch -Wno-unused-function -Wno-unused-label -Wno-unused-parameter -Wno-unused-variable -Wunused-value -Wno-empty-body -Wno-uninitialized -Wno-unknown-pragmas -Wno-shadow -Wno-four-char-constants -Wno-conversion -Wno-constant-conversion -Wno-int-conversion -Wno-bool-conversion -Wno-enum-conversion -Wno-float-conversion -Wno-non-literal-null-conversion -Wno-objc-literal-conversion -Wno-shorten-64-to-32 -Wno-newline-eof -Wno-c++11-extensions -Wno-implicit-fallthrough -isysroot /Applications/Xcode-27.0.0-Release.Candidate.app/Contents/Developer/Platforms/WatchOS.platform/Developer/SDKs/WatchOS27.0.sdk -fstrict-aliasing -Wdeprecated-declarations -Winvalid-offsetof -Wno-sign-conversion -Wno-infinite-recursion -Wno-move -Wno-comma -Wno-block-capture-autoreleasing -Wno-strict-prototypes -Wno-range-loop-analysis -Wno-semicolon-before-method-body -index-store-path /Users/admin/builder/spi-builder-workspace/.derivedData/Index.noindex/DataStore @/Users/admin/builder/spi-builder-workspace/.derivedData/Build/Intermediates.noindex/PLCrashReporter.build/Debug-watchos/CrashReporter-t.build/Objects-normal/arm64_32/82b82416624d2658e5098eb0a28c15c5-common-args.resp -MMD -MT dependencies -MF /Users/admin/builder/spi-builder-workspace/.derivedData/Build/Intermediates.noindex/PLCrashReporter.build/Debug-watchos/CrashReporter-t.build/Objects-normal/arm64_32/PLCrashAsyncDwarfCFAStateEvaluation.d --serialize-diagnostics /Users/admin/builder/spi-builder-workspace/.derivedData/Build/Intermediates.noindex/PLCrashReporter.build/Debug-watchos/CrashReporter-t.build/Objects-normal/arm64_32/PLCrashAsyncDwarfCFAStateEvaluation.dia -c /Users/admin/builder/spi-builder-workspace/Source/PLCrashAsyncDwarfCFAStateEvaluation.cpp -o /Users/admin/builder/spi-builder-workspace/.derivedData/Build/Intermediates.noindex/PLCrashReporter.build/Debug-watchos/CrashReporter-t.build/Objects-normal/arm64_32/PLCrashAsyncDwarfCFAStateEvaluation.o -index-unit-output-path /PLCrashReporter.build/Debug-watchos/CrashReporter-t.build/Objects-normal/arm64_32/PLCrashAsyncDwarfCFAStateEvaluation.o
CompileC /Users/admin/builder/spi-builder-workspace/.derivedData/Build/Intermediates.noindex/PLCrashReporter.build/Debug-watchos/CrashReporter-t.build/Objects-normal/arm64_32/PLCrashAsyncDwarfCFAState.o /Users/admin/builder/spi-builder-workspace/Source/PLCrashAsyncDwarfCFAState.cpp normal arm64_32 c++ com.apple.compilers.llvm.clang.1_0.compiler (in target 'CrashReporter' from project 'PLCrashReporter')
    cd /Users/admin/builder/spi-builder-workspace/.swiftpm/xcode

    Using response file: /Users/admin/builder/spi-builder-workspace/.derivedData/Build/Intermediates.noindex/PLCrashReporter.build/Debug-watchos/CrashReporter-t.build/Objects-normal/arm64_32/82b82416624d2658e5098eb0a28c15c5-common-args.resp

    /Applications/Xcode-27.0.0-Release.Candidate.app/Contents/Developer/Toolchains/XcodeDefault.xctoolchain/usr/bin/clang -x c++ -ivfsstatcache /Users/admin/builder/spi-builder-workspace/.derivedData/SDKStatCaches.noindex/watchos27.0-24R360-e829b21a6f8c9b70876ba0858053c04477534ef55a1706bf4c1112bbb242f0a2.sdkstatcache -target arm64_32-apple-watchos9.0 -fmessage-length\=0 -fdiagnostics-show-note-include-stack -fmacro-backtrace-limit\=0 -fno-color-diagnostics -fmodules-prune-interval\=86400 -fmodules-prune-after\=345600 -fbuild-session-file\=/Users/admin/builder/spi-builder-workspace/.derivedData/ModuleCache.noindex/Session.modulevalidation -fmodules-validate-once-per-build-session -Wnon-modular-include-in-framework-module -Werror\=non-modular-include-in-framework-module -Wno-trigraphs -Wno-missing-field-initializers -Wno-missing-prototypes -Wno-return-type -Wno-non-virtual-dtor -Wno-overloaded-virtual -Wno-exit-time-destructors -Wno-missing-braces -Wparentheses -Wswitch -Wno-unused-function -Wno-unused-label -Wno-unused-parameter -Wno-unused-variable -Wunused-value -Wno-empty-body -Wno-uninitialized -Wno-unknown-pragmas -Wno-shadow -Wno-four-char-constants -Wno-conversion -Wno-constant-conversion -Wno-int-conversion -Wno-bool-conversion -Wno-enum-conversion -Wno-float-conversion -Wno-non-literal-null-conversion -Wno-objc-literal-conversion -Wno-shorten-64-to-32 -Wno-newline-eof -Wno-c++11-extensions -Wno-implicit-fallthrough -isysroot /Applications/Xcode-27.0.0-Release.Candidate.app/Contents/Developer/Platforms/WatchOS.platform/Developer/SDKs/WatchOS27.0.sdk -fstrict-aliasing -Wdeprecated-declarations -Winvalid-offsetof -Wno-sign-conversion -Wno-infinite-recursion -Wno-move -Wno-comma -Wno-block-capture-autoreleasing -Wno-strict-prototypes -Wno-range-loop-analysis -Wno-semicolon-before-method-body -index-store-path /Users/admin/builder/spi-builder-workspace/.derivedData/Index.noindex/DataStore @/Users/admin/builder/spi-builder-workspace/.derivedData/Build/Intermediates.noindex/PLCrashReporter.build/Debug-watchos/CrashReporter-t.build/Objects-normal/arm64_32/82b82416624d2658e5098eb0a28c15c5-common-args.resp -MMD -MT dependencies -MF /Users/admin/builder/spi-builder-workspace/.derivedData/Build/Intermediates.noindex/PLCrashReporter.build/Debug-watchos/CrashReporter-t.build/Objects-normal/arm64_32/PLCrashAsyncDwarfCFAState.d --serialize-diagnostics /Users/admin/builder/spi-builder-workspace/.derivedData/Build/Intermediates.noindex/PLCrashReporter.build/Debug-watchos/CrashReporter-t.build/Objects-normal/arm64_32/PLCrashAsyncDwarfCFAState.dia -c /Users/admin/builder/spi-builder-workspace/Source/PLCrashAsyncDwarfCFAState.cpp -o /Users/admin/builder/spi-builder-workspace/.derivedData/Build/Intermediates.noindex/PLCrashReporter.build/Debug-watchos/CrashReporter-t.build/Objects-normal/arm64_32/PLCrashAsyncDwarfCFAState.o -index-unit-output-path /PLCrashReporter.build/Debug-watchos/CrashReporter-t.build/Objects-normal/arm64_32/PLCrashAsyncDwarfCFAState.o
CompileC /Users/admin/builder/spi-builder-workspace/.derivedData/Build/Intermediates.noindex/PLCrashReporter.build/Debug-watchos/CrashReporter-t.build/Objects-normal/arm64/dwarf_opstream.o /Users/admin/builder/spi-builder-workspace/Source/dwarf_opstream.cpp normal arm64 c++ com.apple.compilers.llvm.clang.1_0.compiler (in target 'CrashReporter' from project 'PLCrashReporter')
    cd /Users/admin/builder/spi-builder-workspace/.swiftpm/xcode

    Using response file: /Users/admin/builder/spi-builder-workspace/.derivedData/Build/Intermediates.noindex/PLCrashReporter.build/Debug-watchos/CrashReporter-t.build/Objects-normal/arm64/82b82416624d2658e5098eb0a28c15c5-common-args.resp

    /Applications/Xcode-27.0.0-Release.Candidate.app/Contents/Developer/Toolchains/XcodeDefault.xctoolchain/usr/bin/clang -x c++ -ivfsstatcache /Users/admin/builder/spi-builder-workspace/.derivedData/SDKStatCaches.noindex/watchos27.0-24R360-e829b21a6f8c9b70876ba0858053c04477534ef55a1706bf4c1112bbb242f0a2.sdkstatcache -target arm64-apple-watchos9.0 -fmessage-length\=0 -fdiagnostics-show-note-include-stack -fmacro-backtrace-limit\=0 -fno-color-diagnostics -fmodules-prune-interval\=86400 -fmodules-prune-after\=345600 -fbuild-session-file\=/Users/admin/builder/spi-builder-workspace/.derivedData/ModuleCache.noindex/Session.modulevalidation -fmodules-validate-once-per-build-session -Wnon-modular-include-in-framework-module -Werror\=non-modular-include-in-framework-module -Wno-trigraphs -Wno-missing-field-initializers -Wno-missing-prototypes -Wno-return-type -Wno-non-virtual-dtor -Wno-overloaded-virtual -Wno-exit-time-destructors -Wno-missing-braces -Wparentheses -Wswitch -Wno-unused-function -Wno-unused-label -Wno-unused-parameter -Wno-unused-variable -Wunused-value -Wno-empty-body -Wno-uninitialized -Wno-unknown-pragmas -Wno-shadow -Wno-four-char-constants -Wno-conversion -Wno-constant-conversion -Wno-int-conversion -Wno-bool-conversion -Wno-enum-conversion -Wno-float-conversion -Wno-non-literal-null-conversion -Wno-objc-literal-conversion -Wshorten-64-to-32 -Wno-newline-eof -Wno-c++11-extensions -Wno-implicit-fallthrough -isysroot /Applications/Xcode-27.0.0-Release.Candidate.app/Contents/Developer/Platforms/WatchOS.platform/Developer/SDKs/WatchOS27.0.sdk -fstrict-aliasing -Wdeprecated-declarations -Winvalid-offsetof -Wno-sign-conversion -Wno-infinite-recursion -Wno-move -Wno-comma -Wno-block-capture-autoreleasing -Wno-strict-prototypes -Wno-range-loop-analysis -Wno-semicolon-before-method-body -index-store-path /Users/admin/builder/spi-builder-workspace/.derivedData/Index.noindex/DataStore @/Users/admin/builder/spi-builder-workspace/.derivedData/Build/Intermediates.noindex/PLCrashReporter.build/Debug-watchos/CrashReporter-t.build/Objects-normal/arm64/82b82416624d2658e5098eb0a28c15c5-common-args.resp -MMD -MT dependencies -MF /Users/admin/builder/spi-builder-workspace/.derivedData/Build/Intermediates.noindex/PLCrashReporter.build/Debug-watchos/CrashReporter-t.build/Objects-normal/arm64/dwarf_opstream.d --serialize-diagnostics /Users/admin/builder/spi-builder-workspace/.derivedData/Build/Intermediates.noindex/PLCrashReporter.build/Debug-watchos/CrashReporter-t.build/Objects-normal/arm64/dwarf_opstream.dia -c /Users/admin/builder/spi-builder-workspace/Source/dwarf_opstream.cpp -o /Users/admin/builder/spi-builder-workspace/.derivedData/Build/Intermediates.noindex/PLCrashReporter.build/Debug-watchos/CrashReporter-t.build/Objects-normal/arm64/dwarf_opstream.o -index-unit-output-path /PLCrashReporter.build/Debug-watchos/CrashReporter-t.build/Objects-normal/arm64/dwarf_opstream.o
CompileC /Users/admin/builder/spi-builder-workspace/.derivedData/Build/Intermediates.noindex/PLCrashReporter.build/Debug-watchos/CrashReporter-t.build/Objects-normal/arm64/PLCrashSignalHandler.o /Users/admin/builder/spi-builder-workspace/Source/PLCrashSignalHandler.mm normal arm64 objective-c++ com.apple.compilers.llvm.clang.1_0.compiler (in target 'CrashReporter' from project 'PLCrashReporter')
    cd /Users/admin/builder/spi-builder-workspace/.swiftpm/xcode

    Using response file: /Users/admin/builder/spi-builder-workspace/.derivedData/Build/Intermediates.noindex/PLCrashReporter.build/Debug-watchos/CrashReporter-t.build/Objects-normal/arm64/af3fcb34312c57c0f52879cdce924b91-common-args.resp

    /Applications/Xcode-27.0.0-Release.Candidate.app/Contents/Developer/Toolchains/XcodeDefault.xctoolchain/usr/bin/clang -x objective-c++ -ivfsstatcache /Users/admin/builder/spi-builder-workspace/.derivedData/SDKStatCaches.noindex/watchos27.0-24R360-e829b21a6f8c9b70876ba0858053c04477534ef55a1706bf4c1112bbb242f0a2.sdkstatcache -target arm64-apple-watchos9.0 -fmessage-length\=0 -fdiagnostics-show-note-include-stack -fmacro-backtrace-limit\=0 -fno-color-diagnostics -fmodules-prune-interval\=86400 -fmodules-prune-after\=345600 -fbuild-session-file\=/Users/admin/builder/spi-builder-workspace/.derivedData/ModuleCache.noindex/Session.modulevalidation -fmodules-validate-once-per-build-session -Wnon-modular-include-in-framework-module -Werror\=non-modular-include-in-framework-module -Wno-trigraphs -Wno-missing-field-initializers -Wno-missing-prototypes -Wno-return-type -Wno-implicit-atomic-properties -Wno-objc-interface-ivars -Wno-arc-repeated-use-of-weak -Wno-non-virtual-dtor -Wno-overloaded-virtual -Wno-exit-time-destructors -Wno-missing-braces -Wparentheses -Wswitch -Wno-unused-function -Wno-unused-label -Wno-unused-parameter -Wno-unused-variable -Wunused-value -Wno-empty-body -Wno-uninitialized -Wno-unknown-pragmas -Wno-shadow -Wno-four-char-constants -Wno-conversion -Wno-constant-conversion -Wno-int-conversion -Wno-bool-conversion -Wno-enum-conversion -Wno-float-conversion -Wno-non-literal-null-conversion -Wno-objc-literal-conversion -Wshorten-64-to-32 -Wno-newline-eof -Wno-selector -Wno-strict-selector-match -Wno-undeclared-selector -Wno-deprecated-implementations -Wno-c++11-extensions -Wno-implicit-fallthrough -isysroot /Applications/Xcode-27.0.0-Release.Candidate.app/Contents/Developer/Platforms/WatchOS.platform/Developer/SDKs/WatchOS27.0.sdk -fstrict-aliasing -Wprotocol -Wdeprecated-declarations -Winvalid-offsetof -Wno-sign-conversion -Wno-infinite-recursion -Wno-move -Wno-comma -Wno-block-capture-autoreleasing -Wno-strict-prototypes -Wno-range-loop-analysis -Wno-semicolon-before-method-body -index-store-path /Users/admin/builder/spi-builder-workspace/.derivedData/Index.noindex/DataStore @/Users/admin/builder/spi-builder-workspace/.derivedData/Build/Intermediates.noindex/PLCrashReporter.build/Debug-watchos/CrashReporter-t.build/Objects-normal/arm64/af3fcb34312c57c0f52879cdce924b91-common-args.resp -include /Users/admin/builder/spi-builder-workspace/.derivedData/Build/Intermediates.noindex/PLCrashReporter.build/Debug-watchos/CrashReporter-t.build/DerivedSources/resource_bundle_accessor.h -MMD -MT dependencies -MF /Users/admin/builder/spi-builder-workspace/.derivedData/Build/Intermediates.noindex/PLCrashReporter.build/Debug-watchos/CrashReporter-t.build/Objects-normal/arm64/PLCrashSignalHandler.d --serialize-diagnostics /Users/admin/builder/spi-builder-workspace/.derivedData/Build/Intermediates.noindex/PLCrashReporter.build/Debug-watchos/CrashReporter-t.build/Objects-normal/arm64/PLCrashSignalHandler.dia -c /Users/admin/builder/spi-builder-workspace/Source/PLCrashSignalHandler.mm -o /Users/admin/builder/spi-builder-workspace/.derivedData/Build/Intermediates.noindex/PLCrashReporter.build/Debug-watchos/CrashReporter-t.build/Objects-normal/arm64/PLCrashSignalHandler.o -index-unit-output-path /PLCrashReporter.build/Debug-watchos/CrashReporter-t.build/Objects-normal/arm64/PLCrashSignalHandler.o
CompileC /Users/admin/builder/spi-builder-workspace/.derivedData/Build/Intermediates.noindex/PLCrashReporter.build/Debug-watchos/CrashReporter-t.build/Objects-normal/arm64/PLCrashFrameDWARFUnwind.o /Users/admin/builder/spi-builder-workspace/Source/PLCrashFrameDWARFUnwind.cpp normal arm64 c++ com.apple.compilers.llvm.clang.1_0.compiler (in target 'CrashReporter' from project 'PLCrashReporter')
    cd /Users/admin/builder/spi-builder-workspace/.swiftpm/xcode

    Using response file: /Users/admin/builder/spi-builder-workspace/.derivedData/Build/Intermediates.noindex/PLCrashReporter.build/Debug-watchos/CrashReporter-t.build/Objects-normal/arm64/82b82416624d2658e5098eb0a28c15c5-common-args.resp

    /Applications/Xcode-27.0.0-Release.Candidate.app/Contents/Developer/Toolchains/XcodeDefault.xctoolchain/usr/bin/clang -x c++ -ivfsstatcache /Users/admin/builder/spi-builder-workspace/.derivedData/SDKStatCaches.noindex/watchos27.0-24R360-e829b21a6f8c9b70876ba0858053c04477534ef55a1706bf4c1112bbb242f0a2.sdkstatcache -target arm64-apple-watchos9.0 -fmessage-length\=0 -fdiagnostics-show-note-include-stack -fmacro-backtrace-limit\=0 -fno-color-diagnostics -fmodules-prune-interval\=86400 -fmodules-prune-after\=345600 -fbuild-session-file\=/Users/admin/builder/spi-builder-workspace/.derivedData/ModuleCache.noindex/Session.modulevalidation -fmodules-validate-once-per-build-session -Wnon-modular-include-in-framework-module -Werror\=non-modular-include-in-framework-module -Wno-trigraphs -Wno-missing-field-initializers -Wno-missing-prototypes -Wno-return-type -Wno-non-virtual-dtor -Wno-overloaded-virtual -Wno-exit-time-destructors -Wno-missing-braces -Wparentheses -Wswitch -Wno-unused-function -Wno-unused-label -Wno-unused-parameter -Wno-unused-variable -Wunused-value -Wno-empty-body -Wno-uninitialized -Wno-unknown-pragmas -Wno-shadow -Wno-four-char-constants -Wno-conversion -Wno-constant-conversion -Wno-int-conversion -Wno-bool-conversion -Wno-enum-conversion -Wno-float-conversion -Wno-non-literal-null-conversion -Wno-objc-literal-conversion -Wshorten-64-to-32 -Wno-newline-eof -Wno-c++11-extensions -Wno-implicit-fallthrough -isysroot /Applications/Xcode-27.0.0-Release.Candidate.app/Contents/Developer/Platforms/WatchOS.platform/Developer/SDKs/WatchOS27.0.sdk -fstrict-aliasing -Wdeprecated-declarations -Winvalid-offsetof -Wno-sign-conversion -Wno-infinite-recursion -Wno-move -Wno-comma -Wno-block-capture-autoreleasing -Wno-strict-prototypes -Wno-range-loop-analysis -Wno-semicolon-before-method-body -index-store-path /Users/admin/builder/spi-builder-workspace/.derivedData/Index.noindex/DataStore @/Users/admin/builder/spi-builder-workspace/.derivedData/Build/Intermediates.noindex/PLCrashReporter.build/Debug-watchos/CrashReporter-t.build/Objects-normal/arm64/82b82416624d2658e5098eb0a28c15c5-common-args.resp -MMD -MT dependencies -MF /Users/admin/builder/spi-builder-workspace/.derivedData/Build/Intermediates.noindex/PLCrashReporter.build/Debug-watchos/CrashReporter-t.build/Objects-normal/arm64/PLCrashFrameDWARFUnwind.d --serialize-diagnostics /Users/admin/builder/spi-builder-workspace/.derivedData/Build/Intermediates.noindex/PLCrashReporter.build/Debug-watchos/CrashReporter-t.build/Objects-normal/arm64/PLCrashFrameDWARFUnwind.dia -c /Users/admin/builder/spi-builder-workspace/Source/PLCrashFrameDWARFUnwind.cpp -o /Users/admin/builder/spi-builder-workspace/.derivedData/Build/Intermediates.noindex/PLCrashReporter.build/Debug-watchos/CrashReporter-t.build/Objects-normal/arm64/PLCrashFrameDWARFUnwind.o -index-unit-output-path /PLCrashReporter.build/Debug-watchos/CrashReporter-t.build/Objects-normal/arm64/PLCrashFrameDWARFUnwind.o
CompileC /Users/admin/builder/spi-builder-workspace/.derivedData/Build/Intermediates.noindex/PLCrashReporter.build/Debug-watchos/CrashReporter-t.build/Objects-normal/arm64/PLCrashAsyncThread_current-39c559c4f7283ea4fcb4992724566833.o /Users/admin/builder/spi-builder-workspace/Source/PLCrashAsyncThread_current.S normal arm64 assembler-with-cpp com.apple.compilers.llvm.clang.1_0.compiler (in target 'CrashReporter' from project 'PLCrashReporter')
    cd /Users/admin/builder/spi-builder-workspace/.swiftpm/xcode

    Using response file: /Users/admin/builder/spi-builder-workspace/.derivedData/Build/Intermediates.noindex/PLCrashReporter.build/Debug-watchos/CrashReporter-t.build/Objects-normal/arm64/533656923a283fa776881f304837ed9e-common-args.resp

    /Applications/Xcode-27.0.0-Release.Candidate.app/Contents/Developer/Toolchains/XcodeDefault.xctoolchain/usr/bin/clang -x assembler-with-cpp -ivfsstatcache /Users/admin/builder/spi-builder-workspace/.derivedData/SDKStatCaches.noindex/watchos27.0-24R360-e829b21a6f8c9b70876ba0858053c04477534ef55a1706bf4c1112bbb242f0a2.sdkstatcache -target arm64-apple-watchos9.0 -fmessage-length\=0 -fdiagnostics-show-note-include-stack -fmacro-backtrace-limit\=0 -fno-color-diagnostics -fmodules-prune-interval\=86400 -fmodules-prune-after\=345600 -fbuild-session-file\=/Users/admin/builder/spi-builder-workspace/.derivedData/ModuleCache.noindex/Session.modulevalidation -fmodules-validate-once-per-build-session -Wnon-modular-include-in-framework-module -Werror\=non-modular-include-in-framework-module -Wno-trigraphs -Wno-missing-field-initializers -Wno-missing-prototypes -Wno-return-type -Wno-missing-braces -Wparentheses -Wswitch -Wno-unused-function -Wno-unused-label -Wno-unused-parameter -Wno-unused-variable -Wunused-value -Wno-empty-body -Wno-uninitialized -Wno-unknown-pragmas -Wno-shadow -Wno-four-char-constants -Wno-conversion -Wno-constant-conversion -Wno-int-conversion -Wno-bool-conversion -Wno-enum-conversion -Wno-float-conversion -Wno-non-literal-null-conversion -Wno-objc-literal-conversion -Wshorten-64-to-32 -Wno-newline-eof -Wno-implicit-fallthrough -isysroot /Applications/Xcode-27.0.0-Release.Candidate.app/Contents/Developer/Platforms/WatchOS.platform/Developer/SDKs/WatchOS27.0.sdk -fstrict-aliasing -Wdeprecated-declarations -Wno-sign-conversion -Wno-infinite-recursion -Wno-comma -Wno-block-capture-autoreleasing -Wno-strict-prototypes -Wno-semicolon-before-method-body -index-store-path /Users/admin/builder/spi-builder-workspace/.derivedData/Index.noindex/DataStore @/Users/admin/builder/spi-builder-workspace/.derivedData/Build/Intermediates.noindex/PLCrashReporter.build/Debug-watchos/CrashReporter-t.build/Objects-normal/arm64/533656923a283fa776881f304837ed9e-common-args.resp -MMD -MT dependencies -MF /Users/admin/builder/spi-builder-workspace/.derivedData/Build/Intermediates.noindex/PLCrashReporter.build/Debug-watchos/CrashReporter-t.build/Objects-normal/arm64/PLCrashAsyncThread_current-39c559c4f7283ea4fcb4992724566833.d --serialize-diagnostics /Users/admin/builder/spi-builder-workspace/.derivedData/Build/Intermediates.noindex/PLCrashReporter.build/Debug-watchos/CrashReporter-t.build/Objects-normal/arm64/PLCrashAsyncThread_current-39c559c4f7283ea4fcb4992724566833.dia -c /Users/admin/builder/spi-builder-workspace/Source/PLCrashAsyncThread_current.S -o /Users/admin/builder/spi-builder-workspace/.derivedData/Build/Intermediates.noindex/PLCrashReporter.build/Debug-watchos/CrashReporter-t.build/Objects-normal/arm64/PLCrashAsyncThread_current-39c559c4f7283ea4fcb4992724566833.o -index-unit-output-path /PLCrashReporter.build/Debug-watchos/CrashReporter-t.build/Objects-normal/arm64/PLCrashAsyncThread_current-39c559c4f7283ea4fcb4992724566833.o
CompileC /Users/admin/builder/spi-builder-workspace/.derivedData/Build/Intermediates.noindex/PLCrashReporter.build/Debug-watchos/CrashReporter-t.build/Objects-normal/arm64/PLCrashAsyncObjCSection.o /Users/admin/builder/spi-builder-workspace/Source/PLCrashAsyncObjCSection.mm normal arm64 objective-c++ com.apple.compilers.llvm.clang.1_0.compiler (in target 'CrashReporter' from project 'PLCrashReporter')
    cd /Users/admin/builder/spi-builder-workspace/.swiftpm/xcode

    Using response file: /Users/admin/builder/spi-builder-workspace/.derivedData/Build/Intermediates.noindex/PLCrashReporter.build/Debug-watchos/CrashReporter-t.build/Objects-normal/arm64/af3fcb34312c57c0f52879cdce924b91-common-args.resp

    /Applications/Xcode-27.0.0-Release.Candidate.app/Contents/Developer/Toolchains/XcodeDefault.xctoolchain/usr/bin/clang -x objective-c++ -ivfsstatcache /Users/admin/builder/spi-builder-workspace/.derivedData/SDKStatCaches.noindex/watchos27.0-24R360-e829b21a6f8c9b70876ba0858053c04477534ef55a1706bf4c1112bbb242f0a2.sdkstatcache -target arm64-apple-watchos9.0 -fmessage-length\=0 -fdiagnostics-show-note-include-stack -fmacro-backtrace-limit\=0 -fno-color-diagnostics -fmodules-prune-interval\=86400 -fmodules-prune-after\=345600 -fbuild-session-file\=/Users/admin/builder/spi-builder-workspace/.derivedData/ModuleCache.noindex/Session.modulevalidation -fmodules-validate-once-per-build-session -Wnon-modular-include-in-framework-module -Werror\=non-modular-include-in-framework-module -Wno-trigraphs -Wno-missing-field-initializers -Wno-missing-prototypes -Wno-return-type -Wno-implicit-atomic-properties -Wno-objc-interface-ivars -Wno-arc-repeated-use-of-weak -Wno-non-virtual-dtor -Wno-overloaded-virtual -Wno-exit-time-destructors -Wno-missing-braces -Wparentheses -Wswitch -Wno-unused-function -Wno-unused-label -Wno-unused-parameter -Wno-unused-variable -Wunused-value -Wno-empty-body -Wno-uninitialized -Wno-unknown-pragmas -Wno-shadow -Wno-four-char-constants -Wno-conversion -Wno-constant-conversion -Wno-int-conversion -Wno-bool-conversion -Wno-enum-conversion -Wno-float-conversion -Wno-non-literal-null-conversion -Wno-objc-literal-conversion -Wshorten-64-to-32 -Wno-newline-eof -Wno-selector -Wno-strict-selector-match -Wno-undeclared-selector -Wno-deprecated-implementations -Wno-c++11-extensions -Wno-implicit-fallthrough -isysroot /Applications/Xcode-27.0.0-Release.Candidate.app/Contents/Developer/Platforms/WatchOS.platform/Developer/SDKs/WatchOS27.0.sdk -fstrict-aliasing -Wprotocol -Wdeprecated-declarations -Winvalid-offsetof -Wno-sign-conversion -Wno-infinite-recursion -Wno-move -Wno-comma -Wno-block-capture-autoreleasing -Wno-strict-prototypes -Wno-range-loop-analysis -Wno-semicolon-before-method-body -index-store-path /Users/admin/builder/spi-builder-workspace/.derivedData/Index.noindex/DataStore @/Users/admin/builder/spi-builder-workspace/.derivedData/Build/Intermediates.noindex/PLCrashReporter.build/Debug-watchos/CrashReporter-t.build/Objects-normal/arm64/af3fcb34312c57c0f52879cdce924b91-common-args.resp -include /Users/admin/builder/spi-builder-workspace/.derivedData/Build/Intermediates.noindex/PLCrashReporter.build/Debug-watchos/CrashReporter-t.build/DerivedSources/resource_bundle_accessor.h -MMD -MT dependencies -MF /Users/admin/builder/spi-builder-workspace/.derivedData/Build/Intermediates.noindex/PLCrashReporter.build/Debug-watchos/CrashReporter-t.build/Objects-normal/arm64/PLCrashAsyncObjCSection.d --serialize-diagnostics /Users/admin/builder/spi-builder-workspace/.derivedData/Build/Intermediates.noindex/PLCrashReporter.build/Debug-watchos/CrashReporter-t.build/Objects-normal/arm64/PLCrashAsyncObjCSection.dia -c /Users/admin/builder/spi-builder-workspace/Source/PLCrashAsyncObjCSection.mm -o /Users/admin/builder/spi-builder-workspace/.derivedData/Build/Intermediates.noindex/PLCrashReporter.build/Debug-watchos/CrashReporter-t.build/Objects-normal/arm64/PLCrashAsyncObjCSection.o -index-unit-output-path /PLCrashReporter.build/Debug-watchos/CrashReporter-t.build/Objects-normal/arm64/PLCrashAsyncObjCSection.o
CompileC /Users/admin/builder/spi-builder-workspace/.derivedData/Build/Intermediates.noindex/PLCrashReporter.build/Debug-watchos/CrashReporter-t.build/Objects-normal/arm64/PLCrashAsyncImageList.o /Users/admin/builder/spi-builder-workspace/Source/PLCrashAsyncImageList.cpp normal arm64 c++ com.apple.compilers.llvm.clang.1_0.compiler (in target 'CrashReporter' from project 'PLCrashReporter')
    cd /Users/admin/builder/spi-builder-workspace/.swiftpm/xcode

    Using response file: /Users/admin/builder/spi-builder-workspace/.derivedData/Build/Intermediates.noindex/PLCrashReporter.build/Debug-watchos/CrashReporter-t.build/Objects-normal/arm64/82b82416624d2658e5098eb0a28c15c5-common-args.resp

    /Applications/Xcode-27.0.0-Release.Candidate.app/Contents/Developer/Toolchains/XcodeDefault.xctoolchain/usr/bin/clang -x c++ -ivfsstatcache /Users/admin/builder/spi-builder-workspace/.derivedData/SDKStatCaches.noindex/watchos27.0-24R360-e829b21a6f8c9b70876ba0858053c04477534ef55a1706bf4c1112bbb242f0a2.sdkstatcache -target arm64-apple-watchos9.0 -fmessage-length\=0 -fdiagnostics-show-note-include-stack -fmacro-backtrace-limit\=0 -fno-color-diagnostics -fmodules-prune-interval\=86400 -fmodules-prune-after\=345600 -fbuild-session-file\=/Users/admin/builder/spi-builder-workspace/.derivedData/ModuleCache.noindex/Session.modulevalidation -fmodules-validate-once-per-build-session -Wnon-modular-include-in-framework-module -Werror\=non-modular-include-in-framework-module -Wno-trigraphs -Wno-missing-field-initializers -Wno-missing-prototypes -Wno-return-type -Wno-non-virtual-dtor -Wno-overloaded-virtual -Wno-exit-time-destructors -Wno-missing-braces -Wparentheses -Wswitch -Wno-unused-function -Wno-unused-label -Wno-unused-parameter -Wno-unused-variable -Wunused-value -Wno-empty-body -Wno-uninitialized -Wno-unknown-pragmas -Wno-shadow -Wno-four-char-constants -Wno-conversion -Wno-constant-conversion -Wno-int-conversion -Wno-bool-conversion -Wno-enum-conversion -Wno-float-conversion -Wno-non-literal-null-conversion -Wno-objc-literal-conversion -Wshorten-64-to-32 -Wno-newline-eof -Wno-c++11-extensions -Wno-implicit-fallthrough -isysroot /Applications/Xcode-27.0.0-Release.Candidate.app/Contents/Developer/Platforms/WatchOS.platform/Developer/SDKs/WatchOS27.0.sdk -fstrict-aliasing -Wdeprecated-declarations -Winvalid-offsetof -Wno-sign-conversion -Wno-infinite-recursion -Wno-move -Wno-comma -Wno-block-capture-autoreleasing -Wno-strict-prototypes -Wno-range-loop-analysis -Wno-semicolon-before-method-body -index-store-path /Users/admin/builder/spi-builder-workspace/.derivedData/Index.noindex/DataStore @/Users/admin/builder/spi-builder-workspace/.derivedData/Build/Intermediates.noindex/PLCrashReporter.build/Debug-watchos/CrashReporter-t.build/Objects-normal/arm64/82b82416624d2658e5098eb0a28c15c5-common-args.resp -MMD -MT dependencies -MF /Users/admin/builder/spi-builder-workspace/.derivedData/Build/Intermediates.noindex/PLCrashReporter.build/Debug-watchos/CrashReporter-t.build/Objects-normal/arm64/PLCrashAsyncImageList.d --serialize-diagnostics /Users/admin/builder/spi-builder-workspace/.derivedData/Build/Intermediates.noindex/PLCrashReporter.build/Debug-watchos/CrashReporter-t.build/Objects-normal/arm64/PLCrashAsyncImageList.dia -c /Users/admin/builder/spi-builder-workspace/Source/PLCrashAsyncImageList.cpp -o /Users/admin/builder/spi-builder-workspace/.derivedData/Build/Intermediates.noindex/PLCrashReporter.build/Debug-watchos/CrashReporter-t.build/Objects-normal/arm64/PLCrashAsyncImageList.o -index-unit-output-path /PLCrashReporter.build/Debug-watchos/CrashReporter-t.build/Objects-normal/arm64/PLCrashAsyncImageList.o
CompileC /Users/admin/builder/spi-builder-workspace/.derivedData/Build/Intermediates.noindex/PLCrashReporter.build/Debug-watchos/CrashReporter-t.build/Objects-normal/arm64/PLCrashAsyncDwarfPrimitives.o /Users/admin/builder/spi-builder-workspace/Source/PLCrashAsyncDwarfPrimitives.cpp normal arm64 c++ com.apple.compilers.llvm.clang.1_0.compiler (in target 'CrashReporter' from project 'PLCrashReporter')
    cd /Users/admin/builder/spi-builder-workspace/.swiftpm/xcode

    Using response file: /Users/admin/builder/spi-builder-workspace/.derivedData/Build/Intermediates.noindex/PLCrashReporter.build/Debug-watchos/CrashReporter-t.build/Objects-normal/arm64/82b82416624d2658e5098eb0a28c15c5-common-args.resp

    /Applications/Xcode-27.0.0-Release.Candidate.app/Contents/Developer/Toolchains/XcodeDefault.xctoolchain/usr/bin/clang -x c++ -ivfsstatcache /Users/admin/builder/spi-builder-workspace/.derivedData/SDKStatCaches.noindex/watchos27.0-24R360-e829b21a6f8c9b70876ba0858053c04477534ef55a1706bf4c1112bbb242f0a2.sdkstatcache -target arm64-apple-watchos9.0 -fmessage-length\=0 -fdiagnostics-show-note-include-stack -fmacro-backtrace-limit\=0 -fno-color-diagnostics -fmodules-prune-interval\=86400 -fmodules-prune-after\=345600 -fbuild-session-file\=/Users/admin/builder/spi-builder-workspace/.derivedData/ModuleCache.noindex/Session.modulevalidation -fmodules-validate-once-per-build-session -Wnon-modular-include-in-framework-module -Werror\=non-modular-include-in-framework-module -Wno-trigraphs -Wno-missing-field-initializers -Wno-missing-prototypes -Wno-return-type -Wno-non-virtual-dtor -Wno-overloaded-virtual -Wno-exit-time-destructors -Wno-missing-braces -Wparentheses -Wswitch -Wno-unused-function -Wno-unused-label -Wno-unused-parameter -Wno-unused-variable -Wunused-value -Wno-empty-body -Wno-uninitialized -Wno-unknown-pragmas -Wno-shadow -Wno-four-char-constants -Wno-conversion -Wno-constant-conversion -Wno-int-conversion -Wno-bool-conversion -Wno-enum-conversion -Wno-float-conversion -Wno-non-literal-null-conversion -Wno-objc-literal-conversion -Wshorten-64-to-32 -Wno-newline-eof -Wno-c++11-extensions -Wno-implicit-fallthrough -isysroot /Applications/Xcode-27.0.0-Release.Candidate.app/Contents/Developer/Platforms/WatchOS.platform/Developer/SDKs/WatchOS27.0.sdk -fstrict-aliasing -Wdeprecated-declarations -Winvalid-offsetof -Wno-sign-conversion -Wno-infinite-recursion -Wno-move -Wno-comma -Wno-block-capture-autoreleasing -Wno-strict-prototypes -Wno-range-loop-analysis -Wno-semicolon-before-method-body -index-store-path /Users/admin/builder/spi-builder-workspace/.derivedData/Index.noindex/DataStore @/Users/admin/builder/spi-builder-workspace/.derivedData/Build/Intermediates.noindex/PLCrashReporter.build/Debug-watchos/CrashReporter-t.build/Objects-normal/arm64/82b82416624d2658e5098eb0a28c15c5-common-args.resp -MMD -MT dependencies -MF /Users/admin/builder/spi-builder-workspace/.derivedData/Build/Intermediates.noindex/PLCrashReporter.build/Debug-watchos/CrashReporter-t.build/Objects-normal/arm64/PLCrashAsyncDwarfPrimitives.d --serialize-diagnostics /Users/admin/builder/spi-builder-workspace/.derivedData/Build/Intermediates.noindex/PLCrashReporter.build/Debug-watchos/CrashReporter-t.build/Objects-normal/arm64/PLCrashAsyncDwarfPrimitives.dia -c /Users/admin/builder/spi-builder-workspace/Source/PLCrashAsyncDwarfPrimitives.cpp -o /Users/admin/builder/spi-builder-workspace/.derivedData/Build/Intermediates.noindex/PLCrashReporter.build/Debug-watchos/CrashReporter-t.build/Objects-normal/arm64/PLCrashAsyncDwarfPrimitives.o -index-unit-output-path /PLCrashReporter.build/Debug-watchos/CrashReporter-t.build/Objects-normal/arm64/PLCrashAsyncDwarfPrimitives.o
CompileC /Users/admin/builder/spi-builder-workspace/.derivedData/Build/Intermediates.noindex/PLCrashReporter.build/Debug-watchos/CrashReporter-t.build/Objects-normal/arm64/PLCrashAsyncDwarfFDE.o /Users/admin/builder/spi-builder-workspace/Source/PLCrashAsyncDwarfFDE.cpp normal arm64 c++ com.apple.compilers.llvm.clang.1_0.compiler (in target 'CrashReporter' from project 'PLCrashReporter')
    cd /Users/admin/builder/spi-builder-workspace/.swiftpm/xcode

    Using response file: /Users/admin/builder/spi-builder-workspace/.derivedData/Build/Intermediates.noindex/PLCrashReporter.build/Debug-watchos/CrashReporter-t.build/Objects-normal/arm64/82b82416624d2658e5098eb0a28c15c5-common-args.resp

    /Applications/Xcode-27.0.0-Release.Candidate.app/Contents/Developer/Toolchains/XcodeDefault.xctoolchain/usr/bin/clang -x c++ -ivfsstatcache /Users/admin/builder/spi-builder-workspace/.derivedData/SDKStatCaches.noindex/watchos27.0-24R360-e829b21a6f8c9b70876ba0858053c04477534ef55a1706bf4c1112bbb242f0a2.sdkstatcache -target arm64-apple-watchos9.0 -fmessage-length\=0 -fdiagnostics-show-note-include-stack -fmacro-backtrace-limit\=0 -fno-color-diagnostics -fmodules-prune-interval\=86400 -fmodules-prune-after\=345600 -fbuild-session-file\=/Users/admin/builder/spi-builder-workspace/.derivedData/ModuleCache.noindex/Session.modulevalidation -fmodules-validate-once-per-build-session -Wnon-modular-include-in-framework-module -Werror\=non-modular-include-in-framework-module -Wno-trigraphs -Wno-missing-field-initializers -Wno-missing-prototypes -Wno-return-type -Wno-non-virtual-dtor -Wno-overloaded-virtual -Wno-exit-time-destructors -Wno-missing-braces -Wparentheses -Wswitch -Wno-unused-function -Wno-unused-label -Wno-unused-parameter -Wno-unused-variable -Wunused-value -Wno-empty-body -Wno-uninitialized -Wno-unknown-pragmas -Wno-shadow -Wno-four-char-constants -Wno-conversion -Wno-constant-conversion -Wno-int-conversion -Wno-bool-conversion -Wno-enum-conversion -Wno-float-conversion -Wno-non-literal-null-conversion -Wno-objc-literal-conversion -Wshorten-64-to-32 -Wno-newline-eof -Wno-c++11-extensions -Wno-implicit-fallthrough -isysroot /Applications/Xcode-27.0.0-Release.Candidate.app/Contents/Developer/Platforms/WatchOS.platform/Developer/SDKs/WatchOS27.0.sdk -fstrict-aliasing -Wdeprecated-declarations -Winvalid-offsetof -Wno-sign-conversion -Wno-infinite-recursion -Wno-move -Wno-comma -Wno-block-capture-autoreleasing -Wno-strict-prototypes -Wno-range-loop-analysis -Wno-semicolon-before-method-body -index-store-path /Users/admin/builder/spi-builder-workspace/.derivedData/Index.noindex/DataStore @/Users/admin/builder/spi-builder-workspace/.derivedData/Build/Intermediates.noindex/PLCrashReporter.build/Debug-watchos/CrashReporter-t.build/Objects-normal/arm64/82b82416624d2658e5098eb0a28c15c5-common-args.resp -MMD -MT dependencies -MF /Users/admin/builder/spi-builder-workspace/.derivedData/Build/Intermediates.noindex/PLCrashReporter.build/Debug-watchos/CrashReporter-t.build/Objects-normal/arm64/PLCrashAsyncDwarfFDE.d --serialize-diagnostics /Users/admin/builder/spi-builder-workspace/.derivedData/Build/Intermediates.noindex/PLCrashReporter.build/Debug-watchos/CrashReporter-t.build/Objects-normal/arm64/PLCrashAsyncDwarfFDE.dia -c /Users/admin/builder/spi-builder-workspace/Source/PLCrashAsyncDwarfFDE.cpp -o /Users/admin/builder/spi-builder-workspace/.derivedData/Build/Intermediates.noindex/PLCrashReporter.build/Debug-watchos/CrashReporter-t.build/Objects-normal/arm64/PLCrashAsyncDwarfFDE.o -index-unit-output-path /PLCrashReporter.build/Debug-watchos/CrashReporter-t.build/Objects-normal/arm64/PLCrashAsyncDwarfFDE.o
CompileC /Users/admin/builder/spi-builder-workspace/.derivedData/Build/Intermediates.noindex/PLCrashReporter.build/Debug-watchos/CrashReporter-t.build/Objects-normal/arm64/PLCrashAsyncDwarfExpression.o /Users/admin/builder/spi-builder-workspace/Source/PLCrashAsyncDwarfExpression.cpp normal arm64 c++ com.apple.compilers.llvm.clang.1_0.compiler (in target 'CrashReporter' from project 'PLCrashReporter')
    cd /Users/admin/builder/spi-builder-workspace/.swiftpm/xcode

    Using response file: /Users/admin/builder/spi-builder-workspace/.derivedData/Build/Intermediates.noindex/PLCrashReporter.build/Debug-watchos/CrashReporter-t.build/Objects-normal/arm64/82b82416624d2658e5098eb0a28c15c5-common-args.resp

    /Applications/Xcode-27.0.0-Release.Candidate.app/Contents/Developer/Toolchains/XcodeDefault.xctoolchain/usr/bin/clang -x c++ -ivfsstatcache /Users/admin/builder/spi-builder-workspace/.derivedData/SDKStatCaches.noindex/watchos27.0-24R360-e829b21a6f8c9b70876ba0858053c04477534ef55a1706bf4c1112bbb242f0a2.sdkstatcache -target arm64-apple-watchos9.0 -fmessage-length\=0 -fdiagnostics-show-note-include-stack -fmacro-backtrace-limit\=0 -fno-color-diagnostics -fmodules-prune-interval\=86400 -fmodules-prune-after\=345600 -fbuild-session-file\=/Users/admin/builder/spi-builder-workspace/.derivedData/ModuleCache.noindex/Session.modulevalidation -fmodules-validate-once-per-build-session -Wnon-modular-include-in-framework-module -Werror\=non-modular-include-in-framework-module -Wno-trigraphs -Wno-missing-field-initializers -Wno-missing-prototypes -Wno-return-type -Wno-non-virtual-dtor -Wno-overloaded-virtual -Wno-exit-time-destructors -Wno-missing-braces -Wparentheses -Wswitch -Wno-unused-function -Wno-unused-label -Wno-unused-parameter -Wno-unused-variable -Wunused-value -Wno-empty-body -Wno-uninitialized -Wno-unknown-pragmas -Wno-shadow -Wno-four-char-constants -Wno-conversion -Wno-constant-conversion -Wno-int-conversion -Wno-bool-conversion -Wno-enum-conversion -Wno-float-conversion -Wno-non-literal-null-conversion -Wno-objc-literal-conversion -Wshorten-64-to-32 -Wno-newline-eof -Wno-c++11-extensions -Wno-implicit-fallthrough -isysroot /Applications/Xcode-27.0.0-Release.Candidate.app/Contents/Developer/Platforms/WatchOS.platform/Developer/SDKs/WatchOS27.0.sdk -fstrict-aliasing -Wdeprecated-declarations -Winvalid-offsetof -Wno-sign-conversion -Wno-infinite-recursion -Wno-move -Wno-comma -Wno-block-capture-autoreleasing -Wno-strict-prototypes -Wno-range-loop-analysis -Wno-semicolon-before-method-body -index-store-path /Users/admin/builder/spi-builder-workspace/.derivedData/Index.noindex/DataStore @/Users/admin/builder/spi-builder-workspace/.derivedData/Build/Intermediates.noindex/PLCrashReporter.build/Debug-watchos/CrashReporter-t.build/Objects-normal/arm64/82b82416624d2658e5098eb0a28c15c5-common-args.resp -MMD -MT dependencies -MF /Users/admin/builder/spi-builder-workspace/.derivedData/Build/Intermediates.noindex/PLCrashReporter.build/Debug-watchos/CrashReporter-t.build/Objects-normal/arm64/PLCrashAsyncDwarfExpression.d --serialize-diagnostics /Users/admin/builder/spi-builder-workspace/.derivedData/Build/Intermediates.noindex/PLCrashReporter.build/Debug-watchos/CrashReporter-t.build/Objects-normal/arm64/PLCrashAsyncDwarfExpression.dia -c /Users/admin/builder/spi-builder-workspace/Source/PLCrashAsyncDwarfExpression.cpp -o /Users/admin/builder/spi-builder-workspace/.derivedData/Build/Intermediates.noindex/PLCrashReporter.build/Debug-watchos/CrashReporter-t.build/Objects-normal/arm64/PLCrashAsyncDwarfExpression.o -index-unit-output-path /PLCrashReporter.build/Debug-watchos/CrashReporter-t.build/Objects-normal/arm64/PLCrashAsyncDwarfExpression.o
PruneExplicitPrecompiledModules /Users/admin/builder/spi-builder-workspace/.derivedData/SDKExplicitPrecompiledModules
PruneExplicitPrecompiledModules /Users/admin/builder/spi-builder-workspace/.derivedData/Build/Intermediates.noindex/ExplicitPrecompiledModules
PruneExplicitPrecompiledModules /Users/admin/builder/spi-builder-workspace/.derivedData/Build/Intermediates.noindex/SwiftExplicitPrecompiledModules
2026-09-23 05:55:30.462 xcodebuild[666:4415] [MT] IDERunDestination: Supported platforms for the buildables in the current scheme is empty.
** BUILD FAILED **
The following build commands failed:
	CompileC /Users/admin/builder/spi-builder-workspace/.derivedData/Build/Intermediates.noindex/PLCrashReporter.build/Debug-watchos/CrashReporter-t.build/Objects-normal/arm64_32/PLCrashSignalHandler.o /Users/admin/builder/spi-builder-workspace/Source/PLCrashSignalHandler.mm normal arm64_32 objective-c++ com.apple.compilers.llvm.clang.1_0.compiler (in target 'CrashReporter' from project 'PLCrashReporter')
	Building workspace PLCrashReporter with scheme PLCrashReporter
(2 failures)
Command line invocation:
    /Applications/Xcode-27.0.0-Release.Candidate.app/Contents/Developer/usr/bin/xcodebuild -IDEClonedSourcePackagesDirPathOverride=/Users/admin/builder/spi-builder-workspace/.dependencies -resolvePackageDependencies
Resolve Package Graph
Resolved source packages:
  PLCrashReporter: /Users/admin/builder/spi-builder-workspace
resolved source packages: PLCrashReporter
2026-09-23 05:55:34.269 xcodebuild[745:4637] [MT] IDERunDestination: Supported platforms for the buildables in the current scheme is empty.
{
  "default_localization" : "en",
  "dependencies" : [
  ],
  "manifest_display_name" : "PLCrashReporter",
  "name" : "PLCrashReporter",
  "path" : "/Users/admin/builder/spi-builder-workspace",
  "platforms" : [
    {
      "name" : "ios",
      "version" : "11.0"
    },
    {
      "name" : "macos",
      "version" : "10.10"
    },
    {
      "name" : "tvos",
      "version" : "11.0"
    }
  ],
  "products" : [
    {
      "name" : "CrashReporter",
      "targets" : [
        "CrashReporter"
      ],
      "type" : {
        "library" : [
          "automatic"
        ]
      }
    }
  ],
  "targets" : [
    {
      "c99name" : "CrashReporter",
      "module_type" : "ClangTarget",
      "name" : "CrashReporter",
      "path" : ".",
      "product_memberships" : [
        "CrashReporter"
      ],
      "resources" : [
        {
          "path" : "/Users/admin/builder/spi-builder-workspace/Resources/PrivacyInfo.xcprivacy",
          "rule" : {
            "process" : {
            }
          }
        }
      ],
      "sources" : [
        "Dependencies/protobuf-c/protobuf-c/protobuf-c.c",
        "Source/CrashReporter.m",
        "Source/CrashReporterFramework.m",
        "Source/PLCrashAsync.c",
        "Source/PLCrashAsyncCompactUnwindEncoding.c",
        "Source/PLCrashAsyncDwarfCFAState.cpp",
        "Source/PLCrashAsyncDwarfCFAStateEvaluation.cpp",
        "Source/PLCrashAsyncDwarfCIE.cpp",
        "Source/PLCrashAsyncDwarfEncoding.cpp",
        "Source/PLCrashAsyncDwarfExpression.cpp",
        "Source/PLCrashAsyncDwarfFDE.cpp",
        "Source/PLCrashAsyncDwarfPrimitives.cpp",
        "Source/PLCrashAsyncImageList.cpp",
        "Source/PLCrashAsyncMObject.c",
        "Source/PLCrashAsyncMachExceptionInfo.c",
        "Source/PLCrashAsyncMachOImage.c",
        "Source/PLCrashAsyncMachOString.c",
        "Source/PLCrashAsyncObjCSection.mm",
        "Source/PLCrashAsyncSignalInfo.c",
        "Source/PLCrashAsyncSymbolication.c",
        "Source/PLCrashAsyncThread.c",
        "Source/PLCrashAsyncThread_arm.c",
        "Source/PLCrashAsyncThread_current.S",
        "Source/PLCrashAsyncThread_current.c",
        "Source/PLCrashAsyncThread_x86.c",
        "Source/PLCrashFrameCompactUnwind.c",
        "Source/PLCrashFrameDWARFUnwind.cpp",
        "Source/PLCrashFrameStackUnwind.c",
        "Source/PLCrashFrameWalker.c",
        "Source/PLCrashHostInfo.m",
        "Source/PLCrashLogWriter.m",
        "Source/PLCrashLogWriterEncoding.c",
        "Source/PLCrashMachExceptionPort.m",
        "Source/PLCrashMachExceptionPortSet.m",
        "Source/PLCrashMachExceptionServer.m",
        "Source/PLCrashProcessInfo.m",
        "Source/PLCrashReport.m",
        "Source/PLCrashReport.pb-c.c",
        "Source/PLCrashReportApplicationInfo.m",
        "Source/PLCrashReportBinaryImageInfo.m",
        "Source/PLCrashReportExceptionInfo.m",
        "Source/PLCrashReportMachExceptionInfo.m",
        "Source/PLCrashReportMachineInfo.m",
        "Source/PLCrashReportProcessInfo.m",
        "Source/PLCrashReportProcessorInfo.m",
        "Source/PLCrashReportRegisterInfo.m",
        "Source/PLCrashReportSignalInfo.m",
        "Source/PLCrashReportStackFrameInfo.m",
        "Source/PLCrashReportSymbolInfo.m",
        "Source/PLCrashReportSystemInfo.m",
        "Source/PLCrashReportTextFormatter.m",
        "Source/PLCrashReportThreadInfo.m",
        "Source/PLCrashReporter.m",
        "Source/PLCrashReporterConfig.m",
        "Source/PLCrashReporterNSError.m",
        "Source/PLCrashSignalHandler.mm",
        "Source/PLCrashSysctl.c",
        "Source/PLCrashUncaughtExceptionHandler.m",
        "Source/dwarf_opstream.cpp"
      ],
      "type" : "library"
    }
  ],
  "tools_version" : "5.3"
}
{
  "workspace" : {
    "name" : "PLCrashReporter",
    "schemes" : [
      "PLCrashReporter"
    ]
  }
}
2026-09-23 05:55:35.484 xcodebuild[753:4694] [MT] IDERunDestination: Supported platforms for the buildables in the current scheme is empty.
Running build ...
env DEVELOPER_DIR=/Applications/Xcode-27.0.0-Release.Candidate.app xcrun xcodebuild -IDEClonedSourcePackagesDirPathOverride=$PWD/.dependencies -skipMacroValidation -skipPackagePluginValidation -derivedDataPath $PWD/.derivedData build -scheme PLCrashReporter -destination generic/platform=watchOS
Command line invocation:
    /Applications/Xcode-27.0.0-Release.Candidate.app/Contents/Developer/usr/bin/xcodebuild -IDEClonedSourcePackagesDirPathOverride=/Users/admin/builder/spi-builder-workspace/.dependencies -skipMacroValidation -skipPackagePluginValidation -derivedDataPath /Users/admin/builder/spi-builder-workspace/.derivedData build -scheme PLCrashReporter -destination generic/platform=watchOS
Resolve Package Graph
Resolved source packages:
  PLCrashReporter: /Users/admin/builder/spi-builder-workspace
ComputePackagePrebuildTargetDependencyGraph
Prepare packages
CreateBuildRequest
SendProjectDescription
CreateBuildOperation
ComputeTargetDependencyGraph
note: Building targets in dependency order
note: Target dependency graph (3 targets)
    Target 'CrashReporter-product' in project 'PLCrashReporter'
        ➜ Explicit dependency on target 'CrashReporter' in project 'PLCrashReporter'
        ➜ Explicit dependency on target 'PLCrashReporter_CrashReporter' in project 'PLCrashReporter'
    Target 'CrashReporter' in project 'PLCrashReporter'
        ➜ Explicit dependency on target 'PLCrashReporter_CrashReporter' in project 'PLCrashReporter'
    Target 'PLCrashReporter_CrashReporter' in project 'PLCrashReporter' (no dependencies)
GatherProvisioningInputs
CreateBuildDescription
ClangStatCache /Applications/Xcode-27.0.0-Release.Candidate.app/Contents/Developer/Toolchains/XcodeDefault.xctoolchain/usr/bin/clang-stat-cache /Applications/Xcode-27.0.0-Release.Candidate.app/Contents/Developer/Platforms/WatchOS.platform/Developer/SDKs/WatchOS27.0.sdk /Users/admin/builder/spi-builder-workspace/.derivedData/SDKStatCaches.noindex/watchos27.0-24R360-e829b21a6f8c9b70876ba0858053c04477534ef55a1706bf4c1112bbb242f0a2.sdkstatcache
    cd /Users/admin/builder/spi-builder-workspace/.swiftpm/xcode
    /Applications/Xcode-27.0.0-Release.Candidate.app/Contents/Developer/Toolchains/XcodeDefault.xctoolchain/usr/bin/clang-stat-cache /Applications/Xcode-27.0.0-Release.Candidate.app/Contents/Developer/Platforms/WatchOS.platform/Developer/SDKs/WatchOS27.0.sdk -o /Users/admin/builder/spi-builder-workspace/.derivedData/SDKStatCaches.noindex/watchos27.0-24R360-e829b21a6f8c9b70876ba0858053c04477534ef55a1706bf4c1112bbb242f0a2.sdkstatcache
ScanDependencies /Users/admin/builder/spi-builder-workspace/.derivedData/Build/Intermediates.noindex/PLCrashReporter.build/Debug-watchos/CrashReporter-t.build/Objects-normal/arm64_32/PLCrashReportSymbolInfo.o /Users/admin/builder/spi-builder-workspace/Source/PLCrashReportSymbolInfo.m normal arm64_32 objective-c com.apple.compilers.llvm.clang.1_0.compiler (in target 'CrashReporter' from project 'PLCrashReporter')
    cd /Users/admin/builder/spi-builder-workspace/.swiftpm/xcode

    Using response file: /Users/admin/builder/spi-builder-workspace/.derivedData/Build/Intermediates.noindex/PLCrashReporter.build/Debug-watchos/CrashReporter-t.build/Objects-normal/arm64_32/e6072d4f65d7061329687fe24e3d63a7-common-args.resp

    builtin-ScanDependencies -o /Users/admin/builder/spi-builder-workspace/.derivedData/Build/Intermediates.noindex/PLCrashReporter.build/Debug-watchos/CrashReporter-t.build/Objects-normal/arm64_32/PLCrashReportSymbolInfo.o.scan -- /Applications/Xcode-27.0.0-Release.Candidate.app/Contents/Developer/Toolchains/XcodeDefault.xctoolchain/usr/bin/clang -x objective-c -ivfsstatcache /Users/admin/builder/spi-builder-workspace/.derivedData/SDKStatCaches.noindex/watchos27.0-24R360-e829b21a6f8c9b70876ba0858053c04477534ef55a1706bf4c1112bbb242f0a2.sdkstatcache -target arm64_32-apple-watchos9.0 -fmessage-length\=0 -fdiagnostics-show-note-include-stack -fmacro-backtrace-limit\=0 -fno-color-diagnostics -fmodules-prune-interval\=86400 -fmodules-prune-after\=345600 -fbuild-session-file\=/Users/admin/builder/spi-builder-workspace/.derivedData/ModuleCache.noindex/Session.modulevalidation -fmodules-validate-once-per-build-session -Wnon-modular-include-in-framework-module -Werror\=non-modular-include-in-framework-module -Wno-trigraphs -Wno-missing-field-initializers -Wno-missing-prototypes -Wno-return-type -Wno-implicit-atomic-properties -Wno-objc-interface-ivars -Wno-arc-repeated-use-of-weak -Wno-missing-braces -Wparentheses -Wswitch -Wno-unused-function -Wno-unused-label -Wno-unused-parameter -Wno-unused-variable -Wunused-value -Wno-empty-body -Wno-uninitialized -Wno-unknown-pragmas -Wno-shadow -Wno-four-char-constants -Wno-conversion -Wno-constant-conversion -Wno-int-conversion -Wno-bool-conversion -Wno-enum-conversion -Wno-float-conversion -Wno-non-literal-null-conversion -Wno-objc-literal-conversion -Wno-shorten-64-to-32 -Wpointer-sign -Wno-newline-eof -Wno-selector -Wno-strict-selector-match -Wno-undeclared-selector -Wno-deprecated-implementations -Wno-implicit-fallthrough -isysroot /Applications/Xcode-27.0.0-Release.Candidate.app/Contents/Developer/Platforms/WatchOS.platform/Developer/SDKs/WatchOS27.0.sdk -fstrict-aliasing -Wprotocol -Wdeprecated-declarations -Wno-sign-conversion -Wno-infinite-recursion -Wno-comma -Wno-block-capture-autoreleasing -Wno-strict-prototypes -Wno-semicolon-before-method-body -index-store-path /Users/admin/builder/spi-builder-workspace/.derivedData/Index.noindex/DataStore @/Users/admin/builder/spi-builder-workspace/.derivedData/Build/Intermediates.noindex/PLCrashReporter.build/Debug-watchos/CrashReporter-t.build/Objects-normal/arm64_32/e6072d4f65d7061329687fe24e3d63a7-common-args.resp -include /Users/admin/builder/spi-builder-workspace/.derivedData/Build/Intermediates.noindex/PLCrashReporter.build/Debug-watchos/CrashReporter-t.build/DerivedSources/resource_bundle_accessor.h -MMD -MT dependencies -MF /Users/admin/builder/spi-builder-workspace/.derivedData/Build/Intermediates.noindex/PLCrashReporter.build/Debug-watchos/CrashReporter-t.build/Objects-normal/arm64_32/PLCrashReportSymbolInfo.d --serialize-diagnostics /Users/admin/builder/spi-builder-workspace/.derivedData/Build/Intermediates.noindex/PLCrashReporter.build/Debug-watchos/CrashReporter-t.build/Objects-normal/arm64_32/PLCrashReportSymbolInfo.dia -c /Users/admin/builder/spi-builder-workspace/Source/PLCrashReportSymbolInfo.m -o /Users/admin/builder/spi-builder-workspace/.derivedData/Build/Intermediates.noindex/PLCrashReporter.build/Debug-watchos/CrashReporter-t.build/Objects-normal/arm64_32/PLCrashReportSymbolInfo.o -index-unit-output-path /PLCrashReporter.build/Debug-watchos/CrashReporter-t.build/Objects-normal/arm64_32/PLCrashReportSymbolInfo.o
ScanDependencies /Users/admin/builder/spi-builder-workspace/.derivedData/Build/Intermediates.noindex/PLCrashReporter.build/Debug-watchos/CrashReporter-t.build/Objects-normal/arm64_32/PLCrashReportStackFrameInfo.o /Users/admin/builder/spi-builder-workspace/Source/PLCrashReportStackFrameInfo.m normal arm64_32 objective-c com.apple.compilers.llvm.clang.1_0.compiler (in target 'CrashReporter' from project 'PLCrashReporter')
    cd /Users/admin/builder/spi-builder-workspace/.swiftpm/xcode

    Using response file: /Users/admin/builder/spi-builder-workspace/.derivedData/Build/Intermediates.noindex/PLCrashReporter.build/Debug-watchos/CrashReporter-t.build/Objects-normal/arm64_32/e6072d4f65d7061329687fe24e3d63a7-common-args.resp

    builtin-ScanDependencies -o /Users/admin/builder/spi-builder-workspace/.derivedData/Build/Intermediates.noindex/PLCrashReporter.build/Debug-watchos/CrashReporter-t.build/Objects-normal/arm64_32/PLCrashReportStackFrameInfo.o.scan -- /Applications/Xcode-27.0.0-Release.Candidate.app/Contents/Developer/Toolchains/XcodeDefault.xctoolchain/usr/bin/clang -x objective-c -ivfsstatcache /Users/admin/builder/spi-builder-workspace/.derivedData/SDKStatCaches.noindex/watchos27.0-24R360-e829b21a6f8c9b70876ba0858053c04477534ef55a1706bf4c1112bbb242f0a2.sdkstatcache -target arm64_32-apple-watchos9.0 -fmessage-length\=0 -fdiagnostics-show-note-include-stack -fmacro-backtrace-limit\=0 -fno-color-diagnostics -fmodules-prune-interval\=86400 -fmodules-prune-after\=345600 -fbuild-session-file\=/Users/admin/builder/spi-builder-workspace/.derivedData/ModuleCache.noindex/Session.modulevalidation -fmodules-validate-once-per-build-session -Wnon-modular-include-in-framework-module -Werror\=non-modular-include-in-framework-module -Wno-trigraphs -Wno-missing-field-initializers -Wno-missing-prototypes -Wno-return-type -Wno-implicit-atomic-properties -Wno-objc-interface-ivars -Wno-arc-repeated-use-of-weak -Wno-missing-braces -Wparentheses -Wswitch -Wno-unused-function -Wno-unused-label -Wno-unused-parameter -Wno-unused-variable -Wunused-value -Wno-empty-body -Wno-uninitialized -Wno-unknown-pragmas -Wno-shadow -Wno-four-char-constants -Wno-conversion -Wno-constant-conversion -Wno-int-conversion -Wno-bool-conversion -Wno-enum-conversion -Wno-float-conversion -Wno-non-literal-null-conversion -Wno-objc-literal-conversion -Wno-shorten-64-to-32 -Wpointer-sign -Wno-newline-eof -Wno-selector -Wno-strict-selector-match -Wno-undeclared-selector -Wno-deprecated-implementations -Wno-implicit-fallthrough -isysroot /Applications/Xcode-27.0.0-Release.Candidate.app/Contents/Developer/Platforms/WatchOS.platform/Developer/SDKs/WatchOS27.0.sdk -fstrict-aliasing -Wprotocol -Wdeprecated-declarations -Wno-sign-conversion -Wno-infinite-recursion -Wno-comma -Wno-block-capture-autoreleasing -Wno-strict-prototypes -Wno-semicolon-before-method-body -index-store-path /Users/admin/builder/spi-builder-workspace/.derivedData/Index.noindex/DataStore @/Users/admin/builder/spi-builder-workspace/.derivedData/Build/Intermediates.noindex/PLCrashReporter.build/Debug-watchos/CrashReporter-t.build/Objects-normal/arm64_32/e6072d4f65d7061329687fe24e3d63a7-common-args.resp -include /Users/admin/builder/spi-builder-workspace/.derivedData/Build/Intermediates.noindex/PLCrashReporter.build/Debug-watchos/CrashReporter-t.build/DerivedSources/resource_bundle_accessor.h -MMD -MT dependencies -MF /Users/admin/builder/spi-builder-workspace/.derivedData/Build/Intermediates.noindex/PLCrashReporter.build/Debug-watchos/CrashReporter-t.build/Objects-normal/arm64_32/PLCrashReportStackFrameInfo.d --serialize-diagnostics /Users/admin/builder/spi-builder-workspace/.derivedData/Build/Intermediates.noindex/PLCrashReporter.build/Debug-watchos/CrashReporter-t.build/Objects-normal/arm64_32/PLCrashReportStackFrameInfo.dia -c /Users/admin/builder/spi-builder-workspace/Source/PLCrashReportStackFrameInfo.m -o /Users/admin/builder/spi-builder-workspace/.derivedData/Build/Intermediates.noindex/PLCrashReporter.build/Debug-watchos/CrashReporter-t.build/Objects-normal/arm64_32/PLCrashReportStackFrameInfo.o -index-unit-output-path /PLCrashReporter.build/Debug-watchos/CrashReporter-t.build/Objects-normal/arm64_32/PLCrashReportStackFrameInfo.o
ScanDependencies /Users/admin/builder/spi-builder-workspace/.derivedData/Build/Intermediates.noindex/PLCrashReporter.build/Debug-watchos/CrashReporter-t.build/Objects-normal/arm64_32/PLCrashReportProcessorInfo.o /Users/admin/builder/spi-builder-workspace/Source/PLCrashReportProcessorInfo.m normal arm64_32 objective-c com.apple.compilers.llvm.clang.1_0.compiler (in target 'CrashReporter' from project 'PLCrashReporter')
    cd /Users/admin/builder/spi-builder-workspace/.swiftpm/xcode

    Using response file: /Users/admin/builder/spi-builder-workspace/.derivedData/Build/Intermediates.noindex/PLCrashReporter.build/Debug-watchos/CrashReporter-t.build/Objects-normal/arm64_32/e6072d4f65d7061329687fe24e3d63a7-common-args.resp

    builtin-ScanDependencies -o /Users/admin/builder/spi-builder-workspace/.derivedData/Build/Intermediates.noindex/PLCrashReporter.build/Debug-watchos/CrashReporter-t.build/Objects-normal/arm64_32/PLCrashReportProcessorInfo.o.scan -- /Applications/Xcode-27.0.0-Release.Candidate.app/Contents/Developer/Toolchains/XcodeDefault.xctoolchain/usr/bin/clang -x objective-c -ivfsstatcache /Users/admin/builder/spi-builder-workspace/.derivedData/SDKStatCaches.noindex/watchos27.0-24R360-e829b21a6f8c9b70876ba0858053c04477534ef55a1706bf4c1112bbb242f0a2.sdkstatcache -target arm64_32-apple-watchos9.0 -fmessage-length\=0 -fdiagnostics-show-note-include-stack -fmacro-backtrace-limit\=0 -fno-color-diagnostics -fmodules-prune-interval\=86400 -fmodules-prune-after\=345600 -fbuild-session-file\=/Users/admin/builder/spi-builder-workspace/.derivedData/ModuleCache.noindex/Session.modulevalidation -fmodules-validate-once-per-build-session -Wnon-modular-include-in-framework-module -Werror\=non-modular-include-in-framework-module -Wno-trigraphs -Wno-missing-field-initializers -Wno-missing-prototypes -Wno-return-type -Wno-implicit-atomic-properties -Wno-objc-interface-ivars -Wno-arc-repeated-use-of-weak -Wno-missing-braces -Wparentheses -Wswitch -Wno-unused-function -Wno-unused-label -Wno-unused-parameter -Wno-unused-variable -Wunused-value -Wno-empty-body -Wno-uninitialized -Wno-unknown-pragmas -Wno-shadow -Wno-four-char-constants -Wno-conversion -Wno-constant-conversion -Wno-int-conversion -Wno-bool-conversion -Wno-enum-conversion -Wno-float-conversion -Wno-non-literal-null-conversion -Wno-objc-literal-conversion -Wno-shorten-64-to-32 -Wpointer-sign -Wno-newline-eof -Wno-selector -Wno-strict-selector-match -Wno-undeclared-selector -Wno-deprecated-implementations -Wno-implicit-fallthrough -isysroot /Applications/Xcode-27.0.0-Release.Candidate.app/Contents/Developer/Platforms/WatchOS.platform/Developer/SDKs/WatchOS27.0.sdk -fstrict-aliasing -Wprotocol -Wdeprecated-declarations -Wno-sign-conversion -Wno-infinite-recursion -Wno-comma -Wno-block-capture-autoreleasing -Wno-strict-prototypes -Wno-semicolon-before-method-body -index-store-path /Users/admin/builder/spi-builder-workspace/.derivedData/Index.noindex/DataStore @/Users/admin/builder/spi-builder-workspace/.derivedData/Build/Intermediates.noindex/PLCrashReporter.build/Debug-watchos/CrashReporter-t.build/Objects-normal/arm64_32/e6072d4f65d7061329687fe24e3d63a7-common-args.resp -include /Users/admin/builder/spi-builder-workspace/.derivedData/Build/Intermediates.noindex/PLCrashReporter.build/Debug-watchos/CrashReporter-t.build/DerivedSources/resource_bundle_accessor.h -MMD -MT dependencies -MF /Users/admin/builder/spi-builder-workspace/.derivedData/Build/Intermediates.noindex/PLCrashReporter.build/Debug-watchos/CrashReporter-t.build/Objects-normal/arm64_32/PLCrashReportProcessorInfo.d --serialize-diagnostics /Users/admin/builder/spi-builder-workspace/.derivedData/Build/Intermediates.noindex/PLCrashReporter.build/Debug-watchos/CrashReporter-t.build/Objects-normal/arm64_32/PLCrashReportProcessorInfo.dia -c /Users/admin/builder/spi-builder-workspace/Source/PLCrashReportProcessorInfo.m -o /Users/admin/builder/spi-builder-workspace/.derivedData/Build/Intermediates.noindex/PLCrashReporter.build/Debug-watchos/CrashReporter-t.build/Objects-normal/arm64_32/PLCrashReportProcessorInfo.o -index-unit-output-path /PLCrashReporter.build/Debug-watchos/CrashReporter-t.build/Objects-normal/arm64_32/PLCrashReportProcessorInfo.o
ScanDependencies /Users/admin/builder/spi-builder-workspace/.derivedData/Build/Intermediates.noindex/PLCrashReporter.build/Debug-watchos/CrashReporter-t.build/Objects-normal/arm64_32/PLCrashReportRegisterInfo.o /Users/admin/builder/spi-builder-workspace/Source/PLCrashReportRegisterInfo.m normal arm64_32 objective-c com.apple.compilers.llvm.clang.1_0.compiler (in target 'CrashReporter' from project 'PLCrashReporter')
    cd /Users/admin/builder/spi-builder-workspace/.swiftpm/xcode

    Using response file: /Users/admin/builder/spi-builder-workspace/.derivedData/Build/Intermediates.noindex/PLCrashReporter.build/Debug-watchos/CrashReporter-t.build/Objects-normal/arm64_32/e6072d4f65d7061329687fe24e3d63a7-common-args.resp

    builtin-ScanDependencies -o /Users/admin/builder/spi-builder-workspace/.derivedData/Build/Intermediates.noindex/PLCrashReporter.build/Debug-watchos/CrashReporter-t.build/Objects-normal/arm64_32/PLCrashReportRegisterInfo.o.scan -- /Applications/Xcode-27.0.0-Release.Candidate.app/Contents/Developer/Toolchains/XcodeDefault.xctoolchain/usr/bin/clang -x objective-c -ivfsstatcache /Users/admin/builder/spi-builder-workspace/.derivedData/SDKStatCaches.noindex/watchos27.0-24R360-e829b21a6f8c9b70876ba0858053c04477534ef55a1706bf4c1112bbb242f0a2.sdkstatcache -target arm64_32-apple-watchos9.0 -fmessage-length\=0 -fdiagnostics-show-note-include-stack -fmacro-backtrace-limit\=0 -fno-color-diagnostics -fmodules-prune-interval\=86400 -fmodules-prune-after\=345600 -fbuild-session-file\=/Users/admin/builder/spi-builder-workspace/.derivedData/ModuleCache.noindex/Session.modulevalidation -fmodules-validate-once-per-build-session -Wnon-modular-include-in-framework-module -Werror\=non-modular-include-in-framework-module -Wno-trigraphs -Wno-missing-field-initializers -Wno-missing-prototypes -Wno-return-type -Wno-implicit-atomic-properties -Wno-objc-interface-ivars -Wno-arc-repeated-use-of-weak -Wno-missing-braces -Wparentheses -Wswitch -Wno-unused-function -Wno-unused-label -Wno-unused-parameter -Wno-unused-variable -Wunused-value -Wno-empty-body -Wno-uninitialized -Wno-unknown-pragmas -Wno-shadow -Wno-four-char-constants -Wno-conversion -Wno-constant-conversion -Wno-int-conversion -Wno-bool-conversion -Wno-enum-conversion -Wno-float-conversion -Wno-non-literal-null-conversion -Wno-objc-literal-conversion -Wno-shorten-64-to-32 -Wpointer-sign -Wno-newline-eof -Wno-selector -Wno-strict-selector-match -Wno-undeclared-selector -Wno-deprecated-implementations -Wno-implicit-fallthrough -isysroot /Applications/Xcode-27.0.0-Release.Candidate.app/Contents/Developer/Platforms/WatchOS.platform/Developer/SDKs/WatchOS27.0.sdk -fstrict-aliasing -Wprotocol -Wdeprecated-declarations -Wno-sign-conversion -Wno-infinite-recursion -Wno-comma -Wno-block-capture-autoreleasing -Wno-strict-prototypes -Wno-semicolon-before-method-body -index-store-path /Users/admin/builder/spi-builder-workspace/.derivedData/Index.noindex/DataStore @/Users/admin/builder/spi-builder-workspace/.derivedData/Build/Intermediates.noindex/PLCrashReporter.build/Debug-watchos/CrashReporter-t.build/Objects-normal/arm64_32/e6072d4f65d7061329687fe24e3d63a7-common-args.resp -include /Users/admin/builder/spi-builder-workspace/.derivedData/Build/Intermediates.noindex/PLCrashReporter.build/Debug-watchos/CrashReporter-t.build/DerivedSources/resource_bundle_accessor.h -MMD -MT dependencies -MF /Users/admin/builder/spi-builder-workspace/.derivedData/Build/Intermediates.noindex/PLCrashReporter.build/Debug-watchos/CrashReporter-t.build/Objects-normal/arm64_32/PLCrashReportRegisterInfo.d --serialize-diagnostics /Users/admin/builder/spi-builder-workspace/.derivedData/Build/Intermediates.noindex/PLCrashReporter.build/Debug-watchos/CrashReporter-t.build/Objects-normal/arm64_32/PLCrashReportRegisterInfo.dia -c /Users/admin/builder/spi-builder-workspace/Source/PLCrashReportRegisterInfo.m -o /Users/admin/builder/spi-builder-workspace/.derivedData/Build/Intermediates.noindex/PLCrashReporter.build/Debug-watchos/CrashReporter-t.build/Objects-normal/arm64_32/PLCrashReportRegisterInfo.o -index-unit-output-path /PLCrashReporter.build/Debug-watchos/CrashReporter-t.build/Objects-normal/arm64_32/PLCrashReportRegisterInfo.o
ScanDependencies /Users/admin/builder/spi-builder-workspace/.derivedData/Build/Intermediates.noindex/PLCrashReporter.build/Debug-watchos/CrashReporter-t.build/Objects-normal/arm64_32/PLCrashReportProcessInfo.o /Users/admin/builder/spi-builder-workspace/Source/PLCrashReportProcessInfo.m normal arm64_32 objective-c com.apple.compilers.llvm.clang.1_0.compiler (in target 'CrashReporter' from project 'PLCrashReporter')
    cd /Users/admin/builder/spi-builder-workspace/.swiftpm/xcode

    Using response file: /Users/admin/builder/spi-builder-workspace/.derivedData/Build/Intermediates.noindex/PLCrashReporter.build/Debug-watchos/CrashReporter-t.build/Objects-normal/arm64_32/e6072d4f65d7061329687fe24e3d63a7-common-args.resp

    builtin-ScanDependencies -o /Users/admin/builder/spi-builder-workspace/.derivedData/Build/Intermediates.noindex/PLCrashReporter.build/Debug-watchos/CrashReporter-t.build/Objects-normal/arm64_32/PLCrashReportProcessInfo.o.scan -- /Applications/Xcode-27.0.0-Release.Candidate.app/Contents/Developer/Toolchains/XcodeDefault.xctoolchain/usr/bin/clang -x objective-c -ivfsstatcache /Users/admin/builder/spi-builder-workspace/.derivedData/SDKStatCaches.noindex/watchos27.0-24R360-e829b21a6f8c9b70876ba0858053c04477534ef55a1706bf4c1112bbb242f0a2.sdkstatcache -target arm64_32-apple-watchos9.0 -fmessage-length\=0 -fdiagnostics-show-note-include-stack -fmacro-backtrace-limit\=0 -fno-color-diagnostics -fmodules-prune-interval\=86400 -fmodules-prune-after\=345600 -fbuild-session-file\=/Users/admin/builder/spi-builder-workspace/.derivedData/ModuleCache.noindex/Session.modulevalidation -fmodules-validate-once-per-build-session -Wnon-modular-include-in-framework-module -Werror\=non-modular-include-in-framework-module -Wno-trigraphs -Wno-missing-field-initializers -Wno-missing-prototypes -Wno-return-type -Wno-implicit-atomic-properties -Wno-objc-interface-ivars -Wno-arc-repeated-use-of-weak -Wno-missing-braces -Wparentheses -Wswitch -Wno-unused-function -Wno-unused-label -Wno-unused-parameter -Wno-unused-variable -Wunused-value -Wno-empty-body -Wno-uninitialized -Wno-unknown-pragmas -Wno-shadow -Wno-four-char-constants -Wno-conversion -Wno-constant-conversion -Wno-int-conversion -Wno-bool-conversion -Wno-enum-conversion -Wno-float-conversion -Wno-non-literal-null-conversion -Wno-objc-literal-conversion -Wno-shorten-64-to-32 -Wpointer-sign -Wno-newline-eof -Wno-selector -Wno-strict-selector-match -Wno-undeclared-selector -Wno-deprecated-implementations -Wno-implicit-fallthrough -isysroot /Applications/Xcode-27.0.0-Release.Candidate.app/Contents/Developer/Platforms/WatchOS.platform/Developer/SDKs/WatchOS27.0.sdk -fstrict-aliasing -Wprotocol -Wdeprecated-declarations -Wno-sign-conversion -Wno-infinite-recursion -Wno-comma -Wno-block-capture-autoreleasing -Wno-strict-prototypes -Wno-semicolon-before-method-body -index-store-path /Users/admin/builder/spi-builder-workspace/.derivedData/Index.noindex/DataStore @/Users/admin/builder/spi-builder-workspace/.derivedData/Build/Intermediates.noindex/PLCrashReporter.build/Debug-watchos/CrashReporter-t.build/Objects-normal/arm64_32/e6072d4f65d7061329687fe24e3d63a7-common-args.resp -include /Users/admin/builder/spi-builder-workspace/.derivedData/Build/Intermediates.noindex/PLCrashReporter.build/Debug-watchos/CrashReporter-t.build/DerivedSources/resource_bundle_accessor.h -MMD -MT dependencies -MF /Users/admin/builder/spi-builder-workspace/.derivedData/Build/Intermediates.noindex/PLCrashReporter.build/Debug-watchos/CrashReporter-t.build/Objects-normal/arm64_32/PLCrashReportProcessInfo.d --serialize-diagnostics /Users/admin/builder/spi-builder-workspace/.derivedData/Build/Intermediates.noindex/PLCrashReporter.build/Debug-watchos/CrashReporter-t.build/Objects-normal/arm64_32/PLCrashReportProcessInfo.dia -c /Users/admin/builder/spi-builder-workspace/Source/PLCrashReportProcessInfo.m -o /Users/admin/builder/spi-builder-workspace/.derivedData/Build/Intermediates.noindex/PLCrashReporter.build/Debug-watchos/CrashReporter-t.build/Objects-normal/arm64_32/PLCrashReportProcessInfo.o -index-unit-output-path /PLCrashReporter.build/Debug-watchos/CrashReporter-t.build/Objects-normal/arm64_32/PLCrashReportProcessInfo.o
ScanDependencies /Users/admin/builder/spi-builder-workspace/.derivedData/Build/Intermediates.noindex/PLCrashReporter.build/Debug-watchos/CrashReporter-t.build/Objects-normal/arm64_32/PLCrashReportExceptionInfo.o /Users/admin/builder/spi-builder-workspace/Source/PLCrashReportExceptionInfo.m normal arm64_32 objective-c com.apple.compilers.llvm.clang.1_0.compiler (in target 'CrashReporter' from project 'PLCrashReporter')
    cd /Users/admin/builder/spi-builder-workspace/.swiftpm/xcode

    Using response file: /Users/admin/builder/spi-builder-workspace/.derivedData/Build/Intermediates.noindex/PLCrashReporter.build/Debug-watchos/CrashReporter-t.build/Objects-normal/arm64_32/e6072d4f65d7061329687fe24e3d63a7-common-args.resp

    builtin-ScanDependencies -o /Users/admin/builder/spi-builder-workspace/.derivedData/Build/Intermediates.noindex/PLCrashReporter.build/Debug-watchos/CrashReporter-t.build/Objects-normal/arm64_32/PLCrashReportExceptionInfo.o.scan -- /Applications/Xcode-27.0.0-Release.Candidate.app/Contents/Developer/Toolchains/XcodeDefault.xctoolchain/usr/bin/clang -x objective-c -ivfsstatcache /Users/admin/builder/spi-builder-workspace/.derivedData/SDKStatCaches.noindex/watchos27.0-24R360-e829b21a6f8c9b70876ba0858053c04477534ef55a1706bf4c1112bbb242f0a2.sdkstatcache -target arm64_32-apple-watchos9.0 -fmessage-length\=0 -fdiagnostics-show-note-include-stack -fmacro-backtrace-limit\=0 -fno-color-diagnostics -fmodules-prune-interval\=86400 -fmodules-prune-after\=345600 -fbuild-session-file\=/Users/admin/builder/spi-builder-workspace/.derivedData/ModuleCache.noindex/Session.modulevalidation -fmodules-validate-once-per-build-session -Wnon-modular-include-in-framework-module -Werror\=non-modular-include-in-framework-module -Wno-trigraphs -Wno-missing-field-initializers -Wno-missing-prototypes -Wno-return-type -Wno-implicit-atomic-properties -Wno-objc-interface-ivars -Wno-arc-repeated-use-of-weak -Wno-missing-braces -Wparentheses -Wswitch -Wno-unused-function -Wno-unused-label -Wno-unused-parameter -Wno-unused-variable -Wunused-value -Wno-empty-body -Wno-uninitialized -Wno-unknown-pragmas -Wno-shadow -Wno-four-char-constants -Wno-conversion -Wno-constant-conversion -Wno-int-conversion -Wno-bool-conversion -Wno-enum-conversion -Wno-float-conversion -Wno-non-literal-null-conversion -Wno-objc-literal-conversion -Wno-shorten-64-to-32 -Wpointer-sign -Wno-newline-eof -Wno-selector -Wno-strict-selector-match -Wno-undeclared-selector -Wno-deprecated-implementations -Wno-implicit-fallthrough -isysroot /Applications/Xcode-27.0.0-Release.Candidate.app/Contents/Developer/Platforms/WatchOS.platform/Developer/SDKs/WatchOS27.0.sdk -fstrict-aliasing -Wprotocol -Wdeprecated-declarations -Wno-sign-conversion -Wno-infinite-recursion -Wno-comma -Wno-block-capture-autoreleasing -Wno-strict-prototypes -Wno-semicolon-before-method-body -index-store-path /Users/admin/builder/spi-builder-workspace/.derivedData/Index.noindex/DataStore @/Users/admin/builder/spi-builder-workspace/.derivedData/Build/Intermediates.noindex/PLCrashReporter.build/Debug-watchos/CrashReporter-t.build/Objects-normal/arm64_32/e6072d4f65d7061329687fe24e3d63a7-common-args.resp -include /Users/admin/builder/spi-builder-workspace/.derivedData/Build/Intermediates.noindex/PLCrashReporter.build/Debug-watchos/CrashReporter-t.build/DerivedSources/resource_bundle_accessor.h -MMD -MT dependencies -MF /Users/admin/builder/spi-builder-workspace/.derivedData/Build/Intermediates.noindex/PLCrashReporter.build/Debug-watchos/CrashReporter-t.build/Objects-normal/arm64_32/PLCrashReportExceptionInfo.d --serialize-diagnostics /Users/admin/builder/spi-builder-workspace/.derivedData/Build/Intermediates.noindex/PLCrashReporter.build/Debug-watchos/CrashReporter-t.build/Objects-normal/arm64_32/PLCrashReportExceptionInfo.dia -c /Users/admin/builder/spi-builder-workspace/Source/PLCrashReportExceptionInfo.m -o /Users/admin/builder/spi-builder-workspace/.derivedData/Build/Intermediates.noindex/PLCrashReporter.build/Debug-watchos/CrashReporter-t.build/Objects-normal/arm64_32/PLCrashReportExceptionInfo.o -index-unit-output-path /PLCrashReporter.build/Debug-watchos/CrashReporter-t.build/Objects-normal/arm64_32/PLCrashReportExceptionInfo.o
ScanDependencies /Users/admin/builder/spi-builder-workspace/.derivedData/Build/Intermediates.noindex/PLCrashReporter.build/Debug-watchos/CrashReporter-t.build/Objects-normal/arm64_32/PLCrashReportSignalInfo.o /Users/admin/builder/spi-builder-workspace/Source/PLCrashReportSignalInfo.m normal arm64_32 objective-c com.apple.compilers.llvm.clang.1_0.compiler (in target 'CrashReporter' from project 'PLCrashReporter')
    cd /Users/admin/builder/spi-builder-workspace/.swiftpm/xcode

    Using response file: /Users/admin/builder/spi-builder-workspace/.derivedData/Build/Intermediates.noindex/PLCrashReporter.build/Debug-watchos/CrashReporter-t.build/Objects-normal/arm64_32/e6072d4f65d7061329687fe24e3d63a7-common-args.resp

    builtin-ScanDependencies -o /Users/admin/builder/spi-builder-workspace/.derivedData/Build/Intermediates.noindex/PLCrashReporter.build/Debug-watchos/CrashReporter-t.build/Objects-normal/arm64_32/PLCrashReportSignalInfo.o.scan -- /Applications/Xcode-27.0.0-Release.Candidate.app/Contents/Developer/Toolchains/XcodeDefault.xctoolchain/usr/bin/clang -x objective-c -ivfsstatcache /Users/admin/builder/spi-builder-workspace/.derivedData/SDKStatCaches.noindex/watchos27.0-24R360-e829b21a6f8c9b70876ba0858053c04477534ef55a1706bf4c1112bbb242f0a2.sdkstatcache -target arm64_32-apple-watchos9.0 -fmessage-length\=0 -fdiagnostics-show-note-include-stack -fmacro-backtrace-limit\=0 -fno-color-diagnostics -fmodules-prune-interval\=86400 -fmodules-prune-after\=345600 -fbuild-session-file\=/Users/admin/builder/spi-builder-workspace/.derivedData/ModuleCache.noindex/Session.modulevalidation -fmodules-validate-once-per-build-session -Wnon-modular-include-in-framework-module -Werror\=non-modular-include-in-framework-module -Wno-trigraphs -Wno-missing-field-initializers -Wno-missing-prototypes -Wno-return-type -Wno-implicit-atomic-properties -Wno-objc-interface-ivars -Wno-arc-repeated-use-of-weak -Wno-missing-braces -Wparentheses -Wswitch -Wno-unused-function -Wno-unused-label -Wno-unused-parameter -Wno-unused-variable -Wunused-value -Wno-empty-body -Wno-uninitialized -Wno-unknown-pragmas -Wno-shadow -Wno-four-char-constants -Wno-conversion -Wno-constant-conversion -Wno-int-conversion -Wno-bool-conversion -Wno-enum-conversion -Wno-float-conversion -Wno-non-literal-null-conversion -Wno-objc-literal-conversion -Wno-shorten-64-to-32 -Wpointer-sign -Wno-newline-eof -Wno-selector -Wno-strict-selector-match -Wno-undeclared-selector -Wno-deprecated-implementations -Wno-implicit-fallthrough -isysroot /Applications/Xcode-27.0.0-Release.Candidate.app/Contents/Developer/Platforms/WatchOS.platform/Developer/SDKs/WatchOS27.0.sdk -fstrict-aliasing -Wprotocol -Wdeprecated-declarations -Wno-sign-conversion -Wno-infinite-recursion -Wno-comma -Wno-block-capture-autoreleasing -Wno-strict-prototypes -Wno-semicolon-before-method-body -index-store-path /Users/admin/builder/spi-builder-workspace/.derivedData/Index.noindex/DataStore @/Users/admin/builder/spi-builder-workspace/.derivedData/Build/Intermediates.noindex/PLCrashReporter.build/Debug-watchos/CrashReporter-t.build/Objects-normal/arm64_32/e6072d4f65d7061329687fe24e3d63a7-common-args.resp -include /Users/admin/builder/spi-builder-workspace/.derivedData/Build/Intermediates.noindex/PLCrashReporter.build/Debug-watchos/CrashReporter-t.build/DerivedSources/resource_bundle_accessor.h -MMD -MT dependencies -MF /Users/admin/builder/spi-builder-workspace/.derivedData/Build/Intermediates.noindex/PLCrashReporter.build/Debug-watchos/CrashReporter-t.build/Objects-normal/arm64_32/PLCrashReportSignalInfo.d --serialize-diagnostics /Users/admin/builder/spi-builder-workspace/.derivedData/Build/Intermediates.noindex/PLCrashReporter.build/Debug-watchos/CrashReporter-t.build/Objects-normal/arm64_32/PLCrashReportSignalInfo.dia -c /Users/admin/builder/spi-builder-workspace/Source/PLCrashReportSignalInfo.m -o /Users/admin/builder/spi-builder-workspace/.derivedData/Build/Intermediates.noindex/PLCrashReporter.build/Debug-watchos/CrashReporter-t.build/Objects-normal/arm64_32/PLCrashReportSignalInfo.o -index-unit-output-path /PLCrashReporter.build/Debug-watchos/CrashReporter-t.build/Objects-normal/arm64_32/PLCrashReportSignalInfo.o
ScanDependencies /Users/admin/builder/spi-builder-workspace/.derivedData/Build/Intermediates.noindex/PLCrashReporter.build/Debug-watchos/CrashReporter-t.build/Objects-normal/arm64_32/PLCrashReportMachExceptionInfo.o /Users/admin/builder/spi-builder-workspace/Source/PLCrashReportMachExceptionInfo.m normal arm64_32 objective-c com.apple.compilers.llvm.clang.1_0.compiler (in target 'CrashReporter' from project 'PLCrashReporter')
    cd /Users/admin/builder/spi-builder-workspace/.swiftpm/xcode

    Using response file: /Users/admin/builder/spi-builder-workspace/.derivedData/Build/Intermediates.noindex/PLCrashReporter.build/Debug-watchos/CrashReporter-t.build/Objects-normal/arm64_32/e6072d4f65d7061329687fe24e3d63a7-common-args.resp

    builtin-ScanDependencies -o /Users/admin/builder/spi-builder-workspace/.derivedData/Build/Intermediates.noindex/PLCrashReporter.build/Debug-watchos/CrashReporter-t.build/Objects-normal/arm64_32/PLCrashReportMachExceptionInfo.o.scan -- /Applications/Xcode-27.0.0-Release.Candidate.app/Contents/Developer/Toolchains/XcodeDefault.xctoolchain/usr/bin/clang -x objective-c -ivfsstatcache /Users/admin/builder/spi-builder-workspace/.derivedData/SDKStatCaches.noindex/watchos27.0-24R360-e829b21a6f8c9b70876ba0858053c04477534ef55a1706bf4c1112bbb242f0a2.sdkstatcache -target arm64_32-apple-watchos9.0 -fmessage-length\=0 -fdiagnostics-show-note-include-stack -fmacro-backtrace-limit\=0 -fno-color-diagnostics -fmodules-prune-interval\=86400 -fmodules-prune-after\=345600 -fbuild-session-file\=/Users/admin/builder/spi-builder-workspace/.derivedData/ModuleCache.noindex/Session.modulevalidation -fmodules-validate-once-per-build-session -Wnon-modular-include-in-framework-module -Werror\=non-modular-include-in-framework-module -Wno-trigraphs -Wno-missing-field-initializers -Wno-missing-prototypes -Wno-return-type -Wno-implicit-atomic-properties -Wno-objc-interface-ivars -Wno-arc-repeated-use-of-weak -Wno-missing-braces -Wparentheses -Wswitch -Wno-unused-function -Wno-unused-label -Wno-unused-parameter -Wno-unused-variable -Wunused-value -Wno-empty-body -Wno-uninitialized -Wno-unknown-pragmas -Wno-shadow -Wno-four-char-constants -Wno-conversion -Wno-constant-conversion -Wno-int-conversion -Wno-bool-conversion -Wno-enum-conversion -Wno-float-conversion -Wno-non-literal-null-conversion -Wno-objc-literal-conversion -Wno-shorten-64-to-32 -Wpointer-sign -Wno-newline-eof -Wno-selector -Wno-strict-selector-match -Wno-undeclared-selector -Wno-deprecated-implementations -Wno-implicit-fallthrough -isysroot /Applications/Xcode-27.0.0-Release.Candidate.app/Contents/Developer/Platforms/WatchOS.platform/Developer/SDKs/WatchOS27.0.sdk -fstrict-aliasing -Wprotocol -Wdeprecated-declarations -Wno-sign-conversion -Wno-infinite-recursion -Wno-comma -Wno-block-capture-autoreleasing -Wno-strict-prototypes -Wno-semicolon-before-method-body -index-store-path /Users/admin/builder/spi-builder-workspace/.derivedData/Index.noindex/DataStore @/Users/admin/builder/spi-builder-workspace/.derivedData/Build/Intermediates.noindex/PLCrashReporter.build/Debug-watchos/CrashReporter-t.build/Objects-normal/arm64_32/e6072d4f65d7061329687fe24e3d63a7-common-args.resp -include /Users/admin/builder/spi-builder-workspace/.derivedData/Build/Intermediates.noindex/PLCrashReporter.build/Debug-watchos/CrashReporter-t.build/DerivedSources/resource_bundle_accessor.h -MMD -MT dependencies -MF /Users/admin/builder/spi-builder-workspace/.derivedData/Build/Intermediates.noindex/PLCrashReporter.build/Debug-watchos/CrashReporter-t.build/Objects-normal/arm64_32/PLCrashReportMachExceptionInfo.d --serialize-diagnostics /Users/admin/builder/spi-builder-workspace/.derivedData/Build/Intermediates.noindex/PLCrashReporter.build/Debug-watchos/CrashReporter-t.build/Objects-normal/arm64_32/PLCrashReportMachExceptionInfo.dia -c /Users/admin/builder/spi-builder-workspace/Source/PLCrashReportMachExceptionInfo.m -o /Users/admin/builder/spi-builder-workspace/.derivedData/Build/Intermediates.noindex/PLCrashReporter.build/Debug-watchos/CrashReporter-t.build/Objects-normal/arm64_32/PLCrashReportMachExceptionInfo.o -index-unit-output-path /PLCrashReporter.build/Debug-watchos/CrashReporter-t.build/Objects-normal/arm64_32/PLCrashReportMachExceptionInfo.o
ScanDependencies /Users/admin/builder/spi-builder-workspace/.derivedData/Build/Intermediates.noindex/PLCrashReporter.build/Debug-watchos/CrashReporter-t.build/Objects-normal/arm64_32/PLCrashReportMachineInfo.o /Users/admin/builder/spi-builder-workspace/Source/PLCrashReportMachineInfo.m normal arm64_32 objective-c com.apple.compilers.llvm.clang.1_0.compiler (in target 'CrashReporter' from project 'PLCrashReporter')
    cd /Users/admin/builder/spi-builder-workspace/.swiftpm/xcode

    Using response file: /Users/admin/builder/spi-builder-workspace/.derivedData/Build/Intermediates.noindex/PLCrashReporter.build/Debug-watchos/CrashReporter-t.build/Objects-normal/arm64_32/e6072d4f65d7061329687fe24e3d63a7-common-args.resp

    builtin-ScanDependencies -o /Users/admin/builder/spi-builder-workspace/.derivedData/Build/Intermediates.noindex/PLCrashReporter.build/Debug-watchos/CrashReporter-t.build/Objects-normal/arm64_32/PLCrashReportMachineInfo.o.scan -- /Applications/Xcode-27.0.0-Release.Candidate.app/Contents/Developer/Toolchains/XcodeDefault.xctoolchain/usr/bin/clang -x objective-c -ivfsstatcache /Users/admin/builder/spi-builder-workspace/.derivedData/SDKStatCaches.noindex/watchos27.0-24R360-e829b21a6f8c9b70876ba0858053c04477534ef55a1706bf4c1112bbb242f0a2.sdkstatcache -target arm64_32-apple-watchos9.0 -fmessage-length\=0 -fdiagnostics-show-note-include-stack -fmacro-backtrace-limit\=0 -fno-color-diagnostics -fmodules-prune-interval\=86400 -fmodules-prune-after\=345600 -fbuild-session-file\=/Users/admin/builder/spi-builder-workspace/.derivedData/ModuleCache.noindex/Session.modulevalidation -fmodules-validate-once-per-build-session -Wnon-modular-include-in-framework-module -Werror\=non-modular-include-in-framework-module -Wno-trigraphs -Wno-missing-field-initializers -Wno-missing-prototypes -Wno-return-type -Wno-implicit-atomic-properties -Wno-objc-interface-ivars -Wno-arc-repeated-use-of-weak -Wno-missing-braces -Wparentheses -Wswitch -Wno-unused-function -Wno-unused-label -Wno-unused-parameter -Wno-unused-variable -Wunused-value -Wno-empty-body -Wno-uninitialized -Wno-unknown-pragmas -Wno-shadow -Wno-four-char-constants -Wno-conversion -Wno-constant-conversion -Wno-int-conversion -Wno-bool-conversion -Wno-enum-conversion -Wno-float-conversion -Wno-non-literal-null-conversion -Wno-objc-literal-conversion -Wno-shorten-64-to-32 -Wpointer-sign -Wno-newline-eof -Wno-selector -Wno-strict-selector-match -Wno-undeclared-selector -Wno-deprecated-implementations -Wno-implicit-fallthrough -isysroot /Applications/Xcode-27.0.0-Release.Candidate.app/Contents/Developer/Platforms/WatchOS.platform/Developer/SDKs/WatchOS27.0.sdk -fstrict-aliasing -Wprotocol -Wdeprecated-declarations -Wno-sign-conversion -Wno-infinite-recursion -Wno-comma -Wno-block-capture-autoreleasing -Wno-strict-prototypes -Wno-semicolon-before-method-body -index-store-path /Users/admin/builder/spi-builder-workspace/.derivedData/Index.noindex/DataStore @/Users/admin/builder/spi-builder-workspace/.derivedData/Build/Intermediates.noindex/PLCrashReporter.build/Debug-watchos/CrashReporter-t.build/Objects-normal/arm64_32/e6072d4f65d7061329687fe24e3d63a7-common-args.resp -include /Users/admin/builder/spi-builder-workspace/.derivedData/Build/Intermediates.noindex/PLCrashReporter.build/Debug-watchos/CrashReporter-t.build/DerivedSources/resource_bundle_accessor.h -MMD -MT dependencies -MF /Users/admin/builder/spi-builder-workspace/.derivedData/Build/Intermediates.noindex/PLCrashReporter.build/Debug-watchos/CrashReporter-t.build/Objects-normal/arm64_32/PLCrashReportMachineInfo.d --serialize-diagnostics /Users/admin/builder/spi-builder-workspace/.derivedData/Build/Intermediates.noindex/PLCrashReporter.build/Debug-watchos/CrashReporter-t.build/Objects-normal/arm64_32/PLCrashReportMachineInfo.dia -c /Users/admin/builder/spi-builder-workspace/Source/PLCrashReportMachineInfo.m -o /Users/admin/builder/spi-builder-workspace/.derivedData/Build/Intermediates.noindex/PLCrashReporter.build/Debug-watchos/CrashReporter-t.build/Objects-normal/arm64_32/PLCrashReportMachineInfo.o -index-unit-output-path /PLCrashReporter.build/Debug-watchos/CrashReporter-t.build/Objects-normal/arm64_32/PLCrashReportMachineInfo.o
CompileC /Users/admin/builder/spi-builder-workspace/.derivedData/Build/Intermediates.noindex/PLCrashReporter.build/Debug-watchos/CrashReporter-t.build/Objects-normal/arm64_32/PLCrashSignalHandler.o /Users/admin/builder/spi-builder-workspace/Source/PLCrashSignalHandler.mm normal arm64_32 objective-c++ com.apple.compilers.llvm.clang.1_0.compiler (in target 'CrashReporter' from project 'PLCrashReporter')
    cd /Users/admin/builder/spi-builder-workspace/.swiftpm/xcode

    Using response file: /Users/admin/builder/spi-builder-workspace/.derivedData/Build/Intermediates.noindex/PLCrashReporter.build/Debug-watchos/CrashReporter-t.build/Objects-normal/arm64_32/af3fcb34312c57c0f52879cdce924b91-common-args.resp

    /Applications/Xcode-27.0.0-Release.Candidate.app/Contents/Developer/Toolchains/XcodeDefault.xctoolchain/usr/bin/clang -x objective-c++ -ivfsstatcache /Users/admin/builder/spi-builder-workspace/.derivedData/SDKStatCaches.noindex/watchos27.0-24R360-e829b21a6f8c9b70876ba0858053c04477534ef55a1706bf4c1112bbb242f0a2.sdkstatcache -target arm64_32-apple-watchos9.0 -fmessage-length\=0 -fdiagnostics-show-note-include-stack -fmacro-backtrace-limit\=0 -fno-color-diagnostics -fmodules-prune-interval\=86400 -fmodules-prune-after\=345600 -fbuild-session-file\=/Users/admin/builder/spi-builder-workspace/.derivedData/ModuleCache.noindex/Session.modulevalidation -fmodules-validate-once-per-build-session -Wnon-modular-include-in-framework-module -Werror\=non-modular-include-in-framework-module -Wno-trigraphs -Wno-missing-field-initializers -Wno-missing-prototypes -Wno-return-type -Wno-implicit-atomic-properties -Wno-objc-interface-ivars -Wno-arc-repeated-use-of-weak -Wno-non-virtual-dtor -Wno-overloaded-virtual -Wno-exit-time-destructors -Wno-missing-braces -Wparentheses -Wswitch -Wno-unused-function -Wno-unused-label -Wno-unused-parameter -Wno-unused-variable -Wunused-value -Wno-empty-body -Wno-uninitialized -Wno-unknown-pragmas -Wno-shadow -Wno-four-char-constants -Wno-conversion -Wno-constant-conversion -Wno-int-conversion -Wno-bool-conversion -Wno-enum-conversion -Wno-float-conversion -Wno-non-literal-null-conversion -Wno-objc-literal-conversion -Wno-shorten-64-to-32 -Wno-newline-eof -Wno-selector -Wno-strict-selector-match -Wno-undeclared-selector -Wno-deprecated-implementations -Wno-c++11-extensions -Wno-implicit-fallthrough -isysroot /Applications/Xcode-27.0.0-Release.Candidate.app/Contents/Developer/Platforms/WatchOS.platform/Developer/SDKs/WatchOS27.0.sdk -fstrict-aliasing -Wprotocol -Wdeprecated-declarations -Winvalid-offsetof -Wno-sign-conversion -Wno-infinite-recursion -Wno-move -Wno-comma -Wno-block-capture-autoreleasing -Wno-strict-prototypes -Wno-range-loop-analysis -Wno-semicolon-before-method-body -index-store-path /Users/admin/builder/spi-builder-workspace/.derivedData/Index.noindex/DataStore @/Users/admin/builder/spi-builder-workspace/.derivedData/Build/Intermediates.noindex/PLCrashReporter.build/Debug-watchos/CrashReporter-t.build/Objects-normal/arm64_32/af3fcb34312c57c0f52879cdce924b91-common-args.resp -include /Users/admin/builder/spi-builder-workspace/.derivedData/Build/Intermediates.noindex/PLCrashReporter.build/Debug-watchos/CrashReporter-t.build/DerivedSources/resource_bundle_accessor.h -MMD -MT dependencies -MF /Users/admin/builder/spi-builder-workspace/.derivedData/Build/Intermediates.noindex/PLCrashReporter.build/Debug-watchos/CrashReporter-t.build/Objects-normal/arm64_32/PLCrashSignalHandler.d --serialize-diagnostics /Users/admin/builder/spi-builder-workspace/.derivedData/Build/Intermediates.noindex/PLCrashReporter.build/Debug-watchos/CrashReporter-t.build/Objects-normal/arm64_32/PLCrashSignalHandler.dia -c /Users/admin/builder/spi-builder-workspace/Source/PLCrashSignalHandler.mm -o /Users/admin/builder/spi-builder-workspace/.derivedData/Build/Intermediates.noindex/PLCrashReporter.build/Debug-watchos/CrashReporter-t.build/Objects-normal/arm64_32/PLCrashSignalHandler.o -index-unit-output-path /PLCrashReporter.build/Debug-watchos/CrashReporter-t.build/Objects-normal/arm64_32/PLCrashSignalHandler.o
/Users/admin/builder/spi-builder-workspace/Source/PLCrashSignalHandler.mm:339:17: error: 'sigaltstack' is unavailable: not available on watchOS
  339 |             if (sigaltstack(&_sigstk, 0) < 0) {
      |                 ^
In file included from <built-in>:1:
In file included from /Users/admin/builder/spi-builder-workspace/.derivedData/Build/Intermediates.noindex/PLCrashReporter.build/Debug-watchos/CrashReporter-t.build/DerivedSources/resource_bundle_accessor.h:1:
In file included from /Applications/Xcode-27.0.0-Release.Candidate.app/Contents/Developer/Platforms/WatchOS.platform/Developer/SDKs/WatchOS27.0.sdk/System/Library/Frameworks/Foundation.framework/Headers/Foundation.h:6:
In file included from /Applications/Xcode-27.0.0-Release.Candidate.app/Contents/Developer/Platforms/WatchOS.platform/Developer/SDKs/WatchOS27.0.sdk/System/Library/Frameworks/CoreFoundation.framework/Headers/CoreFoundation.h:31:
/Applications/Xcode-27.0.0-Release.Candidate.app/Contents/Developer/Platforms/WatchOS.platform/Developer/SDKs/WatchOS27.0.sdk/usr/include/signal.h:90:5: note: 'sigaltstack' has been explicitly marked unavailable here
   90 | int     sigaltstack(const stack_t * __restrict, stack_t * __restrict)  __DARWIN_ALIAS(sigaltstack) __WATCHOS_PROHIBITED __TVOS_PROHIBITED;
      |         ^
1 error generated.
CompileC /Users/admin/builder/spi-builder-workspace/.derivedData/Build/Intermediates.noindex/PLCrashReporter.build/Debug-watchos/CrashReporter-t.build/Objects-normal/arm64_32/PLCrashAsyncDwarfCFAStateEvaluation.o /Users/admin/builder/spi-builder-workspace/Source/PLCrashAsyncDwarfCFAStateEvaluation.cpp normal arm64_32 c++ com.apple.compilers.llvm.clang.1_0.compiler (in target 'CrashReporter' from project 'PLCrashReporter')
    cd /Users/admin/builder/spi-builder-workspace/.swiftpm/xcode

    Using response file: /Users/admin/builder/spi-builder-workspace/.derivedData/Build/Intermediates.noindex/PLCrashReporter.build/Debug-watchos/CrashReporter-t.build/Objects-normal/arm64_32/82b82416624d2658e5098eb0a28c15c5-common-args.resp

    /Applications/Xcode-27.0.0-Release.Candidate.app/Contents/Developer/Toolchains/XcodeDefault.xctoolchain/usr/bin/clang -x c++ -ivfsstatcache /Users/admin/builder/spi-builder-workspace/.derivedData/SDKStatCaches.noindex/watchos27.0-24R360-e829b21a6f8c9b70876ba0858053c04477534ef55a1706bf4c1112bbb242f0a2.sdkstatcache -target arm64_32-apple-watchos9.0 -fmessage-length\=0 -fdiagnostics-show-note-include-stack -fmacro-backtrace-limit\=0 -fno-color-diagnostics -fmodules-prune-interval\=86400 -fmodules-prune-after\=345600 -fbuild-session-file\=/Users/admin/builder/spi-builder-workspace/.derivedData/ModuleCache.noindex/Session.modulevalidation -fmodules-validate-once-per-build-session -Wnon-modular-include-in-framework-module -Werror\=non-modular-include-in-framework-module -Wno-trigraphs -Wno-missing-field-initializers -Wno-missing-prototypes -Wno-return-type -Wno-non-virtual-dtor -Wno-overloaded-virtual -Wno-exit-time-destructors -Wno-missing-braces -Wparentheses -Wswitch -Wno-unused-function -Wno-unused-label -Wno-unused-parameter -Wno-unused-variable -Wunused-value -Wno-empty-body -Wno-uninitialized -Wno-unknown-pragmas -Wno-shadow -Wno-four-char-constants -Wno-conversion -Wno-constant-conversion -Wno-int-conversion -Wno-bool-conversion -Wno-enum-conversion -Wno-float-conversion -Wno-non-literal-null-conversion -Wno-objc-literal-conversion -Wno-shorten-64-to-32 -Wno-newline-eof -Wno-c++11-extensions -Wno-implicit-fallthrough -isysroot /Applications/Xcode-27.0.0-Release.Candidate.app/Contents/Developer/Platforms/WatchOS.platform/Developer/SDKs/WatchOS27.0.sdk -fstrict-aliasing -Wdeprecated-declarations -Winvalid-offsetof -Wno-sign-conversion -Wno-infinite-recursion -Wno-move -Wno-comma -Wno-block-capture-autoreleasing -Wno-strict-prototypes -Wno-range-loop-analysis -Wno-semicolon-before-method-body -index-store-path /Users/admin/builder/spi-builder-workspace/.derivedData/Index.noindex/DataStore @/Users/admin/builder/spi-builder-workspace/.derivedData/Build/Intermediates.noindex/PLCrashReporter.build/Debug-watchos/CrashReporter-t.build/Objects-normal/arm64_32/82b82416624d2658e5098eb0a28c15c5-common-args.resp -MMD -MT dependencies -MF /Users/admin/builder/spi-builder-workspace/.derivedData/Build/Intermediates.noindex/PLCrashReporter.build/Debug-watchos/CrashReporter-t.build/Objects-normal/arm64_32/PLCrashAsyncDwarfCFAStateEvaluation.d --serialize-diagnostics /Users/admin/builder/spi-builder-workspace/.derivedData/Build/Intermediates.noindex/PLCrashReporter.build/Debug-watchos/CrashReporter-t.build/Objects-normal/arm64_32/PLCrashAsyncDwarfCFAStateEvaluation.dia -c /Users/admin/builder/spi-builder-workspace/Source/PLCrashAsyncDwarfCFAStateEvaluation.cpp -o /Users/admin/builder/spi-builder-workspace/.derivedData/Build/Intermediates.noindex/PLCrashReporter.build/Debug-watchos/CrashReporter-t.build/Objects-normal/arm64_32/PLCrashAsyncDwarfCFAStateEvaluation.o -index-unit-output-path /PLCrashReporter.build/Debug-watchos/CrashReporter-t.build/Objects-normal/arm64_32/PLCrashAsyncDwarfCFAStateEvaluation.o
CompileC /Users/admin/builder/spi-builder-workspace/.derivedData/Build/Intermediates.noindex/PLCrashReporter.build/Debug-watchos/CrashReporter-t.build/Objects-normal/arm64_32/PLCrashAsyncDwarfCFAState.o /Users/admin/builder/spi-builder-workspace/Source/PLCrashAsyncDwarfCFAState.cpp normal arm64_32 c++ com.apple.compilers.llvm.clang.1_0.compiler (in target 'CrashReporter' from project 'PLCrashReporter')
    cd /Users/admin/builder/spi-builder-workspace/.swiftpm/xcode

    Using response file: /Users/admin/builder/spi-builder-workspace/.derivedData/Build/Intermediates.noindex/PLCrashReporter.build/Debug-watchos/CrashReporter-t.build/Objects-normal/arm64_32/82b82416624d2658e5098eb0a28c15c5-common-args.resp

    /Applications/Xcode-27.0.0-Release.Candidate.app/Contents/Developer/Toolchains/XcodeDefault.xctoolchain/usr/bin/clang -x c++ -ivfsstatcache /Users/admin/builder/spi-builder-workspace/.derivedData/SDKStatCaches.noindex/watchos27.0-24R360-e829b21a6f8c9b70876ba0858053c04477534ef55a1706bf4c1112bbb242f0a2.sdkstatcache -target arm64_32-apple-watchos9.0 -fmessage-length\=0 -fdiagnostics-show-note-include-stack -fmacro-backtrace-limit\=0 -fno-color-diagnostics -fmodules-prune-interval\=86400 -fmodules-prune-after\=345600 -fbuild-session-file\=/Users/admin/builder/spi-builder-workspace/.derivedData/ModuleCache.noindex/Session.modulevalidation -fmodules-validate-once-per-build-session -Wnon-modular-include-in-framework-module -Werror\=non-modular-include-in-framework-module -Wno-trigraphs -Wno-missing-field-initializers -Wno-missing-prototypes -Wno-return-type -Wno-non-virtual-dtor -Wno-overloaded-virtual -Wno-exit-time-destructors -Wno-missing-braces -Wparentheses -Wswitch -Wno-unused-function -Wno-unused-label -Wno-unused-parameter -Wno-unused-variable -Wunused-value -Wno-empty-body -Wno-uninitialized -Wno-unknown-pragmas -Wno-shadow -Wno-four-char-constants -Wno-conversion -Wno-constant-conversion -Wno-int-conversion -Wno-bool-conversion -Wno-enum-conversion -Wno-float-conversion -Wno-non-literal-null-conversion -Wno-objc-literal-conversion -Wno-shorten-64-to-32 -Wno-newline-eof -Wno-c++11-extensions -Wno-implicit-fallthrough -isysroot /Applications/Xcode-27.0.0-Release.Candidate.app/Contents/Developer/Platforms/WatchOS.platform/Developer/SDKs/WatchOS27.0.sdk -fstrict-aliasing -Wdeprecated-declarations -Winvalid-offsetof -Wno-sign-conversion -Wno-infinite-recursion -Wno-move -Wno-comma -Wno-block-capture-autoreleasing -Wno-strict-prototypes -Wno-range-loop-analysis -Wno-semicolon-before-method-body -index-store-path /Users/admin/builder/spi-builder-workspace/.derivedData/Index.noindex/DataStore @/Users/admin/builder/spi-builder-workspace/.derivedData/Build/Intermediates.noindex/PLCrashReporter.build/Debug-watchos/CrashReporter-t.build/Objects-normal/arm64_32/82b82416624d2658e5098eb0a28c15c5-common-args.resp -MMD -MT dependencies -MF /Users/admin/builder/spi-builder-workspace/.derivedData/Build/Intermediates.noindex/PLCrashReporter.build/Debug-watchos/CrashReporter-t.build/Objects-normal/arm64_32/PLCrashAsyncDwarfCFAState.d --serialize-diagnostics /Users/admin/builder/spi-builder-workspace/.derivedData/Build/Intermediates.noindex/PLCrashReporter.build/Debug-watchos/CrashReporter-t.build/Objects-normal/arm64_32/PLCrashAsyncDwarfCFAState.dia -c /Users/admin/builder/spi-builder-workspace/Source/PLCrashAsyncDwarfCFAState.cpp -o /Users/admin/builder/spi-builder-workspace/.derivedData/Build/Intermediates.noindex/PLCrashReporter.build/Debug-watchos/CrashReporter-t.build/Objects-normal/arm64_32/PLCrashAsyncDwarfCFAState.o -index-unit-output-path /PLCrashReporter.build/Debug-watchos/CrashReporter-t.build/Objects-normal/arm64_32/PLCrashAsyncDwarfCFAState.o
CompileC /Users/admin/builder/spi-builder-workspace/.derivedData/Build/Intermediates.noindex/PLCrashReporter.build/Debug-watchos/CrashReporter-t.build/Objects-normal/arm64/dwarf_opstream.o /Users/admin/builder/spi-builder-workspace/Source/dwarf_opstream.cpp normal arm64 c++ com.apple.compilers.llvm.clang.1_0.compiler (in target 'CrashReporter' from project 'PLCrashReporter')
    cd /Users/admin/builder/spi-builder-workspace/.swiftpm/xcode

    Using response file: /Users/admin/builder/spi-builder-workspace/.derivedData/Build/Intermediates.noindex/PLCrashReporter.build/Debug-watchos/CrashReporter-t.build/Objects-normal/arm64/82b82416624d2658e5098eb0a28c15c5-common-args.resp

    /Applications/Xcode-27.0.0-Release.Candidate.app/Contents/Developer/Toolchains/XcodeDefault.xctoolchain/usr/bin/clang -x c++ -ivfsstatcache /Users/admin/builder/spi-builder-workspace/.derivedData/SDKStatCaches.noindex/watchos27.0-24R360-e829b21a6f8c9b70876ba0858053c04477534ef55a1706bf4c1112bbb242f0a2.sdkstatcache -target arm64-apple-watchos9.0 -fmessage-length\=0 -fdiagnostics-show-note-include-stack -fmacro-backtrace-limit\=0 -fno-color-diagnostics -fmodules-prune-interval\=86400 -fmodules-prune-after\=345600 -fbuild-session-file\=/Users/admin/builder/spi-builder-workspace/.derivedData/ModuleCache.noindex/Session.modulevalidation -fmodules-validate-once-per-build-session -Wnon-modular-include-in-framework-module -Werror\=non-modular-include-in-framework-module -Wno-trigraphs -Wno-missing-field-initializers -Wno-missing-prototypes -Wno-return-type -Wno-non-virtual-dtor -Wno-overloaded-virtual -Wno-exit-time-destructors -Wno-missing-braces -Wparentheses -Wswitch -Wno-unused-function -Wno-unused-label -Wno-unused-parameter -Wno-unused-variable -Wunused-value -Wno-empty-body -Wno-uninitialized -Wno-unknown-pragmas -Wno-shadow -Wno-four-char-constants -Wno-conversion -Wno-constant-conversion -Wno-int-conversion -Wno-bool-conversion -Wno-enum-conversion -Wno-float-conversion -Wno-non-literal-null-conversion -Wno-objc-literal-conversion -Wshorten-64-to-32 -Wno-newline-eof -Wno-c++11-extensions -Wno-implicit-fallthrough -isysroot /Applications/Xcode-27.0.0-Release.Candidate.app/Contents/Developer/Platforms/WatchOS.platform/Developer/SDKs/WatchOS27.0.sdk -fstrict-aliasing -Wdeprecated-declarations -Winvalid-offsetof -Wno-sign-conversion -Wno-infinite-recursion -Wno-move -Wno-comma -Wno-block-capture-autoreleasing -Wno-strict-prototypes -Wno-range-loop-analysis -Wno-semicolon-before-method-body -index-store-path /Users/admin/builder/spi-builder-workspace/.derivedData/Index.noindex/DataStore @/Users/admin/builder/spi-builder-workspace/.derivedData/Build/Intermediates.noindex/PLCrashReporter.build/Debug-watchos/CrashReporter-t.build/Objects-normal/arm64/82b82416624d2658e5098eb0a28c15c5-common-args.resp -MMD -MT dependencies -MF /Users/admin/builder/spi-builder-workspace/.derivedData/Build/Intermediates.noindex/PLCrashReporter.build/Debug-watchos/CrashReporter-t.build/Objects-normal/arm64/dwarf_opstream.d --serialize-diagnostics /Users/admin/builder/spi-builder-workspace/.derivedData/Build/Intermediates.noindex/PLCrashReporter.build/Debug-watchos/CrashReporter-t.build/Objects-normal/arm64/dwarf_opstream.dia -c /Users/admin/builder/spi-builder-workspace/Source/dwarf_opstream.cpp -o /Users/admin/builder/spi-builder-workspace/.derivedData/Build/Intermediates.noindex/PLCrashReporter.build/Debug-watchos/CrashReporter-t.build/Objects-normal/arm64/dwarf_opstream.o -index-unit-output-path /PLCrashReporter.build/Debug-watchos/CrashReporter-t.build/Objects-normal/arm64/dwarf_opstream.o
CompileC /Users/admin/builder/spi-builder-workspace/.derivedData/Build/Intermediates.noindex/PLCrashReporter.build/Debug-watchos/CrashReporter-t.build/Objects-normal/arm64/PLCrashSignalHandler.o /Users/admin/builder/spi-builder-workspace/Source/PLCrashSignalHandler.mm normal arm64 objective-c++ com.apple.compilers.llvm.clang.1_0.compiler (in target 'CrashReporter' from project 'PLCrashReporter')
    cd /Users/admin/builder/spi-builder-workspace/.swiftpm/xcode

    Using response file: /Users/admin/builder/spi-builder-workspace/.derivedData/Build/Intermediates.noindex/PLCrashReporter.build/Debug-watchos/CrashReporter-t.build/Objects-normal/arm64/af3fcb34312c57c0f52879cdce924b91-common-args.resp

    /Applications/Xcode-27.0.0-Release.Candidate.app/Contents/Developer/Toolchains/XcodeDefault.xctoolchain/usr/bin/clang -x objective-c++ -ivfsstatcache /Users/admin/builder/spi-builder-workspace/.derivedData/SDKStatCaches.noindex/watchos27.0-24R360-e829b21a6f8c9b70876ba0858053c04477534ef55a1706bf4c1112bbb242f0a2.sdkstatcache -target arm64-apple-watchos9.0 -fmessage-length\=0 -fdiagnostics-show-note-include-stack -fmacro-backtrace-limit\=0 -fno-color-diagnostics -fmodules-prune-interval\=86400 -fmodules-prune-after\=345600 -fbuild-session-file\=/Users/admin/builder/spi-builder-workspace/.derivedData/ModuleCache.noindex/Session.modulevalidation -fmodules-validate-once-per-build-session -Wnon-modular-include-in-framework-module -Werror\=non-modular-include-in-framework-module -Wno-trigraphs -Wno-missing-field-initializers -Wno-missing-prototypes -Wno-return-type -Wno-implicit-atomic-properties -Wno-objc-interface-ivars -Wno-arc-repeated-use-of-weak -Wno-non-virtual-dtor -Wno-overloaded-virtual -Wno-exit-time-destructors -Wno-missing-braces -Wparentheses -Wswitch -Wno-unused-function -Wno-unused-label -Wno-unused-parameter -Wno-unused-variable -Wunused-value -Wno-empty-body -Wno-uninitialized -Wno-unknown-pragmas -Wno-shadow -Wno-four-char-constants -Wno-conversion -Wno-constant-conversion -Wno-int-conversion -Wno-bool-conversion -Wno-enum-conversion -Wno-float-conversion -Wno-non-literal-null-conversion -Wno-objc-literal-conversion -Wshorten-64-to-32 -Wno-newline-eof -Wno-selector -Wno-strict-selector-match -Wno-undeclared-selector -Wno-deprecated-implementations -Wno-c++11-extensions -Wno-implicit-fallthrough -isysroot /Applications/Xcode-27.0.0-Release.Candidate.app/Contents/Developer/Platforms/WatchOS.platform/Developer/SDKs/WatchOS27.0.sdk -fstrict-aliasing -Wprotocol -Wdeprecated-declarations -Winvalid-offsetof -Wno-sign-conversion -Wno-infinite-recursion -Wno-move -Wno-comma -Wno-block-capture-autoreleasing -Wno-strict-prototypes -Wno-range-loop-analysis -Wno-semicolon-before-method-body -index-store-path /Users/admin/builder/spi-builder-workspace/.derivedData/Index.noindex/DataStore @/Users/admin/builder/spi-builder-workspace/.derivedData/Build/Intermediates.noindex/PLCrashReporter.build/Debug-watchos/CrashReporter-t.build/Objects-normal/arm64/af3fcb34312c57c0f52879cdce924b91-common-args.resp -include /Users/admin/builder/spi-builder-workspace/.derivedData/Build/Intermediates.noindex/PLCrashReporter.build/Debug-watchos/CrashReporter-t.build/DerivedSources/resource_bundle_accessor.h -MMD -MT dependencies -MF /Users/admin/builder/spi-builder-workspace/.derivedData/Build/Intermediates.noindex/PLCrashReporter.build/Debug-watchos/CrashReporter-t.build/Objects-normal/arm64/PLCrashSignalHandler.d --serialize-diagnostics /Users/admin/builder/spi-builder-workspace/.derivedData/Build/Intermediates.noindex/PLCrashReporter.build/Debug-watchos/CrashReporter-t.build/Objects-normal/arm64/PLCrashSignalHandler.dia -c /Users/admin/builder/spi-builder-workspace/Source/PLCrashSignalHandler.mm -o /Users/admin/builder/spi-builder-workspace/.derivedData/Build/Intermediates.noindex/PLCrashReporter.build/Debug-watchos/CrashReporter-t.build/Objects-normal/arm64/PLCrashSignalHandler.o -index-unit-output-path /PLCrashReporter.build/Debug-watchos/CrashReporter-t.build/Objects-normal/arm64/PLCrashSignalHandler.o
CompileC /Users/admin/builder/spi-builder-workspace/.derivedData/Build/Intermediates.noindex/PLCrashReporter.build/Debug-watchos/CrashReporter-t.build/Objects-normal/arm64/PLCrashFrameDWARFUnwind.o /Users/admin/builder/spi-builder-workspace/Source/PLCrashFrameDWARFUnwind.cpp normal arm64 c++ com.apple.compilers.llvm.clang.1_0.compiler (in target 'CrashReporter' from project 'PLCrashReporter')
    cd /Users/admin/builder/spi-builder-workspace/.swiftpm/xcode

    Using response file: /Users/admin/builder/spi-builder-workspace/.derivedData/Build/Intermediates.noindex/PLCrashReporter.build/Debug-watchos/CrashReporter-t.build/Objects-normal/arm64/82b82416624d2658e5098eb0a28c15c5-common-args.resp

    /Applications/Xcode-27.0.0-Release.Candidate.app/Contents/Developer/Toolchains/XcodeDefault.xctoolchain/usr/bin/clang -x c++ -ivfsstatcache /Users/admin/builder/spi-builder-workspace/.derivedData/SDKStatCaches.noindex/watchos27.0-24R360-e829b21a6f8c9b70876ba0858053c04477534ef55a1706bf4c1112bbb242f0a2.sdkstatcache -target arm64-apple-watchos9.0 -fmessage-length\=0 -fdiagnostics-show-note-include-stack -fmacro-backtrace-limit\=0 -fno-color-diagnostics -fmodules-prune-interval\=86400 -fmodules-prune-after\=345600 -fbuild-session-file\=/Users/admin/builder/spi-builder-workspace/.derivedData/ModuleCache.noindex/Session.modulevalidation -fmodules-validate-once-per-build-session -Wnon-modular-include-in-framework-module -Werror\=non-modular-include-in-framework-module -Wno-trigraphs -Wno-missing-field-initializers -Wno-missing-prototypes -Wno-return-type -Wno-non-virtual-dtor -Wno-overloaded-virtual -Wno-exit-time-destructors -Wno-missing-braces -Wparentheses -Wswitch -Wno-unused-function -Wno-unused-label -Wno-unused-parameter -Wno-unused-variable -Wunused-value -Wno-empty-body -Wno-uninitialized -Wno-unknown-pragmas -Wno-shadow -Wno-four-char-constants -Wno-conversion -Wno-constant-conversion -Wno-int-conversion -Wno-bool-conversion -Wno-enum-conversion -Wno-float-conversion -Wno-non-literal-null-conversion -Wno-objc-literal-conversion -Wshorten-64-to-32 -Wno-newline-eof -Wno-c++11-extensions -Wno-implicit-fallthrough -isysroot /Applications/Xcode-27.0.0-Release.Candidate.app/Contents/Developer/Platforms/WatchOS.platform/Developer/SDKs/WatchOS27.0.sdk -fstrict-aliasing -Wdeprecated-declarations -Winvalid-offsetof -Wno-sign-conversion -Wno-infinite-recursion -Wno-move -Wno-comma -Wno-block-capture-autoreleasing -Wno-strict-prototypes -Wno-range-loop-analysis -Wno-semicolon-before-method-body -index-store-path /Users/admin/builder/spi-builder-workspace/.derivedData/Index.noindex/DataStore @/Users/admin/builder/spi-builder-workspace/.derivedData/Build/Intermediates.noindex/PLCrashReporter.build/Debug-watchos/CrashReporter-t.build/Objects-normal/arm64/82b82416624d2658e5098eb0a28c15c5-common-args.resp -MMD -MT dependencies -MF /Users/admin/builder/spi-builder-workspace/.derivedData/Build/Intermediates.noindex/PLCrashReporter.build/Debug-watchos/CrashReporter-t.build/Objects-normal/arm64/PLCrashFrameDWARFUnwind.d --serialize-diagnostics /Users/admin/builder/spi-builder-workspace/.derivedData/Build/Intermediates.noindex/PLCrashReporter.build/Debug-watchos/CrashReporter-t.build/Objects-normal/arm64/PLCrashFrameDWARFUnwind.dia -c /Users/admin/builder/spi-builder-workspace/Source/PLCrashFrameDWARFUnwind.cpp -o /Users/admin/builder/spi-builder-workspace/.derivedData/Build/Intermediates.noindex/PLCrashReporter.build/Debug-watchos/CrashReporter-t.build/Objects-normal/arm64/PLCrashFrameDWARFUnwind.o -index-unit-output-path /PLCrashReporter.build/Debug-watchos/CrashReporter-t.build/Objects-normal/arm64/PLCrashFrameDWARFUnwind.o
CompileC /Users/admin/builder/spi-builder-workspace/.derivedData/Build/Intermediates.noindex/PLCrashReporter.build/Debug-watchos/CrashReporter-t.build/Objects-normal/arm64/PLCrashAsyncObjCSection.o /Users/admin/builder/spi-builder-workspace/Source/PLCrashAsyncObjCSection.mm normal arm64 objective-c++ com.apple.compilers.llvm.clang.1_0.compiler (in target 'CrashReporter' from project 'PLCrashReporter')
    cd /Users/admin/builder/spi-builder-workspace/.swiftpm/xcode

    Using response file: /Users/admin/builder/spi-builder-workspace/.derivedData/Build/Intermediates.noindex/PLCrashReporter.build/Debug-watchos/CrashReporter-t.build/Objects-normal/arm64/af3fcb34312c57c0f52879cdce924b91-common-args.resp

    /Applications/Xcode-27.0.0-Release.Candidate.app/Contents/Developer/Toolchains/XcodeDefault.xctoolchain/usr/bin/clang -x objective-c++ -ivfsstatcache /Users/admin/builder/spi-builder-workspace/.derivedData/SDKStatCaches.noindex/watchos27.0-24R360-e829b21a6f8c9b70876ba0858053c04477534ef55a1706bf4c1112bbb242f0a2.sdkstatcache -target arm64-apple-watchos9.0 -fmessage-length\=0 -fdiagnostics-show-note-include-stack -fmacro-backtrace-limit\=0 -fno-color-diagnostics -fmodules-prune-interval\=86400 -fmodules-prune-after\=345600 -fbuild-session-file\=/Users/admin/builder/spi-builder-workspace/.derivedData/ModuleCache.noindex/Session.modulevalidation -fmodules-validate-once-per-build-session -Wnon-modular-include-in-framework-module -Werror\=non-modular-include-in-framework-module -Wno-trigraphs -Wno-missing-field-initializers -Wno-missing-prototypes -Wno-return-type -Wno-implicit-atomic-properties -Wno-objc-interface-ivars -Wno-arc-repeated-use-of-weak -Wno-non-virtual-dtor -Wno-overloaded-virtual -Wno-exit-time-destructors -Wno-missing-braces -Wparentheses -Wswitch -Wno-unused-function -Wno-unused-label -Wno-unused-parameter -Wno-unused-variable -Wunused-value -Wno-empty-body -Wno-uninitialized -Wno-unknown-pragmas -Wno-shadow -Wno-four-char-constants -Wno-conversion -Wno-constant-conversion -Wno-int-conversion -Wno-bool-conversion -Wno-enum-conversion -Wno-float-conversion -Wno-non-literal-null-conversion -Wno-objc-literal-conversion -Wshorten-64-to-32 -Wno-newline-eof -Wno-selector -Wno-strict-selector-match -Wno-undeclared-selector -Wno-deprecated-implementations -Wno-c++11-extensions -Wno-implicit-fallthrough -isysroot /Applications/Xcode-27.0.0-Release.Candidate.app/Contents/Developer/Platforms/WatchOS.platform/Developer/SDKs/WatchOS27.0.sdk -fstrict-aliasing -Wprotocol -Wdeprecated-declarations -Winvalid-offsetof -Wno-sign-conversion -Wno-infinite-recursion -Wno-move -Wno-comma -Wno-block-capture-autoreleasing -Wno-strict-prototypes -Wno-range-loop-analysis -Wno-semicolon-before-method-body -index-store-path /Users/admin/builder/spi-builder-workspace/.derivedData/Index.noindex/DataStore @/Users/admin/builder/spi-builder-workspace/.derivedData/Build/Intermediates.noindex/PLCrashReporter.build/Debug-watchos/CrashReporter-t.build/Objects-normal/arm64/af3fcb34312c57c0f52879cdce924b91-common-args.resp -include /Users/admin/builder/spi-builder-workspace/.derivedData/Build/Intermediates.noindex/PLCrashReporter.build/Debug-watchos/CrashReporter-t.build/DerivedSources/resource_bundle_accessor.h -MMD -MT dependencies -MF /Users/admin/builder/spi-builder-workspace/.derivedData/Build/Intermediates.noindex/PLCrashReporter.build/Debug-watchos/CrashReporter-t.build/Objects-normal/arm64/PLCrashAsyncObjCSection.d --serialize-diagnostics /Users/admin/builder/spi-builder-workspace/.derivedData/Build/Intermediates.noindex/PLCrashReporter.build/Debug-watchos/CrashReporter-t.build/Objects-normal/arm64/PLCrashAsyncObjCSection.dia -c /Users/admin/builder/spi-builder-workspace/Source/PLCrashAsyncObjCSection.mm -o /Users/admin/builder/spi-builder-workspace/.derivedData/Build/Intermediates.noindex/PLCrashReporter.build/Debug-watchos/CrashReporter-t.build/Objects-normal/arm64/PLCrashAsyncObjCSection.o -index-unit-output-path /PLCrashReporter.build/Debug-watchos/CrashReporter-t.build/Objects-normal/arm64/PLCrashAsyncObjCSection.o
CompileC /Users/admin/builder/spi-builder-workspace/.derivedData/Build/Intermediates.noindex/PLCrashReporter.build/Debug-watchos/CrashReporter-t.build/Objects-normal/arm64/PLCrashAsyncImageList.o /Users/admin/builder/spi-builder-workspace/Source/PLCrashAsyncImageList.cpp normal arm64 c++ com.apple.compilers.llvm.clang.1_0.compiler (in target 'CrashReporter' from project 'PLCrashReporter')
    cd /Users/admin/builder/spi-builder-workspace/.swiftpm/xcode

    Using response file: /Users/admin/builder/spi-builder-workspace/.derivedData/Build/Intermediates.noindex/PLCrashReporter.build/Debug-watchos/CrashReporter-t.build/Objects-normal/arm64/82b82416624d2658e5098eb0a28c15c5-common-args.resp

    /Applications/Xcode-27.0.0-Release.Candidate.app/Contents/Developer/Toolchains/XcodeDefault.xctoolchain/usr/bin/clang -x c++ -ivfsstatcache /Users/admin/builder/spi-builder-workspace/.derivedData/SDKStatCaches.noindex/watchos27.0-24R360-e829b21a6f8c9b70876ba0858053c04477534ef55a1706bf4c1112bbb242f0a2.sdkstatcache -target arm64-apple-watchos9.0 -fmessage-length\=0 -fdiagnostics-show-note-include-stack -fmacro-backtrace-limit\=0 -fno-color-diagnostics -fmodules-prune-interval\=86400 -fmodules-prune-after\=345600 -fbuild-session-file\=/Users/admin/builder/spi-builder-workspace/.derivedData/ModuleCache.noindex/Session.modulevalidation -fmodules-validate-once-per-build-session -Wnon-modular-include-in-framework-module -Werror\=non-modular-include-in-framework-module -Wno-trigraphs -Wno-missing-field-initializers -Wno-missing-prototypes -Wno-return-type -Wno-non-virtual-dtor -Wno-overloaded-virtual -Wno-exit-time-destructors -Wno-missing-braces -Wparentheses -Wswitch -Wno-unused-function -Wno-unused-label -Wno-unused-parameter -Wno-unused-variable -Wunused-value -Wno-empty-body -Wno-uninitialized -Wno-unknown-pragmas -Wno-shadow -Wno-four-char-constants -Wno-conversion -Wno-constant-conversion -Wno-int-conversion -Wno-bool-conversion -Wno-enum-conversion -Wno-float-conversion -Wno-non-literal-null-conversion -Wno-objc-literal-conversion -Wshorten-64-to-32 -Wno-newline-eof -Wno-c++11-extensions -Wno-implicit-fallthrough -isysroot /Applications/Xcode-27.0.0-Release.Candidate.app/Contents/Developer/Platforms/WatchOS.platform/Developer/SDKs/WatchOS27.0.sdk -fstrict-aliasing -Wdeprecated-declarations -Winvalid-offsetof -Wno-sign-conversion -Wno-infinite-recursion -Wno-move -Wno-comma -Wno-block-capture-autoreleasing -Wno-strict-prototypes -Wno-range-loop-analysis -Wno-semicolon-before-method-body -index-store-path /Users/admin/builder/spi-builder-workspace/.derivedData/Index.noindex/DataStore @/Users/admin/builder/spi-builder-workspace/.derivedData/Build/Intermediates.noindex/PLCrashReporter.build/Debug-watchos/CrashReporter-t.build/Objects-normal/arm64/82b82416624d2658e5098eb0a28c15c5-common-args.resp -MMD -MT dependencies -MF /Users/admin/builder/spi-builder-workspace/.derivedData/Build/Intermediates.noindex/PLCrashReporter.build/Debug-watchos/CrashReporter-t.build/Objects-normal/arm64/PLCrashAsyncImageList.d --serialize-diagnostics /Users/admin/builder/spi-builder-workspace/.derivedData/Build/Intermediates.noindex/PLCrashReporter.build/Debug-watchos/CrashReporter-t.build/Objects-normal/arm64/PLCrashAsyncImageList.dia -c /Users/admin/builder/spi-builder-workspace/Source/PLCrashAsyncImageList.cpp -o /Users/admin/builder/spi-builder-workspace/.derivedData/Build/Intermediates.noindex/PLCrashReporter.build/Debug-watchos/CrashReporter-t.build/Objects-normal/arm64/PLCrashAsyncImageList.o -index-unit-output-path /PLCrashReporter.build/Debug-watchos/CrashReporter-t.build/Objects-normal/arm64/PLCrashAsyncImageList.o
CompileC /Users/admin/builder/spi-builder-workspace/.derivedData/Build/Intermediates.noindex/PLCrashReporter.build/Debug-watchos/CrashReporter-t.build/Objects-normal/arm64/PLCrashAsyncDwarfPrimitives.o /Users/admin/builder/spi-builder-workspace/Source/PLCrashAsyncDwarfPrimitives.cpp normal arm64 c++ com.apple.compilers.llvm.clang.1_0.compiler (in target 'CrashReporter' from project 'PLCrashReporter')
    cd /Users/admin/builder/spi-builder-workspace/.swiftpm/xcode

    Using response file: /Users/admin/builder/spi-builder-workspace/.derivedData/Build/Intermediates.noindex/PLCrashReporter.build/Debug-watchos/CrashReporter-t.build/Objects-normal/arm64/82b82416624d2658e5098eb0a28c15c5-common-args.resp

    /Applications/Xcode-27.0.0-Release.Candidate.app/Contents/Developer/Toolchains/XcodeDefault.xctoolchain/usr/bin/clang -x c++ -ivfsstatcache /Users/admin/builder/spi-builder-workspace/.derivedData/SDKStatCaches.noindex/watchos27.0-24R360-e829b21a6f8c9b70876ba0858053c04477534ef55a1706bf4c1112bbb242f0a2.sdkstatcache -target arm64-apple-watchos9.0 -fmessage-length\=0 -fdiagnostics-show-note-include-stack -fmacro-backtrace-limit\=0 -fno-color-diagnostics -fmodules-prune-interval\=86400 -fmodules-prune-after\=345600 -fbuild-session-file\=/Users/admin/builder/spi-builder-workspace/.derivedData/ModuleCache.noindex/Session.modulevalidation -fmodules-validate-once-per-build-session -Wnon-modular-include-in-framework-module -Werror\=non-modular-include-in-framework-module -Wno-trigraphs -Wno-missing-field-initializers -Wno-missing-prototypes -Wno-return-type -Wno-non-virtual-dtor -Wno-overloaded-virtual -Wno-exit-time-destructors -Wno-missing-braces -Wparentheses -Wswitch -Wno-unused-function -Wno-unused-label -Wno-unused-parameter -Wno-unused-variable -Wunused-value -Wno-empty-body -Wno-uninitialized -Wno-unknown-pragmas -Wno-shadow -Wno-four-char-constants -Wno-conversion -Wno-constant-conversion -Wno-int-conversion -Wno-bool-conversion -Wno-enum-conversion -Wno-float-conversion -Wno-non-literal-null-conversion -Wno-objc-literal-conversion -Wshorten-64-to-32 -Wno-newline-eof -Wno-c++11-extensions -Wno-implicit-fallthrough -isysroot /Applications/Xcode-27.0.0-Release.Candidate.app/Contents/Developer/Platforms/WatchOS.platform/Developer/SDKs/WatchOS27.0.sdk -fstrict-aliasing -Wdeprecated-declarations -Winvalid-offsetof -Wno-sign-conversion -Wno-infinite-recursion -Wno-move -Wno-comma -Wno-block-capture-autoreleasing -Wno-strict-prototypes -Wno-range-loop-analysis -Wno-semicolon-before-method-body -index-store-path /Users/admin/builder/spi-builder-workspace/.derivedData/Index.noindex/DataStore @/Users/admin/builder/spi-builder-workspace/.derivedData/Build/Intermediates.noindex/PLCrashReporter.build/Debug-watchos/CrashReporter-t.build/Objects-normal/arm64/82b82416624d2658e5098eb0a28c15c5-common-args.resp -MMD -MT dependencies -MF /Users/admin/builder/spi-builder-workspace/.derivedData/Build/Intermediates.noindex/PLCrashReporter.build/Debug-watchos/CrashReporter-t.build/Objects-normal/arm64/PLCrashAsyncDwarfPrimitives.d --serialize-diagnostics /Users/admin/builder/spi-builder-workspace/.derivedData/Build/Intermediates.noindex/PLCrashReporter.build/Debug-watchos/CrashReporter-t.build/Objects-normal/arm64/PLCrashAsyncDwarfPrimitives.dia -c /Users/admin/builder/spi-builder-workspace/Source/PLCrashAsyncDwarfPrimitives.cpp -o /Users/admin/builder/spi-builder-workspace/.derivedData/Build/Intermediates.noindex/PLCrashReporter.build/Debug-watchos/CrashReporter-t.build/Objects-normal/arm64/PLCrashAsyncDwarfPrimitives.o -index-unit-output-path /PLCrashReporter.build/Debug-watchos/CrashReporter-t.build/Objects-normal/arm64/PLCrashAsyncDwarfPrimitives.o
CompileC /Users/admin/builder/spi-builder-workspace/.derivedData/Build/Intermediates.noindex/PLCrashReporter.build/Debug-watchos/CrashReporter-t.build/Objects-normal/arm64/PLCrashAsyncDwarfFDE.o /Users/admin/builder/spi-builder-workspace/Source/PLCrashAsyncDwarfFDE.cpp normal arm64 c++ com.apple.compilers.llvm.clang.1_0.compiler (in target 'CrashReporter' from project 'PLCrashReporter')
    cd /Users/admin/builder/spi-builder-workspace/.swiftpm/xcode

    Using response file: /Users/admin/builder/spi-builder-workspace/.derivedData/Build/Intermediates.noindex/PLCrashReporter.build/Debug-watchos/CrashReporter-t.build/Objects-normal/arm64/82b82416624d2658e5098eb0a28c15c5-common-args.resp

    /Applications/Xcode-27.0.0-Release.Candidate.app/Contents/Developer/Toolchains/XcodeDefault.xctoolchain/usr/bin/clang -x c++ -ivfsstatcache /Users/admin/builder/spi-builder-workspace/.derivedData/SDKStatCaches.noindex/watchos27.0-24R360-e829b21a6f8c9b70876ba0858053c04477534ef55a1706bf4c1112bbb242f0a2.sdkstatcache -target arm64-apple-watchos9.0 -fmessage-length\=0 -fdiagnostics-show-note-include-stack -fmacro-backtrace-limit\=0 -fno-color-diagnostics -fmodules-prune-interval\=86400 -fmodules-prune-after\=345600 -fbuild-session-file\=/Users/admin/builder/spi-builder-workspace/.derivedData/ModuleCache.noindex/Session.modulevalidation -fmodules-validate-once-per-build-session -Wnon-modular-include-in-framework-module -Werror\=non-modular-include-in-framework-module -Wno-trigraphs -Wno-missing-field-initializers -Wno-missing-prototypes -Wno-return-type -Wno-non-virtual-dtor -Wno-overloaded-virtual -Wno-exit-time-destructors -Wno-missing-braces -Wparentheses -Wswitch -Wno-unused-function -Wno-unused-label -Wno-unused-parameter -Wno-unused-variable -Wunused-value -Wno-empty-body -Wno-uninitialized -Wno-unknown-pragmas -Wno-shadow -Wno-four-char-constants -Wno-conversion -Wno-constant-conversion -Wno-int-conversion -Wno-bool-conversion -Wno-enum-conversion -Wno-float-conversion -Wno-non-literal-null-conversion -Wno-objc-literal-conversion -Wshorten-64-to-32 -Wno-newline-eof -Wno-c++11-extensions -Wno-implicit-fallthrough -isysroot /Applications/Xcode-27.0.0-Release.Candidate.app/Contents/Developer/Platforms/WatchOS.platform/Developer/SDKs/WatchOS27.0.sdk -fstrict-aliasing -Wdeprecated-declarations -Winvalid-offsetof -Wno-sign-conversion -Wno-infinite-recursion -Wno-move -Wno-comma -Wno-block-capture-autoreleasing -Wno-strict-prototypes -Wno-range-loop-analysis -Wno-semicolon-before-method-body -index-store-path /Users/admin/builder/spi-builder-workspace/.derivedData/Index.noindex/DataStore @/Users/admin/builder/spi-builder-workspace/.derivedData/Build/Intermediates.noindex/PLCrashReporter.build/Debug-watchos/CrashReporter-t.build/Objects-normal/arm64/82b82416624d2658e5098eb0a28c15c5-common-args.resp -MMD -MT dependencies -MF /Users/admin/builder/spi-builder-workspace/.derivedData/Build/Intermediates.noindex/PLCrashReporter.build/Debug-watchos/CrashReporter-t.build/Objects-normal/arm64/PLCrashAsyncDwarfFDE.d --serialize-diagnostics /Users/admin/builder/spi-builder-workspace/.derivedData/Build/Intermediates.noindex/PLCrashReporter.build/Debug-watchos/CrashReporter-t.build/Objects-normal/arm64/PLCrashAsyncDwarfFDE.dia -c /Users/admin/builder/spi-builder-workspace/Source/PLCrashAsyncDwarfFDE.cpp -o /Users/admin/builder/spi-builder-workspace/.derivedData/Build/Intermediates.noindex/PLCrashReporter.build/Debug-watchos/CrashReporter-t.build/Objects-normal/arm64/PLCrashAsyncDwarfFDE.o -index-unit-output-path /PLCrashReporter.build/Debug-watchos/CrashReporter-t.build/Objects-normal/arm64/PLCrashAsyncDwarfFDE.o
CompileC /Users/admin/builder/spi-builder-workspace/.derivedData/Build/Intermediates.noindex/PLCrashReporter.build/Debug-watchos/CrashReporter-t.build/Objects-normal/arm64/PLCrashAsyncDwarfExpression.o /Users/admin/builder/spi-builder-workspace/Source/PLCrashAsyncDwarfExpression.cpp normal arm64 c++ com.apple.compilers.llvm.clang.1_0.compiler (in target 'CrashReporter' from project 'PLCrashReporter')
    cd /Users/admin/builder/spi-builder-workspace/.swiftpm/xcode

    Using response file: /Users/admin/builder/spi-builder-workspace/.derivedData/Build/Intermediates.noindex/PLCrashReporter.build/Debug-watchos/CrashReporter-t.build/Objects-normal/arm64/82b82416624d2658e5098eb0a28c15c5-common-args.resp

    /Applications/Xcode-27.0.0-Release.Candidate.app/Contents/Developer/Toolchains/XcodeDefault.xctoolchain/usr/bin/clang -x c++ -ivfsstatcache /Users/admin/builder/spi-builder-workspace/.derivedData/SDKStatCaches.noindex/watchos27.0-24R360-e829b21a6f8c9b70876ba0858053c04477534ef55a1706bf4c1112bbb242f0a2.sdkstatcache -target arm64-apple-watchos9.0 -fmessage-length\=0 -fdiagnostics-show-note-include-stack -fmacro-backtrace-limit\=0 -fno-color-diagnostics -fmodules-prune-interval\=86400 -fmodules-prune-after\=345600 -fbuild-session-file\=/Users/admin/builder/spi-builder-workspace/.derivedData/ModuleCache.noindex/Session.modulevalidation -fmodules-validate-once-per-build-session -Wnon-modular-include-in-framework-module -Werror\=non-modular-include-in-framework-module -Wno-trigraphs -Wno-missing-field-initializers -Wno-missing-prototypes -Wno-return-type -Wno-non-virtual-dtor -Wno-overloaded-virtual -Wno-exit-time-destructors -Wno-missing-braces -Wparentheses -Wswitch -Wno-unused-function -Wno-unused-label -Wno-unused-parameter -Wno-unused-variable -Wunused-value -Wno-empty-body -Wno-uninitialized -Wno-unknown-pragmas -Wno-shadow -Wno-four-char-constants -Wno-conversion -Wno-constant-conversion -Wno-int-conversion -Wno-bool-conversion -Wno-enum-conversion -Wno-float-conversion -Wno-non-literal-null-conversion -Wno-objc-literal-conversion -Wshorten-64-to-32 -Wno-newline-eof -Wno-c++11-extensions -Wno-implicit-fallthrough -isysroot /Applications/Xcode-27.0.0-Release.Candidate.app/Contents/Developer/Platforms/WatchOS.platform/Developer/SDKs/WatchOS27.0.sdk -fstrict-aliasing -Wdeprecated-declarations -Winvalid-offsetof -Wno-sign-conversion -Wno-infinite-recursion -Wno-move -Wno-comma -Wno-block-capture-autoreleasing -Wno-strict-prototypes -Wno-range-loop-analysis -Wno-semicolon-before-method-body -index-store-path /Users/admin/builder/spi-builder-workspace/.derivedData/Index.noindex/DataStore @/Users/admin/builder/spi-builder-workspace/.derivedData/Build/Intermediates.noindex/PLCrashReporter.build/Debug-watchos/CrashReporter-t.build/Objects-normal/arm64/82b82416624d2658e5098eb0a28c15c5-common-args.resp -MMD -MT dependencies -MF /Users/admin/builder/spi-builder-workspace/.derivedData/Build/Intermediates.noindex/PLCrashReporter.build/Debug-watchos/CrashReporter-t.build/Objects-normal/arm64/PLCrashAsyncDwarfExpression.d --serialize-diagnostics /Users/admin/builder/spi-builder-workspace/.derivedData/Build/Intermediates.noindex/PLCrashReporter.build/Debug-watchos/CrashReporter-t.build/Objects-normal/arm64/PLCrashAsyncDwarfExpression.dia -c /Users/admin/builder/spi-builder-workspace/Source/PLCrashAsyncDwarfExpression.cpp -o /Users/admin/builder/spi-builder-workspace/.derivedData/Build/Intermediates.noindex/PLCrashReporter.build/Debug-watchos/CrashReporter-t.build/Objects-normal/arm64/PLCrashAsyncDwarfExpression.o -index-unit-output-path /PLCrashReporter.build/Debug-watchos/CrashReporter-t.build/Objects-normal/arm64/PLCrashAsyncDwarfExpression.o
CompileC /Users/admin/builder/spi-builder-workspace/.derivedData/Build/Intermediates.noindex/PLCrashReporter.build/Debug-watchos/CrashReporter-t.build/Objects-normal/arm64/PLCrashAsyncDwarfEncoding.o /Users/admin/builder/spi-builder-workspace/Source/PLCrashAsyncDwarfEncoding.cpp normal arm64 c++ com.apple.compilers.llvm.clang.1_0.compiler (in target 'CrashReporter' from project 'PLCrashReporter')
    cd /Users/admin/builder/spi-builder-workspace/.swiftpm/xcode

    Using response file: /Users/admin/builder/spi-builder-workspace/.derivedData/Build/Intermediates.noindex/PLCrashReporter.build/Debug-watchos/CrashReporter-t.build/Objects-normal/arm64/82b82416624d2658e5098eb0a28c15c5-common-args.resp

    /Applications/Xcode-27.0.0-Release.Candidate.app/Contents/Developer/Toolchains/XcodeDefault.xctoolchain/usr/bin/clang -x c++ -ivfsstatcache /Users/admin/builder/spi-builder-workspace/.derivedData/SDKStatCaches.noindex/watchos27.0-24R360-e829b21a6f8c9b70876ba0858053c04477534ef55a1706bf4c1112bbb242f0a2.sdkstatcache -target arm64-apple-watchos9.0 -fmessage-length\=0 -fdiagnostics-show-note-include-stack -fmacro-backtrace-limit\=0 -fno-color-diagnostics -fmodules-prune-interval\=86400 -fmodules-prune-after\=345600 -fbuild-session-file\=/Users/admin/builder/spi-builder-workspace/.derivedData/ModuleCache.noindex/Session.modulevalidation -fmodules-validate-once-per-build-session -Wnon-modular-include-in-framework-module -Werror\=non-modular-include-in-framework-module -Wno-trigraphs -Wno-missing-field-initializers -Wno-missing-prototypes -Wno-return-type -Wno-non-virtual-dtor -Wno-overloaded-virtual -Wno-exit-time-destructors -Wno-missing-braces -Wparentheses -Wswitch -Wno-unused-function -Wno-unused-label -Wno-unused-parameter -Wno-unused-variable -Wunused-value -Wno-empty-body -Wno-uninitialized -Wno-unknown-pragmas -Wno-shadow -Wno-four-char-constants -Wno-conversion -Wno-constant-conversion -Wno-int-conversion -Wno-bool-conversion -Wno-enum-conversion -Wno-float-conversion -Wno-non-literal-null-conversion -Wno-objc-literal-conversion -Wshorten-64-to-32 -Wno-newline-eof -Wno-c++11-extensions -Wno-implicit-fallthrough -isysroot /Applications/Xcode-27.0.0-Release.Candidate.app/Contents/Developer/Platforms/WatchOS.platform/Developer/SDKs/WatchOS27.0.sdk -fstrict-aliasing -Wdeprecated-declarations -Winvalid-offsetof -Wno-sign-conversion -Wno-infinite-recursion -Wno-move -Wno-comma -Wno-block-capture-autoreleasing -Wno-strict-prototypes -Wno-range-loop-analysis -Wno-semicolon-before-method-body -index-store-path /Users/admin/builder/spi-builder-workspace/.derivedData/Index.noindex/DataStore @/Users/admin/builder/spi-builder-workspace/.derivedData/Build/Intermediates.noindex/PLCrashReporter.build/Debug-watchos/CrashReporter-t.build/Objects-normal/arm64/82b82416624d2658e5098eb0a28c15c5-common-args.resp -MMD -MT dependencies -MF /Users/admin/builder/spi-builder-workspace/.derivedData/Build/Intermediates.noindex/PLCrashReporter.build/Debug-watchos/CrashReporter-t.build/Objects-normal/arm64/PLCrashAsyncDwarfEncoding.d --serialize-diagnostics /Users/admin/builder/spi-builder-workspace/.derivedData/Build/Intermediates.noindex/PLCrashReporter.build/Debug-watchos/CrashReporter-t.build/Objects-normal/arm64/PLCrashAsyncDwarfEncoding.dia -c /Users/admin/builder/spi-builder-workspace/Source/PLCrashAsyncDwarfEncoding.cpp -o /Users/admin/builder/spi-builder-workspace/.derivedData/Build/Intermediates.noindex/PLCrashReporter.build/Debug-watchos/CrashReporter-t.build/Objects-normal/arm64/PLCrashAsyncDwarfEncoding.o -index-unit-output-path /PLCrashReporter.build/Debug-watchos/CrashReporter-t.build/Objects-normal/arm64/PLCrashAsyncDwarfEncoding.o
CompileC /Users/admin/builder/spi-builder-workspace/.derivedData/Build/Intermediates.noindex/PLCrashReporter.build/Debug-watchos/CrashReporter-t.build/Objects-normal/arm64/PLCrashAsyncDwarfCIE.o /Users/admin/builder/spi-builder-workspace/Source/PLCrashAsyncDwarfCIE.cpp normal arm64 c++ com.apple.compilers.llvm.clang.1_0.compiler (in target 'CrashReporter' from project 'PLCrashReporter')
    cd /Users/admin/builder/spi-builder-workspace/.swiftpm/xcode

    Using response file: /Users/admin/builder/spi-builder-workspace/.derivedData/Build/Intermediates.noindex/PLCrashReporter.build/Debug-watchos/CrashReporter-t.build/Objects-normal/arm64/82b82416624d2658e5098eb0a28c15c5-common-args.resp

    /Applications/Xcode-27.0.0-Release.Candidate.app/Contents/Developer/Toolchains/XcodeDefault.xctoolchain/usr/bin/clang -x c++ -ivfsstatcache /Users/admin/builder/spi-builder-workspace/.derivedData/SDKStatCaches.noindex/watchos27.0-24R360-e829b21a6f8c9b70876ba0858053c04477534ef55a1706bf4c1112bbb242f0a2.sdkstatcache -target arm64-apple-watchos9.0 -fmessage-length\=0 -fdiagnostics-show-note-include-stack -fmacro-backtrace-limit\=0 -fno-color-diagnostics -fmodules-prune-interval\=86400 -fmodules-prune-after\=345600 -fbuild-session-file\=/Users/admin/builder/spi-builder-workspace/.derivedData/ModuleCache.noindex/Session.modulevalidation -fmodules-validate-once-per-build-session -Wnon-modular-include-in-framework-module -Werror\=non-modular-include-in-framework-module -Wno-trigraphs -Wno-missing-field-initializers -Wno-missing-prototypes -Wno-return-type -Wno-non-virtual-dtor -Wno-overloaded-virtual -Wno-exit-time-destructors -Wno-missing-braces -Wparentheses -Wswitch -Wno-unused-function -Wno-unused-label -Wno-unused-parameter -Wno-unused-variable -Wunused-value -Wno-empty-body -Wno-uninitialized -Wno-unknown-pragmas -Wno-shadow -Wno-four-char-constants -Wno-conversion -Wno-constant-conversion -Wno-int-conversion -Wno-bool-conversion -Wno-enum-conversion -Wno-float-conversion -Wno-non-literal-null-conversion -Wno-objc-literal-conversion -Wshorten-64-to-32 -Wno-newline-eof -Wno-c++11-extensions -Wno-implicit-fallthrough -isysroot /Applications/Xcode-27.0.0-Release.Candidate.app/Contents/Developer/Platforms/WatchOS.platform/Developer/SDKs/WatchOS27.0.sdk -fstrict-aliasing -Wdeprecated-declarations -Winvalid-offsetof -Wno-sign-conversion -Wno-infinite-recursion -Wno-move -Wno-comma -Wno-block-capture-autoreleasing -Wno-strict-prototypes -Wno-range-loop-analysis -Wno-semicolon-before-method-body -index-store-path /Users/admin/builder/spi-builder-workspace/.derivedData/Index.noindex/DataStore @/Users/admin/builder/spi-builder-workspace/.derivedData/Build/Intermediates.noindex/PLCrashReporter.build/Debug-watchos/CrashReporter-t.build/Objects-normal/arm64/82b82416624d2658e5098eb0a28c15c5-common-args.resp -MMD -MT dependencies -MF /Users/admin/builder/spi-builder-workspace/.derivedData/Build/Intermediates.noindex/PLCrashReporter.build/Debug-watchos/CrashReporter-t.build/Objects-normal/arm64/PLCrashAsyncDwarfCIE.d --serialize-diagnostics /Users/admin/builder/spi-builder-workspace/.derivedData/Build/Intermediates.noindex/PLCrashReporter.build/Debug-watchos/CrashReporter-t.build/Objects-normal/arm64/PLCrashAsyncDwarfCIE.dia -c /Users/admin/builder/spi-builder-workspace/Source/PLCrashAsyncDwarfCIE.cpp -o /Users/admin/builder/spi-builder-workspace/.derivedData/Build/Intermediates.noindex/PLCrashReporter.build/Debug-watchos/CrashReporter-t.build/Objects-normal/arm64/PLCrashAsyncDwarfCIE.o -index-unit-output-path /PLCrashReporter.build/Debug-watchos/CrashReporter-t.build/Objects-normal/arm64/PLCrashAsyncDwarfCIE.o
CompileC /Users/admin/builder/spi-builder-workspace/.derivedData/Build/Intermediates.noindex/PLCrashReporter.build/Debug-watchos/CrashReporter-t.build/Objects-normal/arm64/PLCrashAsyncDwarfCFAStateEvaluation.o /Users/admin/builder/spi-builder-workspace/Source/PLCrashAsyncDwarfCFAStateEvaluation.cpp normal arm64 c++ com.apple.compilers.llvm.clang.1_0.compiler (in target 'CrashReporter' from project 'PLCrashReporter')
    cd /Users/admin/builder/spi-builder-workspace/.swiftpm/xcode

    Using response file: /Users/admin/builder/spi-builder-workspace/.derivedData/Build/Intermediates.noindex/PLCrashReporter.build/Debug-watchos/CrashReporter-t.build/Objects-normal/arm64/82b82416624d2658e5098eb0a28c15c5-common-args.resp

    /Applications/Xcode-27.0.0-Release.Candidate.app/Contents/Developer/Toolchains/XcodeDefault.xctoolchain/usr/bin/clang -x c++ -ivfsstatcache /Users/admin/builder/spi-builder-workspace/.derivedData/SDKStatCaches.noindex/watchos27.0-24R360-e829b21a6f8c9b70876ba0858053c04477534ef55a1706bf4c1112bbb242f0a2.sdkstatcache -target arm64-apple-watchos9.0 -fmessage-length\=0 -fdiagnostics-show-note-include-stack -fmacro-backtrace-limit\=0 -fno-color-diagnostics -fmodules-prune-interval\=86400 -fmodules-prune-after\=345600 -fbuild-session-file\=/Users/admin/builder/spi-builder-workspace/.derivedData/ModuleCache.noindex/Session.modulevalidation -fmodules-validate-once-per-build-session -Wnon-modular-include-in-framework-module -Werror\=non-modular-include-in-framework-module -Wno-trigraphs -Wno-missing-field-initializers -Wno-missing-prototypes -Wno-return-type -Wno-non-virtual-dtor -Wno-overloaded-virtual -Wno-exit-time-destructors -Wno-missing-braces -Wparentheses -Wswitch -Wno-unused-function -Wno-unused-label -Wno-unused-parameter -Wno-unused-variable -Wunused-value -Wno-empty-body -Wno-uninitialized -Wno-unknown-pragmas -Wno-shadow -Wno-four-char-constants -Wno-conversion -Wno-constant-conversion -Wno-int-conversion -Wno-bool-conversion -Wno-enum-conversion -Wno-float-conversion -Wno-non-literal-null-conversion -Wno-objc-literal-conversion -Wshorten-64-to-32 -Wno-newline-eof -Wno-c++11-extensions -Wno-implicit-fallthrough -isysroot /Applications/Xcode-27.0.0-Release.Candidate.app/Contents/Developer/Platforms/WatchOS.platform/Developer/SDKs/WatchOS27.0.sdk -fstrict-aliasing -Wdeprecated-declarations -Winvalid-offsetof -Wno-sign-conversion -Wno-infinite-recursion -Wno-move -Wno-comma -Wno-block-capture-autoreleasing -Wno-strict-prototypes -Wno-range-loop-analysis -Wno-semicolon-before-method-body -index-store-path /Users/admin/builder/spi-builder-workspace/.derivedData/Index.noindex/DataStore @/Users/admin/builder/spi-builder-workspace/.derivedData/Build/Intermediates.noindex/PLCrashReporter.build/Debug-watchos/CrashReporter-t.build/Objects-normal/arm64/82b82416624d2658e5098eb0a28c15c5-common-args.resp -MMD -MT dependencies -MF /Users/admin/builder/spi-builder-workspace/.derivedData/Build/Intermediates.noindex/PLCrashReporter.build/Debug-watchos/CrashReporter-t.build/Objects-normal/arm64/PLCrashAsyncDwarfCFAStateEvaluation.d --serialize-diagnostics /Users/admin/builder/spi-builder-workspace/.derivedData/Build/Intermediates.noindex/PLCrashReporter.build/Debug-watchos/CrashReporter-t.build/Objects-normal/arm64/PLCrashAsyncDwarfCFAStateEvaluation.dia -c /Users/admin/builder/spi-builder-workspace/Source/PLCrashAsyncDwarfCFAStateEvaluation.cpp -o /Users/admin/builder/spi-builder-workspace/.derivedData/Build/Intermediates.noindex/PLCrashReporter.build/Debug-watchos/CrashReporter-t.build/Objects-normal/arm64/PLCrashAsyncDwarfCFAStateEvaluation.o -index-unit-output-path /PLCrashReporter.build/Debug-watchos/CrashReporter-t.build/Objects-normal/arm64/PLCrashAsyncDwarfCFAStateEvaluation.o
CompileC /Users/admin/builder/spi-builder-workspace/.derivedData/Build/Intermediates.noindex/PLCrashReporter.build/Debug-watchos/CrashReporter-t.build/Objects-normal/arm64/PLCrashAsyncDwarfCFAState.o /Users/admin/builder/spi-builder-workspace/Source/PLCrashAsyncDwarfCFAState.cpp normal arm64 c++ com.apple.compilers.llvm.clang.1_0.compiler (in target 'CrashReporter' from project 'PLCrashReporter')
    cd /Users/admin/builder/spi-builder-workspace/.swiftpm/xcode

    Using response file: /Users/admin/builder/spi-builder-workspace/.derivedData/Build/Intermediates.noindex/PLCrashReporter.build/Debug-watchos/CrashReporter-t.build/Objects-normal/arm64/82b82416624d2658e5098eb0a28c15c5-common-args.resp

    /Applications/Xcode-27.0.0-Release.Candidate.app/Contents/Developer/Toolchains/XcodeDefault.xctoolchain/usr/bin/clang -x c++ -ivfsstatcache /Users/admin/builder/spi-builder-workspace/.derivedData/SDKStatCaches.noindex/watchos27.0-24R360-e829b21a6f8c9b70876ba0858053c04477534ef55a1706bf4c1112bbb242f0a2.sdkstatcache -target arm64-apple-watchos9.0 -fmessage-length\=0 -fdiagnostics-show-note-include-stack -fmacro-backtrace-limit\=0 -fno-color-diagnostics -fmodules-prune-interval\=86400 -fmodules-prune-after\=345600 -fbuild-session-file\=/Users/admin/builder/spi-builder-workspace/.derivedData/ModuleCache.noindex/Session.modulevalidation -fmodules-validate-once-per-build-session -Wnon-modular-include-in-framework-module -Werror\=non-modular-include-in-framework-module -Wno-trigraphs -Wno-missing-field-initializers -Wno-missing-prototypes -Wno-return-type -Wno-non-virtual-dtor -Wno-overloaded-virtual -Wno-exit-time-destructors -Wno-missing-braces -Wparentheses -Wswitch -Wno-unused-function -Wno-unused-label -Wno-unused-parameter -Wno-unused-variable -Wunused-value -Wno-empty-body -Wno-uninitialized -Wno-unknown-pragmas -Wno-shadow -Wno-four-char-constants -Wno-conversion -Wno-constant-conversion -Wno-int-conversion -Wno-bool-conversion -Wno-enum-conversion -Wno-float-conversion -Wno-non-literal-null-conversion -Wno-objc-literal-conversion -Wshorten-64-to-32 -Wno-newline-eof -Wno-c++11-extensions -Wno-implicit-fallthrough -isysroot /Applications/Xcode-27.0.0-Release.Candidate.app/Contents/Developer/Platforms/WatchOS.platform/Developer/SDKs/WatchOS27.0.sdk -fstrict-aliasing -Wdeprecated-declarations -Winvalid-offsetof -Wno-sign-conversion -Wno-infinite-recursion -Wno-move -Wno-comma -Wno-block-capture-autoreleasing -Wno-strict-prototypes -Wno-range-loop-analysis -Wno-semicolon-before-method-body -index-store-path /Users/admin/builder/spi-builder-workspace/.derivedData/Index.noindex/DataStore @/Users/admin/builder/spi-builder-workspace/.derivedData/Build/Intermediates.noindex/PLCrashReporter.build/Debug-watchos/CrashReporter-t.build/Objects-normal/arm64/82b82416624d2658e5098eb0a28c15c5-common-args.resp -MMD -MT dependencies -MF /Users/admin/builder/spi-builder-workspace/.derivedData/Build/Intermediates.noindex/PLCrashReporter.build/Debug-watchos/CrashReporter-t.build/Objects-normal/arm64/PLCrashAsyncDwarfCFAState.d --serialize-diagnostics /Users/admin/builder/spi-builder-workspace/.derivedData/Build/Intermediates.noindex/PLCrashReporter.build/Debug-watchos/CrashReporter-t.build/Objects-normal/arm64/PLCrashAsyncDwarfCFAState.dia -c /Users/admin/builder/spi-builder-workspace/Source/PLCrashAsyncDwarfCFAState.cpp -o /Users/admin/builder/spi-builder-workspace/.derivedData/Build/Intermediates.noindex/PLCrashReporter.build/Debug-watchos/CrashReporter-t.build/Objects-normal/arm64/PLCrashAsyncDwarfCFAState.o -index-unit-output-path /PLCrashReporter.build/Debug-watchos/CrashReporter-t.build/Objects-normal/arm64/PLCrashAsyncDwarfCFAState.o
PrecompileModule /Users/admin/builder/spi-builder-workspace/.derivedData/Build/Intermediates.noindex/ExplicitPrecompiledModules/_AvailabilityInternal-F4W9V44Z27R0F4JK9AAPK7K0Y.scan
    cd /
    builtin-precompileModule /Users/admin/builder/spi-builder-workspace/.derivedData/Build/Intermediates.noindex/ExplicitPrecompiledModules/_AvailabilityInternal-F4W9V44Z27R0F4JK9AAPK7K0Y.scan
PrecompileModule /Users/admin/builder/spi-builder-workspace/.derivedData/Build/Intermediates.noindex/ExplicitPrecompiledModules/_AvailabilityInternal-4U9AYA4E33Q3F9G3NB6VKX1NA.scan
    cd /
    builtin-precompileModule /Users/admin/builder/spi-builder-workspace/.derivedData/Build/Intermediates.noindex/ExplicitPrecompiledModules/_AvailabilityInternal-4U9AYA4E33Q3F9G3NB6VKX1NA.scan
PrecompileModule /Users/admin/builder/spi-builder-workspace/.derivedData/Build/Intermediates.noindex/ExplicitPrecompiledModules/_Builtin_stdbool-DQYIANQHRQGGSCF1RTXLD0BF.scan
    cd /
    builtin-precompileModule /Users/admin/builder/spi-builder-workspace/.derivedData/Build/Intermediates.noindex/ExplicitPrecompiledModules/_Builtin_stdbool-DQYIANQHRQGGSCF1RTXLD0BF.scan
PruneExplicitPrecompiledModules /Users/admin/builder/spi-builder-workspace/.derivedData/SDKExplicitPrecompiledModules
PruneExplicitPrecompiledModules /Users/admin/builder/spi-builder-workspace/.derivedData/Build/Intermediates.noindex/SwiftExplicitPrecompiledModules
PruneExplicitPrecompiledModules /Users/admin/builder/spi-builder-workspace/.derivedData/Build/Intermediates.noindex/ExplicitPrecompiledModules
2026-09-23 05:55:36.459 xcodebuild[754:4723] [MT] IDERunDestination: Supported platforms for the buildables in the current scheme is empty.
** BUILD FAILED **
The following build commands failed:
	CompileC /Users/admin/builder/spi-builder-workspace/.derivedData/Build/Intermediates.noindex/PLCrashReporter.build/Debug-watchos/CrashReporter-t.build/Objects-normal/arm64_32/PLCrashSignalHandler.o /Users/admin/builder/spi-builder-workspace/Source/PLCrashSignalHandler.mm normal arm64_32 objective-c++ com.apple.compilers.llvm.clang.1_0.compiler (in target 'CrashReporter' from project 'PLCrashReporter')
	Building workspace PLCrashReporter with scheme PLCrashReporter
(2 failures)
BUILD FAILURE 6.4 watchOS