Build Information
Failed to build BouncySlider, reference main (f78b86), with Swift 6.4 for tvOS using Xcode 27.0 on 21 Sep 2026 12:01:24 UTC.
Build Command
No build command. This typically means the build failed at an early stage where we determine the build command.Build Log
========================================
RunAll
========================================
Builder version: 5.1.0
Interrupt handler set up.
========================================
Checkout
========================================
Clone URL: https://github.com/Mor4eza/BouncySlider.git
Reference: main
Initialized empty Git repository in /Users/admin/builder/spi-builder-workspace/.git/
From https://github.com/Mor4eza/BouncySlider
* branch main -> FETCH_HEAD
* [new branch] main -> origin/main
HEAD is now at f78b868 test cleanup
Cloned https://github.com/Mor4eza/BouncySlider.git
Revision (git rev-parse @):
f78b86853656ed0918495d3e193fa80d10956ef8
SUCCESS checkout https://github.com/Mor4eza/BouncySlider.git at main
========================================
Build
========================================
Selected platform: tvOS
Swift version: 6.4
Building package at path: $PWD
https://github.com/Mor4eza/BouncySlider.git
Command line invocation:
/Applications/Xcode-27.0.0-Release.Candidate.app/Contents/Developer/usr/bin/xcodebuild -IDEClonedSourcePackagesDirPathOverride=/Users/admin/builder/spi-builder-workspace/.dependencies -resolvePackageDependencies
Resolve Package Graph
the package at '/Users/admin/builder/BouncySlider' cannot be accessed (/Users/admin/builder/BouncySlider doesn't exist in file system)
2026-09-21 08:01:22.385 xcodebuild[524:2996] Writing error result bundle to /var/folders/xq/y_g06wb113726d38xsyx71_h0000gn/T/ResultBundle_2026-21-09_08-01-0022.xcresult
xcodebuild: error: Could not resolve package dependencies:
the package at '/Users/admin/builder/BouncySlider' cannot be accessed (/Users/admin/builder/BouncySlider doesn't exist in file system)
Command line invocation:
/Applications/Xcode-27.0.0-Release.Candidate.app/Contents/Developer/usr/bin/xcodebuild -IDEClonedSourcePackagesDirPathOverride=/Users/admin/builder/spi-builder-workspace/.dependencies -resolvePackageDependencies
Resolve Package Graph
the package at '/Users/admin/builder/BouncySlider' cannot be accessed (/Users/admin/builder/BouncySlider doesn't exist in file system)
2026-09-21 08:01:24.175 xcodebuild[570:3356] Writing error result bundle to /var/folders/xq/y_g06wb113726d38xsyx71_h0000gn/T/ResultBundle_2026-21-09_08-01-0024.xcresult
xcodebuild: error: Could not resolve package dependencies:
the package at '/Users/admin/builder/BouncySlider' cannot be accessed (/Users/admin/builder/BouncySlider doesn't exist in file system)
BUILD FAILURE 6.4 tvOS