The Swift Package Index logo.Swift Package Index

Build Information

Failed to build Sodium, reference master (1d51e8), with Swift 6.4 for Android on 20 Sep 2026 02:33:34 UTC.

Build Command

bash -c docker run --pull=always --rm -v "checkouts-54344844-0":/host -w "$PWD" -e JAVA_HOME="/root/.sdkman/candidates/java/current" -e SPI_BUILD="1" -e SPI_PROCESSING="1" registry.gitlab.com/saguaro1/spi-images:android-6.4-latest swift build --swift-sdk aarch64-unknown-linux-android28 2>&1

Build Log

========================================
RunAll
========================================
Builder version: 5.1.0
Interrupt handler set up.
========================================
Checkout
========================================
Clone URL: https://github.com/aidantwoods/swift-sodium.git
Reference: master
Initialized empty Git repository in /host/spi-builder-workspace/.git/
hint: Using 'master' as the name for the initial branch. This default branch name
hint: is subject to change. To configure the initial branch name to use in all
hint: of your new repositories, which will suppress this warning, call:
hint:
hint: 	git config --global init.defaultBranch <name>
hint:
hint: Names commonly chosen instead of 'master' are 'main', 'trunk' and
hint: 'development'. The just-created branch can be renamed via this command:
hint:
hint: 	git branch -m <name>
From https://github.com/aidantwoods/swift-sodium
 * branch            master     -> FETCH_HEAD
 * [new branch]      master     -> origin/master
HEAD is now at 1d51e8e Add sodium.version
Cloned https://github.com/aidantwoods/swift-sodium.git
Revision (git rev-parse @):
1d51e8eb8a99638166aea863e7a71d568b5a06e6
SUCCESS checkout https://github.com/aidantwoods/swift-sodium.git at master
========================================
Build
========================================
Selected platform:         android
Swift version:             6.4
Building package at path:  $PWD
https://github.com/aidantwoods/swift-sodium.git
Running build ...
bash -c docker run --pull=always --rm -v "checkouts-54344844-0":/host -w "$PWD" -e JAVA_HOME="/root/.sdkman/candidates/java/current" -e SPI_BUILD="1" -e SPI_PROCESSING="1" registry.gitlab.com/saguaro1/spi-images:android-6.4-latest swift build --swift-sdk aarch64-unknown-linux-android28 2>&1
android-6.4-latest: Pulling from saguaro1/spi-images
Digest: sha256:abadcff584c273feba50641b454858d377ba30b35ea7287a94f45ebd8afd0ea0
Status: Image is up to date for registry.gitlab.com/saguaro1/spi-images:android-6.4-latest
warning: 'spi-builder-workspace': you may be able to install libsodium using your system-packager:
    apt-get install libsodium-dev
Building for debugging...
[Pre-planning 1 / 68]
error: SwiftCompile normal aarch64 failed with a nonzero exit code. Command line:     cd /host

<module-includes>:1:10: note: in file included from <module-includes>:1:
1 | #include "shim.h"
  |          `- note: in file included from <module-includes>:1:
2 |
/host/spi-builder-workspace/Clibsodium/shim.h:1:10: error: 'sodium.h' file not found
1 | #include <sodium.h>
  |          `- error: 'sodium.h' file not found
2 |
3 | #warning Using a system installation of libsodium - This is unsupported.
/host/spi-builder-workspace/Sodium/Aead.swift:2:8: error: could not build C module 'Clibsodium'
  1 | import Foundation
  2 | import Clibsodium
    |        `- error: could not build C module 'Clibsodium'
  3 |
  4 | public struct Aead {
Failed frontend command:
/root/.local/share/swiftly/toolchains/6.4.x-snapshot-2026-09-04/usr/bin/swift-frontend -frontend -emit-module -experimental-skip-non-inlinable-function-bodies-without-types /host/spi-builder-workspace/Sodium/Aead.swift /host/spi-builder-workspace/Sodium/Auth.swift /host/spi-builder-workspace/Sodium/Box.swift /host/spi-builder-workspace/Sodium/Bytes.swift /host/spi-builder-workspace/Sodium/ExitCode.swift /host/spi-builder-workspace/Sodium/Generators/KeyPairGenerator.swift /host/spi-builder-workspace/Sodium/Generators/KeyPairProtocol.swift /host/spi-builder-workspace/Sodium/Generators/NonceGenerator.swift /host/spi-builder-workspace/Sodium/Generators/SecretKeyGenerator.swift /host/spi-builder-workspace/Sodium/GenericHash.swift /host/spi-builder-workspace/Sodium/KeyDerivation.swift /host/spi-builder-workspace/Sodium/KeyExchange.swift /host/spi-builder-workspace/Sodium/PWHash.swift /host/spi-builder-workspace/Sodium/RandomBytes.swift /host/spi-builder-workspace/Sodium/SecretBox.swift /host/spi-builder-workspace/Sodium/SecretStream.swift /host/spi-builder-workspace/Sodium/ShortHash.swift /host/spi-builder-workspace/Sodium/Sign.swift /host/spi-builder-workspace/Sodium/Sodium.swift /host/spi-builder-workspace/Sodium/Stream.swift /host/spi-builder-workspace/Sodium/Utils.swift /host/spi-builder-workspace/Sodium/Version.swift -target aarch64-unknown-linux-android28 -Xllvm -aarch64-use-tbi -disable-objc-interop -sdk /android-ndk/android-ndk-r27d/toolchains/llvm/prebuilt/linux-x86_64/sysroot -sysroot /android-ndk/android-ndk-r27d/toolchains/llvm/prebuilt/linux-x86_64/sysroot -I /host/spi-builder-workspace/.build/out/Products/Debug-android-aarch64 -module-cache-path /host/spi-builder-workspace/.build/out/ModuleCache.noindex -color-diagnostics -Xcc -fcolor-diagnostics -enable-testing -g -debug-info-format\=dwarf -dwarf-version\=4 -swift-version 5 -Onone -D SWIFT_PACKAGE -D DEBUG -D SWIFT_MODULE_RESOURCE_BUNDLE_UNAVAILABLE -D Xcode -serialize-debugging-options -enable-experimental-feature DebugDescriptionMacro -empty-abi-descriptor -external-plugin-path /root/.local/share/swiftly/toolchains/6.4.x-snapshot-2026-09-04/usr/lib/swift/host/plugins/testing\#/root/.local/share/swiftly/toolchains/6.4.x-snapshot-2026-09-04/usr/bin/swift-plugin-server -validate-clang-modules-once -clang-build-session-file /host/spi-builder-workspace/.build/out/ModuleCache.noindex/Session.modulevalidation -Xcc -working-directory -Xcc /host -resource-dir /root/.swiftpm/swift-sdks/swift-6.4.x-DEVELOPMENT-SNAPSHOT-2026-09-04-a_android.artifactbundle/swift-android/swift-resources/usr/lib/swift-aarch64 -enable-anonymous-context-mangled-names -file-compilation-dir /host -Xcc -resource-dir -Xcc /android-ndk/android-ndk-r27d/toolchains/llvm/prebuilt/linux-x86_64/lib/clang/18 -Xcc -fmodule-map-file\=/host/spi-builder-workspace/Clibsodium/module.modulemap -Xcc -fno-omit-frame-pointer -Xcc -D_LIBCPP_HARDENING_MODE\=_LIBCPP_HARDENING_MODE_DEBUG -Xcc -fmodules-prune-interval\=86400 -Xcc -fmodules-prune-after\=345600 -Xcc -I/host/spi-builder-workspace/.build/out/Products/Debug-android-aarch64/include -Xcc -I/host/spi-builder-workspace/.build/out/Intermediates.noindex/Sodium.build/Debug-android-aarch64/Sodium-t.build/DerivedSources-normal/aarch64 -Xcc -I/host/spi-builder-workspace/.build/out/Intermediates.noindex/Sodium.build/Debug-android-aarch64/Sodium-t.build/DerivedSources/aarch64 -Xcc -I/host/spi-builder-workspace/.build/out/Intermediates.noindex/Sodium.build/Debug-android-aarch64/Sodium-t.build/DerivedSources -Xcc -DSWIFT_PACKAGE -Xcc -DDEBUG\=1 -no-auto-bridging-header-chaining -module-name Sodium -const-gather-protocols-file /host/spi-builder-workspace/.build/out/Intermediates.noindex/Sodium.build/Debug-android-aarch64/Sodium-t.build/Objects-normal/aarch64/Sodium_const_extract_protocols.json -in-process-plugin-server-path /root/.local/share/swiftly/toolchains/6.4.x-snapshot-2026-09-04/usr/lib/swift/host/libSwiftInProcPluginServer.so -plugin-path /root/.local/share/swiftly/toolchains/6.4.x-snapshot-2026-09-04/usr/lib/swift/host/plugins -plugin-path /root/.local/share/swiftly/toolchains/6.4.x-snapshot-2026-09-04/usr/local/lib/swift/host/plugins -emit-module-doc-path /host/spi-builder-workspace/.build/out/Intermediates.noindex/Sodium.build/Debug-android-aarch64/Sodium-t.build/Objects-normal/aarch64/Modules/Sodium.swiftdoc -emit-module-source-info-path /host/spi-builder-workspace/.build/out/Intermediates.noindex/Sodium.build/Debug-android-aarch64/Sodium-t.build/Objects-normal/aarch64/Modules/Sodium.swiftsourceinfo -emit-objc-header-path /host/spi-builder-workspace/.build/out/Intermediates.noindex/Sodium.build/Debug-android-aarch64/Sodium-t.build/Objects-normal/aarch64/Sodium-Swift.h -serialize-diagnostics-path /host/spi-builder-workspace/.build/out/Intermediates.noindex/Sodium.build/Debug-android-aarch64/Sodium-t.build/Objects-normal/aarch64/Sodium-primary-emit-module.dia -emit-dependencies-path /host/spi-builder-workspace/.build/out/Intermediates.noindex/Sodium.build/Debug-android-aarch64/Sodium-t.build/Objects-normal/aarch64/Sodium-primary-emit-module.d -parse-as-library -o /host/spi-builder-workspace/.build/out/Intermediates.noindex/Sodium.build/Debug-android-aarch64/Sodium-t.build/Objects-normal/aarch64/Modules/Sodium.swiftmodule
error: Build failed
BUILD FAILURE 6.4 android