Build Information
Failed to build DeviceDNA, reference master (6c0517), with Swift 6.4 for watchOS using Xcode 27.0 on 9 Oct 2026 20:24:26 UTC.
Build Command
env DEVELOPER_DIR=/Applications/Xcode-27.0.0-Release.Candidate.app xcrun xcodebuild -IDEClonedSourcePackagesDirPathOverride=$PWD/.dependencies -skipMacroValidation -skipPackagePluginValidation -derivedDataPath $PWD/.derivedData build -scheme DeviceDNA -destination generic/platform=watchOSBuild Log
========================================
RunAll
========================================
Builder version: 5.1.1
Interrupt handler set up.
========================================
Checkout
========================================
Clone URL: https://github.com/Judopay/DeviceDNA-iOS.git
Reference: master
Initialized empty Git repository in /Users/admin/builder/spi-builder-workspace/.git/
From https://github.com/Judopay/DeviceDNA-iOS
* branch master -> FETCH_HEAD
* [new branch] master -> origin/master
HEAD is now at 6c05172 Release 2.1.3
Cloned https://github.com/Judopay/DeviceDNA-iOS.git
Revision (git rev-parse @):
6c05172f227de709e9e52028e5ed52e82f74abfb
SUCCESS checkout https://github.com/Judopay/DeviceDNA-iOS.git at master
========================================
Build
========================================
Selected platform: watchOS
Swift version: 6.4
Building package at path: $PWD
https://github.com/Judopay/DeviceDNA-iOS.git
Command line invocation:
/Applications/Xcode-27.0.0.app/Contents/Developer/usr/bin/xcodebuild -IDEClonedSourcePackagesDirPathOverride=/Users/admin/builder/spi-builder-workspace/.dependencies -resolvePackageDependencies
Resolve Package Graph
Resolve Package Graph
Resolved source packages:
DeviceDNA: /Users/admin/builder/spi-builder-workspace
resolved source packages: DeviceDNA
2026-10-09 16:23:39.041 xcodebuild[529:3015] [MT] IDERunDestination: Supported platforms for the buildables in the current scheme is empty.
{
"dependencies" : [
],
"manifest_display_name" : "DeviceDNA",
"name" : "DeviceDNA",
"path" : "/Users/admin/builder/spi-builder-workspace",
"platforms" : [
{
"name" : "ios",
"version" : "12.0"
}
],
"products" : [
{
"name" : "DeviceDNA",
"targets" : [
"DeviceDNA"
],
"type" : {
"library" : [
"automatic"
]
}
}
],
"targets" : [
{
"c99name" : "DeviceDNA",
"module_type" : "BinaryTarget",
"name" : "DeviceDNA",
"path" : "DeviceDNA.xcframework",
"product_memberships" : [
"DeviceDNA"
],
"sources" : [
],
"type" : "binary"
}
],
"tools_version" : "5.6"
}
{
"workspace" : {
"name" : "DeviceDNA",
"schemes" : [
"DeviceDNA"
]
}
}
2026-10-09 16:24:20.241 xcodebuild[654:4192] [MT] IDERunDestination: Supported platforms for the buildables in the current scheme is empty.
Running build ...
env DEVELOPER_DIR=/Applications/Xcode-27.0.0-Release.Candidate.app xcrun xcodebuild -IDEClonedSourcePackagesDirPathOverride=$PWD/.dependencies -skipMacroValidation -skipPackagePluginValidation -derivedDataPath $PWD/.derivedData build -scheme DeviceDNA -destination generic/platform=watchOS
Command line invocation:
/Applications/Xcode-27.0.0.app/Contents/Developer/usr/bin/xcodebuild -IDEClonedSourcePackagesDirPathOverride=/Users/admin/builder/spi-builder-workspace/.dependencies -skipMacroValidation -skipPackagePluginValidation -derivedDataPath /Users/admin/builder/spi-builder-workspace/.derivedData build -scheme DeviceDNA -destination generic/platform=watchOS
Resolve Package Graph
Resolved source packages:
DeviceDNA: /Users/admin/builder/spi-builder-workspace
ComputePackagePrebuildTargetDependencyGraph
Prepare packages
CreateBuildRequest
SendProjectDescription
CreateBuildOperation
ComputeTargetDependencyGraph
note: Building targets in dependency order
note: Target dependency graph (1 target)
Target 'DeviceDNA-product' in project 'DeviceDNA' (no dependencies)
GatherProvisioningInputs
CreateBuildDescription
ExecuteExternalTool /Applications/Xcode-27.0.0.app/Contents/Developer/Toolchains/XcodeDefault.xctoolchain/usr/bin/clang -v -E -dM -isysroot /Applications/Xcode-27.0.0.app/Contents/Developer/Platforms/WatchOS.platform/Developer/SDKs/WatchOS27.0.sdk -x c -c /dev/null
Build description signature: 1e842d28e2b82bcd4ae5a47db75febd5
Build description path: /Users/admin/builder/spi-builder-workspace/.derivedData/Build/Intermediates.noindex/XCBuildData/1e842d28e2b82bcd4ae5a47db75febd5.xcbuilddata
/Users/admin/builder/spi-builder-workspace/DeviceDNA.xcframework:1:1: error: While building for watchOS, no library for this platform was found in '/Users/admin/builder/spi-builder-workspace/DeviceDNA.xcframework'. (in target 'DeviceDNA-product' from project 'DeviceDNA')
2026-10-09 16:24:21.989 xcodebuild[655:4234] [MT] IDERunDestination: Supported platforms for the buildables in the current scheme is empty.
** BUILD FAILED **
The following build commands failed:
Building workspace DeviceDNA with scheme DeviceDNA
(1 failure)
Command line invocation:
/Applications/Xcode-27.0.0.app/Contents/Developer/usr/bin/xcodebuild -IDEClonedSourcePackagesDirPathOverride=/Users/admin/builder/spi-builder-workspace/.dependencies -resolvePackageDependencies
Resolve Package Graph
Resolved source packages:
DeviceDNA: /Users/admin/builder/spi-builder-workspace
resolved source packages: DeviceDNA
2026-10-09 16:24:23.776 xcodebuild[667:4329] [MT] IDERunDestination: Supported platforms for the buildables in the current scheme is empty.
{
"dependencies" : [
],
"manifest_display_name" : "DeviceDNA",
"name" : "DeviceDNA",
"path" : "/Users/admin/builder/spi-builder-workspace",
"platforms" : [
{
"name" : "ios",
"version" : "12.0"
}
],
"products" : [
{
"name" : "DeviceDNA",
"targets" : [
"DeviceDNA"
],
"type" : {
"library" : [
"automatic"
]
}
}
],
"targets" : [
{
"c99name" : "DeviceDNA",
"module_type" : "BinaryTarget",
"name" : "DeviceDNA",
"path" : "DeviceDNA.xcframework",
"product_memberships" : [
"DeviceDNA"
],
"sources" : [
],
"type" : "binary"
}
],
"tools_version" : "5.6"
}
{
"workspace" : {
"name" : "DeviceDNA",
"schemes" : [
"DeviceDNA"
]
}
}
2026-10-09 16:24:24.943 xcodebuild[675:4398] [MT] IDERunDestination: Supported platforms for the buildables in the current scheme is empty.
Running build ...
env DEVELOPER_DIR=/Applications/Xcode-27.0.0-Release.Candidate.app xcrun xcodebuild -IDEClonedSourcePackagesDirPathOverride=$PWD/.dependencies -skipMacroValidation -skipPackagePluginValidation -derivedDataPath $PWD/.derivedData build -scheme DeviceDNA -destination generic/platform=watchOS
Command line invocation:
/Applications/Xcode-27.0.0.app/Contents/Developer/usr/bin/xcodebuild -IDEClonedSourcePackagesDirPathOverride=/Users/admin/builder/spi-builder-workspace/.dependencies -skipMacroValidation -skipPackagePluginValidation -derivedDataPath /Users/admin/builder/spi-builder-workspace/.derivedData build -scheme DeviceDNA -destination generic/platform=watchOS
Resolve Package Graph
Resolved source packages:
DeviceDNA: /Users/admin/builder/spi-builder-workspace
ComputePackagePrebuildTargetDependencyGraph
Prepare packages
CreateBuildRequest
SendProjectDescription
CreateBuildOperation
ComputeTargetDependencyGraph
note: Building targets in dependency order
note: Target dependency graph (1 target)
Target 'DeviceDNA-product' in project 'DeviceDNA' (no dependencies)
GatherProvisioningInputs
CreateBuildDescription
/Users/admin/builder/spi-builder-workspace/DeviceDNA.xcframework:1:1: error: While building for watchOS, no library for this platform was found in '/Users/admin/builder/spi-builder-workspace/DeviceDNA.xcframework'. (in target 'DeviceDNA-product' from project 'DeviceDNA')
2026-10-09 16:24:25.888 xcodebuild[676:4423] [MT] IDERunDestination: Supported platforms for the buildables in the current scheme is empty.
** BUILD FAILED **
The following build commands failed:
Building workspace DeviceDNA with scheme DeviceDNA
(1 failure)
BUILD FAILURE 6.4 watchOS