The Swift Package Index logo.Swift Package Index

Build Information

Failed to build swift-mermaid, reference main (ee4b50), with Swift 6.1 for watchOS using Xcode 16.3 on 27 Aug 2026 23:10:12 UTC.

Build Command

env DEVELOPER_DIR=/Applications/Xcode-16.3.0.app xcrun xcodebuild -IDEClonedSourcePackagesDirPathOverride=$PWD/.dependencies -skipMacroValidation -skipPackagePluginValidation -derivedDataPath $PWD/.derivedData build -scheme swift-mermaid -destination generic/platform=watchOS

Build Log

WriteAuxiliaryFile /Users/admin/builder/spi-builder-workspace/.derivedData/Build/Intermediates.noindex/swift-mermaid.build/Debug-watchos/Mermaid.build/Objects-normal/arm64/Mermaid.LinkFileList (in target 'Mermaid' from project 'swift-mermaid')
    cd /Users/admin/builder/spi-builder-workspace
    write-file /Users/admin/builder/spi-builder-workspace/.derivedData/Build/Intermediates.noindex/swift-mermaid.build/Debug-watchos/Mermaid.build/Objects-normal/arm64/Mermaid.LinkFileList
WriteAuxiliaryFile /Users/admin/builder/spi-builder-workspace/.derivedData/Build/Intermediates.noindex/swift-mermaid.build/Debug-watchos/Mermaid.build/Objects-normal/arm64/Mermaid-OutputFileMap.json (in target 'Mermaid' from project 'swift-mermaid')
    cd /Users/admin/builder/spi-builder-workspace
    write-file /Users/admin/builder/spi-builder-workspace/.derivedData/Build/Intermediates.noindex/swift-mermaid.build/Debug-watchos/Mermaid.build/Objects-normal/arm64/Mermaid-OutputFileMap.json
WriteAuxiliaryFile /Users/admin/builder/spi-builder-workspace/.derivedData/Build/Intermediates.noindex/swift-mermaid.build/Debug-watchos/Mermaid.build/Mermaid.modulemap (in target 'Mermaid' from project 'swift-mermaid')
    cd /Users/admin/builder/spi-builder-workspace
    write-file /Users/admin/builder/spi-builder-workspace/.derivedData/Build/Intermediates.noindex/swift-mermaid.build/Debug-watchos/Mermaid.build/Mermaid.modulemap
WriteAuxiliaryFile /Users/admin/builder/spi-builder-workspace/.derivedData/Build/Intermediates.noindex/swift-mermaid.build/Debug-watchos/Mermaid.build/Mermaid.DependencyStaticMetadataFileList (in target 'Mermaid' from project 'swift-mermaid')
    cd /Users/admin/builder/spi-builder-workspace
    write-file /Users/admin/builder/spi-builder-workspace/.derivedData/Build/Intermediates.noindex/swift-mermaid.build/Debug-watchos/Mermaid.build/Mermaid.DependencyStaticMetadataFileList
WriteAuxiliaryFile /Users/admin/builder/spi-builder-workspace/.derivedData/Build/Intermediates.noindex/swift-mermaid.build/Debug-watchos/Mermaid.build/Mermaid.DependencyMetadataFileList (in target 'Mermaid' from project 'swift-mermaid')
    cd /Users/admin/builder/spi-builder-workspace
    write-file /Users/admin/builder/spi-builder-workspace/.derivedData/Build/Intermediates.noindex/swift-mermaid.build/Debug-watchos/Mermaid.build/Mermaid.DependencyMetadataFileList
Copy /Users/admin/builder/spi-builder-workspace/.derivedData/Build/Intermediates.noindex/GeneratedModuleMaps-watchos/Mermaid.modulemap /Users/admin/builder/spi-builder-workspace/.derivedData/Build/Intermediates.noindex/swift-mermaid.build/Debug-watchos/Mermaid.build/Mermaid.modulemap (in target 'Mermaid' from project 'swift-mermaid')
    cd /Users/admin/builder/spi-builder-workspace
    builtin-copy -exclude .DS_Store -exclude CVS -exclude .svn -exclude .git -exclude .hg -resolve-src-symlinks /Users/admin/builder/spi-builder-workspace/.derivedData/Build/Intermediates.noindex/swift-mermaid.build/Debug-watchos/Mermaid.build/Mermaid.modulemap /Users/admin/builder/spi-builder-workspace/.derivedData/Build/Intermediates.noindex/GeneratedModuleMaps-watchos
SwiftDriver MermaidLayoutDagre normal arm64_32 com.apple.xcode.tools.swift.compiler (in target 'MermaidLayoutDagre' from project 'swift-mermaid')
    cd /Users/admin/builder/spi-builder-workspace/.swiftpm/xcode
    builtin-SwiftDriver -- /Applications/Xcode-16.3.0.app/Contents/Developer/Toolchains/XcodeDefault.xctoolchain/usr/bin/swiftc -module-name MermaidLayoutDagre -Onone -enforce-exclusivity\=checked @/Users/admin/builder/spi-builder-workspace/.derivedData/Build/Intermediates.noindex/swift-mermaid.build/Debug-watchos/MermaidLayoutDagre.build/Objects-normal/arm64_32/MermaidLayoutDagre.SwiftFileList -DSWIFT_PACKAGE -DDEBUG -stats-output-dir .stats -strict-concurrency\=complete -enable-upcoming-feature StrictConcurrency -enable-upcoming-feature DisableOutwardActorInference -enable-upcoming-feature GlobalActorIsolatedTypesUsability -enable-upcoming-feature InferSendableFromCaptures -plugin-path /Applications/Xcode-16.3.0.app/Contents/Developer/Toolchains/XcodeDefault.xctoolchain/usr/lib/swift/host/plugins/testing -enable-experimental-feature DebugDescriptionMacro -sdk /Applications/Xcode-16.3.0.app/Contents/Developer/Platforms/WatchOS.platform/Developer/SDKs/WatchOS11.4.sdk -target arm64_32-apple-watchos9.0 -g -module-cache-path /Users/admin/builder/spi-builder-workspace/.derivedData/ModuleCache.noindex -Xfrontend -serialize-debugging-options -profile-coverage-mapping -profile-generate -enable-testing -index-store-path /Users/admin/builder/spi-builder-workspace/.derivedData/Index.noindex/DataStore -swift-version 5 -I /Users/admin/builder/spi-builder-workspace/.derivedData/Build/Products/Debug-watchos -I /Applications/Xcode-16.3.0.app/Contents/Developer/Platforms/WatchOS.platform/Developer/usr/lib -F /Users/admin/builder/spi-builder-workspace/.derivedData/Build/Products/Debug-watchos -F /Applications/Xcode-16.3.0.app/Contents/Developer/Platforms/WatchOS.platform/Developer/Library/Frameworks -F /Applications/Xcode-16.3.0.app/Contents/Developer/Platforms/WatchOS.platform/Developer/SDKs/WatchOS11.4.sdk/Developer/Library/Frameworks -c -j10 -enable-batch-mode -incremental -Xcc -ivfsstatcache -Xcc /Users/admin/builder/spi-builder-workspace/.derivedData/SDKStatCaches.noindex/watchos11.4-22T246-43efb940ff07ba2497b70ec94253f576.sdkstatcache -output-file-map /Users/admin/builder/spi-builder-workspace/.derivedData/Build/Intermediates.noindex/swift-mermaid.build/Debug-watchos/MermaidLayoutDagre.build/Objects-normal/arm64_32/MermaidLayoutDagre-OutputFileMap.json -use-frontend-parseable-output -save-temps -no-color-diagnostics -serialize-diagnostics -emit-dependencies -emit-module -emit-module-path /Users/admin/builder/spi-builder-workspace/.derivedData/Build/Intermediates.noindex/swift-mermaid.build/Debug-watchos/MermaidLayoutDagre.build/Objects-normal/arm64_32/MermaidLayoutDagre.swiftmodule -validate-clang-modules-once -clang-build-session-file /Users/admin/builder/spi-builder-workspace/.derivedData/ModuleCache.noindex/Session.modulevalidation -package-name spi_builder_workspace -Xcc -I/Users/admin/builder/spi-builder-workspace/.derivedData/Build/Intermediates.noindex/swift-mermaid.build/Debug-watchos/MermaidLayoutDagre.build/swift-overrides.hmap -emit-const-values -Xfrontend -const-gather-protocols-file -Xfrontend /Users/admin/builder/spi-builder-workspace/.derivedData/Build/Intermediates.noindex/swift-mermaid.build/Debug-watchos/MermaidLayoutDagre.build/Objects-normal/arm64_32/MermaidLayoutDagre_const_extract_protocols.json -Xcc -I/Users/admin/builder/spi-builder-workspace/.derivedData/Build/Products/Debug-watchos/include -Xcc -I/Users/admin/builder/spi-builder-workspace/.derivedData/Build/Intermediates.noindex/swift-mermaid.build/Debug-watchos/MermaidLayoutDagre.build/DerivedSources-normal/arm64_32 -Xcc -I/Users/admin/builder/spi-builder-workspace/.derivedData/Build/Intermediates.noindex/swift-mermaid.build/Debug-watchos/MermaidLayoutDagre.build/DerivedSources/arm64_32 -Xcc -I/Users/admin/builder/spi-builder-workspace/.derivedData/Build/Intermediates.noindex/swift-mermaid.build/Debug-watchos/MermaidLayoutDagre.build/DerivedSources -Xcc -DSWIFT_PACKAGE -Xcc -DDEBUG\=1 -emit-objc-header -emit-objc-header-path /Users/admin/builder/spi-builder-workspace/.derivedData/Build/Intermediates.noindex/swift-mermaid.build/Debug-watchos/MermaidLayoutDagre.build/Objects-normal/arm64_32/MermaidLayoutDagre-Swift.h -working-directory /Users/admin/builder/spi-builder-workspace/.swiftpm/xcode -experimental-emit-module-separately -disable-cmo
SwiftDriver MermaidLayoutDagre normal arm64 com.apple.xcode.tools.swift.compiler (in target 'MermaidLayoutDagre' from project 'swift-mermaid')
    cd /Users/admin/builder/spi-builder-workspace/.swiftpm/xcode
    builtin-SwiftDriver -- /Applications/Xcode-16.3.0.app/Contents/Developer/Toolchains/XcodeDefault.xctoolchain/usr/bin/swiftc -module-name MermaidLayoutDagre -Onone -enforce-exclusivity\=checked @/Users/admin/builder/spi-builder-workspace/.derivedData/Build/Intermediates.noindex/swift-mermaid.build/Debug-watchos/MermaidLayoutDagre.build/Objects-normal/arm64/MermaidLayoutDagre.SwiftFileList -DSWIFT_PACKAGE -DDEBUG -stats-output-dir .stats -strict-concurrency\=complete -enable-upcoming-feature StrictConcurrency -enable-upcoming-feature DisableOutwardActorInference -enable-upcoming-feature GlobalActorIsolatedTypesUsability -enable-upcoming-feature InferSendableFromCaptures -plugin-path /Applications/Xcode-16.3.0.app/Contents/Developer/Toolchains/XcodeDefault.xctoolchain/usr/lib/swift/host/plugins/testing -enable-experimental-feature DebugDescriptionMacro -sdk /Applications/Xcode-16.3.0.app/Contents/Developer/Platforms/WatchOS.platform/Developer/SDKs/WatchOS11.4.sdk -target arm64-apple-watchos9.0 -g -module-cache-path /Users/admin/builder/spi-builder-workspace/.derivedData/ModuleCache.noindex -Xfrontend -serialize-debugging-options -profile-coverage-mapping -profile-generate -enable-testing -index-store-path /Users/admin/builder/spi-builder-workspace/.derivedData/Index.noindex/DataStore -swift-version 5 -I /Users/admin/builder/spi-builder-workspace/.derivedData/Build/Products/Debug-watchos -I /Applications/Xcode-16.3.0.app/Contents/Developer/Platforms/WatchOS.platform/Developer/usr/lib -F /Users/admin/builder/spi-builder-workspace/.derivedData/Build/Products/Debug-watchos -F /Applications/Xcode-16.3.0.app/Contents/Developer/Platforms/WatchOS.platform/Developer/Library/Frameworks -F /Applications/Xcode-16.3.0.app/Contents/Developer/Platforms/WatchOS.platform/Developer/SDKs/WatchOS11.4.sdk/Developer/Library/Frameworks -c -j10 -enable-batch-mode -incremental -Xcc -ivfsstatcache -Xcc /Users/admin/builder/spi-builder-workspace/.derivedData/SDKStatCaches.noindex/watchos11.4-22T246-43efb940ff07ba2497b70ec94253f576.sdkstatcache -output-file-map /Users/admin/builder/spi-builder-workspace/.derivedData/Build/Intermediates.noindex/swift-mermaid.build/Debug-watchos/MermaidLayoutDagre.build/Objects-normal/arm64/MermaidLayoutDagre-OutputFileMap.json -use-frontend-parseable-output -save-temps -no-color-diagnostics -serialize-diagnostics -emit-dependencies -emit-module -emit-module-path /Users/admin/builder/spi-builder-workspace/.derivedData/Build/Intermediates.noindex/swift-mermaid.build/Debug-watchos/MermaidLayoutDagre.build/Objects-normal/arm64/MermaidLayoutDagre.swiftmodule -validate-clang-modules-once -clang-build-session-file /Users/admin/builder/spi-builder-workspace/.derivedData/ModuleCache.noindex/Session.modulevalidation -package-name spi_builder_workspace -Xcc -I/Users/admin/builder/spi-builder-workspace/.derivedData/Build/Intermediates.noindex/swift-mermaid.build/Debug-watchos/MermaidLayoutDagre.build/swift-overrides.hmap -emit-const-values -Xfrontend -const-gather-protocols-file -Xfrontend /Users/admin/builder/spi-builder-workspace/.derivedData/Build/Intermediates.noindex/swift-mermaid.build/Debug-watchos/MermaidLayoutDagre.build/Objects-normal/arm64/MermaidLayoutDagre_const_extract_protocols.json -Xcc -I/Users/admin/builder/spi-builder-workspace/.derivedData/Build/Products/Debug-watchos/include -Xcc -I/Users/admin/builder/spi-builder-workspace/.derivedData/Build/Intermediates.noindex/swift-mermaid.build/Debug-watchos/MermaidLayoutDagre.build/DerivedSources-normal/arm64 -Xcc -I/Users/admin/builder/spi-builder-workspace/.derivedData/Build/Intermediates.noindex/swift-mermaid.build/Debug-watchos/MermaidLayoutDagre.build/DerivedSources/arm64 -Xcc -I/Users/admin/builder/spi-builder-workspace/.derivedData/Build/Intermediates.noindex/swift-mermaid.build/Debug-watchos/MermaidLayoutDagre.build/DerivedSources -Xcc -DSWIFT_PACKAGE -Xcc -DDEBUG\=1 -emit-objc-header -emit-objc-header-path /Users/admin/builder/spi-builder-workspace/.derivedData/Build/Intermediates.noindex/swift-mermaid.build/Debug-watchos/MermaidLayoutDagre.build/Objects-normal/arm64/MermaidLayoutDagre-Swift.h -working-directory /Users/admin/builder/spi-builder-workspace/.swiftpm/xcode -experimental-emit-module-separately -disable-cmo
SwiftEmitModule normal arm64_32 Emitting\ module\ for\ MermaidLayoutDagre (in target 'MermaidLayoutDagre' from project 'swift-mermaid')
EmitSwiftModule normal arm64_32 (in target 'MermaidLayoutDagre' from project 'swift-mermaid')
    cd /Users/admin/builder/spi-builder-workspace/.swiftpm/xcode

/Users/admin/builder/spi-builder-workspace/Vendor/MermaidLayoutDagre/Acyclic/Acyclic.swift:12:24: warning: static property 'reverseIdCounter' is not concurrency-safe because it is nonisolated global shared mutable state; this is an error in the Swift 6 language mode
    private static var reverseIdCounter: Int = 0
                       ^
/Users/admin/builder/spi-builder-workspace/Vendor/MermaidLayoutDagre/Acyclic/Acyclic.swift:12:24: note: convert 'reverseIdCounter' to a 'let' constant to make 'Sendable' shared state immutable
    private static var reverseIdCounter: Int = 0
                   ~~~ ^
                   let
/Users/admin/builder/spi-builder-workspace/Vendor/MermaidLayoutDagre/Acyclic/Acyclic.swift:12:24: note: add '@MainActor' to make static property 'reverseIdCounter' part of global actor 'MainActor'
    private static var reverseIdCounter: Int = 0
                       ^
    @MainActor
/Users/admin/builder/spi-builder-workspace/Vendor/MermaidLayoutDagre/Acyclic/Acyclic.swift:12:24: note: disable concurrency-safety checks if accesses are protected by an external synchronization mechanism
    private static var reverseIdCounter: Int = 0
                       ^
    nonisolated(unsafe)
/Users/admin/builder/spi-builder-workspace/Vendor/MermaidLayoutDagre/Acyclic/Acyclic.swift:14:24: warning: static property 'counterLock' is not concurrency-safe because it is nonisolated global shared mutable state; this is an error in the Swift 6 language mode
    private static var counterLock = os_unfair_lock()
                       ^
/Users/admin/builder/spi-builder-workspace/Vendor/MermaidLayoutDagre/Acyclic/Acyclic.swift:14:24: note: convert 'counterLock' to a 'let' constant to make 'Sendable' shared state immutable
    private static var counterLock = os_unfair_lock()
                   ~~~ ^
                   let
/Users/admin/builder/spi-builder-workspace/Vendor/MermaidLayoutDagre/Acyclic/Acyclic.swift:14:24: note: add '@MainActor' to make static property 'counterLock' part of global actor 'MainActor'
    private static var counterLock = os_unfair_lock()
                       ^
    @MainActor
/Users/admin/builder/spi-builder-workspace/Vendor/MermaidLayoutDagre/Acyclic/Acyclic.swift:14:24: note: disable concurrency-safety checks if accesses are protected by an external synchronization mechanism
    private static var counterLock = os_unfair_lock()
                       ^
    nonisolated(unsafe)
/Users/admin/builder/spi-builder-workspace/Vendor/MermaidLayoutDagre/Util/GraphUtil.swift:15:24: warning: static property '_nodeIdCounter' is not concurrency-safe because it is nonisolated global shared mutable state; this is an error in the Swift 6 language mode
    private static var _nodeIdCounter = 0
                       ^
/Users/admin/builder/spi-builder-workspace/Vendor/MermaidLayoutDagre/Util/GraphUtil.swift:15:24: note: convert '_nodeIdCounter' to a 'let' constant to make 'Sendable' shared state immutable
    private static var _nodeIdCounter = 0
                   ~~~ ^
                   let
/Users/admin/builder/spi-builder-workspace/Vendor/MermaidLayoutDagre/Util/GraphUtil.swift:15:24: note: add '@MainActor' to make static property '_nodeIdCounter' part of global actor 'MainActor'
    private static var _nodeIdCounter = 0
                       ^
    @MainActor
/Users/admin/builder/spi-builder-workspace/Vendor/MermaidLayoutDagre/Util/GraphUtil.swift:15:24: note: disable concurrency-safety checks if accesses are protected by an external synchronization mechanism
    private static var _nodeIdCounter = 0
                       ^
    nonisolated(unsafe)
/Users/admin/builder/spi-builder-workspace/Vendor/MermaidLayoutDagre/Util/GraphUtil.swift:17:24: warning: static property 'counterLock' is not concurrency-safe because it is nonisolated global shared mutable state; this is an error in the Swift 6 language mode
    private static var counterLock = os_unfair_lock()
                       ^
/Users/admin/builder/spi-builder-workspace/Vendor/MermaidLayoutDagre/Util/GraphUtil.swift:17:24: note: convert 'counterLock' to a 'let' constant to make 'Sendable' shared state immutable
    private static var counterLock = os_unfair_lock()
                   ~~~ ^
                   let
/Users/admin/builder/spi-builder-workspace/Vendor/MermaidLayoutDagre/Util/GraphUtil.swift:17:24: note: add '@MainActor' to make static property 'counterLock' part of global actor 'MainActor'
    private static var counterLock = os_unfair_lock()
                       ^
    @MainActor
/Users/admin/builder/spi-builder-workspace/Vendor/MermaidLayoutDagre/Util/GraphUtil.swift:17:24: note: disable concurrency-safety checks if accesses are protected by an external synchronization mechanism
    private static var counterLock = os_unfair_lock()
                       ^
    nonisolated(unsafe)
SwiftCompile normal arm64_32 Compiling\ Denormalize.swift,\ Normalize.swift,\ ParentDummyChains.swift /Users/admin/builder/spi-builder-workspace/Vendor/MermaidLayoutDagre/Normalize/Denormalize.swift /Users/admin/builder/spi-builder-workspace/Vendor/MermaidLayoutDagre/Normalize/Normalize.swift /Users/admin/builder/spi-builder-workspace/Vendor/MermaidLayoutDagre/Normalize/ParentDummyChains.swift (in target 'MermaidLayoutDagre' from project 'swift-mermaid')
SwiftCompile normal arm64_32 /Users/admin/builder/spi-builder-workspace/Vendor/MermaidLayoutDagre/Normalize/Denormalize.swift (in target 'MermaidLayoutDagre' from project 'swift-mermaid')
    cd /Users/admin/builder/spi-builder-workspace/.swiftpm/xcode

SwiftCompile normal arm64_32 /Users/admin/builder/spi-builder-workspace/Vendor/MermaidLayoutDagre/Normalize/Normalize.swift (in target 'MermaidLayoutDagre' from project 'swift-mermaid')
    cd /Users/admin/builder/spi-builder-workspace/.swiftpm/xcode

SwiftCompile normal arm64_32 /Users/admin/builder/spi-builder-workspace/Vendor/MermaidLayoutDagre/Normalize/ParentDummyChains.swift (in target 'MermaidLayoutDagre' from project 'swift-mermaid')
    cd /Users/admin/builder/spi-builder-workspace/.swiftpm/xcode

SwiftCompile normal arm64_32 Compiling\ Labels.swift,\ Layout.swift,\ NestingGraph.swift /Users/admin/builder/spi-builder-workspace/Vendor/MermaidLayoutDagre/Layout/Labels.swift /Users/admin/builder/spi-builder-workspace/Vendor/MermaidLayoutDagre/Layout/Layout.swift /Users/admin/builder/spi-builder-workspace/Vendor/MermaidLayoutDagre/Nesting/NestingGraph.swift (in target 'MermaidLayoutDagre' from project 'swift-mermaid')
SwiftCompile normal arm64_32 /Users/admin/builder/spi-builder-workspace/Vendor/MermaidLayoutDagre/Layout/Labels.swift (in target 'MermaidLayoutDagre' from project 'swift-mermaid')
    cd /Users/admin/builder/spi-builder-workspace/.swiftpm/xcode

SwiftCompile normal arm64_32 /Users/admin/builder/spi-builder-workspace/Vendor/MermaidLayoutDagre/Layout/Layout.swift (in target 'MermaidLayoutDagre' from project 'swift-mermaid')
    cd /Users/admin/builder/spi-builder-workspace/.swiftpm/xcode

SwiftCompile normal arm64_32 /Users/admin/builder/spi-builder-workspace/Vendor/MermaidLayoutDagre/Nesting/NestingGraph.swift (in target 'MermaidLayoutDagre' from project 'swift-mermaid')
    cd /Users/admin/builder/spi-builder-workspace/.swiftpm/xcode

SwiftCompile normal arm64_32 Compiling\ Graph.swift,\ GraphOptions.swift,\ AddBorderSegments.swift /Users/admin/builder/spi-builder-workspace/Vendor/MermaidLayoutDagre/Graph/Graph.swift /Users/admin/builder/spi-builder-workspace/Vendor/MermaidLayoutDagre/Graph/GraphOptions.swift /Users/admin/builder/spi-builder-workspace/Vendor/MermaidLayoutDagre/Layout/AddBorderSegments.swift (in target 'MermaidLayoutDagre' from project 'swift-mermaid')
SwiftCompile normal arm64_32 /Users/admin/builder/spi-builder-workspace/Vendor/MermaidLayoutDagre/Graph/Graph.swift (in target 'MermaidLayoutDagre' from project 'swift-mermaid')
    cd /Users/admin/builder/spi-builder-workspace/.swiftpm/xcode

SwiftCompile normal arm64_32 /Users/admin/builder/spi-builder-workspace/Vendor/MermaidLayoutDagre/Graph/GraphOptions.swift (in target 'MermaidLayoutDagre' from project 'swift-mermaid')
    cd /Users/admin/builder/spi-builder-workspace/.swiftpm/xcode

SwiftCompile normal arm64_32 /Users/admin/builder/spi-builder-workspace/Vendor/MermaidLayoutDagre/Layout/AddBorderSegments.swift (in target 'MermaidLayoutDagre' from project 'swift-mermaid')
    cd /Users/admin/builder/spi-builder-workspace/.swiftpm/xcode

SwiftCompile normal arm64_32 Compiling\ Acyclic.swift,\ GreedyFAS.swift,\ EdgeId.swift /Users/admin/builder/spi-builder-workspace/Vendor/MermaidLayoutDagre/Acyclic/Acyclic.swift /Users/admin/builder/spi-builder-workspace/Vendor/MermaidLayoutDagre/Acyclic/GreedyFAS.swift /Users/admin/builder/spi-builder-workspace/Vendor/MermaidLayoutDagre/Graph/EdgeId.swift (in target 'MermaidLayoutDagre' from project 'swift-mermaid')
SwiftCompile normal arm64_32 /Users/admin/builder/spi-builder-workspace/Vendor/MermaidLayoutDagre/Acyclic/Acyclic.swift (in target 'MermaidLayoutDagre' from project 'swift-mermaid')
    cd /Users/admin/builder/spi-builder-workspace/.swiftpm/xcode

SwiftCompile normal arm64_32 /Users/admin/builder/spi-builder-workspace/Vendor/MermaidLayoutDagre/Acyclic/GreedyFAS.swift (in target 'MermaidLayoutDagre' from project 'swift-mermaid')
    cd /Users/admin/builder/spi-builder-workspace/.swiftpm/xcode

SwiftCompile normal arm64_32 /Users/admin/builder/spi-builder-workspace/Vendor/MermaidLayoutDagre/Graph/EdgeId.swift (in target 'MermaidLayoutDagre' from project 'swift-mermaid')
    cd /Users/admin/builder/spi-builder-workspace/.swiftpm/xcode

SwiftCompile normal arm64_32 Compiling\ SortSubgraph.swift,\ BrandesKopf.swift,\ Position.swift /Users/admin/builder/spi-builder-workspace/Vendor/MermaidLayoutDagre/Order/SortSubgraph.swift /Users/admin/builder/spi-builder-workspace/Vendor/MermaidLayoutDagre/Position/BrandesKopf.swift /Users/admin/builder/spi-builder-workspace/Vendor/MermaidLayoutDagre/Position/Position.swift (in target 'MermaidLayoutDagre' from project 'swift-mermaid')
Failed frontend command:
/Applications/Xcode-16.3.0.app/Contents/Developer/Toolchains/XcodeDefault.xctoolchain/usr/bin/swift-frontend -frontend -c /Users/admin/builder/spi-builder-workspace/Vendor/MermaidLayoutDagre/Acyclic/Acyclic.swift /Users/admin/builder/spi-builder-workspace/Vendor/MermaidLayoutDagre/Acyclic/GreedyFAS.swift /Users/admin/builder/spi-builder-workspace/Vendor/MermaidLayoutDagre/Graph/EdgeId.swift /Users/admin/builder/spi-builder-workspace/Vendor/MermaidLayoutDagre/Graph/Graph.swift /Users/admin/builder/spi-builder-workspace/Vendor/MermaidLayoutDagre/Graph/GraphOptions.swift /Users/admin/builder/spi-builder-workspace/Vendor/MermaidLayoutDagre/Layout/AddBorderSegments.swift /Users/admin/builder/spi-builder-workspace/Vendor/MermaidLayoutDagre/Layout/Labels.swift /Users/admin/builder/spi-builder-workspace/Vendor/MermaidLayoutDagre/Layout/Layout.swift /Users/admin/builder/spi-builder-workspace/Vendor/MermaidLayoutDagre/Nesting/NestingGraph.swift /Users/admin/builder/spi-builder-workspace/Vendor/MermaidLayoutDagre/Normalize/Denormalize.swift /Users/admin/builder/spi-builder-workspace/Vendor/MermaidLayoutDagre/Normalize/Normalize.swift /Users/admin/builder/spi-builder-workspace/Vendor/MermaidLayoutDagre/Normalize/ParentDummyChains.swift /Users/admin/builder/spi-builder-workspace/Vendor/MermaidLayoutDagre/Order/AddSubgraphConstraints.swift /Users/admin/builder/spi-builder-workspace/Vendor/MermaidLayoutDagre/Order/Barycenter.swift /Users/admin/builder/spi-builder-workspace/Vendor/MermaidLayoutDagre/Order/BuildLayerGraph.swift /Users/admin/builder/spi-builder-workspace/Vendor/MermaidLayoutDagre/Order/CrossCount.swift /Users/admin/builder/spi-builder-workspace/Vendor/MermaidLayoutDagre/Order/InitOrder.swift /Users/admin/builder/spi-builder-workspace/Vendor/MermaidLayoutDagre/Order/Order.swift -primary-file /Users/admin/builder/spi-builder-workspace/Vendor/MermaidLayoutDagre/Order/SortSubgraph.swift -primary-file /Users/admin/builder/spi-builder-workspace/Vendor/MermaidLayoutDagre/Position/BrandesKopf.swift -primary-file /Users/admin/builder/spi-builder-workspace/Vendor/MermaidLayoutDagre/Position/Position.swift /Users/admin/builder/spi-builder-workspace/Vendor/MermaidLayoutDagre/Position/PositionY.swift /Users/admin/builder/spi-builder-workspace/Vendor/MermaidLayoutDagre/Rank/FeasibleTree.swift /Users/admin/builder/spi-builder-workspace/Vendor/MermaidLayoutDagre/Rank/LongestPath.swift /Users/admin/builder/spi-builder-workspace/Vendor/MermaidLayoutDagre/Rank/NetworkSimplex.swift /Users/admin/builder/spi-builder-workspace/Vendor/MermaidLayoutDagre/Rank/Rank.swift /Users/admin/builder/spi-builder-workspace/Vendor/MermaidLayoutDagre/Util/GraphUtil.swift -supplementary-output-file-map /Users/admin/builder/spi-builder-workspace/.derivedData/Build/Intermediates.noindex/swift-mermaid.build/Debug-watchos/MermaidLayoutDagre.build/Objects-normal/arm64_32/supplementaryOutputs-14 -target arm64_32-apple-watchos9.0 -enable-objc-interop -sdk /Applications/Xcode-16.3.0.app/Contents/Developer/Platforms/WatchOS.platform/Developer/SDKs/WatchOS11.4.sdk -I /Users/admin/builder/spi-builder-workspace/.derivedData/Build/Products/Debug-watchos -I /Applications/Xcode-16.3.0.app/Contents/Developer/Platforms/WatchOS.platform/Developer/usr/lib -F /Users/admin/builder/spi-builder-workspace/.derivedData/Build/Products/Debug-watchos -F /Applications/Xcode-16.3.0.app/Contents/Developer/Platforms/WatchOS.platform/Developer/Library/Frameworks -F /Applications/Xcode-16.3.0.app/Contents/Developer/Platforms/WatchOS.platform/Developer/SDKs/WatchOS11.4.sdk/Developer/Library/Frameworks -no-color-diagnostics -enable-testing -g -debug-info-format\=dwarf -dwarf-version\=4 -module-cache-path /Users/admin/builder/spi-builder-workspace/.derivedData/ModuleCache.noindex -profile-generate -profile-coverage-mapping -swift-version 5 -enforce-exclusivity\=checked -stats-output-dir /Users/admin/builder/spi-builder-workspace/.swiftpm/xcode/.stats -Onone -D SWIFT_PACKAGE -D DEBUG -serialize-debugging-options -const-gather-protocols-file /Users/admin/builder/spi-builder-workspace/.derivedData/Build/Intermediates.noindex/swift-mermaid.build/Debug-watchos/MermaidLayoutDagre.build/Objects-normal/arm64_32/MermaidLayoutDagre_const_extract_protocols.json -enable-upcoming-feature StrictConcurrency -enable-upcoming-feature DisableOutwardActorInference -enable-upcoming-feature GlobalActorIsolatedTypesUsability -enable-upcoming-feature InferSendableFromCaptures -enable-experimental-feature DebugDescriptionMacro -strict-concurrency\=complete -empty-abi-descriptor -plugin-path /Applications/Xcode-16.3.0.app/Contents/Developer/Toolchains/XcodeDefault.xctoolchain/usr/lib/swift/host/plugins/testing -validate-clang-modules-once -clang-build-session-file /Users/admin/builder/spi-builder-workspace/.derivedData/ModuleCache.noindex/Session.modulevalidation -Xcc -working-directory -Xcc /Users/admin/builder/spi-builder-workspace/.swiftpm/xcode -resource-dir /Applications/Xcode-16.3.0.app/Contents/Developer/Toolchains/XcodeDefault.xctoolchain/usr/lib/swift -enable-anonymous-context-mangled-names -file-compilation-dir /Users/admin/builder/spi-builder-workspace/.swiftpm/xcode -Xcc -ivfsstatcache -Xcc /Users/admin/builder/spi-builder-workspace/.derivedData/SDKStatCaches.noindex/watchos11.4-22T246-43efb940ff07ba2497b70ec94253f576.sdkstatcache -Xcc -I/Users/admin/builder/spi-builder-workspace/.derivedData/Build/Intermediates.noindex/swift-mermaid.build/Debug-watchos/MermaidLayoutDagre.build/swift-overrides.hmap -Xcc -I/Users/admin/builder/spi-builder-workspace/.derivedData/Build/Products/Debug-watchos/include -Xcc -I/Users/admin/builder/spi-builder-workspace/.derivedData/Build/Intermediates.noindex/swift-mermaid.build/Debug-watchos/MermaidLayoutDagre.build/DerivedSources-normal/arm64_32 -Xcc -I/Users/admin/builder/spi-builder-workspace/.derivedData/Build/Intermediates.noindex/swift-mermaid.build/Debug-watchos/MermaidLayoutDagre.build/DerivedSources/arm64_32 -Xcc -I/Users/admin/builder/spi-builder-workspace/.derivedData/Build/Intermediates.noindex/swift-mermaid.build/Debug-watchos/MermaidLayoutDagre.build/DerivedSources -Xcc -DSWIFT_PACKAGE -Xcc -DDEBUG\=1 -module-name MermaidLayoutDagre -package-name spi_builder_workspace -frontend-parseable-output -disable-clang-spi -target-sdk-version 11.4 -target-sdk-name watchos11.4 -external-plugin-path /Applications/Xcode-16.3.0.app/Contents/Developer/Platforms/WatchOS.platform/Developer/usr/lib/swift/host/plugins\#/Applications/Xcode-16.3.0.app/Contents/Developer/Platforms/WatchOS.platform/Developer/usr/bin/swift-plugin-server -external-plugin-path /Applications/Xcode-16.3.0.app/Contents/Developer/Platforms/WatchOS.platform/Developer/usr/local/lib/swift/host/plugins\#/Applications/Xcode-16.3.0.app/Contents/Developer/Platforms/WatchOS.platform/Developer/usr/bin/swift-plugin-server -in-process-plugin-server-path /Applications/Xcode-16.3.0.app/Contents/Developer/Toolchains/XcodeDefault.xctoolchain/usr/lib/swift/host/libSwiftInProcPluginServer.dylib -plugin-path /Applications/Xcode-16.3.0.app/Contents/Developer/Toolchains/XcodeDefault.xctoolchain/usr/lib/swift/host/plugins -plugin-path /Applications/Xcode-16.3.0.app/Contents/Developer/Toolchains/XcodeDefault.xctoolchain/usr/local/lib/swift/host/plugins -o /Users/admin/builder/spi-builder-workspace/.derivedData/Build/Intermediates.noindex/swift-mermaid.build/Debug-watchos/MermaidLayoutDagre.build/Objects-normal/arm64_32/SortSubgraph.o -o /Users/admin/builder/spi-builder-workspace/.derivedData/Build/Intermediates.noindex/swift-mermaid.build/Debug-watchos/MermaidLayoutDagre.build/Objects-normal/arm64_32/BrandesKopf.o -o /Users/admin/builder/spi-builder-workspace/.derivedData/Build/Intermediates.noindex/swift-mermaid.build/Debug-watchos/MermaidLayoutDagre.build/Objects-normal/arm64_32/Position.o -index-unit-output-path /swift-mermaid.build/Debug-watchos/MermaidLayoutDagre.build/Objects-normal/arm64_32/SortSubgraph.o -index-unit-output-path /swift-mermaid.build/Debug-watchos/MermaidLayoutDagre.build/Objects-normal/arm64_32/BrandesKopf.o -index-unit-output-path /swift-mermaid.build/Debug-watchos/MermaidLayoutDagre.build/Objects-normal/arm64_32/Position.o -index-store-path /Users/admin/builder/spi-builder-workspace/.derivedData/Index.noindex/DataStore -index-system-modules
SwiftCompile normal arm64_32 /Users/admin/builder/spi-builder-workspace/Vendor/MermaidLayoutDagre/Order/SortSubgraph.swift (in target 'MermaidLayoutDagre' from project 'swift-mermaid')
    cd /Users/admin/builder/spi-builder-workspace/.swiftpm/xcode

SwiftCompile normal arm64_32 /Users/admin/builder/spi-builder-workspace/Vendor/MermaidLayoutDagre/Position/BrandesKopf.swift (in target 'MermaidLayoutDagre' from project 'swift-mermaid')
    cd /Users/admin/builder/spi-builder-workspace/.swiftpm/xcode

/Users/admin/builder/spi-builder-workspace/Vendor/MermaidLayoutDagre/Position/BrandesKopf.swift:63:73: error: type of expression is ambiguous without a type annotation
                let neighborFn: (DagreGraph, String) -> [String] = isUp ? predecessorsFn : successorsFn
                                                                   ~~~~~^~~~~~~~~~~~~~~~~~~~~~~~~~~~~~~
SwiftCompile normal arm64_32 /Users/admin/builder/spi-builder-workspace/Vendor/MermaidLayoutDagre/Position/Position.swift (in target 'MermaidLayoutDagre' from project 'swift-mermaid')
    cd /Users/admin/builder/spi-builder-workspace/.swiftpm/xcode

SwiftCompile normal arm64_32 Compiling\ LongestPath.swift,\ NetworkSimplex.swift /Users/admin/builder/spi-builder-workspace/Vendor/MermaidLayoutDagre/Rank/LongestPath.swift /Users/admin/builder/spi-builder-workspace/Vendor/MermaidLayoutDagre/Rank/NetworkSimplex.swift (in target 'MermaidLayoutDagre' from project 'swift-mermaid')
SwiftCompile normal arm64_32 /Users/admin/builder/spi-builder-workspace/Vendor/MermaidLayoutDagre/Rank/LongestPath.swift (in target 'MermaidLayoutDagre' from project 'swift-mermaid')
    cd /Users/admin/builder/spi-builder-workspace/.swiftpm/xcode

SwiftCompile normal arm64_32 /Users/admin/builder/spi-builder-workspace/Vendor/MermaidLayoutDagre/Rank/NetworkSimplex.swift (in target 'MermaidLayoutDagre' from project 'swift-mermaid')
    cd /Users/admin/builder/spi-builder-workspace/.swiftpm/xcode

SwiftCompile normal arm64_32 Compiling\ Rank.swift,\ GraphUtil.swift /Users/admin/builder/spi-builder-workspace/Vendor/MermaidLayoutDagre/Rank/Rank.swift /Users/admin/builder/spi-builder-workspace/Vendor/MermaidLayoutDagre/Util/GraphUtil.swift (in target 'MermaidLayoutDagre' from project 'swift-mermaid')
SwiftCompile normal arm64_32 /Users/admin/builder/spi-builder-workspace/Vendor/MermaidLayoutDagre/Rank/Rank.swift (in target 'MermaidLayoutDagre' from project 'swift-mermaid')
    cd /Users/admin/builder/spi-builder-workspace/.swiftpm/xcode

SwiftCompile normal arm64_32 /Users/admin/builder/spi-builder-workspace/Vendor/MermaidLayoutDagre/Util/GraphUtil.swift (in target 'MermaidLayoutDagre' from project 'swift-mermaid')
    cd /Users/admin/builder/spi-builder-workspace/.swiftpm/xcode

SwiftCompile normal arm64_32 Compiling\ AddSubgraphConstraints.swift,\ Barycenter.swift,\ BuildLayerGraph.swift /Users/admin/builder/spi-builder-workspace/Vendor/MermaidLayoutDagre/Order/AddSubgraphConstraints.swift /Users/admin/builder/spi-builder-workspace/Vendor/MermaidLayoutDagre/Order/Barycenter.swift /Users/admin/builder/spi-builder-workspace/Vendor/MermaidLayoutDagre/Order/BuildLayerGraph.swift (in target 'MermaidLayoutDagre' from project 'swift-mermaid')
SwiftCompile normal arm64_32 /Users/admin/builder/spi-builder-workspace/Vendor/MermaidLayoutDagre/Order/AddSubgraphConstraints.swift (in target 'MermaidLayoutDagre' from project 'swift-mermaid')
    cd /Users/admin/builder/spi-builder-workspace/.swiftpm/xcode

SwiftCompile normal arm64_32 /Users/admin/builder/spi-builder-workspace/Vendor/MermaidLayoutDagre/Order/Barycenter.swift (in target 'MermaidLayoutDagre' from project 'swift-mermaid')
    cd /Users/admin/builder/spi-builder-workspace/.swiftpm/xcode

SwiftCompile normal arm64_32 /Users/admin/builder/spi-builder-workspace/Vendor/MermaidLayoutDagre/Order/BuildLayerGraph.swift (in target 'MermaidLayoutDagre' from project 'swift-mermaid')
    cd /Users/admin/builder/spi-builder-workspace/.swiftpm/xcode

SwiftEmitModule normal arm64 Emitting\ module\ for\ MermaidLayoutDagre (in target 'MermaidLayoutDagre' from project 'swift-mermaid')
EmitSwiftModule normal arm64 (in target 'MermaidLayoutDagre' from project 'swift-mermaid')
    cd /Users/admin/builder/spi-builder-workspace/.swiftpm/xcode

/Users/admin/builder/spi-builder-workspace/Vendor/MermaidLayoutDagre/Acyclic/Acyclic.swift:12:24: warning: static property 'reverseIdCounter' is not concurrency-safe because it is nonisolated global shared mutable state; this is an error in the Swift 6 language mode
    private static var reverseIdCounter: Int = 0
                       ^
/Users/admin/builder/spi-builder-workspace/Vendor/MermaidLayoutDagre/Acyclic/Acyclic.swift:12:24: note: convert 'reverseIdCounter' to a 'let' constant to make 'Sendable' shared state immutable
    private static var reverseIdCounter: Int = 0
                   ~~~ ^
                   let
/Users/admin/builder/spi-builder-workspace/Vendor/MermaidLayoutDagre/Acyclic/Acyclic.swift:12:24: note: add '@MainActor' to make static property 'reverseIdCounter' part of global actor 'MainActor'
    private static var reverseIdCounter: Int = 0
                       ^
    @MainActor
/Users/admin/builder/spi-builder-workspace/Vendor/MermaidLayoutDagre/Acyclic/Acyclic.swift:12:24: note: disable concurrency-safety checks if accesses are protected by an external synchronization mechanism
    private static var reverseIdCounter: Int = 0
                       ^
    nonisolated(unsafe)
/Users/admin/builder/spi-builder-workspace/Vendor/MermaidLayoutDagre/Acyclic/Acyclic.swift:14:24: warning: static property 'counterLock' is not concurrency-safe because it is nonisolated global shared mutable state; this is an error in the Swift 6 language mode
    private static var counterLock = os_unfair_lock()
                       ^
/Users/admin/builder/spi-builder-workspace/Vendor/MermaidLayoutDagre/Acyclic/Acyclic.swift:14:24: note: convert 'counterLock' to a 'let' constant to make 'Sendable' shared state immutable
    private static var counterLock = os_unfair_lock()
                   ~~~ ^
                   let
/Users/admin/builder/spi-builder-workspace/Vendor/MermaidLayoutDagre/Acyclic/Acyclic.swift:14:24: note: add '@MainActor' to make static property 'counterLock' part of global actor 'MainActor'
    private static var counterLock = os_unfair_lock()
                       ^
    @MainActor
/Users/admin/builder/spi-builder-workspace/Vendor/MermaidLayoutDagre/Acyclic/Acyclic.swift:14:24: note: disable concurrency-safety checks if accesses are protected by an external synchronization mechanism
    private static var counterLock = os_unfair_lock()
                       ^
    nonisolated(unsafe)
/Users/admin/builder/spi-builder-workspace/Vendor/MermaidLayoutDagre/Util/GraphUtil.swift:15:24: warning: static property '_nodeIdCounter' is not concurrency-safe because it is nonisolated global shared mutable state; this is an error in the Swift 6 language mode
    private static var _nodeIdCounter = 0
                       ^
/Users/admin/builder/spi-builder-workspace/Vendor/MermaidLayoutDagre/Util/GraphUtil.swift:15:24: note: convert '_nodeIdCounter' to a 'let' constant to make 'Sendable' shared state immutable
    private static var _nodeIdCounter = 0
                   ~~~ ^
                   let
/Users/admin/builder/spi-builder-workspace/Vendor/MermaidLayoutDagre/Util/GraphUtil.swift:15:24: note: add '@MainActor' to make static property '_nodeIdCounter' part of global actor 'MainActor'
    private static var _nodeIdCounter = 0
                       ^
    @MainActor
/Users/admin/builder/spi-builder-workspace/Vendor/MermaidLayoutDagre/Util/GraphUtil.swift:15:24: note: disable concurrency-safety checks if accesses are protected by an external synchronization mechanism
    private static var _nodeIdCounter = 0
                       ^
    nonisolated(unsafe)
/Users/admin/builder/spi-builder-workspace/Vendor/MermaidLayoutDagre/Util/GraphUtil.swift:17:24: warning: static property 'counterLock' is not concurrency-safe because it is nonisolated global shared mutable state; this is an error in the Swift 6 language mode
    private static var counterLock = os_unfair_lock()
                       ^
/Users/admin/builder/spi-builder-workspace/Vendor/MermaidLayoutDagre/Util/GraphUtil.swift:17:24: note: convert 'counterLock' to a 'let' constant to make 'Sendable' shared state immutable
    private static var counterLock = os_unfair_lock()
                   ~~~ ^
                   let
/Users/admin/builder/spi-builder-workspace/Vendor/MermaidLayoutDagre/Util/GraphUtil.swift:17:24: note: add '@MainActor' to make static property 'counterLock' part of global actor 'MainActor'
    private static var counterLock = os_unfair_lock()
                       ^
    @MainActor
/Users/admin/builder/spi-builder-workspace/Vendor/MermaidLayoutDagre/Util/GraphUtil.swift:17:24: note: disable concurrency-safety checks if accesses are protected by an external synchronization mechanism
    private static var counterLock = os_unfair_lock()
                       ^
    nonisolated(unsafe)
SwiftCompile normal arm64 Compiling\ LongestPath.swift,\ NetworkSimplex.swift /Users/admin/builder/spi-builder-workspace/Vendor/MermaidLayoutDagre/Rank/LongestPath.swift /Users/admin/builder/spi-builder-workspace/Vendor/MermaidLayoutDagre/Rank/NetworkSimplex.swift (in target 'MermaidLayoutDagre' from project 'swift-mermaid')
SwiftCompile normal arm64 /Users/admin/builder/spi-builder-workspace/Vendor/MermaidLayoutDagre/Rank/LongestPath.swift (in target 'MermaidLayoutDagre' from project 'swift-mermaid')
    cd /Users/admin/builder/spi-builder-workspace/.swiftpm/xcode

SwiftCompile normal arm64 /Users/admin/builder/spi-builder-workspace/Vendor/MermaidLayoutDagre/Rank/NetworkSimplex.swift (in target 'MermaidLayoutDagre' from project 'swift-mermaid')
    cd /Users/admin/builder/spi-builder-workspace/.swiftpm/xcode

SwiftDriverJobDiscovery normal arm64 Emitting module for MermaidLayoutDagre (in target 'MermaidLayoutDagre' from project 'swift-mermaid')
SwiftDriver\ Compilation\ Requirements MermaidLayoutDagre normal arm64 com.apple.xcode.tools.swift.compiler (in target 'MermaidLayoutDagre' from project 'swift-mermaid')
    cd /Users/admin/builder/spi-builder-workspace/.swiftpm/xcode
    builtin-Swift-Compilation-Requirements -- /Applications/Xcode-16.3.0.app/Contents/Developer/Toolchains/XcodeDefault.xctoolchain/usr/bin/swiftc -module-name MermaidLayoutDagre -Onone -enforce-exclusivity\=checked @/Users/admin/builder/spi-builder-workspace/.derivedData/Build/Intermediates.noindex/swift-mermaid.build/Debug-watchos/MermaidLayoutDagre.build/Objects-normal/arm64/MermaidLayoutDagre.SwiftFileList -DSWIFT_PACKAGE -DDEBUG -stats-output-dir .stats -strict-concurrency\=complete -enable-upcoming-feature StrictConcurrency -enable-upcoming-feature DisableOutwardActorInference -enable-upcoming-feature GlobalActorIsolatedTypesUsability -enable-upcoming-feature InferSendableFromCaptures -plugin-path /Applications/Xcode-16.3.0.app/Contents/Developer/Toolchains/XcodeDefault.xctoolchain/usr/lib/swift/host/plugins/testing -enable-experimental-feature DebugDescriptionMacro -sdk /Applications/Xcode-16.3.0.app/Contents/Developer/Platforms/WatchOS.platform/Developer/SDKs/WatchOS11.4.sdk -target arm64-apple-watchos9.0 -g -module-cache-path /Users/admin/builder/spi-builder-workspace/.derivedData/ModuleCache.noindex -Xfrontend -serialize-debugging-options -profile-coverage-mapping -profile-generate -enable-testing -index-store-path /Users/admin/builder/spi-builder-workspace/.derivedData/Index.noindex/DataStore -swift-version 5 -I /Users/admin/builder/spi-builder-workspace/.derivedData/Build/Products/Debug-watchos -I /Applications/Xcode-16.3.0.app/Contents/Developer/Platforms/WatchOS.platform/Developer/usr/lib -F /Users/admin/builder/spi-builder-workspace/.derivedData/Build/Products/Debug-watchos -F /Applications/Xcode-16.3.0.app/Contents/Developer/Platforms/WatchOS.platform/Developer/Library/Frameworks -F /Applications/Xcode-16.3.0.app/Contents/Developer/Platforms/WatchOS.platform/Developer/SDKs/WatchOS11.4.sdk/Developer/Library/Frameworks -c -j10 -enable-batch-mode -incremental -Xcc -ivfsstatcache -Xcc /Users/admin/builder/spi-builder-workspace/.derivedData/SDKStatCaches.noindex/watchos11.4-22T246-43efb940ff07ba2497b70ec94253f576.sdkstatcache -output-file-map /Users/admin/builder/spi-builder-workspace/.derivedData/Build/Intermediates.noindex/swift-mermaid.build/Debug-watchos/MermaidLayoutDagre.build/Objects-normal/arm64/MermaidLayoutDagre-OutputFileMap.json -use-frontend-parseable-output -save-temps -no-color-diagnostics -serialize-diagnostics -emit-dependencies -emit-module -emit-module-path /Users/admin/builder/spi-builder-workspace/.derivedData/Build/Intermediates.noindex/swift-mermaid.build/Debug-watchos/MermaidLayoutDagre.build/Objects-normal/arm64/MermaidLayoutDagre.swiftmodule -validate-clang-modules-once -clang-build-session-file /Users/admin/builder/spi-builder-workspace/.derivedData/ModuleCache.noindex/Session.modulevalidation -package-name spi_builder_workspace -Xcc -I/Users/admin/builder/spi-builder-workspace/.derivedData/Build/Intermediates.noindex/swift-mermaid.build/Debug-watchos/MermaidLayoutDagre.build/swift-overrides.hmap -emit-const-values -Xfrontend -const-gather-protocols-file -Xfrontend /Users/admin/builder/spi-builder-workspace/.derivedData/Build/Intermediates.noindex/swift-mermaid.build/Debug-watchos/MermaidLayoutDagre.build/Objects-normal/arm64/MermaidLayoutDagre_const_extract_protocols.json -Xcc -I/Users/admin/builder/spi-builder-workspace/.derivedData/Build/Products/Debug-watchos/include -Xcc -I/Users/admin/builder/spi-builder-workspace/.derivedData/Build/Intermediates.noindex/swift-mermaid.build/Debug-watchos/MermaidLayoutDagre.build/DerivedSources-normal/arm64 -Xcc -I/Users/admin/builder/spi-builder-workspace/.derivedData/Build/Intermediates.noindex/swift-mermaid.build/Debug-watchos/MermaidLayoutDagre.build/DerivedSources/arm64 -Xcc -I/Users/admin/builder/spi-builder-workspace/.derivedData/Build/Intermediates.noindex/swift-mermaid.build/Debug-watchos/MermaidLayoutDagre.build/DerivedSources -Xcc -DSWIFT_PACKAGE -Xcc -DDEBUG\=1 -emit-objc-header -emit-objc-header-path /Users/admin/builder/spi-builder-workspace/.derivedData/Build/Intermediates.noindex/swift-mermaid.build/Debug-watchos/MermaidLayoutDagre.build/Objects-normal/arm64/MermaidLayoutDagre-Swift.h -working-directory /Users/admin/builder/spi-builder-workspace/.swiftpm/xcode -experimental-emit-module-separately -disable-cmo
SwiftDriverJobDiscovery normal arm64_32 Emitting module for MermaidLayoutDagre (in target 'MermaidLayoutDagre' from project 'swift-mermaid')
SwiftCompile normal arm64 Compiling\ Acyclic.swift,\ GreedyFAS.swift,\ EdgeId.swift /Users/admin/builder/spi-builder-workspace/Vendor/MermaidLayoutDagre/Acyclic/Acyclic.swift /Users/admin/builder/spi-builder-workspace/Vendor/MermaidLayoutDagre/Acyclic/GreedyFAS.swift /Users/admin/builder/spi-builder-workspace/Vendor/MermaidLayoutDagre/Graph/EdgeId.swift (in target 'MermaidLayoutDagre' from project 'swift-mermaid')
SwiftCompile normal arm64 /Users/admin/builder/spi-builder-workspace/Vendor/MermaidLayoutDagre/Acyclic/Acyclic.swift (in target 'MermaidLayoutDagre' from project 'swift-mermaid')
    cd /Users/admin/builder/spi-builder-workspace/.swiftpm/xcode

SwiftCompile normal arm64 /Users/admin/builder/spi-builder-workspace/Vendor/MermaidLayoutDagre/Acyclic/GreedyFAS.swift (in target 'MermaidLayoutDagre' from project 'swift-mermaid')
    cd /Users/admin/builder/spi-builder-workspace/.swiftpm/xcode

SwiftCompile normal arm64 /Users/admin/builder/spi-builder-workspace/Vendor/MermaidLayoutDagre/Graph/EdgeId.swift (in target 'MermaidLayoutDagre' from project 'swift-mermaid')
    cd /Users/admin/builder/spi-builder-workspace/.swiftpm/xcode

** BUILD FAILED **
The following build commands failed:
	SwiftCompile normal arm64_32 Compiling\ SortSubgraph.swift,\ BrandesKopf.swift,\ Position.swift /Users/admin/builder/spi-builder-workspace/Vendor/MermaidLayoutDagre/Order/SortSubgraph.swift /Users/admin/builder/spi-builder-workspace/Vendor/MermaidLayoutDagre/Position/BrandesKopf.swift /Users/admin/builder/spi-builder-workspace/Vendor/MermaidLayoutDagre/Position/Position.swift (in target 'MermaidLayoutDagre' from project 'swift-mermaid')
	SwiftCompile normal arm64_32 /Users/admin/builder/spi-builder-workspace/Vendor/MermaidLayoutDagre/Position/BrandesKopf.swift (in target 'MermaidLayoutDagre' from project 'swift-mermaid')
	Building workspace spi-builder-workspace with scheme swift-mermaid
(3 failures)
Command line invocation:
    /Applications/Xcode-16.3.0.app/Contents/Developer/usr/bin/xcodebuild -IDEClonedSourcePackagesDirPathOverride=/Users/admin/builder/spi-builder-workspace/.dependencies -resolvePackageDependencies
Resolve Package Graph
Resolved source packages:
  swift-mermaid: /Users/admin/builder/spi-builder-workspace
resolved source packages: swift-mermaid
{
  "dependencies" : [
  ],
  "manifest_display_name" : "swift-mermaid",
  "name" : "swift-mermaid",
  "path" : "/Users/admin/builder/spi-builder-workspace",
  "platforms" : [
    {
      "name" : "macos",
      "version" : "14.0"
    },
    {
      "name" : "ios",
      "version" : "16.0"
    }
  ],
  "products" : [
    {
      "name" : "Mermaid",
      "targets" : [
        "Mermaid"
      ],
      "type" : {
        "library" : [
          "automatic"
        ]
      }
    }
  ],
  "targets" : [
    {
      "c99name" : "MermaidTests",
      "module_type" : "SwiftTarget",
      "name" : "MermaidTests",
      "path" : "Tests/MermaidTests",
      "sources" : [
        "ArchitectureTests.swift",
        "ClassDiagramTests.swift",
        "ERDiagramTests.swift",
        "FlowchartParserTests.swift",
        "GitGraphTests.swift",
        "JourneyTests.swift",
        "PlaceholderTests.swift",
        "PreprocessingTests.swift",
        "SceneTests.swift",
        "StateDiagramTests.swift",
        "VisualSmokeTests.swift"
      ],
      "target_dependencies" : [
        "Mermaid"
      ],
      "type" : "test"
    },
    {
      "c99name" : "MermaidLayoutDagre",
      "module_type" : "SwiftTarget",
      "name" : "MermaidLayoutDagre",
      "path" : "Vendor/MermaidLayoutDagre",
      "product_memberships" : [
        "Mermaid"
      ],
      "sources" : [
        "Acyclic/Acyclic.swift",
        "Acyclic/GreedyFAS.swift",
        "Graph/EdgeId.swift",
        "Graph/Graph.swift",
        "Graph/GraphOptions.swift",
        "Layout/AddBorderSegments.swift",
        "Layout/Labels.swift",
        "Layout/Layout.swift",
        "Nesting/NestingGraph.swift",
        "Normalize/Denormalize.swift",
        "Normalize/Normalize.swift",
        "Normalize/ParentDummyChains.swift",
        "Order/AddSubgraphConstraints.swift",
        "Order/Barycenter.swift",
        "Order/BuildLayerGraph.swift",
        "Order/CrossCount.swift",
        "Order/InitOrder.swift",
        "Order/Order.swift",
        "Order/SortSubgraph.swift",
        "Position/BrandesKopf.swift",
        "Position/Position.swift",
        "Position/PositionY.swift",
        "Rank/FeasibleTree.swift",
        "Rank/LongestPath.swift",
        "Rank/NetworkSimplex.swift",
        "Rank/Rank.swift",
        "Util/GraphUtil.swift"
      ],
      "type" : "library"
    },
    {
      "c99name" : "Mermaid",
      "module_type" : "SwiftTarget",
      "name" : "Mermaid",
      "path" : "Sources/Mermaid",
      "product_memberships" : [
        "Mermaid"
      ],
      "sources" : [
        "Architecture/ArchitectureLayout.swift",
        "Architecture/ArchitectureModel.swift",
        "Architecture/ArchitectureParser.swift",
        "Architecture/ArchitectureRenderer.swift",
        "Class/ClassLayout.swift",
        "Class/ClassModel.swift",
        "Class/ClassParser.swift",
        "Class/ClassRenderer.swift",
        "Core/CGRenderer.swift",
        "Core/DiagramDetection.swift",
        "Core/Geometry.swift",
        "Core/MermaidError.swift",
        "Core/MermaidScene.swift",
        "Core/SVGRenderer.swift",
        "Core/Scanner.swift",
        "Core/TextMeasurement.swift",
        "Core/Theme.swift",
        "ER/ERLayout.swift",
        "ER/ERModel.swift",
        "ER/ERParser.swift",
        "ER/ERRenderer.swift",
        "Flowchart/FlowchartLayout.swift",
        "Flowchart/FlowchartLayoutDagre.swift",
        "Flowchart/FlowchartModel.swift",
        "Flowchart/FlowchartParser.swift",
        "Flowchart/FlowchartRenderer.swift",
        "GitGraph/GitGraphLayout.swift",
        "GitGraph/GitGraphModel.swift",
        "GitGraph/GitGraphParser.swift",
        "GitGraph/GitGraphRenderer.swift",
        "Journey/JourneyParser.swift",
        "Journey/JourneyRenderer.swift",
        "Mermaid.swift",
        "Pie/PieParser.swift",
        "Pie/PieRenderer.swift",
        "Sequence/SequenceModel.swift",
        "Sequence/SequenceParser.swift",
        "Sequence/SequenceRenderer.swift",
        "State/StateModel.swift",
        "State/StateParser.swift"
      ],
      "target_dependencies" : [
        "MermaidLayoutDagre"
      ],
      "type" : "library"
    }
  ],
  "tools_version" : "5.10"
}
{
  "workspace" : {
    "name" : "spi-builder-workspace",
    "schemes" : [
      "swift-mermaid"
    ]
  }
}
Running build ...
env DEVELOPER_DIR=/Applications/Xcode-16.3.0.app xcrun xcodebuild -IDEClonedSourcePackagesDirPathOverride=$PWD/.dependencies -skipMacroValidation -skipPackagePluginValidation -derivedDataPath $PWD/.derivedData build -scheme swift-mermaid -destination generic/platform=watchOS
Command line invocation:
    /Applications/Xcode-16.3.0.app/Contents/Developer/usr/bin/xcodebuild -IDEClonedSourcePackagesDirPathOverride=/Users/admin/builder/spi-builder-workspace/.dependencies -skipMacroValidation -skipPackagePluginValidation -derivedDataPath /Users/admin/builder/spi-builder-workspace/.derivedData build -scheme swift-mermaid -destination generic/platform=watchOS
Resolve Package Graph
Resolved source packages:
  swift-mermaid: /Users/admin/builder/spi-builder-workspace
ComputePackagePrebuildTargetDependencyGraph
Prepare packages
CreateBuildRequest
SendProjectDescription
CreateBuildOperation
ComputeTargetDependencyGraph
note: Building targets in dependency order
note: Target dependency graph (3 targets)
    Target 'Mermaid' in project 'swift-mermaid'
        ➜ Explicit dependency on target 'Mermaid' in project 'swift-mermaid'
        ➜ Explicit dependency on target 'MermaidLayoutDagre' in project 'swift-mermaid'
    Target 'Mermaid' in project 'swift-mermaid'
        ➜ Explicit dependency on target 'MermaidLayoutDagre' in project 'swift-mermaid'
    Target 'MermaidLayoutDagre' in project 'swift-mermaid' (no dependencies)
GatherProvisioningInputs
CreateBuildDescription
ExecuteExternalTool /Applications/Xcode-16.3.0.app/Contents/Developer/Toolchains/XcodeDefault.xctoolchain/usr/bin/clang -v -E -dM -isysroot /Applications/Xcode-16.3.0.app/Contents/Developer/Platforms/WatchOS.platform/Developer/SDKs/WatchOS11.4.sdk -x c -c /dev/null
ExecuteExternalTool /Applications/Xcode-16.3.0.app/Contents/Developer/Toolchains/XcodeDefault.xctoolchain/usr/bin/swiftc --version
ExecuteExternalTool /Applications/Xcode-16.3.0.app/Contents/Developer/Toolchains/XcodeDefault.xctoolchain/usr/bin/ld -version_details
Build description signature: 2102311dff95e1d58e646ac555d99a09
Build description path: /Users/admin/builder/spi-builder-workspace/.derivedData/Build/Intermediates.noindex/XCBuildData/2102311dff95e1d58e646ac555d99a09.xcbuilddata
ClangStatCache /Applications/Xcode-16.3.0.app/Contents/Developer/Toolchains/XcodeDefault.xctoolchain/usr/bin/clang-stat-cache /Applications/Xcode-16.3.0.app/Contents/Developer/Platforms/WatchOS.platform/Developer/SDKs/WatchOS11.4.sdk /Users/admin/builder/spi-builder-workspace/.derivedData/SDKStatCaches.noindex/watchos11.4-22T246-43efb940ff07ba2497b70ec94253f576.sdkstatcache
    cd /Users/admin/builder/spi-builder-workspace/.swiftpm/xcode
    /Applications/Xcode-16.3.0.app/Contents/Developer/Toolchains/XcodeDefault.xctoolchain/usr/bin/clang-stat-cache /Applications/Xcode-16.3.0.app/Contents/Developer/Platforms/WatchOS.platform/Developer/SDKs/WatchOS11.4.sdk -o /Users/admin/builder/spi-builder-workspace/.derivedData/SDKStatCaches.noindex/watchos11.4-22T246-43efb940ff07ba2497b70ec94253f576.sdkstatcache
SwiftDriver MermaidLayoutDagre normal arm64_32 com.apple.xcode.tools.swift.compiler (in target 'MermaidLayoutDagre' from project 'swift-mermaid')
    cd /Users/admin/builder/spi-builder-workspace/.swiftpm/xcode
    builtin-SwiftDriver -- /Applications/Xcode-16.3.0.app/Contents/Developer/Toolchains/XcodeDefault.xctoolchain/usr/bin/swiftc -module-name MermaidLayoutDagre -Onone -enforce-exclusivity\=checked @/Users/admin/builder/spi-builder-workspace/.derivedData/Build/Intermediates.noindex/swift-mermaid.build/Debug-watchos/MermaidLayoutDagre.build/Objects-normal/arm64_32/MermaidLayoutDagre.SwiftFileList -DSWIFT_PACKAGE -DDEBUG -DXcode -plugin-path /Applications/Xcode-16.3.0.app/Contents/Developer/Toolchains/XcodeDefault.xctoolchain/usr/lib/swift/host/plugins/testing -enable-experimental-feature DebugDescriptionMacro -sdk /Applications/Xcode-16.3.0.app/Contents/Developer/Platforms/WatchOS.platform/Developer/SDKs/WatchOS11.4.sdk -target arm64_32-apple-watchos9.0 -g -module-cache-path /Users/admin/builder/spi-builder-workspace/.derivedData/ModuleCache.noindex -Xfrontend -serialize-debugging-options -profile-coverage-mapping -profile-generate -enable-testing -index-store-path /Users/admin/builder/spi-builder-workspace/.derivedData/Index.noindex/DataStore -swift-version 5 -I /Users/admin/builder/spi-builder-workspace/.derivedData/Build/Products/Debug-watchos -I /Applications/Xcode-16.3.0.app/Contents/Developer/Platforms/WatchOS.platform/Developer/usr/lib -F /Users/admin/builder/spi-builder-workspace/.derivedData/Build/Products/Debug-watchos -F /Applications/Xcode-16.3.0.app/Contents/Developer/Platforms/WatchOS.platform/Developer/Library/Frameworks -F /Applications/Xcode-16.3.0.app/Contents/Developer/Platforms/WatchOS.platform/Developer/SDKs/WatchOS11.4.sdk/Developer/Library/Frameworks -c -j10 -enable-batch-mode -incremental -Xcc -ivfsstatcache -Xcc /Users/admin/builder/spi-builder-workspace/.derivedData/SDKStatCaches.noindex/watchos11.4-22T246-43efb940ff07ba2497b70ec94253f576.sdkstatcache -output-file-map /Users/admin/builder/spi-builder-workspace/.derivedData/Build/Intermediates.noindex/swift-mermaid.build/Debug-watchos/MermaidLayoutDagre.build/Objects-normal/arm64_32/MermaidLayoutDagre-OutputFileMap.json -use-frontend-parseable-output -save-temps -no-color-diagnostics -serialize-diagnostics -emit-dependencies -emit-module -emit-module-path /Users/admin/builder/spi-builder-workspace/.derivedData/Build/Intermediates.noindex/swift-mermaid.build/Debug-watchos/MermaidLayoutDagre.build/Objects-normal/arm64_32/MermaidLayoutDagre.swiftmodule -validate-clang-modules-once -clang-build-session-file /Users/admin/builder/spi-builder-workspace/.derivedData/ModuleCache.noindex/Session.modulevalidation -package-name spi_builder_workspace -Xcc -I/Users/admin/builder/spi-builder-workspace/.derivedData/Build/Intermediates.noindex/swift-mermaid.build/Debug-watchos/MermaidLayoutDagre.build/swift-overrides.hmap -emit-const-values -Xfrontend -const-gather-protocols-file -Xfrontend /Users/admin/builder/spi-builder-workspace/.derivedData/Build/Intermediates.noindex/swift-mermaid.build/Debug-watchos/MermaidLayoutDagre.build/Objects-normal/arm64_32/MermaidLayoutDagre_const_extract_protocols.json -Xcc -I/Users/admin/builder/spi-builder-workspace/.derivedData/Build/Products/Debug-watchos/include -Xcc -I/Users/admin/builder/spi-builder-workspace/.derivedData/Build/Intermediates.noindex/swift-mermaid.build/Debug-watchos/MermaidLayoutDagre.build/DerivedSources-normal/arm64_32 -Xcc -I/Users/admin/builder/spi-builder-workspace/.derivedData/Build/Intermediates.noindex/swift-mermaid.build/Debug-watchos/MermaidLayoutDagre.build/DerivedSources/arm64_32 -Xcc -I/Users/admin/builder/spi-builder-workspace/.derivedData/Build/Intermediates.noindex/swift-mermaid.build/Debug-watchos/MermaidLayoutDagre.build/DerivedSources -Xcc -DSWIFT_PACKAGE -Xcc -DDEBUG\=1 -emit-objc-header -emit-objc-header-path /Users/admin/builder/spi-builder-workspace/.derivedData/Build/Intermediates.noindex/swift-mermaid.build/Debug-watchos/MermaidLayoutDagre.build/Objects-normal/arm64_32/MermaidLayoutDagre-Swift.h -working-directory /Users/admin/builder/spi-builder-workspace/.swiftpm/xcode -experimental-emit-module-separately -disable-cmo
SwiftDriver MermaidLayoutDagre normal arm64 com.apple.xcode.tools.swift.compiler (in target 'MermaidLayoutDagre' from project 'swift-mermaid')
    cd /Users/admin/builder/spi-builder-workspace/.swiftpm/xcode
    builtin-SwiftDriver -- /Applications/Xcode-16.3.0.app/Contents/Developer/Toolchains/XcodeDefault.xctoolchain/usr/bin/swiftc -module-name MermaidLayoutDagre -Onone -enforce-exclusivity\=checked @/Users/admin/builder/spi-builder-workspace/.derivedData/Build/Intermediates.noindex/swift-mermaid.build/Debug-watchos/MermaidLayoutDagre.build/Objects-normal/arm64/MermaidLayoutDagre.SwiftFileList -DSWIFT_PACKAGE -DDEBUG -DXcode -plugin-path /Applications/Xcode-16.3.0.app/Contents/Developer/Toolchains/XcodeDefault.xctoolchain/usr/lib/swift/host/plugins/testing -enable-experimental-feature DebugDescriptionMacro -sdk /Applications/Xcode-16.3.0.app/Contents/Developer/Platforms/WatchOS.platform/Developer/SDKs/WatchOS11.4.sdk -target arm64-apple-watchos9.0 -g -module-cache-path /Users/admin/builder/spi-builder-workspace/.derivedData/ModuleCache.noindex -Xfrontend -serialize-debugging-options -profile-coverage-mapping -profile-generate -enable-testing -index-store-path /Users/admin/builder/spi-builder-workspace/.derivedData/Index.noindex/DataStore -swift-version 5 -I /Users/admin/builder/spi-builder-workspace/.derivedData/Build/Products/Debug-watchos -I /Applications/Xcode-16.3.0.app/Contents/Developer/Platforms/WatchOS.platform/Developer/usr/lib -F /Users/admin/builder/spi-builder-workspace/.derivedData/Build/Products/Debug-watchos -F /Applications/Xcode-16.3.0.app/Contents/Developer/Platforms/WatchOS.platform/Developer/Library/Frameworks -F /Applications/Xcode-16.3.0.app/Contents/Developer/Platforms/WatchOS.platform/Developer/SDKs/WatchOS11.4.sdk/Developer/Library/Frameworks -c -j10 -enable-batch-mode -incremental -Xcc -ivfsstatcache -Xcc /Users/admin/builder/spi-builder-workspace/.derivedData/SDKStatCaches.noindex/watchos11.4-22T246-43efb940ff07ba2497b70ec94253f576.sdkstatcache -output-file-map /Users/admin/builder/spi-builder-workspace/.derivedData/Build/Intermediates.noindex/swift-mermaid.build/Debug-watchos/MermaidLayoutDagre.build/Objects-normal/arm64/MermaidLayoutDagre-OutputFileMap.json -use-frontend-parseable-output -save-temps -no-color-diagnostics -serialize-diagnostics -emit-dependencies -emit-module -emit-module-path /Users/admin/builder/spi-builder-workspace/.derivedData/Build/Intermediates.noindex/swift-mermaid.build/Debug-watchos/MermaidLayoutDagre.build/Objects-normal/arm64/MermaidLayoutDagre.swiftmodule -validate-clang-modules-once -clang-build-session-file /Users/admin/builder/spi-builder-workspace/.derivedData/ModuleCache.noindex/Session.modulevalidation -package-name spi_builder_workspace -Xcc -I/Users/admin/builder/spi-builder-workspace/.derivedData/Build/Intermediates.noindex/swift-mermaid.build/Debug-watchos/MermaidLayoutDagre.build/swift-overrides.hmap -emit-const-values -Xfrontend -const-gather-protocols-file -Xfrontend /Users/admin/builder/spi-builder-workspace/.derivedData/Build/Intermediates.noindex/swift-mermaid.build/Debug-watchos/MermaidLayoutDagre.build/Objects-normal/arm64/MermaidLayoutDagre_const_extract_protocols.json -Xcc -I/Users/admin/builder/spi-builder-workspace/.derivedData/Build/Products/Debug-watchos/include -Xcc -I/Users/admin/builder/spi-builder-workspace/.derivedData/Build/Intermediates.noindex/swift-mermaid.build/Debug-watchos/MermaidLayoutDagre.build/DerivedSources-normal/arm64 -Xcc -I/Users/admin/builder/spi-builder-workspace/.derivedData/Build/Intermediates.noindex/swift-mermaid.build/Debug-watchos/MermaidLayoutDagre.build/DerivedSources/arm64 -Xcc -I/Users/admin/builder/spi-builder-workspace/.derivedData/Build/Intermediates.noindex/swift-mermaid.build/Debug-watchos/MermaidLayoutDagre.build/DerivedSources -Xcc -DSWIFT_PACKAGE -Xcc -DDEBUG\=1 -emit-objc-header -emit-objc-header-path /Users/admin/builder/spi-builder-workspace/.derivedData/Build/Intermediates.noindex/swift-mermaid.build/Debug-watchos/MermaidLayoutDagre.build/Objects-normal/arm64/MermaidLayoutDagre-Swift.h -working-directory /Users/admin/builder/spi-builder-workspace/.swiftpm/xcode -experimental-emit-module-separately -disable-cmo
SwiftCompile normal arm64 Compiling\ Graph.swift,\ GraphOptions.swift,\ AddBorderSegments.swift /Users/admin/builder/spi-builder-workspace/Vendor/MermaidLayoutDagre/Graph/Graph.swift /Users/admin/builder/spi-builder-workspace/Vendor/MermaidLayoutDagre/Graph/GraphOptions.swift /Users/admin/builder/spi-builder-workspace/Vendor/MermaidLayoutDagre/Layout/AddBorderSegments.swift (in target 'MermaidLayoutDagre' from project 'swift-mermaid')
SwiftCompile normal arm64 /Users/admin/builder/spi-builder-workspace/Vendor/MermaidLayoutDagre/Graph/Graph.swift (in target 'MermaidLayoutDagre' from project 'swift-mermaid')
    cd /Users/admin/builder/spi-builder-workspace/.swiftpm/xcode

/Users/admin/builder/spi-builder-workspace/Vendor/MermaidLayoutDagre/Graph/Graph.swift:215:21: warning: result of 'try?' is unused
                    try? setParent(child, parent: nil)
                    ^~~~~~~~~~~~~~~~~~~~~~~~~~~~~~~~~~
SwiftCompile normal arm64 /Users/admin/builder/spi-builder-workspace/Vendor/MermaidLayoutDagre/Graph/GraphOptions.swift (in target 'MermaidLayoutDagre' from project 'swift-mermaid')
    cd /Users/admin/builder/spi-builder-workspace/.swiftpm/xcode

SwiftCompile normal arm64 /Users/admin/builder/spi-builder-workspace/Vendor/MermaidLayoutDagre/Layout/AddBorderSegments.swift (in target 'MermaidLayoutDagre' from project 'swift-mermaid')
    cd /Users/admin/builder/spi-builder-workspace/.swiftpm/xcode

SwiftCompile normal arm64 Compiling\ AddSubgraphConstraints.swift,\ Barycenter.swift,\ BuildLayerGraph.swift /Users/admin/builder/spi-builder-workspace/Vendor/MermaidLayoutDagre/Order/AddSubgraphConstraints.swift /Users/admin/builder/spi-builder-workspace/Vendor/MermaidLayoutDagre/Order/Barycenter.swift /Users/admin/builder/spi-builder-workspace/Vendor/MermaidLayoutDagre/Order/BuildLayerGraph.swift (in target 'MermaidLayoutDagre' from project 'swift-mermaid')
SwiftCompile normal arm64 /Users/admin/builder/spi-builder-workspace/Vendor/MermaidLayoutDagre/Order/AddSubgraphConstraints.swift (in target 'MermaidLayoutDagre' from project 'swift-mermaid')
    cd /Users/admin/builder/spi-builder-workspace/.swiftpm/xcode

SwiftCompile normal arm64 /Users/admin/builder/spi-builder-workspace/Vendor/MermaidLayoutDagre/Order/Barycenter.swift (in target 'MermaidLayoutDagre' from project 'swift-mermaid')
    cd /Users/admin/builder/spi-builder-workspace/.swiftpm/xcode

SwiftCompile normal arm64 /Users/admin/builder/spi-builder-workspace/Vendor/MermaidLayoutDagre/Order/BuildLayerGraph.swift (in target 'MermaidLayoutDagre' from project 'swift-mermaid')
    cd /Users/admin/builder/spi-builder-workspace/.swiftpm/xcode

SwiftCompile normal arm64 Compiling\ Labels.swift,\ Layout.swift,\ NestingGraph.swift /Users/admin/builder/spi-builder-workspace/Vendor/MermaidLayoutDagre/Layout/Labels.swift /Users/admin/builder/spi-builder-workspace/Vendor/MermaidLayoutDagre/Layout/Layout.swift /Users/admin/builder/spi-builder-workspace/Vendor/MermaidLayoutDagre/Nesting/NestingGraph.swift (in target 'MermaidLayoutDagre' from project 'swift-mermaid')
SwiftCompile normal arm64 /Users/admin/builder/spi-builder-workspace/Vendor/MermaidLayoutDagre/Layout/Labels.swift (in target 'MermaidLayoutDagre' from project 'swift-mermaid')
    cd /Users/admin/builder/spi-builder-workspace/.swiftpm/xcode

SwiftCompile normal arm64 /Users/admin/builder/spi-builder-workspace/Vendor/MermaidLayoutDagre/Layout/Layout.swift (in target 'MermaidLayoutDagre' from project 'swift-mermaid')
    cd /Users/admin/builder/spi-builder-workspace/.swiftpm/xcode

SwiftCompile normal arm64 /Users/admin/builder/spi-builder-workspace/Vendor/MermaidLayoutDagre/Nesting/NestingGraph.swift (in target 'MermaidLayoutDagre' from project 'swift-mermaid')
    cd /Users/admin/builder/spi-builder-workspace/.swiftpm/xcode

SwiftCompile normal arm64 Compiling\ PositionY.swift,\ FeasibleTree.swift /Users/admin/builder/spi-builder-workspace/Vendor/MermaidLayoutDagre/Position/PositionY.swift /Users/admin/builder/spi-builder-workspace/Vendor/MermaidLayoutDagre/Rank/FeasibleTree.swift (in target 'MermaidLayoutDagre' from project 'swift-mermaid')
SwiftCompile normal arm64 /Users/admin/builder/spi-builder-workspace/Vendor/MermaidLayoutDagre/Position/PositionY.swift (in target 'MermaidLayoutDagre' from project 'swift-mermaid')
    cd /Users/admin/builder/spi-builder-workspace/.swiftpm/xcode

SwiftCompile normal arm64 /Users/admin/builder/spi-builder-workspace/Vendor/MermaidLayoutDagre/Rank/FeasibleTree.swift (in target 'MermaidLayoutDagre' from project 'swift-mermaid')
    cd /Users/admin/builder/spi-builder-workspace/.swiftpm/xcode

SwiftCompile normal arm64 Compiling\ LongestPath.swift,\ NetworkSimplex.swift /Users/admin/builder/spi-builder-workspace/Vendor/MermaidLayoutDagre/Rank/LongestPath.swift /Users/admin/builder/spi-builder-workspace/Vendor/MermaidLayoutDagre/Rank/NetworkSimplex.swift (in target 'MermaidLayoutDagre' from project 'swift-mermaid')
SwiftCompile normal arm64 /Users/admin/builder/spi-builder-workspace/Vendor/MermaidLayoutDagre/Rank/LongestPath.swift (in target 'MermaidLayoutDagre' from project 'swift-mermaid')
    cd /Users/admin/builder/spi-builder-workspace/.swiftpm/xcode

SwiftCompile normal arm64 /Users/admin/builder/spi-builder-workspace/Vendor/MermaidLayoutDagre/Rank/NetworkSimplex.swift (in target 'MermaidLayoutDagre' from project 'swift-mermaid')
    cd /Users/admin/builder/spi-builder-workspace/.swiftpm/xcode

SwiftCompile normal arm64 Compiling\ CrossCount.swift,\ InitOrder.swift,\ Order.swift /Users/admin/builder/spi-builder-workspace/Vendor/MermaidLayoutDagre/Order/CrossCount.swift /Users/admin/builder/spi-builder-workspace/Vendor/MermaidLayoutDagre/Order/InitOrder.swift /Users/admin/builder/spi-builder-workspace/Vendor/MermaidLayoutDagre/Order/Order.swift (in target 'MermaidLayoutDagre' from project 'swift-mermaid')
SwiftCompile normal arm64 /Users/admin/builder/spi-builder-workspace/Vendor/MermaidLayoutDagre/Order/CrossCount.swift (in target 'MermaidLayoutDagre' from project 'swift-mermaid')
    cd /Users/admin/builder/spi-builder-workspace/.swiftpm/xcode

SwiftCompile normal arm64 /Users/admin/builder/spi-builder-workspace/Vendor/MermaidLayoutDagre/Order/InitOrder.swift (in target 'MermaidLayoutDagre' from project 'swift-mermaid')
    cd /Users/admin/builder/spi-builder-workspace/.swiftpm/xcode

SwiftCompile normal arm64 /Users/admin/builder/spi-builder-workspace/Vendor/MermaidLayoutDagre/Order/Order.swift (in target 'MermaidLayoutDagre' from project 'swift-mermaid')
    cd /Users/admin/builder/spi-builder-workspace/.swiftpm/xcode

SwiftEmitModule normal arm64 Emitting\ module\ for\ MermaidLayoutDagre (in target 'MermaidLayoutDagre' from project 'swift-mermaid')
EmitSwiftModule normal arm64 (in target 'MermaidLayoutDagre' from project 'swift-mermaid')
    cd /Users/admin/builder/spi-builder-workspace/.swiftpm/xcode

SwiftCompile normal arm64 Compiling\ Denormalize.swift,\ Normalize.swift,\ ParentDummyChains.swift /Users/admin/builder/spi-builder-workspace/Vendor/MermaidLayoutDagre/Normalize/Denormalize.swift /Users/admin/builder/spi-builder-workspace/Vendor/MermaidLayoutDagre/Normalize/Normalize.swift /Users/admin/builder/spi-builder-workspace/Vendor/MermaidLayoutDagre/Normalize/ParentDummyChains.swift (in target 'MermaidLayoutDagre' from project 'swift-mermaid')
SwiftCompile normal arm64 /Users/admin/builder/spi-builder-workspace/Vendor/MermaidLayoutDagre/Normalize/Denormalize.swift (in target 'MermaidLayoutDagre' from project 'swift-mermaid')
    cd /Users/admin/builder/spi-builder-workspace/.swiftpm/xcode

SwiftCompile normal arm64 /Users/admin/builder/spi-builder-workspace/Vendor/MermaidLayoutDagre/Normalize/Normalize.swift (in target 'MermaidLayoutDagre' from project 'swift-mermaid')
    cd /Users/admin/builder/spi-builder-workspace/.swiftpm/xcode

SwiftCompile normal arm64 /Users/admin/builder/spi-builder-workspace/Vendor/MermaidLayoutDagre/Normalize/ParentDummyChains.swift (in target 'MermaidLayoutDagre' from project 'swift-mermaid')
    cd /Users/admin/builder/spi-builder-workspace/.swiftpm/xcode

SwiftEmitModule normal arm64_32 Emitting\ module\ for\ MermaidLayoutDagre (in target 'MermaidLayoutDagre' from project 'swift-mermaid')
EmitSwiftModule normal arm64_32 (in target 'MermaidLayoutDagre' from project 'swift-mermaid')
    cd /Users/admin/builder/spi-builder-workspace/.swiftpm/xcode

SwiftCompile normal arm64_32 Compiling\ Denormalize.swift,\ Normalize.swift,\ ParentDummyChains.swift /Users/admin/builder/spi-builder-workspace/Vendor/MermaidLayoutDagre/Normalize/Denormalize.swift /Users/admin/builder/spi-builder-workspace/Vendor/MermaidLayoutDagre/Normalize/Normalize.swift /Users/admin/builder/spi-builder-workspace/Vendor/MermaidLayoutDagre/Normalize/ParentDummyChains.swift (in target 'MermaidLayoutDagre' from project 'swift-mermaid')
SwiftCompile normal arm64_32 /Users/admin/builder/spi-builder-workspace/Vendor/MermaidLayoutDagre/Normalize/Denormalize.swift (in target 'MermaidLayoutDagre' from project 'swift-mermaid')
    cd /Users/admin/builder/spi-builder-workspace/.swiftpm/xcode

SwiftCompile normal arm64_32 /Users/admin/builder/spi-builder-workspace/Vendor/MermaidLayoutDagre/Normalize/Normalize.swift (in target 'MermaidLayoutDagre' from project 'swift-mermaid')
    cd /Users/admin/builder/spi-builder-workspace/.swiftpm/xcode

SwiftCompile normal arm64_32 /Users/admin/builder/spi-builder-workspace/Vendor/MermaidLayoutDagre/Normalize/ParentDummyChains.swift (in target 'MermaidLayoutDagre' from project 'swift-mermaid')
    cd /Users/admin/builder/spi-builder-workspace/.swiftpm/xcode

SwiftCompile normal arm64_32 Compiling\ PositionY.swift,\ FeasibleTree.swift /Users/admin/builder/spi-builder-workspace/Vendor/MermaidLayoutDagre/Position/PositionY.swift /Users/admin/builder/spi-builder-workspace/Vendor/MermaidLayoutDagre/Rank/FeasibleTree.swift (in target 'MermaidLayoutDagre' from project 'swift-mermaid')
SwiftCompile normal arm64_32 /Users/admin/builder/spi-builder-workspace/Vendor/MermaidLayoutDagre/Position/PositionY.swift (in target 'MermaidLayoutDagre' from project 'swift-mermaid')
    cd /Users/admin/builder/spi-builder-workspace/.swiftpm/xcode

SwiftCompile normal arm64_32 /Users/admin/builder/spi-builder-workspace/Vendor/MermaidLayoutDagre/Rank/FeasibleTree.swift (in target 'MermaidLayoutDagre' from project 'swift-mermaid')
    cd /Users/admin/builder/spi-builder-workspace/.swiftpm/xcode

SwiftDriverJobDiscovery normal arm64 Emitting module for MermaidLayoutDagre (in target 'MermaidLayoutDagre' from project 'swift-mermaid')
SwiftCompile normal arm64_32 Compiling\ Acyclic.swift,\ GreedyFAS.swift,\ EdgeId.swift /Users/admin/builder/spi-builder-workspace/Vendor/MermaidLayoutDagre/Acyclic/Acyclic.swift /Users/admin/builder/spi-builder-workspace/Vendor/MermaidLayoutDagre/Acyclic/GreedyFAS.swift /Users/admin/builder/spi-builder-workspace/Vendor/MermaidLayoutDagre/Graph/EdgeId.swift (in target 'MermaidLayoutDagre' from project 'swift-mermaid')
SwiftCompile normal arm64_32 /Users/admin/builder/spi-builder-workspace/Vendor/MermaidLayoutDagre/Acyclic/Acyclic.swift (in target 'MermaidLayoutDagre' from project 'swift-mermaid')
    cd /Users/admin/builder/spi-builder-workspace/.swiftpm/xcode

SwiftCompile normal arm64_32 /Users/admin/builder/spi-builder-workspace/Vendor/MermaidLayoutDagre/Acyclic/GreedyFAS.swift (in target 'MermaidLayoutDagre' from project 'swift-mermaid')
    cd /Users/admin/builder/spi-builder-workspace/.swiftpm/xcode

SwiftCompile normal arm64_32 /Users/admin/builder/spi-builder-workspace/Vendor/MermaidLayoutDagre/Graph/EdgeId.swift (in target 'MermaidLayoutDagre' from project 'swift-mermaid')
    cd /Users/admin/builder/spi-builder-workspace/.swiftpm/xcode

SwiftDriverJobDiscovery normal arm64_32 Emitting module for MermaidLayoutDagre (in target 'MermaidLayoutDagre' from project 'swift-mermaid')
SwiftDriver\ Compilation\ Requirements MermaidLayoutDagre normal arm64_32 com.apple.xcode.tools.swift.compiler (in target 'MermaidLayoutDagre' from project 'swift-mermaid')
    cd /Users/admin/builder/spi-builder-workspace/.swiftpm/xcode
    builtin-Swift-Compilation-Requirements -- /Applications/Xcode-16.3.0.app/Contents/Developer/Toolchains/XcodeDefault.xctoolchain/usr/bin/swiftc -module-name MermaidLayoutDagre -Onone -enforce-exclusivity\=checked @/Users/admin/builder/spi-builder-workspace/.derivedData/Build/Intermediates.noindex/swift-mermaid.build/Debug-watchos/MermaidLayoutDagre.build/Objects-normal/arm64_32/MermaidLayoutDagre.SwiftFileList -DSWIFT_PACKAGE -DDEBUG -DXcode -plugin-path /Applications/Xcode-16.3.0.app/Contents/Developer/Toolchains/XcodeDefault.xctoolchain/usr/lib/swift/host/plugins/testing -enable-experimental-feature DebugDescriptionMacro -sdk /Applications/Xcode-16.3.0.app/Contents/Developer/Platforms/WatchOS.platform/Developer/SDKs/WatchOS11.4.sdk -target arm64_32-apple-watchos9.0 -g -module-cache-path /Users/admin/builder/spi-builder-workspace/.derivedData/ModuleCache.noindex -Xfrontend -serialize-debugging-options -profile-coverage-mapping -profile-generate -enable-testing -index-store-path /Users/admin/builder/spi-builder-workspace/.derivedData/Index.noindex/DataStore -swift-version 5 -I /Users/admin/builder/spi-builder-workspace/.derivedData/Build/Products/Debug-watchos -I /Applications/Xcode-16.3.0.app/Contents/Developer/Platforms/WatchOS.platform/Developer/usr/lib -F /Users/admin/builder/spi-builder-workspace/.derivedData/Build/Products/Debug-watchos -F /Applications/Xcode-16.3.0.app/Contents/Developer/Platforms/WatchOS.platform/Developer/Library/Frameworks -F /Applications/Xcode-16.3.0.app/Contents/Developer/Platforms/WatchOS.platform/Developer/SDKs/WatchOS11.4.sdk/Developer/Library/Frameworks -c -j10 -enable-batch-mode -incremental -Xcc -ivfsstatcache -Xcc /Users/admin/builder/spi-builder-workspace/.derivedData/SDKStatCaches.noindex/watchos11.4-22T246-43efb940ff07ba2497b70ec94253f576.sdkstatcache -output-file-map /Users/admin/builder/spi-builder-workspace/.derivedData/Build/Intermediates.noindex/swift-mermaid.build/Debug-watchos/MermaidLayoutDagre.build/Objects-normal/arm64_32/MermaidLayoutDagre-OutputFileMap.json -use-frontend-parseable-output -save-temps -no-color-diagnostics -serialize-diagnostics -emit-dependencies -emit-module -emit-module-path /Users/admin/builder/spi-builder-workspace/.derivedData/Build/Intermediates.noindex/swift-mermaid.build/Debug-watchos/MermaidLayoutDagre.build/Objects-normal/arm64_32/MermaidLayoutDagre.swiftmodule -validate-clang-modules-once -clang-build-session-file /Users/admin/builder/spi-builder-workspace/.derivedData/ModuleCache.noindex/Session.modulevalidation -package-name spi_builder_workspace -Xcc -I/Users/admin/builder/spi-builder-workspace/.derivedData/Build/Intermediates.noindex/swift-mermaid.build/Debug-watchos/MermaidLayoutDagre.build/swift-overrides.hmap -emit-const-values -Xfrontend -const-gather-protocols-file -Xfrontend /Users/admin/builder/spi-builder-workspace/.derivedData/Build/Intermediates.noindex/swift-mermaid.build/Debug-watchos/MermaidLayoutDagre.build/Objects-normal/arm64_32/MermaidLayoutDagre_const_extract_protocols.json -Xcc -I/Users/admin/builder/spi-builder-workspace/.derivedData/Build/Products/Debug-watchos/include -Xcc -I/Users/admin/builder/spi-builder-workspace/.derivedData/Build/Intermediates.noindex/swift-mermaid.build/Debug-watchos/MermaidLayoutDagre.build/DerivedSources-normal/arm64_32 -Xcc -I/Users/admin/builder/spi-builder-workspace/.derivedData/Build/Intermediates.noindex/swift-mermaid.build/Debug-watchos/MermaidLayoutDagre.build/DerivedSources/arm64_32 -Xcc -I/Users/admin/builder/spi-builder-workspace/.derivedData/Build/Intermediates.noindex/swift-mermaid.build/Debug-watchos/MermaidLayoutDagre.build/DerivedSources -Xcc -DSWIFT_PACKAGE -Xcc -DDEBUG\=1 -emit-objc-header -emit-objc-header-path /Users/admin/builder/spi-builder-workspace/.derivedData/Build/Intermediates.noindex/swift-mermaid.build/Debug-watchos/MermaidLayoutDagre.build/Objects-normal/arm64_32/MermaidLayoutDagre-Swift.h -working-directory /Users/admin/builder/spi-builder-workspace/.swiftpm/xcode -experimental-emit-module-separately -disable-cmo
SwiftDriverJobDiscovery normal arm64_32 Compiling PositionY.swift, FeasibleTree.swift (in target 'MermaidLayoutDagre' from project 'swift-mermaid')
SwiftDriver\ Compilation\ Requirements MermaidLayoutDagre normal arm64 com.apple.xcode.tools.swift.compiler (in target 'MermaidLayoutDagre' from project 'swift-mermaid')
    cd /Users/admin/builder/spi-builder-workspace/.swiftpm/xcode
    builtin-Swift-Compilation-Requirements -- /Applications/Xcode-16.3.0.app/Contents/Developer/Toolchains/XcodeDefault.xctoolchain/usr/bin/swiftc -module-name MermaidLayoutDagre -Onone -enforce-exclusivity\=checked @/Users/admin/builder/spi-builder-workspace/.derivedData/Build/Intermediates.noindex/swift-mermaid.build/Debug-watchos/MermaidLayoutDagre.build/Objects-normal/arm64/MermaidLayoutDagre.SwiftFileList -DSWIFT_PACKAGE -DDEBUG -DXcode -plugin-path /Applications/Xcode-16.3.0.app/Contents/Developer/Toolchains/XcodeDefault.xctoolchain/usr/lib/swift/host/plugins/testing -enable-experimental-feature DebugDescriptionMacro -sdk /Applications/Xcode-16.3.0.app/Contents/Developer/Platforms/WatchOS.platform/Developer/SDKs/WatchOS11.4.sdk -target arm64-apple-watchos9.0 -g -module-cache-path /Users/admin/builder/spi-builder-workspace/.derivedData/ModuleCache.noindex -Xfrontend -serialize-debugging-options -profile-coverage-mapping -profile-generate -enable-testing -index-store-path /Users/admin/builder/spi-builder-workspace/.derivedData/Index.noindex/DataStore -swift-version 5 -I /Users/admin/builder/spi-builder-workspace/.derivedData/Build/Products/Debug-watchos -I /Applications/Xcode-16.3.0.app/Contents/Developer/Platforms/WatchOS.platform/Developer/usr/lib -F /Users/admin/builder/spi-builder-workspace/.derivedData/Build/Products/Debug-watchos -F /Applications/Xcode-16.3.0.app/Contents/Developer/Platforms/WatchOS.platform/Developer/Library/Frameworks -F /Applications/Xcode-16.3.0.app/Contents/Developer/Platforms/WatchOS.platform/Developer/SDKs/WatchOS11.4.sdk/Developer/Library/Frameworks -c -j10 -enable-batch-mode -incremental -Xcc -ivfsstatcache -Xcc /Users/admin/builder/spi-builder-workspace/.derivedData/SDKStatCaches.noindex/watchos11.4-22T246-43efb940ff07ba2497b70ec94253f576.sdkstatcache -output-file-map /Users/admin/builder/spi-builder-workspace/.derivedData/Build/Intermediates.noindex/swift-mermaid.build/Debug-watchos/MermaidLayoutDagre.build/Objects-normal/arm64/MermaidLayoutDagre-OutputFileMap.json -use-frontend-parseable-output -save-temps -no-color-diagnostics -serialize-diagnostics -emit-dependencies -emit-module -emit-module-path /Users/admin/builder/spi-builder-workspace/.derivedData/Build/Intermediates.noindex/swift-mermaid.build/Debug-watchos/MermaidLayoutDagre.build/Objects-normal/arm64/MermaidLayoutDagre.swiftmodule -validate-clang-modules-once -clang-build-session-file /Users/admin/builder/spi-builder-workspace/.derivedData/ModuleCache.noindex/Session.modulevalidation -package-name spi_builder_workspace -Xcc -I/Users/admin/builder/spi-builder-workspace/.derivedData/Build/Intermediates.noindex/swift-mermaid.build/Debug-watchos/MermaidLayoutDagre.build/swift-overrides.hmap -emit-const-values -Xfrontend -const-gather-protocols-file -Xfrontend /Users/admin/builder/spi-builder-workspace/.derivedData/Build/Intermediates.noindex/swift-mermaid.build/Debug-watchos/MermaidLayoutDagre.build/Objects-normal/arm64/MermaidLayoutDagre_const_extract_protocols.json -Xcc -I/Users/admin/builder/spi-builder-workspace/.derivedData/Build/Products/Debug-watchos/include -Xcc -I/Users/admin/builder/spi-builder-workspace/.derivedData/Build/Intermediates.noindex/swift-mermaid.build/Debug-watchos/MermaidLayoutDagre.build/DerivedSources-normal/arm64 -Xcc -I/Users/admin/builder/spi-builder-workspace/.derivedData/Build/Intermediates.noindex/swift-mermaid.build/Debug-watchos/MermaidLayoutDagre.build/DerivedSources/arm64 -Xcc -I/Users/admin/builder/spi-builder-workspace/.derivedData/Build/Intermediates.noindex/swift-mermaid.build/Debug-watchos/MermaidLayoutDagre.build/DerivedSources -Xcc -DSWIFT_PACKAGE -Xcc -DDEBUG\=1 -emit-objc-header -emit-objc-header-path /Users/admin/builder/spi-builder-workspace/.derivedData/Build/Intermediates.noindex/swift-mermaid.build/Debug-watchos/MermaidLayoutDagre.build/Objects-normal/arm64/MermaidLayoutDagre-Swift.h -working-directory /Users/admin/builder/spi-builder-workspace/.swiftpm/xcode -experimental-emit-module-separately -disable-cmo
SwiftCompile normal arm64_32 Compiling\ AddSubgraphConstraints.swift,\ Barycenter.swift,\ BuildLayerGraph.swift /Users/admin/builder/spi-builder-workspace/Vendor/MermaidLayoutDagre/Order/AddSubgraphConstraints.swift /Users/admin/builder/spi-builder-workspace/Vendor/MermaidLayoutDagre/Order/Barycenter.swift /Users/admin/builder/spi-builder-workspace/Vendor/MermaidLayoutDagre/Order/BuildLayerGraph.swift (in target 'MermaidLayoutDagre' from project 'swift-mermaid')
SwiftCompile normal arm64_32 /Users/admin/builder/spi-builder-workspace/Vendor/MermaidLayoutDagre/Order/AddSubgraphConstraints.swift (in target 'MermaidLayoutDagre' from project 'swift-mermaid')
    cd /Users/admin/builder/spi-builder-workspace/.swiftpm/xcode

SwiftCompile normal arm64_32 /Users/admin/builder/spi-builder-workspace/Vendor/MermaidLayoutDagre/Order/Barycenter.swift (in target 'MermaidLayoutDagre' from project 'swift-mermaid')
    cd /Users/admin/builder/spi-builder-workspace/.swiftpm/xcode

SwiftCompile normal arm64_32 /Users/admin/builder/spi-builder-workspace/Vendor/MermaidLayoutDagre/Order/BuildLayerGraph.swift (in target 'MermaidLayoutDagre' from project 'swift-mermaid')
    cd /Users/admin/builder/spi-builder-workspace/.swiftpm/xcode

SwiftMergeGeneratedHeaders /Users/admin/builder/spi-builder-workspace/.derivedData/Build/Intermediates.noindex/GeneratedModuleMaps-watchos/MermaidLayoutDagre-Swift.h /Users/admin/builder/spi-builder-workspace/.derivedData/Build/Intermediates.noindex/swift-mermaid.build/Debug-watchos/MermaidLayoutDagre.build/Objects-normal/arm64/MermaidLayoutDagre-Swift.h /Users/admin/builder/spi-builder-workspace/.derivedData/Build/Intermediates.noindex/swift-mermaid.build/Debug-watchos/MermaidLayoutDagre.build/Objects-normal/arm64_32/MermaidLayoutDagre-Swift.h (in target 'MermaidLayoutDagre' from project 'swift-mermaid')
    cd /Users/admin/builder/spi-builder-workspace
    builtin-swiftHeaderTool -arch arm64 /Users/admin/builder/spi-builder-workspace/.derivedData/Build/Intermediates.noindex/swift-mermaid.build/Debug-watchos/MermaidLayoutDagre.build/Objects-normal/arm64/MermaidLayoutDagre-Swift.h -arch arm64_32 /Users/admin/builder/spi-builder-workspace/.derivedData/Build/Intermediates.noindex/swift-mermaid.build/Debug-watchos/MermaidLayoutDagre.build/Objects-normal/arm64_32/MermaidLayoutDagre-Swift.h -o /Users/admin/builder/spi-builder-workspace/.derivedData/Build/Intermediates.noindex/GeneratedModuleMaps-watchos/MermaidLayoutDagre-Swift.h
SwiftDriverJobDiscovery normal arm64_32 Compiling Denormalize.swift, Normalize.swift, ParentDummyChains.swift (in target 'MermaidLayoutDagre' from project 'swift-mermaid')
Copy /Users/admin/builder/spi-builder-workspace/.derivedData/Build/Products/Debug-watchos/MermaidLayoutDagre.swiftmodule/arm64_32-apple-watchos.swiftmodule /Users/admin/builder/spi-builder-workspace/.derivedData/Build/Intermediates.noindex/swift-mermaid.build/Debug-watchos/MermaidLayoutDagre.build/Objects-normal/arm64_32/MermaidLayoutDagre.swiftmodule (in target 'MermaidLayoutDagre' from project 'swift-mermaid')
    cd /Users/admin/builder/spi-builder-workspace
    builtin-copy -exclude .DS_Store -exclude CVS -exclude .svn -exclude .git -exclude .hg -resolve-src-symlinks -rename /Users/admin/builder/spi-builder-workspace/.derivedData/Build/Intermediates.noindex/swift-mermaid.build/Debug-watchos/MermaidLayoutDagre.build/Objects-normal/arm64_32/MermaidLayoutDagre.swiftmodule /Users/admin/builder/spi-builder-workspace/.derivedData/Build/Products/Debug-watchos/MermaidLayoutDagre.swiftmodule/arm64_32-apple-watchos.swiftmodule
Copy /Users/admin/builder/spi-builder-workspace/.derivedData/Build/Products/Debug-watchos/MermaidLayoutDagre.swiftmodule/arm64_32-apple-watchos.swiftdoc /Users/admin/builder/spi-builder-workspace/.derivedData/Build/Intermediates.noindex/swift-mermaid.build/Debug-watchos/MermaidLayoutDagre.build/Objects-normal/arm64_32/MermaidLayoutDagre.swiftdoc (in target 'MermaidLayoutDagre' from project 'swift-mermaid')
    cd /Users/admin/builder/spi-builder-workspace
    builtin-copy -exclude .DS_Store -exclude CVS -exclude .svn -exclude .git -exclude .hg -resolve-src-symlinks -rename /Users/admin/builder/spi-builder-workspace/.derivedData/Build/Intermediates.noindex/swift-mermaid.build/Debug-watchos/MermaidLayoutDagre.build/Objects-normal/arm64_32/MermaidLayoutDagre.swiftdoc /Users/admin/builder/spi-builder-workspace/.derivedData/Build/Products/Debug-watchos/MermaidLayoutDagre.swiftmodule/arm64_32-apple-watchos.swiftdoc
SwiftDriverJobDiscovery normal arm64_32 Compiling Acyclic.swift, GreedyFAS.swift, EdgeId.swift (in target 'MermaidLayoutDagre' from project 'swift-mermaid')
Copy /Users/admin/builder/spi-builder-workspace/.derivedData/Build/Products/Debug-watchos/MermaidLayoutDagre.swiftmodule/arm64_32-apple-watchos.abi.json /Users/admin/builder/spi-builder-workspace/.derivedData/Build/Intermediates.noindex/swift-mermaid.build/Debug-watchos/MermaidLayoutDagre.build/Objects-normal/arm64_32/MermaidLayoutDagre.abi.json (in target 'MermaidLayoutDagre' from project 'swift-mermaid')
    cd /Users/admin/builder/spi-builder-workspace
    builtin-copy -exclude .DS_Store -exclude CVS -exclude .svn -exclude .git -exclude .hg -resolve-src-symlinks -rename /Users/admin/builder/spi-builder-workspace/.derivedData/Build/Intermediates.noindex/swift-mermaid.build/Debug-watchos/MermaidLayoutDagre.build/Objects-normal/arm64_32/MermaidLayoutDagre.abi.json /Users/admin/builder/spi-builder-workspace/.derivedData/Build/Products/Debug-watchos/MermaidLayoutDagre.swiftmodule/arm64_32-apple-watchos.abi.json
Copy /Users/admin/builder/spi-builder-workspace/.derivedData/Build/Products/Debug-watchos/MermaidLayoutDagre.swiftmodule/arm64-apple-watchos.swiftmodule /Users/admin/builder/spi-builder-workspace/.derivedData/Build/Intermediates.noindex/swift-mermaid.build/Debug-watchos/MermaidLayoutDagre.build/Objects-normal/arm64/MermaidLayoutDagre.swiftmodule (in target 'MermaidLayoutDagre' from project 'swift-mermaid')
    cd /Users/admin/builder/spi-builder-workspace
    builtin-copy -exclude .DS_Store -exclude CVS -exclude .svn -exclude .git -exclude .hg -resolve-src-symlinks -rename /Users/admin/builder/spi-builder-workspace/.derivedData/Build/Intermediates.noindex/swift-mermaid.build/Debug-watchos/MermaidLayoutDagre.build/Objects-normal/arm64/MermaidLayoutDagre.swiftmodule /Users/admin/builder/spi-builder-workspace/.derivedData/Build/Products/Debug-watchos/MermaidLayoutDagre.swiftmodule/arm64-apple-watchos.swiftmodule
Copy /Users/admin/builder/spi-builder-workspace/.derivedData/Build/Products/Debug-watchos/MermaidLayoutDagre.swiftmodule/arm64-apple-watchos.swiftdoc /Users/admin/builder/spi-builder-workspace/.derivedData/Build/Intermediates.noindex/swift-mermaid.build/Debug-watchos/MermaidLayoutDagre.build/Objects-normal/arm64/MermaidLayoutDagre.swiftdoc (in target 'MermaidLayoutDagre' from project 'swift-mermaid')
    cd /Users/admin/builder/spi-builder-workspace
    builtin-copy -exclude .DS_Store -exclude CVS -exclude .svn -exclude .git -exclude .hg -resolve-src-symlinks -rename /Users/admin/builder/spi-builder-workspace/.derivedData/Build/Intermediates.noindex/swift-mermaid.build/Debug-watchos/MermaidLayoutDagre.build/Objects-normal/arm64/MermaidLayoutDagre.swiftdoc /Users/admin/builder/spi-builder-workspace/.derivedData/Build/Products/Debug-watchos/MermaidLayoutDagre.swiftmodule/arm64-apple-watchos.swiftdoc
Copy /Users/admin/builder/spi-builder-workspace/.derivedData/Build/Products/Debug-watchos/MermaidLayoutDagre.swiftmodule/arm64-apple-watchos.abi.json /Users/admin/builder/spi-builder-workspace/.derivedData/Build/Intermediates.noindex/swift-mermaid.build/Debug-watchos/MermaidLayoutDagre.build/Objects-normal/arm64/MermaidLayoutDagre.abi.json (in target 'MermaidLayoutDagre' from project 'swift-mermaid')
    cd /Users/admin/builder/spi-builder-workspace
    builtin-copy -exclude .DS_Store -exclude CVS -exclude .svn -exclude .git -exclude .hg -resolve-src-symlinks -rename /Users/admin/builder/spi-builder-workspace/.derivedData/Build/Intermediates.noindex/swift-mermaid.build/Debug-watchos/MermaidLayoutDagre.build/Objects-normal/arm64/MermaidLayoutDagre.abi.json /Users/admin/builder/spi-builder-workspace/.derivedData/Build/Products/Debug-watchos/MermaidLayoutDagre.swiftmodule/arm64-apple-watchos.abi.json
Copy /Users/admin/builder/spi-builder-workspace/.derivedData/Build/Products/Debug-watchos/MermaidLayoutDagre.swiftmodule/Project/arm64_32-apple-watchos.swiftsourceinfo /Users/admin/builder/spi-builder-workspace/.derivedData/Build/Intermediates.noindex/swift-mermaid.build/Debug-watchos/MermaidLayoutDagre.build/Objects-normal/arm64_32/MermaidLayoutDagre.swiftsourceinfo (in target 'MermaidLayoutDagre' from project 'swift-mermaid')
    cd /Users/admin/builder/spi-builder-workspace
    builtin-copy -exclude .DS_Store -exclude CVS -exclude .svn -exclude .git -exclude .hg -resolve-src-symlinks -rename /Users/admin/builder/spi-builder-workspace/.derivedData/Build/Intermediates.noindex/swift-mermaid.build/Debug-watchos/MermaidLayoutDagre.build/Objects-normal/arm64_32/MermaidLayoutDagre.swiftsourceinfo /Users/admin/builder/spi-builder-workspace/.derivedData/Build/Products/Debug-watchos/MermaidLayoutDagre.swiftmodule/Project/arm64_32-apple-watchos.swiftsourceinfo
SwiftDriverJobDiscovery normal arm64 Compiling PositionY.swift, FeasibleTree.swift (in target 'MermaidLayoutDagre' from project 'swift-mermaid')
Copy /Users/admin/builder/spi-builder-workspace/.derivedData/Build/Products/Debug-watchos/MermaidLayoutDagre.swiftmodule/Project/arm64-apple-watchos.swiftsourceinfo /Users/admin/builder/spi-builder-workspace/.derivedData/Build/Intermediates.noindex/swift-mermaid.build/Debug-watchos/MermaidLayoutDagre.build/Objects-normal/arm64/MermaidLayoutDagre.swiftsourceinfo (in target 'MermaidLayoutDagre' from project 'swift-mermaid')
    cd /Users/admin/builder/spi-builder-workspace
    builtin-copy -exclude .DS_Store -exclude CVS -exclude .svn -exclude .git -exclude .hg -resolve-src-symlinks -rename /Users/admin/builder/spi-builder-workspace/.derivedData/Build/Intermediates.noindex/swift-mermaid.build/Debug-watchos/MermaidLayoutDagre.build/Objects-normal/arm64/MermaidLayoutDagre.swiftsourceinfo /Users/admin/builder/spi-builder-workspace/.derivedData/Build/Products/Debug-watchos/MermaidLayoutDagre.swiftmodule/Project/arm64-apple-watchos.swiftsourceinfo
SwiftCompile normal arm64_32 Compiling\ LongestPath.swift,\ NetworkSimplex.swift /Users/admin/builder/spi-builder-workspace/Vendor/MermaidLayoutDagre/Rank/LongestPath.swift /Users/admin/builder/spi-builder-workspace/Vendor/MermaidLayoutDagre/Rank/NetworkSimplex.swift (in target 'MermaidLayoutDagre' from project 'swift-mermaid')
SwiftCompile normal arm64_32 /Users/admin/builder/spi-builder-workspace/Vendor/MermaidLayoutDagre/Rank/LongestPath.swift (in target 'MermaidLayoutDagre' from project 'swift-mermaid')
    cd /Users/admin/builder/spi-builder-workspace/.swiftpm/xcode

SwiftCompile normal arm64_32 /Users/admin/builder/spi-builder-workspace/Vendor/MermaidLayoutDagre/Rank/NetworkSimplex.swift (in target 'MermaidLayoutDagre' from project 'swift-mermaid')
    cd /Users/admin/builder/spi-builder-workspace/.swiftpm/xcode

SwiftCompile normal arm64_32 Compiling\ Labels.swift,\ Layout.swift,\ NestingGraph.swift /Users/admin/builder/spi-builder-workspace/Vendor/MermaidLayoutDagre/Layout/Labels.swift /Users/admin/builder/spi-builder-workspace/Vendor/MermaidLayoutDagre/Layout/Layout.swift /Users/admin/builder/spi-builder-workspace/Vendor/MermaidLayoutDagre/Nesting/NestingGraph.swift (in target 'MermaidLayoutDagre' from project 'swift-mermaid')
SwiftCompile normal arm64_32 /Users/admin/builder/spi-builder-workspace/Vendor/MermaidLayoutDagre/Layout/Labels.swift (in target 'MermaidLayoutDagre' from project 'swift-mermaid')
    cd /Users/admin/builder/spi-builder-workspace/.swiftpm/xcode

SwiftCompile normal arm64_32 /Users/admin/builder/spi-builder-workspace/Vendor/MermaidLayoutDagre/Layout/Layout.swift (in target 'MermaidLayoutDagre' from project 'swift-mermaid')
    cd /Users/admin/builder/spi-builder-workspace/.swiftpm/xcode

SwiftCompile normal arm64_32 /Users/admin/builder/spi-builder-workspace/Vendor/MermaidLayoutDagre/Nesting/NestingGraph.swift (in target 'MermaidLayoutDagre' from project 'swift-mermaid')
    cd /Users/admin/builder/spi-builder-workspace/.swiftpm/xcode

SwiftCompile normal arm64_32 Compiling\ SortSubgraph.swift,\ BrandesKopf.swift,\ Position.swift /Users/admin/builder/spi-builder-workspace/Vendor/MermaidLayoutDagre/Order/SortSubgraph.swift /Users/admin/builder/spi-builder-workspace/Vendor/MermaidLayoutDagre/Position/BrandesKopf.swift /Users/admin/builder/spi-builder-workspace/Vendor/MermaidLayoutDagre/Position/Position.swift (in target 'MermaidLayoutDagre' from project 'swift-mermaid')
SwiftCompile normal arm64_32 /Users/admin/builder/spi-builder-workspace/Vendor/MermaidLayoutDagre/Order/SortSubgraph.swift (in target 'MermaidLayoutDagre' from project 'swift-mermaid')
    cd /Users/admin/builder/spi-builder-workspace/.swiftpm/xcode

SwiftCompile normal arm64_32 /Users/admin/builder/spi-builder-workspace/Vendor/MermaidLayoutDagre/Position/BrandesKopf.swift (in target 'MermaidLayoutDagre' from project 'swift-mermaid')
    cd /Users/admin/builder/spi-builder-workspace/.swiftpm/xcode

SwiftCompile normal arm64_32 /Users/admin/builder/spi-builder-workspace/Vendor/MermaidLayoutDagre/Position/Position.swift (in target 'MermaidLayoutDagre' from project 'swift-mermaid')
    cd /Users/admin/builder/spi-builder-workspace/.swiftpm/xcode

SwiftDriverJobDiscovery normal arm64 Compiling AddSubgraphConstraints.swift, Barycenter.swift, BuildLayerGraph.swift (in target 'MermaidLayoutDagre' from project 'swift-mermaid')
SwiftCompile normal arm64_32 Compiling\ CrossCount.swift,\ InitOrder.swift,\ Order.swift /Users/admin/builder/spi-builder-workspace/Vendor/MermaidLayoutDagre/Order/CrossCount.swift /Users/admin/builder/spi-builder-workspace/Vendor/MermaidLayoutDagre/Order/InitOrder.swift /Users/admin/builder/spi-builder-workspace/Vendor/MermaidLayoutDagre/Order/Order.swift (in target 'MermaidLayoutDagre' from project 'swift-mermaid')
SwiftCompile normal arm64_32 /Users/admin/builder/spi-builder-workspace/Vendor/MermaidLayoutDagre/Order/CrossCount.swift (in target 'MermaidLayoutDagre' from project 'swift-mermaid')
    cd /Users/admin/builder/spi-builder-workspace/.swiftpm/xcode

SwiftCompile normal arm64_32 /Users/admin/builder/spi-builder-workspace/Vendor/MermaidLayoutDagre/Order/InitOrder.swift (in target 'MermaidLayoutDagre' from project 'swift-mermaid')
    cd /Users/admin/builder/spi-builder-workspace/.swiftpm/xcode

SwiftCompile normal arm64_32 /Users/admin/builder/spi-builder-workspace/Vendor/MermaidLayoutDagre/Order/Order.swift (in target 'MermaidLayoutDagre' from project 'swift-mermaid')
    cd /Users/admin/builder/spi-builder-workspace/.swiftpm/xcode

SwiftCompile normal arm64_32 Compiling\ Rank.swift,\ GraphUtil.swift /Users/admin/builder/spi-builder-workspace/Vendor/MermaidLayoutDagre/Rank/Rank.swift /Users/admin/builder/spi-builder-workspace/Vendor/MermaidLayoutDagre/Util/GraphUtil.swift (in target 'MermaidLayoutDagre' from project 'swift-mermaid')
SwiftCompile normal arm64_32 /Users/admin/builder/spi-builder-workspace/Vendor/MermaidLayoutDagre/Rank/Rank.swift (in target 'MermaidLayoutDagre' from project 'swift-mermaid')
    cd /Users/admin/builder/spi-builder-workspace/.swiftpm/xcode

SwiftCompile normal arm64_32 /Users/admin/builder/spi-builder-workspace/Vendor/MermaidLayoutDagre/Util/GraphUtil.swift (in target 'MermaidLayoutDagre' from project 'swift-mermaid')
    cd /Users/admin/builder/spi-builder-workspace/.swiftpm/xcode

SwiftDriverJobDiscovery normal arm64_32 Compiling AddSubgraphConstraints.swift, Barycenter.swift, BuildLayerGraph.swift (in target 'MermaidLayoutDagre' from project 'swift-mermaid')
SwiftCompile normal arm64 Compiling\ Rank.swift,\ GraphUtil.swift /Users/admin/builder/spi-builder-workspace/Vendor/MermaidLayoutDagre/Rank/Rank.swift /Users/admin/builder/spi-builder-workspace/Vendor/MermaidLayoutDagre/Util/GraphUtil.swift (in target 'MermaidLayoutDagre' from project 'swift-mermaid')
SwiftCompile normal arm64 /Users/admin/builder/spi-builder-workspace/Vendor/MermaidLayoutDagre/Rank/Rank.swift (in target 'MermaidLayoutDagre' from project 'swift-mermaid')
    cd /Users/admin/builder/spi-builder-workspace/.swiftpm/xcode

SwiftCompile normal arm64 /Users/admin/builder/spi-builder-workspace/Vendor/MermaidLayoutDagre/Util/GraphUtil.swift (in target 'MermaidLayoutDagre' from project 'swift-mermaid')
    cd /Users/admin/builder/spi-builder-workspace/.swiftpm/xcode

SwiftDriverJobDiscovery normal arm64 Compiling Graph.swift, GraphOptions.swift, AddBorderSegments.swift (in target 'MermaidLayoutDagre' from project 'swift-mermaid')
SwiftCompile normal arm64 Compiling\ SortSubgraph.swift,\ BrandesKopf.swift,\ Position.swift /Users/admin/builder/spi-builder-workspace/Vendor/MermaidLayoutDagre/Order/SortSubgraph.swift /Users/admin/builder/spi-builder-workspace/Vendor/MermaidLayoutDagre/Position/BrandesKopf.swift /Users/admin/builder/spi-builder-workspace/Vendor/MermaidLayoutDagre/Position/Position.swift (in target 'MermaidLayoutDagre' from project 'swift-mermaid')
SwiftCompile normal arm64 /Users/admin/builder/spi-builder-workspace/Vendor/MermaidLayoutDagre/Order/SortSubgraph.swift (in target 'MermaidLayoutDagre' from project 'swift-mermaid')
    cd /Users/admin/builder/spi-builder-workspace/.swiftpm/xcode

SwiftCompile normal arm64 /Users/admin/builder/spi-builder-workspace/Vendor/MermaidLayoutDagre/Position/BrandesKopf.swift (in target 'MermaidLayoutDagre' from project 'swift-mermaid')
    cd /Users/admin/builder/spi-builder-workspace/.swiftpm/xcode

SwiftCompile normal arm64 /Users/admin/builder/spi-builder-workspace/Vendor/MermaidLayoutDagre/Position/Position.swift (in target 'MermaidLayoutDagre' from project 'swift-mermaid')
    cd /Users/admin/builder/spi-builder-workspace/.swiftpm/xcode

SwiftCompile normal arm64_32 Compiling\ Graph.swift,\ GraphOptions.swift,\ AddBorderSegments.swift /Users/admin/builder/spi-builder-workspace/Vendor/MermaidLayoutDagre/Graph/Graph.swift /Users/admin/builder/spi-builder-workspace/Vendor/MermaidLayoutDagre/Graph/GraphOptions.swift /Users/admin/builder/spi-builder-workspace/Vendor/MermaidLayoutDagre/Layout/AddBorderSegments.swift (in target 'MermaidLayoutDagre' from project 'swift-mermaid')
SwiftCompile normal arm64_32 /Users/admin/builder/spi-builder-workspace/Vendor/MermaidLayoutDagre/Graph/Graph.swift (in target 'MermaidLayoutDagre' from project 'swift-mermaid')
    cd /Users/admin/builder/spi-builder-workspace/.swiftpm/xcode

/Users/admin/builder/spi-builder-workspace/Vendor/MermaidLayoutDagre/Graph/Graph.swift:215:21: warning: result of 'try?' is unused
                    try? setParent(child, parent: nil)
                    ^~~~~~~~~~~~~~~~~~~~~~~~~~~~~~~~~~
SwiftCompile normal arm64_32 /Users/admin/builder/spi-builder-workspace/Vendor/MermaidLayoutDagre/Graph/GraphOptions.swift (in target 'MermaidLayoutDagre' from project 'swift-mermaid')
    cd /Users/admin/builder/spi-builder-workspace/.swiftpm/xcode

SwiftCompile normal arm64_32 /Users/admin/builder/spi-builder-workspace/Vendor/MermaidLayoutDagre/Layout/AddBorderSegments.swift (in target 'MermaidLayoutDagre' from project 'swift-mermaid')
    cd /Users/admin/builder/spi-builder-workspace/.swiftpm/xcode

SwiftDriverJobDiscovery normal arm64 Compiling CrossCount.swift, InitOrder.swift, Order.swift (in target 'MermaidLayoutDagre' from project 'swift-mermaid')
SwiftDriverJobDiscovery normal arm64 Compiling Denormalize.swift, Normalize.swift, ParentDummyChains.swift (in target 'MermaidLayoutDagre' from project 'swift-mermaid')
SwiftCompile normal arm64 Compiling\ Acyclic.swift,\ GreedyFAS.swift,\ EdgeId.swift /Users/admin/builder/spi-builder-workspace/Vendor/MermaidLayoutDagre/Acyclic/Acyclic.swift /Users/admin/builder/spi-builder-workspace/Vendor/MermaidLayoutDagre/Acyclic/GreedyFAS.swift /Users/admin/builder/spi-builder-workspace/Vendor/MermaidLayoutDagre/Graph/EdgeId.swift (in target 'MermaidLayoutDagre' from project 'swift-mermaid')
SwiftCompile normal arm64 /Users/admin/builder/spi-builder-workspace/Vendor/MermaidLayoutDagre/Acyclic/Acyclic.swift (in target 'MermaidLayoutDagre' from project 'swift-mermaid')
    cd /Users/admin/builder/spi-builder-workspace/.swiftpm/xcode

SwiftCompile normal arm64 /Users/admin/builder/spi-builder-workspace/Vendor/MermaidLayoutDagre/Acyclic/GreedyFAS.swift (in target 'MermaidLayoutDagre' from project 'swift-mermaid')
    cd /Users/admin/builder/spi-builder-workspace/.swiftpm/xcode

SwiftCompile normal arm64 /Users/admin/builder/spi-builder-workspace/Vendor/MermaidLayoutDagre/Graph/EdgeId.swift (in target 'MermaidLayoutDagre' from project 'swift-mermaid')
    cd /Users/admin/builder/spi-builder-workspace/.swiftpm/xcode

SwiftDriverJobDiscovery normal arm64 Compiling LongestPath.swift, NetworkSimplex.swift (in target 'MermaidLayoutDagre' from project 'swift-mermaid')
SwiftDriverJobDiscovery normal arm64_32 Compiling LongestPath.swift, NetworkSimplex.swift (in target 'MermaidLayoutDagre' from project 'swift-mermaid')
SwiftDriver Mermaid normal arm64 com.apple.xcode.tools.swift.compiler (in target 'Mermaid' from project 'swift-mermaid')
    cd /Users/admin/builder/spi-builder-workspace/.swiftpm/xcode
    builtin-SwiftDriver -- /Applications/Xcode-16.3.0.app/Contents/Developer/Toolchains/XcodeDefault.xctoolchain/usr/bin/swiftc -module-name Mermaid -Onone -enforce-exclusivity\=checked @/Users/admin/builder/spi-builder-workspace/.derivedData/Build/Intermediates.noindex/swift-mermaid.build/Debug-watchos/Mermaid.build/Objects-normal/arm64/Mermaid.SwiftFileList -DSWIFT_PACKAGE -DDEBUG -DXcode -plugin-path /Applications/Xcode-16.3.0.app/Contents/Developer/Toolchains/XcodeDefault.xctoolchain/usr/lib/swift/host/plugins/testing -enable-experimental-feature DebugDescriptionMacro -sdk /Applications/Xcode-16.3.0.app/Contents/Developer/Platforms/WatchOS.platform/Developer/SDKs/WatchOS11.4.sdk -target arm64-apple-watchos9.0 -g -module-cache-path /Users/admin/builder/spi-builder-workspace/.derivedData/ModuleCache.noindex -Xfrontend -serialize-debugging-options -profile-coverage-mapping -profile-generate -enable-testing -index-store-path /Users/admin/builder/spi-builder-workspace/.derivedData/Index.noindex/DataStore -swift-version 5 -I /Users/admin/builder/spi-builder-workspace/.derivedData/Build/Products/Debug-watchos -I /Applications/Xcode-16.3.0.app/Contents/Developer/Platforms/WatchOS.platform/Developer/usr/lib -F /Users/admin/builder/spi-builder-workspace/.derivedData/Build/Products/Debug-watchos/PackageFrameworks -F /Users/admin/builder/spi-builder-workspace/.derivedData/Build/Products/Debug-watchos -F /Applications/Xcode-16.3.0.app/Contents/Developer/Platforms/WatchOS.platform/Developer/Library/Frameworks -F /Applications/Xcode-16.3.0.app/Contents/Developer/Platforms/WatchOS.platform/Developer/SDKs/WatchOS11.4.sdk/Developer/Library/Frameworks -c -j10 -enable-batch-mode -incremental -Xcc -ivfsstatcache -Xcc /Users/admin/builder/spi-builder-workspace/.derivedData/SDKStatCaches.noindex/watchos11.4-22T246-43efb940ff07ba2497b70ec94253f576.sdkstatcache -output-file-map /Users/admin/builder/spi-builder-workspace/.derivedData/Build/Intermediates.noindex/swift-mermaid.build/Debug-watchos/Mermaid.build/Objects-normal/arm64/Mermaid-OutputFileMap.json -use-frontend-parseable-output -save-temps -no-color-diagnostics -serialize-diagnostics -emit-dependencies -emit-module -emit-module-path /Users/admin/builder/spi-builder-workspace/.derivedData/Build/Intermediates.noindex/swift-mermaid.build/Debug-watchos/Mermaid.build/Objects-normal/arm64/Mermaid.swiftmodule -validate-clang-modules-once -clang-build-session-file /Users/admin/builder/spi-builder-workspace/.derivedData/ModuleCache.noindex/Session.modulevalidation -package-name spi_builder_workspace -Xcc -I/Users/admin/builder/spi-builder-workspace/.derivedData/Build/Intermediates.noindex/swift-mermaid.build/Debug-watchos/Mermaid.build/swift-overrides.hmap -emit-const-values -Xfrontend -const-gather-protocols-file -Xfrontend /Users/admin/builder/spi-builder-workspace/.derivedData/Build/Intermediates.noindex/swift-mermaid.build/Debug-watchos/Mermaid.build/Objects-normal/arm64/Mermaid_const_extract_protocols.json -Xcc -I/Users/admin/builder/spi-builder-workspace/.derivedData/Build/Products/Debug-watchos/include -Xcc -I/Users/admin/builder/spi-builder-workspace/.derivedData/Build/Intermediates.noindex/swift-mermaid.build/Debug-watchos/Mermaid.build/DerivedSources-normal/arm64 -Xcc -I/Users/admin/builder/spi-builder-workspace/.derivedData/Build/Intermediates.noindex/swift-mermaid.build/Debug-watchos/Mermaid.build/DerivedSources/arm64 -Xcc -I/Users/admin/builder/spi-builder-workspace/.derivedData/Build/Intermediates.noindex/swift-mermaid.build/Debug-watchos/Mermaid.build/DerivedSources -Xcc -DSWIFT_PACKAGE -Xcc -DDEBUG\=1 -emit-objc-header -emit-objc-header-path /Users/admin/builder/spi-builder-workspace/.derivedData/Build/Intermediates.noindex/swift-mermaid.build/Debug-watchos/Mermaid.build/Objects-normal/arm64/Mermaid-Swift.h -working-directory /Users/admin/builder/spi-builder-workspace/.swiftpm/xcode -experimental-emit-module-separately -disable-cmo
SwiftDriver Mermaid normal arm64_32 com.apple.xcode.tools.swift.compiler (in target 'Mermaid' from project 'swift-mermaid')
    cd /Users/admin/builder/spi-builder-workspace/.swiftpm/xcode
    builtin-SwiftDriver -- /Applications/Xcode-16.3.0.app/Contents/Developer/Toolchains/XcodeDefault.xctoolchain/usr/bin/swiftc -module-name Mermaid -Onone -enforce-exclusivity\=checked @/Users/admin/builder/spi-builder-workspace/.derivedData/Build/Intermediates.noindex/swift-mermaid.build/Debug-watchos/Mermaid.build/Objects-normal/arm64_32/Mermaid.SwiftFileList -DSWIFT_PACKAGE -DDEBUG -DXcode -plugin-path /Applications/Xcode-16.3.0.app/Contents/Developer/Toolchains/XcodeDefault.xctoolchain/usr/lib/swift/host/plugins/testing -enable-experimental-feature DebugDescriptionMacro -sdk /Applications/Xcode-16.3.0.app/Contents/Developer/Platforms/WatchOS.platform/Developer/SDKs/WatchOS11.4.sdk -target arm64_32-apple-watchos9.0 -g -module-cache-path /Users/admin/builder/spi-builder-workspace/.derivedData/ModuleCache.noindex -Xfrontend -serialize-debugging-options -profile-coverage-mapping -profile-generate -enable-testing -index-store-path /Users/admin/builder/spi-builder-workspace/.derivedData/Index.noindex/DataStore -swift-version 5 -I /Users/admin/builder/spi-builder-workspace/.derivedData/Build/Products/Debug-watchos -I /Applications/Xcode-16.3.0.app/Contents/Developer/Platforms/WatchOS.platform/Developer/usr/lib -F /Users/admin/builder/spi-builder-workspace/.derivedData/Build/Products/Debug-watchos/PackageFrameworks -F /Users/admin/builder/spi-builder-workspace/.derivedData/Build/Products/Debug-watchos -F /Applications/Xcode-16.3.0.app/Contents/Developer/Platforms/WatchOS.platform/Developer/Library/Frameworks -F /Applications/Xcode-16.3.0.app/Contents/Developer/Platforms/WatchOS.platform/Developer/SDKs/WatchOS11.4.sdk/Developer/Library/Frameworks -c -j10 -enable-batch-mode -incremental -Xcc -ivfsstatcache -Xcc /Users/admin/builder/spi-builder-workspace/.derivedData/SDKStatCaches.noindex/watchos11.4-22T246-43efb940ff07ba2497b70ec94253f576.sdkstatcache -output-file-map /Users/admin/builder/spi-builder-workspace/.derivedData/Build/Intermediates.noindex/swift-mermaid.build/Debug-watchos/Mermaid.build/Objects-normal/arm64_32/Mermaid-OutputFileMap.json -use-frontend-parseable-output -save-temps -no-color-diagnostics -serialize-diagnostics -emit-dependencies -emit-module -emit-module-path /Users/admin/builder/spi-builder-workspace/.derivedData/Build/Intermediates.noindex/swift-mermaid.build/Debug-watchos/Mermaid.build/Objects-normal/arm64_32/Mermaid.swiftmodule -validate-clang-modules-once -clang-build-session-file /Users/admin/builder/spi-builder-workspace/.derivedData/ModuleCache.noindex/Session.modulevalidation -package-name spi_builder_workspace -Xcc -I/Users/admin/builder/spi-builder-workspace/.derivedData/Build/Intermediates.noindex/swift-mermaid.build/Debug-watchos/Mermaid.build/swift-overrides.hmap -emit-const-values -Xfrontend -const-gather-protocols-file -Xfrontend /Users/admin/builder/spi-builder-workspace/.derivedData/Build/Intermediates.noindex/swift-mermaid.build/Debug-watchos/Mermaid.build/Objects-normal/arm64_32/Mermaid_const_extract_protocols.json -Xcc -I/Users/admin/builder/spi-builder-workspace/.derivedData/Build/Products/Debug-watchos/include -Xcc -I/Users/admin/builder/spi-builder-workspace/.derivedData/Build/Intermediates.noindex/swift-mermaid.build/Debug-watchos/Mermaid.build/DerivedSources-normal/arm64_32 -Xcc -I/Users/admin/builder/spi-builder-workspace/.derivedData/Build/Intermediates.noindex/swift-mermaid.build/Debug-watchos/Mermaid.build/DerivedSources/arm64_32 -Xcc -I/Users/admin/builder/spi-builder-workspace/.derivedData/Build/Intermediates.noindex/swift-mermaid.build/Debug-watchos/Mermaid.build/DerivedSources -Xcc -DSWIFT_PACKAGE -Xcc -DDEBUG\=1 -emit-objc-header -emit-objc-header-path /Users/admin/builder/spi-builder-workspace/.derivedData/Build/Intermediates.noindex/swift-mermaid.build/Debug-watchos/Mermaid.build/Objects-normal/arm64_32/Mermaid-Swift.h -working-directory /Users/admin/builder/spi-builder-workspace/.swiftpm/xcode -experimental-emit-module-separately -disable-cmo
SwiftEmitModule normal arm64 Emitting\ module\ for\ Mermaid (in target 'Mermaid' from project 'swift-mermaid')
EmitSwiftModule normal arm64 (in target 'Mermaid' from project 'swift-mermaid')
    cd /Users/admin/builder/spi-builder-workspace/.swiftpm/xcode

SwiftEmitModule normal arm64_32 Emitting\ module\ for\ Mermaid (in target 'Mermaid' from project 'swift-mermaid')
EmitSwiftModule normal arm64_32 (in target 'Mermaid' from project 'swift-mermaid')
    cd /Users/admin/builder/spi-builder-workspace/.swiftpm/xcode

SwiftDriverJobDiscovery normal arm64_32 Compiling CrossCount.swift, InitOrder.swift, Order.swift (in target 'MermaidLayoutDagre' from project 'swift-mermaid')
SwiftCompile normal arm64_32 Compiling\ Mermaid.swift,\ PieParser.swift,\ PieRenderer.swift,\ SequenceModel.swift /Users/admin/builder/spi-builder-workspace/Sources/Mermaid/Mermaid.swift /Users/admin/builder/spi-builder-workspace/Sources/Mermaid/Pie/PieParser.swift /Users/admin/builder/spi-builder-workspace/Sources/Mermaid/Pie/PieRenderer.swift /Users/admin/builder/spi-builder-workspace/Sources/Mermaid/Sequence/SequenceModel.swift (in target 'Mermaid' from project 'swift-mermaid')
SwiftCompile normal arm64_32 /Users/admin/builder/spi-builder-workspace/Sources/Mermaid/Mermaid.swift (in target 'Mermaid' from project 'swift-mermaid')
    cd /Users/admin/builder/spi-builder-workspace/.swiftpm/xcode

SwiftCompile normal arm64_32 /Users/admin/builder/spi-builder-workspace/Sources/Mermaid/Pie/PieParser.swift (in target 'Mermaid' from project 'swift-mermaid')
    cd /Users/admin/builder/spi-builder-workspace/.swiftpm/xcode

SwiftCompile normal arm64_32 /Users/admin/builder/spi-builder-workspace/Sources/Mermaid/Pie/PieRenderer.swift (in target 'Mermaid' from project 'swift-mermaid')
    cd /Users/admin/builder/spi-builder-workspace/.swiftpm/xcode

SwiftCompile normal arm64_32 /Users/admin/builder/spi-builder-workspace/Sources/Mermaid/Sequence/SequenceModel.swift (in target 'Mermaid' from project 'swift-mermaid')
    cd /Users/admin/builder/spi-builder-workspace/.swiftpm/xcode

SwiftDriverJobDiscovery normal arm64 Compiling Acyclic.swift, GreedyFAS.swift, EdgeId.swift (in target 'MermaidLayoutDagre' from project 'swift-mermaid')
SwiftCompile normal arm64_32 Compiling\ CGRenderer.swift,\ DiagramDetection.swift,\ Geometry.swift,\ MermaidError.swift /Users/admin/builder/spi-builder-workspace/Sources/Mermaid/Core/CGRenderer.swift /Users/admin/builder/spi-builder-workspace/Sources/Mermaid/Core/DiagramDetection.swift /Users/admin/builder/spi-builder-workspace/Sources/Mermaid/Core/Geometry.swift /Users/admin/builder/spi-builder-workspace/Sources/Mermaid/Core/MermaidError.swift (in target 'Mermaid' from project 'swift-mermaid')
SwiftCompile normal arm64_32 /Users/admin/builder/spi-builder-workspace/Sources/Mermaid/Core/CGRenderer.swift (in target 'Mermaid' from project 'swift-mermaid')
    cd /Users/admin/builder/spi-builder-workspace/.swiftpm/xcode

SwiftCompile normal arm64_32 /Users/admin/builder/spi-builder-workspace/Sources/Mermaid/Core/DiagramDetection.swift (in target 'Mermaid' from project 'swift-mermaid')
    cd /Users/admin/builder/spi-builder-workspace/.swiftpm/xcode

SwiftCompile normal arm64_32 /Users/admin/builder/spi-builder-workspace/Sources/Mermaid/Core/Geometry.swift (in target 'Mermaid' from project 'swift-mermaid')
    cd /Users/admin/builder/spi-builder-workspace/.swiftpm/xcode

SwiftCompile normal arm64_32 /Users/admin/builder/spi-builder-workspace/Sources/Mermaid/Core/MermaidError.swift (in target 'Mermaid' from project 'swift-mermaid')
    cd /Users/admin/builder/spi-builder-workspace/.swiftpm/xcode

SwiftDriverJobDiscovery normal arm64_32 Compiling Graph.swift, GraphOptions.swift, AddBorderSegments.swift (in target 'MermaidLayoutDagre' from project 'swift-mermaid')
SwiftCompile normal arm64 Compiling\ FlowchartParser.swift,\ FlowchartRenderer.swift,\ GitGraphLayout.swift,\ GitGraphModel.swift /Users/admin/builder/spi-builder-workspace/Sources/Mermaid/Flowchart/FlowchartParser.swift /Users/admin/builder/spi-builder-workspace/Sources/Mermaid/Flowchart/FlowchartRenderer.swift /Users/admin/builder/spi-builder-workspace/Sources/Mermaid/GitGraph/GitGraphLayout.swift /Users/admin/builder/spi-builder-workspace/Sources/Mermaid/GitGraph/GitGraphModel.swift (in target 'Mermaid' from project 'swift-mermaid')
SwiftCompile normal arm64 /Users/admin/builder/spi-builder-workspace/Sources/Mermaid/Flowchart/FlowchartParser.swift (in target 'Mermaid' from project 'swift-mermaid')
    cd /Users/admin/builder/spi-builder-workspace/.swiftpm/xcode

SwiftCompile normal arm64 /Users/admin/builder/spi-builder-workspace/Sources/Mermaid/Flowchart/FlowchartRenderer.swift (in target 'Mermaid' from project 'swift-mermaid')
    cd /Users/admin/builder/spi-builder-workspace/.swiftpm/xcode

SwiftCompile normal arm64 /Users/admin/builder/spi-builder-workspace/Sources/Mermaid/GitGraph/GitGraphLayout.swift (in target 'Mermaid' from project 'swift-mermaid')
    cd /Users/admin/builder/spi-builder-workspace/.swiftpm/xcode

SwiftCompile normal arm64 /Users/admin/builder/spi-builder-workspace/Sources/Mermaid/GitGraph/GitGraphModel.swift (in target 'Mermaid' from project 'swift-mermaid')
    cd /Users/admin/builder/spi-builder-workspace/.swiftpm/xcode

SwiftDriverJobDiscovery normal arm64_32 Compiling SortSubgraph.swift, BrandesKopf.swift, Position.swift (in target 'MermaidLayoutDagre' from project 'swift-mermaid')
SwiftCompile normal arm64_32 Compiling\ MermaidScene.swift,\ SVGRenderer.swift,\ Scanner.swift,\ TextMeasurement.swift /Users/admin/builder/spi-builder-workspace/Sources/Mermaid/Core/MermaidScene.swift /Users/admin/builder/spi-builder-workspace/Sources/Mermaid/Core/SVGRenderer.swift /Users/admin/builder/spi-builder-workspace/Sources/Mermaid/Core/Scanner.swift /Users/admin/builder/spi-builder-workspace/Sources/Mermaid/Core/TextMeasurement.swift (in target 'Mermaid' from project 'swift-mermaid')
SwiftCompile normal arm64_32 /Users/admin/builder/spi-builder-workspace/Sources/Mermaid/Core/MermaidScene.swift (in target 'Mermaid' from project 'swift-mermaid')
    cd /Users/admin/builder/spi-builder-workspace/.swiftpm/xcode

SwiftCompile normal arm64_32 /Users/admin/builder/spi-builder-workspace/Sources/Mermaid/Core/SVGRenderer.swift (in target 'Mermaid' from project 'swift-mermaid')
    cd /Users/admin/builder/spi-builder-workspace/.swiftpm/xcode

SwiftCompile normal arm64_32 /Users/admin/builder/spi-builder-workspace/Sources/Mermaid/Core/Scanner.swift (in target 'Mermaid' from project 'swift-mermaid')
    cd /Users/admin/builder/spi-builder-workspace/.swiftpm/xcode

SwiftCompile normal arm64_32 /Users/admin/builder/spi-builder-workspace/Sources/Mermaid/Core/TextMeasurement.swift (in target 'Mermaid' from project 'swift-mermaid')
    cd /Users/admin/builder/spi-builder-workspace/.swiftpm/xcode

SwiftDriverJobDiscovery normal arm64 Compiling Labels.swift, Layout.swift, NestingGraph.swift (in target 'MermaidLayoutDagre' from project 'swift-mermaid')
SwiftCompile normal arm64_32 Compiling\ ArchitectureLayout.swift,\ ArchitectureModel.swift,\ ArchitectureParser.swift,\ ArchitectureRenderer.swift /Users/admin/builder/spi-builder-workspace/Sources/Mermaid/Architecture/ArchitectureLayout.swift /Users/admin/builder/spi-builder-workspace/Sources/Mermaid/Architecture/ArchitectureModel.swift /Users/admin/builder/spi-builder-workspace/Sources/Mermaid/Architecture/ArchitectureParser.swift /Users/admin/builder/spi-builder-workspace/Sources/Mermaid/Architecture/ArchitectureRenderer.swift (in target 'Mermaid' from project 'swift-mermaid')
SwiftCompile normal arm64_32 /Users/admin/builder/spi-builder-workspace/Sources/Mermaid/Architecture/ArchitectureLayout.swift (in target 'Mermaid' from project 'swift-mermaid')
    cd /Users/admin/builder/spi-builder-workspace/.swiftpm/xcode

SwiftCompile normal arm64_32 /Users/admin/builder/spi-builder-workspace/Sources/Mermaid/Architecture/ArchitectureModel.swift (in target 'Mermaid' from project 'swift-mermaid')
    cd /Users/admin/builder/spi-builder-workspace/.swiftpm/xcode

SwiftCompile normal arm64_32 /Users/admin/builder/spi-builder-workspace/Sources/Mermaid/Architecture/ArchitectureParser.swift (in target 'Mermaid' from project 'swift-mermaid')
    cd /Users/admin/builder/spi-builder-workspace/.swiftpm/xcode

SwiftCompile normal arm64_32 /Users/admin/builder/spi-builder-workspace/Sources/Mermaid/Architecture/ArchitectureRenderer.swift (in target 'Mermaid' from project 'swift-mermaid')
    cd /Users/admin/builder/spi-builder-workspace/.swiftpm/xcode

SwiftDriverJobDiscovery normal arm64 Compiling SortSubgraph.swift, BrandesKopf.swift, Position.swift (in target 'MermaidLayoutDagre' from project 'swift-mermaid')
SwiftCompile normal arm64 Compiling\ Mermaid.swift,\ PieParser.swift,\ PieRenderer.swift,\ SequenceModel.swift /Users/admin/builder/spi-builder-workspace/Sources/Mermaid/Mermaid.swift /Users/admin/builder/spi-builder-workspace/Sources/Mermaid/Pie/PieParser.swift /Users/admin/builder/spi-builder-workspace/Sources/Mermaid/Pie/PieRenderer.swift /Users/admin/builder/spi-builder-workspace/Sources/Mermaid/Sequence/SequenceModel.swift (in target 'Mermaid' from project 'swift-mermaid')
SwiftCompile normal arm64 /Users/admin/builder/spi-builder-workspace/Sources/Mermaid/Mermaid.swift (in target 'Mermaid' from project 'swift-mermaid')
    cd /Users/admin/builder/spi-builder-workspace/.swiftpm/xcode

SwiftCompile normal arm64 /Users/admin/builder/spi-builder-workspace/Sources/Mermaid/Pie/PieParser.swift (in target 'Mermaid' from project 'swift-mermaid')
    cd /Users/admin/builder/spi-builder-workspace/.swiftpm/xcode

SwiftCompile normal arm64 /Users/admin/builder/spi-builder-workspace/Sources/Mermaid/Pie/PieRenderer.swift (in target 'Mermaid' from project 'swift-mermaid')
    cd /Users/admin/builder/spi-builder-workspace/.swiftpm/xcode

SwiftCompile normal arm64 /Users/admin/builder/spi-builder-workspace/Sources/Mermaid/Sequence/SequenceModel.swift (in target 'Mermaid' from project 'swift-mermaid')
    cd /Users/admin/builder/spi-builder-workspace/.swiftpm/xcode

SwiftDriverJobDiscovery normal arm64 Compiling Rank.swift, GraphUtil.swift (in target 'MermaidLayoutDagre' from project 'swift-mermaid')
SwiftDriver\ Compilation MermaidLayoutDagre normal arm64 com.apple.xcode.tools.swift.compiler (in target 'MermaidLayoutDagre' from project 'swift-mermaid')
    cd /Users/admin/builder/spi-builder-workspace/.swiftpm/xcode
    builtin-Swift-Compilation -- /Applications/Xcode-16.3.0.app/Contents/Developer/Toolchains/XcodeDefault.xctoolchain/usr/bin/swiftc -module-name MermaidLayoutDagre -Onone -enforce-exclusivity\=checked @/Users/admin/builder/spi-builder-workspace/.derivedData/Build/Intermediates.noindex/swift-mermaid.build/Debug-watchos/MermaidLayoutDagre.build/Objects-normal/arm64/MermaidLayoutDagre.SwiftFileList -DSWIFT_PACKAGE -DDEBUG -DXcode -plugin-path /Applications/Xcode-16.3.0.app/Contents/Developer/Toolchains/XcodeDefault.xctoolchain/usr/lib/swift/host/plugins/testing -enable-experimental-feature DebugDescriptionMacro -sdk /Applications/Xcode-16.3.0.app/Contents/Developer/Platforms/WatchOS.platform/Developer/SDKs/WatchOS11.4.sdk -target arm64-apple-watchos9.0 -g -module-cache-path /Users/admin/builder/spi-builder-workspace/.derivedData/ModuleCache.noindex -Xfrontend -serialize-debugging-options -profile-coverage-mapping -profile-generate -enable-testing -index-store-path /Users/admin/builder/spi-builder-workspace/.derivedData/Index.noindex/DataStore -swift-version 5 -I /Users/admin/builder/spi-builder-workspace/.derivedData/Build/Products/Debug-watchos -I /Applications/Xcode-16.3.0.app/Contents/Developer/Platforms/WatchOS.platform/Developer/usr/lib -F /Users/admin/builder/spi-builder-workspace/.derivedData/Build/Products/Debug-watchos -F /Applications/Xcode-16.3.0.app/Contents/Developer/Platforms/WatchOS.platform/Developer/Library/Frameworks -F /Applications/Xcode-16.3.0.app/Contents/Developer/Platforms/WatchOS.platform/Developer/SDKs/WatchOS11.4.sdk/Developer/Library/Frameworks -c -j10 -enable-batch-mode -incremental -Xcc -ivfsstatcache -Xcc /Users/admin/builder/spi-builder-workspace/.derivedData/SDKStatCaches.noindex/watchos11.4-22T246-43efb940ff07ba2497b70ec94253f576.sdkstatcache -output-file-map /Users/admin/builder/spi-builder-workspace/.derivedData/Build/Intermediates.noindex/swift-mermaid.build/Debug-watchos/MermaidLayoutDagre.build/Objects-normal/arm64/MermaidLayoutDagre-OutputFileMap.json -use-frontend-parseable-output -save-temps -no-color-diagnostics -serialize-diagnostics -emit-dependencies -emit-module -emit-module-path /Users/admin/builder/spi-builder-workspace/.derivedData/Build/Intermediates.noindex/swift-mermaid.build/Debug-watchos/MermaidLayoutDagre.build/Objects-normal/arm64/MermaidLayoutDagre.swiftmodule -validate-clang-modules-once -clang-build-session-file /Users/admin/builder/spi-builder-workspace/.derivedData/ModuleCache.noindex/Session.modulevalidation -package-name spi_builder_workspace -Xcc -I/Users/admin/builder/spi-builder-workspace/.derivedData/Build/Intermediates.noindex/swift-mermaid.build/Debug-watchos/MermaidLayoutDagre.build/swift-overrides.hmap -emit-const-values -Xfrontend -const-gather-protocols-file -Xfrontend /Users/admin/builder/spi-builder-workspace/.derivedData/Build/Intermediates.noindex/swift-mermaid.build/Debug-watchos/MermaidLayoutDagre.build/Objects-normal/arm64/MermaidLayoutDagre_const_extract_protocols.json -Xcc -I/Users/admin/builder/spi-builder-workspace/.derivedData/Build/Products/Debug-watchos/include -Xcc -I/Users/admin/builder/spi-builder-workspace/.derivedData/Build/Intermediates.noindex/swift-mermaid.build/Debug-watchos/MermaidLayoutDagre.build/DerivedSources-normal/arm64 -Xcc -I/Users/admin/builder/spi-builder-workspace/.derivedData/Build/Intermediates.noindex/swift-mermaid.build/Debug-watchos/MermaidLayoutDagre.build/DerivedSources/arm64 -Xcc -I/Users/admin/builder/spi-builder-workspace/.derivedData/Build/Intermediates.noindex/swift-mermaid.build/Debug-watchos/MermaidLayoutDagre.build/DerivedSources -Xcc -DSWIFT_PACKAGE -Xcc -DDEBUG\=1 -emit-objc-header -emit-objc-header-path /Users/admin/builder/spi-builder-workspace/.derivedData/Build/Intermediates.noindex/swift-mermaid.build/Debug-watchos/MermaidLayoutDagre.build/Objects-normal/arm64/MermaidLayoutDagre-Swift.h -working-directory /Users/admin/builder/spi-builder-workspace/.swiftpm/xcode -experimental-emit-module-separately -disable-cmo
SwiftDriverJobDiscovery normal arm64_32 Compiling Rank.swift, GraphUtil.swift (in target 'MermaidLayoutDagre' from project 'swift-mermaid')
SwiftCompile normal arm64 Compiling\ CGRenderer.swift,\ DiagramDetection.swift,\ Geometry.swift,\ MermaidError.swift /Users/admin/builder/spi-builder-workspace/Sources/Mermaid/Core/CGRenderer.swift /Users/admin/builder/spi-builder-workspace/Sources/Mermaid/Core/DiagramDetection.swift /Users/admin/builder/spi-builder-workspace/Sources/Mermaid/Core/Geometry.swift /Users/admin/builder/spi-builder-workspace/Sources/Mermaid/Core/MermaidError.swift (in target 'Mermaid' from project 'swift-mermaid')
SwiftCompile normal arm64 /Users/admin/builder/spi-builder-workspace/Sources/Mermaid/Core/CGRenderer.swift (in target 'Mermaid' from project 'swift-mermaid')
    cd /Users/admin/builder/spi-builder-workspace/.swiftpm/xcode

SwiftCompile normal arm64 /Users/admin/builder/spi-builder-workspace/Sources/Mermaid/Core/DiagramDetection.swift (in target 'Mermaid' from project 'swift-mermaid')
    cd /Users/admin/builder/spi-builder-workspace/.swiftpm/xcode

SwiftCompile normal arm64 /Users/admin/builder/spi-builder-workspace/Sources/Mermaid/Core/Geometry.swift (in target 'Mermaid' from project 'swift-mermaid')
    cd /Users/admin/builder/spi-builder-workspace/.swiftpm/xcode

SwiftCompile normal arm64 /Users/admin/builder/spi-builder-workspace/Sources/Mermaid/Core/MermaidError.swift (in target 'Mermaid' from project 'swift-mermaid')
    cd /Users/admin/builder/spi-builder-workspace/.swiftpm/xcode

SwiftDriverJobDiscovery normal arm64_32 Compiling Labels.swift, Layout.swift, NestingGraph.swift (in target 'MermaidLayoutDagre' from project 'swift-mermaid')
Ld /Users/admin/builder/spi-builder-workspace/.derivedData/Build/Intermediates.noindex/swift-mermaid.build/Debug-watchos/MermaidLayoutDagre.build/Objects-normal/arm64/Binary/MermaidLayoutDagre.o normal arm64 (in target 'MermaidLayoutDagre' from project 'swift-mermaid')
    cd /Users/admin/builder/spi-builder-workspace
    /Applications/Xcode-16.3.0.app/Contents/Developer/Toolchains/XcodeDefault.xctoolchain/usr/bin/clang -Xlinker -reproducible -target arm64-apple-watchos9.0 -r -isysroot /Applications/Xcode-16.3.0.app/Contents/Developer/Platforms/WatchOS.platform/Developer/SDKs/WatchOS11.4.sdk -O0 -L/Users/admin/builder/spi-builder-workspace/.derivedData/Build/Intermediates.noindex/EagerLinkingTBDs/Debug-watchos -L/Users/admin/builder/spi-builder-workspace/.derivedData/Build/Products/Debug-watchos -L/Applications/Xcode-16.3.0.app/Contents/Developer/Platforms/WatchOS.platform/Developer/usr/lib -F/Users/admin/builder/spi-builder-workspace/.derivedData/Build/Intermediates.noindex/EagerLinkingTBDs/Debug-watchos -F/Users/admin/builder/spi-builder-workspace/.derivedData/Build/Products/Debug-watchos -iframework /Applications/Xcode-16.3.0.app/Contents/Developer/Platforms/WatchOS.platform/Developer/Library/Frameworks -iframework /Applications/Xcode-16.3.0.app/Contents/Developer/Platforms/WatchOS.platform/Developer/SDKs/WatchOS11.4.sdk/Developer/Library/Frameworks -filelist /Users/admin/builder/spi-builder-workspace/.derivedData/Build/Intermediates.noindex/swift-mermaid.build/Debug-watchos/MermaidLayoutDagre.build/Objects-normal/arm64/MermaidLayoutDagre.LinkFileList -nostdlib -Xlinker -object_path_lto -Xlinker /Users/admin/builder/spi-builder-workspace/.derivedData/Build/Intermediates.noindex/swift-mermaid.build/Debug-watchos/MermaidLayoutDagre.build/Objects-normal/arm64/MermaidLayoutDagre_lto.o -rdynamic -Xlinker -no_deduplicate -Xlinker -debug_variant -Xlinker -dependency_info -Xlinker /Users/admin/builder/spi-builder-workspace/.derivedData/Build/Intermediates.noindex/swift-mermaid.build/Debug-watchos/MermaidLayoutDagre.build/Objects-normal/arm64/MermaidLayoutDagre_dependency_info.dat -fobjc-link-runtime -L/Applications/Xcode-16.3.0.app/Contents/Developer/Toolchains/XcodeDefault.xctoolchain/usr/lib/swift/watchos -L/usr/lib/swift -Xlinker -add_ast_path -Xlinker /Users/admin/builder/spi-builder-workspace/.derivedData/Build/Intermediates.noindex/swift-mermaid.build/Debug-watchos/MermaidLayoutDagre.build/Objects-normal/arm64/MermaidLayoutDagre.swiftmodule -o /Users/admin/builder/spi-builder-workspace/.derivedData/Build/Intermediates.noindex/swift-mermaid.build/Debug-watchos/MermaidLayoutDagre.build/Objects-normal/arm64/Binary/MermaidLayoutDagre.o
SwiftDriver\ Compilation MermaidLayoutDagre normal arm64_32 com.apple.xcode.tools.swift.compiler (in target 'MermaidLayoutDagre' from project 'swift-mermaid')
    cd /Users/admin/builder/spi-builder-workspace/.swiftpm/xcode
    builtin-Swift-Compilation -- /Applications/Xcode-16.3.0.app/Contents/Developer/Toolchains/XcodeDefault.xctoolchain/usr/bin/swiftc -module-name MermaidLayoutDagre -Onone -enforce-exclusivity\=checked @/Users/admin/builder/spi-builder-workspace/.derivedData/Build/Intermediates.noindex/swift-mermaid.build/Debug-watchos/MermaidLayoutDagre.build/Objects-normal/arm64_32/MermaidLayoutDagre.SwiftFileList -DSWIFT_PACKAGE -DDEBUG -DXcode -plugin-path /Applications/Xcode-16.3.0.app/Contents/Developer/Toolchains/XcodeDefault.xctoolchain/usr/lib/swift/host/plugins/testing -enable-experimental-feature DebugDescriptionMacro -sdk /Applications/Xcode-16.3.0.app/Contents/Developer/Platforms/WatchOS.platform/Developer/SDKs/WatchOS11.4.sdk -target arm64_32-apple-watchos9.0 -g -module-cache-path /Users/admin/builder/spi-builder-workspace/.derivedData/ModuleCache.noindex -Xfrontend -serialize-debugging-options -profile-coverage-mapping -profile-generate -enable-testing -index-store-path /Users/admin/builder/spi-builder-workspace/.derivedData/Index.noindex/DataStore -swift-version 5 -I /Users/admin/builder/spi-builder-workspace/.derivedData/Build/Products/Debug-watchos -I /Applications/Xcode-16.3.0.app/Contents/Developer/Platforms/WatchOS.platform/Developer/usr/lib -F /Users/admin/builder/spi-builder-workspace/.derivedData/Build/Products/Debug-watchos -F /Applications/Xcode-16.3.0.app/Contents/Developer/Platforms/WatchOS.platform/Developer/Library/Frameworks -F /Applications/Xcode-16.3.0.app/Contents/Developer/Platforms/WatchOS.platform/Developer/SDKs/WatchOS11.4.sdk/Developer/Library/Frameworks -c -j10 -enable-batch-mode -incremental -Xcc -ivfsstatcache -Xcc /Users/admin/builder/spi-builder-workspace/.derivedData/SDKStatCaches.noindex/watchos11.4-22T246-43efb940ff07ba2497b70ec94253f576.sdkstatcache -output-file-map /Users/admin/builder/spi-builder-workspace/.derivedData/Build/Intermediates.noindex/swift-mermaid.build/Debug-watchos/MermaidLayoutDagre.build/Objects-normal/arm64_32/MermaidLayoutDagre-OutputFileMap.json -use-frontend-parseable-output -save-temps -no-color-diagnostics -serialize-diagnostics -emit-dependencies -emit-module -emit-module-path /Users/admin/builder/spi-builder-workspace/.derivedData/Build/Intermediates.noindex/swift-mermaid.build/Debug-watchos/MermaidLayoutDagre.build/Objects-normal/arm64_32/MermaidLayoutDagre.swiftmodule -validate-clang-modules-once -clang-build-session-file /Users/admin/builder/spi-builder-workspace/.derivedData/ModuleCache.noindex/Session.modulevalidation -package-name spi_builder_workspace -Xcc -I/Users/admin/builder/spi-builder-workspace/.derivedData/Build/Intermediates.noindex/swift-mermaid.build/Debug-watchos/MermaidLayoutDagre.build/swift-overrides.hmap -emit-const-values -Xfrontend -const-gather-protocols-file -Xfrontend /Users/admin/builder/spi-builder-workspace/.derivedData/Build/Intermediates.noindex/swift-mermaid.build/Debug-watchos/MermaidLayoutDagre.build/Objects-normal/arm64_32/MermaidLayoutDagre_const_extract_protocols.json -Xcc -I/Users/admin/builder/spi-builder-workspace/.derivedData/Build/Products/Debug-watchos/include -Xcc -I/Users/admin/builder/spi-builder-workspace/.derivedData/Build/Intermediates.noindex/swift-mermaid.build/Debug-watchos/MermaidLayoutDagre.build/DerivedSources-normal/arm64_32 -Xcc -I/Users/admin/builder/spi-builder-workspace/.derivedData/Build/Intermediates.noindex/swift-mermaid.build/Debug-watchos/MermaidLayoutDagre.build/DerivedSources/arm64_32 -Xcc -I/Users/admin/builder/spi-builder-workspace/.derivedData/Build/Intermediates.noindex/swift-mermaid.build/Debug-watchos/MermaidLayoutDagre.build/DerivedSources -Xcc -DSWIFT_PACKAGE -Xcc -DDEBUG\=1 -emit-objc-header -emit-objc-header-path /Users/admin/builder/spi-builder-workspace/.derivedData/Build/Intermediates.noindex/swift-mermaid.build/Debug-watchos/MermaidLayoutDagre.build/Objects-normal/arm64_32/MermaidLayoutDagre-Swift.h -working-directory /Users/admin/builder/spi-builder-workspace/.swiftpm/xcode -experimental-emit-module-separately -disable-cmo
SwiftDriverJobDiscovery normal arm64_32 Compiling Mermaid.swift, PieParser.swift, PieRenderer.swift, SequenceModel.swift (in target 'Mermaid' from project 'swift-mermaid')
SwiftCompile normal arm64_32 Compiling\ Theme.swift,\ ERLayout.swift,\ ERModel.swift,\ ERParser.swift /Users/admin/builder/spi-builder-workspace/Sources/Mermaid/Core/Theme.swift /Users/admin/builder/spi-builder-workspace/Sources/Mermaid/ER/ERLayout.swift /Users/admin/builder/spi-builder-workspace/Sources/Mermaid/ER/ERModel.swift /Users/admin/builder/spi-builder-workspace/Sources/Mermaid/ER/ERParser.swift (in target 'Mermaid' from project 'swift-mermaid')
SwiftCompile normal arm64_32 /Users/admin/builder/spi-builder-workspace/Sources/Mermaid/Core/Theme.swift (in target 'Mermaid' from project 'swift-mermaid')
    cd /Users/admin/builder/spi-builder-workspace/.swiftpm/xcode

SwiftCompile normal arm64_32 /Users/admin/builder/spi-builder-workspace/Sources/Mermaid/ER/ERLayout.swift (in target 'Mermaid' from project 'swift-mermaid')
    cd /Users/admin/builder/spi-builder-workspace/.swiftpm/xcode

SwiftCompile normal arm64_32 /Users/admin/builder/spi-builder-workspace/Sources/Mermaid/ER/ERModel.swift (in target 'Mermaid' from project 'swift-mermaid')
    cd /Users/admin/builder/spi-builder-workspace/.swiftpm/xcode

SwiftCompile normal arm64_32 /Users/admin/builder/spi-builder-workspace/Sources/Mermaid/ER/ERParser.swift (in target 'Mermaid' from project 'swift-mermaid')
    cd /Users/admin/builder/spi-builder-workspace/.swiftpm/xcode

Ld /Users/admin/builder/spi-builder-workspace/.derivedData/Build/Intermediates.noindex/swift-mermaid.build/Debug-watchos/MermaidLayoutDagre.build/Objects-normal/arm64_32/Binary/MermaidLayoutDagre.o normal arm64_32 (in target 'MermaidLayoutDagre' from project 'swift-mermaid')
    cd /Users/admin/builder/spi-builder-workspace
    /Applications/Xcode-16.3.0.app/Contents/Developer/Toolchains/XcodeDefault.xctoolchain/usr/bin/clang -Xlinker -reproducible -target arm64_32-apple-watchos9.0 -r -isysroot /Applications/Xcode-16.3.0.app/Contents/Developer/Platforms/WatchOS.platform/Developer/SDKs/WatchOS11.4.sdk -O0 -L/Users/admin/builder/spi-builder-workspace/.derivedData/Build/Intermediates.noindex/EagerLinkingTBDs/Debug-watchos -L/Users/admin/builder/spi-builder-workspace/.derivedData/Build/Products/Debug-watchos -L/Applications/Xcode-16.3.0.app/Contents/Developer/Platforms/WatchOS.platform/Developer/usr/lib -F/Users/admin/builder/spi-builder-workspace/.derivedData/Build/Intermediates.noindex/EagerLinkingTBDs/Debug-watchos -F/Users/admin/builder/spi-builder-workspace/.derivedData/Build/Products/Debug-watchos -iframework /Applications/Xcode-16.3.0.app/Contents/Developer/Platforms/WatchOS.platform/Developer/Library/Frameworks -iframework /Applications/Xcode-16.3.0.app/Contents/Developer/Platforms/WatchOS.platform/Developer/SDKs/WatchOS11.4.sdk/Developer/Library/Frameworks -filelist /Users/admin/builder/spi-builder-workspace/.derivedData/Build/Intermediates.noindex/swift-mermaid.build/Debug-watchos/MermaidLayoutDagre.build/Objects-normal/arm64_32/MermaidLayoutDagre.LinkFileList -nostdlib -Xlinker -object_path_lto -Xlinker /Users/admin/builder/spi-builder-workspace/.derivedData/Build/Intermediates.noindex/swift-mermaid.build/Debug-watchos/MermaidLayoutDagre.build/Objects-normal/arm64_32/MermaidLayoutDagre_lto.o -rdynamic -Xlinker -no_deduplicate -Xlinker -debug_variant -Xlinker -dependency_info -Xlinker /Users/admin/builder/spi-builder-workspace/.derivedData/Build/Intermediates.noindex/swift-mermaid.build/Debug-watchos/MermaidLayoutDagre.build/Objects-normal/arm64_32/MermaidLayoutDagre_dependency_info.dat -fobjc-link-runtime -L/Applications/Xcode-16.3.0.app/Contents/Developer/Toolchains/XcodeDefault.xctoolchain/usr/lib/swift/watchos -L/usr/lib/swift -Xlinker -add_ast_path -Xlinker /Users/admin/builder/spi-builder-workspace/.derivedData/Build/Intermediates.noindex/swift-mermaid.build/Debug-watchos/MermaidLayoutDagre.build/Objects-normal/arm64_32/MermaidLayoutDagre.swiftmodule -o /Users/admin/builder/spi-builder-workspace/.derivedData/Build/Intermediates.noindex/swift-mermaid.build/Debug-watchos/MermaidLayoutDagre.build/Objects-normal/arm64_32/Binary/MermaidLayoutDagre.o
SwiftCompile normal arm64_32 Compiling\ ClassLayout.swift,\ ClassModel.swift,\ ClassParser.swift,\ ClassRenderer.swift /Users/admin/builder/spi-builder-workspace/Sources/Mermaid/Class/ClassLayout.swift /Users/admin/builder/spi-builder-workspace/Sources/Mermaid/Class/ClassModel.swift /Users/admin/builder/spi-builder-workspace/Sources/Mermaid/Class/ClassParser.swift /Users/admin/builder/spi-builder-workspace/Sources/Mermaid/Class/ClassRenderer.swift (in target 'Mermaid' from project 'swift-mermaid')
SwiftCompile normal arm64_32 /Users/admin/builder/spi-builder-workspace/Sources/Mermaid/Class/ClassLayout.swift (in target 'Mermaid' from project 'swift-mermaid')
    cd /Users/admin/builder/spi-builder-workspace/.swiftpm/xcode

SwiftCompile normal arm64_32 /Users/admin/builder/spi-builder-workspace/Sources/Mermaid/Class/ClassModel.swift (in target 'Mermaid' from project 'swift-mermaid')
    cd /Users/admin/builder/spi-builder-workspace/.swiftpm/xcode

SwiftCompile normal arm64_32 /Users/admin/builder/spi-builder-workspace/Sources/Mermaid/Class/ClassParser.swift (in target 'Mermaid' from project 'swift-mermaid')
    cd /Users/admin/builder/spi-builder-workspace/.swiftpm/xcode

SwiftCompile normal arm64_32 /Users/admin/builder/spi-builder-workspace/Sources/Mermaid/Class/ClassRenderer.swift (in target 'Mermaid' from project 'swift-mermaid')
    cd /Users/admin/builder/spi-builder-workspace/.swiftpm/xcode

CreateUniversalBinary /Users/admin/builder/spi-builder-workspace/.derivedData/Build/Products/Debug-watchos/MermaidLayoutDagre.o normal arm64\ arm64_32 (in target 'MermaidLayoutDagre' from project 'swift-mermaid')
    cd /Users/admin/builder/spi-builder-workspace
    /Applications/Xcode-16.3.0.app/Contents/Developer/Toolchains/XcodeDefault.xctoolchain/usr/bin/lipo -create /Users/admin/builder/spi-builder-workspace/.derivedData/Build/Intermediates.noindex/swift-mermaid.build/Debug-watchos/MermaidLayoutDagre.build/Objects-normal/arm64/Binary/MermaidLayoutDagre.o /Users/admin/builder/spi-builder-workspace/.derivedData/Build/Intermediates.noindex/swift-mermaid.build/Debug-watchos/MermaidLayoutDagre.build/Objects-normal/arm64_32/Binary/MermaidLayoutDagre.o -output /Users/admin/builder/spi-builder-workspace/.derivedData/Build/Products/Debug-watchos/MermaidLayoutDagre.o
SwiftDriverJobDiscovery normal arm64_32 Compiling CGRenderer.swift, DiagramDetection.swift, Geometry.swift, MermaidError.swift (in target 'Mermaid' from project 'swift-mermaid')
SwiftCompile normal arm64 Compiling\ SequenceParser.swift,\ SequenceRenderer.swift,\ StateModel.swift,\ StateParser.swift /Users/admin/builder/spi-builder-workspace/Sources/Mermaid/Sequence/SequenceParser.swift /Users/admin/builder/spi-builder-workspace/Sources/Mermaid/Sequence/SequenceRenderer.swift /Users/admin/builder/spi-builder-workspace/Sources/Mermaid/State/StateModel.swift /Users/admin/builder/spi-builder-workspace/Sources/Mermaid/State/StateParser.swift (in target 'Mermaid' from project 'swift-mermaid')
SwiftCompile normal arm64 /Users/admin/builder/spi-builder-workspace/Sources/Mermaid/Sequence/SequenceParser.swift (in target 'Mermaid' from project 'swift-mermaid')
    cd /Users/admin/builder/spi-builder-workspace/.swiftpm/xcode

<unknown>:0: error: circular reference
/Users/admin/builder/spi-builder-workspace/Sources/Mermaid/Sequence/SequenceModel.swift:50:15: note: through reference here
indirect enum SequenceStatement {
              ^
<unknown>:0: note: through reference here
<unknown>:0: note: through reference here
<unknown>:0: note: through reference here
<unknown>:0: error: circular reference
/Users/admin/builder/spi-builder-workspace/Sources/Mermaid/Sequence/SequenceModel.swift:50:15: note: through reference here
indirect enum SequenceStatement {
              ^
<unknown>:0: note: through reference here
<unknown>:0: note: through reference here
<unknown>:0: note: through reference here
<unknown>:0: error: circular reference
/Users/admin/builder/spi-builder-workspace/Sources/Mermaid/Sequence/SequenceModel.swift:50:15: note: through reference here
indirect enum SequenceStatement {
              ^
<unknown>:0: note: through reference here
<unknown>:0: note: through reference here
<unknown>:0: note: through reference here
<unknown>:0: note: through reference here
<unknown>:0: note: through reference here
<unknown>:0: note: through reference here
<unknown>:0: error: circular reference
/Users/admin/builder/spi-builder-workspace/Sources/Mermaid/Sequence/SequenceModel.swift:50:15: note: through reference here
indirect enum SequenceStatement {
              ^
<unknown>:0: note: through reference here
<unknown>:0: note: through reference here
<unknown>:0: note: through reference here
<unknown>:0: note: through reference here
<unknown>:0: note: through reference here
<unknown>:0: note: through reference here
SwiftCompile normal arm64 /Users/admin/builder/spi-builder-workspace/Sources/Mermaid/Sequence/SequenceRenderer.swift (in target 'Mermaid' from project 'swift-mermaid')
    cd /Users/admin/builder/spi-builder-workspace/.swiftpm/xcode

<unknown>:0: error: circular reference
/Users/admin/builder/spi-builder-workspace/Sources/Mermaid/Sequence/SequenceModel.swift:50:15: note: through reference here
indirect enum SequenceStatement {
              ^
<unknown>:0: note: through reference here
<unknown>:0: note: through reference here
<unknown>:0: note: through reference here
<unknown>:0: error: circular reference
/Users/admin/builder/spi-builder-workspace/Sources/Mermaid/Sequence/SequenceModel.swift:50:15: note: through reference here
indirect enum SequenceStatement {
              ^
<unknown>:0: note: through reference here
<unknown>:0: note: through reference here
<unknown>:0: note: through reference here
<unknown>:0: error: circular reference
/Users/admin/builder/spi-builder-workspace/Sources/Mermaid/Sequence/SequenceModel.swift:50:15: note: through reference here
indirect enum SequenceStatement {
              ^
<unknown>:0: note: through reference here
<unknown>:0: note: through reference here
<unknown>:0: note: through reference here
<unknown>:0: note: through reference here
<unknown>:0: note: through reference here
<unknown>:0: note: through reference here
<unknown>:0: error: circular reference
/Users/admin/builder/spi-builder-workspace/Sources/Mermaid/Sequence/SequenceModel.swift:50:15: note: through reference here
indirect enum SequenceStatement {
              ^
<unknown>:0: note: through reference here
<unknown>:0: note: through reference here
<unknown>:0: note: through reference here
<unknown>:0: note: through reference here
<unknown>:0: note: through reference here
<unknown>:0: note: through reference here
SwiftCompile normal arm64 /Users/admin/builder/spi-builder-workspace/Sources/Mermaid/State/StateModel.swift (in target 'Mermaid' from project 'swift-mermaid')
    cd /Users/admin/builder/spi-builder-workspace/.swiftpm/xcode

<unknown>:0: error: circular reference
/Users/admin/builder/spi-builder-workspace/Sources/Mermaid/Sequence/SequenceModel.swift:50:15: note: through reference here
indirect enum SequenceStatement {
              ^
<unknown>:0: note: through reference here
<unknown>:0: note: through reference here
<unknown>:0: note: through reference here
<unknown>:0: error: circular reference
/Users/admin/builder/spi-builder-workspace/Sources/Mermaid/Sequence/SequenceModel.swift:50:15: note: through reference here
indirect enum SequenceStatement {
              ^
<unknown>:0: note: through reference here
<unknown>:0: note: through reference here
<unknown>:0: note: through reference here
<unknown>:0: error: circular reference
/Users/admin/builder/spi-builder-workspace/Sources/Mermaid/Sequence/SequenceModel.swift:50:15: note: through reference here
indirect enum SequenceStatement {
              ^
<unknown>:0: note: through reference here
<unknown>:0: note: through reference here
<unknown>:0: note: through reference here
<unknown>:0: note: through reference here
<unknown>:0: note: through reference here
<unknown>:0: note: through reference here
<unknown>:0: error: circular reference
/Users/admin/builder/spi-builder-workspace/Sources/Mermaid/Sequence/SequenceModel.swift:50:15: note: through reference here
indirect enum SequenceStatement {
              ^
<unknown>:0: note: through reference here
<unknown>:0: note: through reference here
<unknown>:0: note: through reference here
<unknown>:0: note: through reference here
<unknown>:0: note: through reference here
<unknown>:0: note: through reference here
SwiftCompile normal arm64 /Users/admin/builder/spi-builder-workspace/Sources/Mermaid/State/StateParser.swift (in target 'Mermaid' from project 'swift-mermaid')
    cd /Users/admin/builder/spi-builder-workspace/.swiftpm/xcode

<unknown>:0: error: circular reference
/Users/admin/builder/spi-builder-workspace/Sources/Mermaid/Sequence/SequenceModel.swift:50:15: note: through reference here
indirect enum SequenceStatement {
              ^
<unknown>:0: note: through reference here
<unknown>:0: note: through reference here
<unknown>:0: note: through reference here
<unknown>:0: error: circular reference
/Users/admin/builder/spi-builder-workspace/Sources/Mermaid/Sequence/SequenceModel.swift:50:15: note: through reference here
indirect enum SequenceStatement {
              ^
<unknown>:0: note: through reference here
<unknown>:0: note: through reference here
<unknown>:0: note: through reference here
<unknown>:0: error: circular reference
/Users/admin/builder/spi-builder-workspace/Sources/Mermaid/Sequence/SequenceModel.swift:50:15: note: through reference here
indirect enum SequenceStatement {
              ^
<unknown>:0: note: through reference here
<unknown>:0: note: through reference here
<unknown>:0: note: through reference here
<unknown>:0: note: through reference here
<unknown>:0: note: through reference here
<unknown>:0: note: through reference here
<unknown>:0: error: circular reference
/Users/admin/builder/spi-builder-workspace/Sources/Mermaid/Sequence/SequenceModel.swift:50:15: note: through reference here
indirect enum SequenceStatement {
              ^
<unknown>:0: note: through reference here
<unknown>:0: note: through reference here
<unknown>:0: note: through reference here
<unknown>:0: note: through reference here
<unknown>:0: note: through reference here
<unknown>:0: note: through reference here
Failed frontend command:
/Applications/Xcode-16.3.0.app/Contents/Developer/Toolchains/XcodeDefault.xctoolchain/usr/bin/swift-frontend -frontend -c /Users/admin/builder/spi-builder-workspace/Sources/Mermaid/Architecture/ArchitectureLayout.swift /Users/admin/builder/spi-builder-workspace/Sources/Mermaid/Architecture/ArchitectureModel.swift /Users/admin/builder/spi-builder-workspace/Sources/Mermaid/Architecture/ArchitectureParser.swift /Users/admin/builder/spi-builder-workspace/Sources/Mermaid/Architecture/ArchitectureRenderer.swift /Users/admin/builder/spi-builder-workspace/Sources/Mermaid/Class/ClassLayout.swift /Users/admin/builder/spi-builder-workspace/Sources/Mermaid/Class/ClassModel.swift /Users/admin/builder/spi-builder-workspace/Sources/Mermaid/Class/ClassParser.swift /Users/admin/builder/spi-builder-workspace/Sources/Mermaid/Class/ClassRenderer.swift /Users/admin/builder/spi-builder-workspace/Sources/Mermaid/Core/CGRenderer.swift /Users/admin/builder/spi-builder-workspace/Sources/Mermaid/Core/DiagramDetection.swift /Users/admin/builder/spi-builder-workspace/Sources/Mermaid/Core/Geometry.swift /Users/admin/builder/spi-builder-workspace/Sources/Mermaid/Core/MermaidError.swift /Users/admin/builder/spi-builder-workspace/Sources/Mermaid/Core/MermaidScene.swift /Users/admin/builder/spi-builder-workspace/Sources/Mermaid/Core/SVGRenderer.swift /Users/admin/builder/spi-builder-workspace/Sources/Mermaid/Core/Scanner.swift /Users/admin/builder/spi-builder-workspace/Sources/Mermaid/Core/TextMeasurement.swift /Users/admin/builder/spi-builder-workspace/Sources/Mermaid/Core/Theme.swift /Users/admin/builder/spi-builder-workspace/Sources/Mermaid/ER/ERLayout.swift /Users/admin/builder/spi-builder-workspace/Sources/Mermaid/ER/ERModel.swift /Users/admin/builder/spi-builder-workspace/Sources/Mermaid/ER/ERParser.swift /Users/admin/builder/spi-builder-workspace/Sources/Mermaid/ER/ERRenderer.swift /Users/admin/builder/spi-builder-workspace/Sources/Mermaid/Flowchart/FlowchartLayout.swift /Users/admin/builder/spi-builder-workspace/Sources/Mermaid/Flowchart/FlowchartLayoutDagre.swift /Users/admin/builder/spi-builder-workspace/Sources/Mermaid/Flowchart/FlowchartModel.swift /Users/admin/builder/spi-builder-workspace/Sources/Mermaid/Flowchart/FlowchartParser.swift /Users/admin/builder/spi-builder-workspace/Sources/Mermaid/Flowchart/FlowchartRenderer.swift /Users/admin/builder/spi-builder-workspace/Sources/Mermaid/GitGraph/GitGraphLayout.swift /Users/admin/builder/spi-builder-workspace/Sources/Mermaid/GitGraph/GitGraphModel.swift /Users/admin/builder/spi-builder-workspace/Sources/Mermaid/GitGraph/GitGraphParser.swift /Users/admin/builder/spi-builder-workspace/Sources/Mermaid/GitGraph/GitGraphRenderer.swift /Users/admin/builder/spi-builder-workspace/Sources/Mermaid/Journey/JourneyParser.swift /Users/admin/builder/spi-builder-workspace/Sources/Mermaid/Journey/JourneyRenderer.swift /Users/admin/builder/spi-builder-workspace/Sources/Mermaid/Mermaid.swift /Users/admin/builder/spi-builder-workspace/Sources/Mermaid/Pie/PieParser.swift /Users/admin/builder/spi-builder-workspace/Sources/Mermaid/Pie/PieRenderer.swift /Users/admin/builder/spi-builder-workspace/Sources/Mermaid/Sequence/SequenceModel.swift -primary-file /Users/admin/builder/spi-builder-workspace/Sources/Mermaid/Sequence/SequenceParser.swift -primary-file /Users/admin/builder/spi-builder-workspace/Sources/Mermaid/Sequence/SequenceRenderer.swift -primary-file /Users/admin/builder/spi-builder-workspace/Sources/Mermaid/State/StateModel.swift -primary-file /Users/admin/builder/spi-builder-workspace/Sources/Mermaid/State/StateParser.swift -supplementary-output-file-map /Users/admin/builder/spi-builder-workspace/.derivedData/Build/Intermediates.noindex/swift-mermaid.build/Debug-watchos/Mermaid.build/Objects-normal/arm64/supplementaryOutputs-38 -target arm64-apple-watchos9.0 -Xllvm -aarch64-use-tbi -enable-objc-interop -stack-check -sdk /Applications/Xcode-16.3.0.app/Contents/Developer/Platforms/WatchOS.platform/Developer/SDKs/WatchOS11.4.sdk -I /Users/admin/builder/spi-builder-workspace/.derivedData/Build/Products/Debug-watchos -I /Applications/Xcode-16.3.0.app/Contents/Developer/Platforms/WatchOS.platform/Developer/usr/lib -F /Users/admin/builder/spi-builder-workspace/.derivedData/Build/Products/Debug-watchos/PackageFrameworks -F /Users/admin/builder/spi-builder-workspace/.derivedData/Build/Products/Debug-watchos -F /Applications/Xcode-16.3.0.app/Contents/Developer/Platforms/WatchOS.platform/Developer/Library/Frameworks -F /Applications/Xcode-16.3.0.app/Contents/Developer/Platforms/WatchOS.platform/Developer/SDKs/WatchOS11.4.sdk/Developer/Library/Frameworks -no-color-diagnostics -enable-testing -g -debug-info-format\=dwarf -dwarf-version\=4 -module-cache-path /Users/admin/builder/spi-builder-workspace/.derivedData/ModuleCache.noindex -profile-generate -profile-coverage-mapping -swift-version 5 -enforce-exclusivity\=checked -Onone -D SWIFT_PACKAGE -D DEBUG -D Xcode -serialize-debugging-options -const-gather-protocols-file /Users/admin/builder/spi-builder-workspace/.derivedData/Build/Intermediates.noindex/swift-mermaid.build/Debug-watchos/Mermaid.build/Objects-normal/arm64/Mermaid_const_extract_protocols.json -enable-experimental-feature DebugDescriptionMacro -empty-abi-descriptor -plugin-path /Applications/Xcode-16.3.0.app/Contents/Developer/Toolchains/XcodeDefault.xctoolchain/usr/lib/swift/host/plugins/testing -validate-clang-modules-once -clang-build-session-file /Users/admin/builder/spi-builder-workspace/.derivedData/ModuleCache.noindex/Session.modulevalidation -Xcc -working-directory -Xcc /Users/admin/builder/spi-builder-workspace/.swiftpm/xcode -resource-dir /Applications/Xcode-16.3.0.app/Contents/Developer/Toolchains/XcodeDefault.xctoolchain/usr/lib/swift -enable-anonymous-context-mangled-names -file-compilation-dir /Users/admin/builder/spi-builder-workspace/.swiftpm/xcode -Xcc -ivfsstatcache -Xcc /Users/admin/builder/spi-builder-workspace/.derivedData/SDKStatCaches.noindex/watchos11.4-22T246-43efb940ff07ba2497b70ec94253f576.sdkstatcache -Xcc -I/Users/admin/builder/spi-builder-workspace/.derivedData/Build/Intermediates.noindex/swift-mermaid.build/Debug-watchos/Mermaid.build/swift-overrides.hmap -Xcc -I/Users/admin/builder/spi-builder-workspace/.derivedData/Build/Products/Debug-watchos/include -Xcc -I/Users/admin/builder/spi-builder-workspace/.derivedData/Build/Intermediates.noindex/swift-mermaid.build/Debug-watchos/Mermaid.build/DerivedSources-normal/arm64 -Xcc -I/Users/admin/builder/spi-builder-workspace/.derivedData/Build/Intermediates.noindex/swift-mermaid.build/Debug-watchos/Mermaid.build/DerivedSources/arm64 -Xcc -I/Users/admin/builder/spi-builder-workspace/.derivedData/Build/Intermediates.noindex/swift-mermaid.build/Debug-watchos/Mermaid.build/DerivedSources -Xcc -DSWIFT_PACKAGE -Xcc -DDEBUG\=1 -module-name Mermaid -package-name spi_builder_workspace -frontend-parseable-output -disable-clang-spi -target-sdk-version 11.4 -target-sdk-name watchos11.4 -external-plugin-path /Applications/Xcode-16.3.0.app/Contents/Developer/Platforms/WatchOS.platform/Developer/usr/lib/swift/host/plugins\#/Applications/Xcode-16.3.0.app/Contents/Developer/Platforms/WatchOS.platform/Developer/usr/bin/swift-plugin-server -external-plugin-path /Applications/Xcode-16.3.0.app/Contents/Developer/Platforms/WatchOS.platform/Developer/usr/local/lib/swift/host/plugins\#/Applications/Xcode-16.3.0.app/Contents/Developer/Platforms/WatchOS.platform/Developer/usr/bin/swift-plugin-server -in-process-plugin-server-path /Applications/Xcode-16.3.0.app/Contents/Developer/Toolchains/XcodeDefault.xctoolchain/usr/lib/swift/host/libSwiftInProcPluginServer.dylib -plugin-path /Applications/Xcode-16.3.0.app/Contents/Developer/Toolchains/XcodeDefault.xctoolchain/usr/lib/swift/host/plugins -plugin-path /Applications/Xcode-16.3.0.app/Contents/Developer/Toolchains/XcodeDefault.xctoolchain/usr/local/lib/swift/host/plugins -o /Users/admin/builder/spi-builder-workspace/.derivedData/Build/Intermediates.noindex/swift-mermaid.build/Debug-watchos/Mermaid.build/Objects-normal/arm64/SequenceParser.o -o /Users/admin/builder/spi-builder-workspace/.derivedData/Build/Intermediates.noindex/swift-mermaid.build/Debug-watchos/Mermaid.build/Objects-normal/arm64/SequenceRenderer.o -o /Users/admin/builder/spi-builder-workspace/.derivedData/Build/Intermediates.noindex/swift-mermaid.build/Debug-watchos/Mermaid.build/Objects-normal/arm64/StateModel.o -o /Users/admin/builder/spi-builder-workspace/.derivedData/Build/Intermediates.noindex/swift-mermaid.build/Debug-watchos/Mermaid.build/Objects-normal/arm64/StateParser.o -index-unit-output-path /swift-mermaid.build/Debug-watchos/Mermaid.build/Objects-normal/arm64/SequenceParser.o -index-unit-output-path /swift-mermaid.build/Debug-watchos/Mermaid.build/Objects-normal/arm64/SequenceRenderer.o -index-unit-output-path /swift-mermaid.build/Debug-watchos/Mermaid.build/Objects-normal/arm64/StateModel.o -index-unit-output-path /swift-mermaid.build/Debug-watchos/Mermaid.build/Objects-normal/arm64/StateParser.o -index-store-path /Users/admin/builder/spi-builder-workspace/.derivedData/Index.noindex/DataStore -index-system-modules
SwiftCompile normal arm64_32 Compiling\ ERRenderer.swift,\ FlowchartLayout.swift,\ FlowchartLayoutDagre.swift,\ FlowchartModel.swift /Users/admin/builder/spi-builder-workspace/Sources/Mermaid/ER/ERRenderer.swift /Users/admin/builder/spi-builder-workspace/Sources/Mermaid/Flowchart/FlowchartLayout.swift /Users/admin/builder/spi-builder-workspace/Sources/Mermaid/Flowchart/FlowchartLayoutDagre.swift /Users/admin/builder/spi-builder-workspace/Sources/Mermaid/Flowchart/FlowchartModel.swift (in target 'Mermaid' from project 'swift-mermaid')
SwiftCompile normal arm64_32 /Users/admin/builder/spi-builder-workspace/Sources/Mermaid/ER/ERRenderer.swift (in target 'Mermaid' from project 'swift-mermaid')
    cd /Users/admin/builder/spi-builder-workspace/.swiftpm/xcode

SwiftCompile normal arm64_32 /Users/admin/builder/spi-builder-workspace/Sources/Mermaid/Flowchart/FlowchartLayout.swift (in target 'Mermaid' from project 'swift-mermaid')
    cd /Users/admin/builder/spi-builder-workspace/.swiftpm/xcode

SwiftCompile normal arm64_32 /Users/admin/builder/spi-builder-workspace/Sources/Mermaid/Flowchart/FlowchartLayoutDagre.swift (in target 'Mermaid' from project 'swift-mermaid')
    cd /Users/admin/builder/spi-builder-workspace/.swiftpm/xcode

SwiftCompile normal arm64_32 /Users/admin/builder/spi-builder-workspace/Sources/Mermaid/Flowchart/FlowchartModel.swift (in target 'Mermaid' from project 'swift-mermaid')
    cd /Users/admin/builder/spi-builder-workspace/.swiftpm/xcode

SwiftDriverJobDiscovery normal arm64 Compiling Mermaid.swift, PieParser.swift, PieRenderer.swift, SequenceModel.swift (in target 'Mermaid' from project 'swift-mermaid')
SwiftCompile normal arm64 Compiling\ GitGraphParser.swift,\ GitGraphRenderer.swift,\ JourneyParser.swift,\ JourneyRenderer.swift /Users/admin/builder/spi-builder-workspace/Sources/Mermaid/GitGraph/GitGraphParser.swift /Users/admin/builder/spi-builder-workspace/Sources/Mermaid/GitGraph/GitGraphRenderer.swift /Users/admin/builder/spi-builder-workspace/Sources/Mermaid/Journey/JourneyParser.swift /Users/admin/builder/spi-builder-workspace/Sources/Mermaid/Journey/JourneyRenderer.swift (in target 'Mermaid' from project 'swift-mermaid')
SwiftCompile normal arm64 /Users/admin/builder/spi-builder-workspace/Sources/Mermaid/GitGraph/GitGraphParser.swift (in target 'Mermaid' from project 'swift-mermaid')
    cd /Users/admin/builder/spi-builder-workspace/.swiftpm/xcode

SwiftCompile normal arm64 /Users/admin/builder/spi-builder-workspace/Sources/Mermaid/GitGraph/GitGraphRenderer.swift (in target 'Mermaid' from project 'swift-mermaid')
    cd /Users/admin/builder/spi-builder-workspace/.swiftpm/xcode

SwiftCompile normal arm64 /Users/admin/builder/spi-builder-workspace/Sources/Mermaid/Journey/JourneyParser.swift (in target 'Mermaid' from project 'swift-mermaid')
    cd /Users/admin/builder/spi-builder-workspace/.swiftpm/xcode

SwiftCompile normal arm64 /Users/admin/builder/spi-builder-workspace/Sources/Mermaid/Journey/JourneyRenderer.swift (in target 'Mermaid' from project 'swift-mermaid')
    cd /Users/admin/builder/spi-builder-workspace/.swiftpm/xcode

SwiftDriverJobDiscovery normal arm64_32 Compiling MermaidScene.swift, SVGRenderer.swift, Scanner.swift, TextMeasurement.swift (in target 'Mermaid' from project 'swift-mermaid')
SwiftCompile normal arm64 Compiling\ ERRenderer.swift,\ FlowchartLayout.swift,\ FlowchartLayoutDagre.swift,\ FlowchartModel.swift /Users/admin/builder/spi-builder-workspace/Sources/Mermaid/ER/ERRenderer.swift /Users/admin/builder/spi-builder-workspace/Sources/Mermaid/Flowchart/FlowchartLayout.swift /Users/admin/builder/spi-builder-workspace/Sources/Mermaid/Flowchart/FlowchartLayoutDagre.swift /Users/admin/builder/spi-builder-workspace/Sources/Mermaid/Flowchart/FlowchartModel.swift (in target 'Mermaid' from project 'swift-mermaid')
SwiftCompile normal arm64 /Users/admin/builder/spi-builder-workspace/Sources/Mermaid/ER/ERRenderer.swift (in target 'Mermaid' from project 'swift-mermaid')
    cd /Users/admin/builder/spi-builder-workspace/.swiftpm/xcode

SwiftCompile normal arm64 /Users/admin/builder/spi-builder-workspace/Sources/Mermaid/Flowchart/FlowchartLayout.swift (in target 'Mermaid' from project 'swift-mermaid')
    cd /Users/admin/builder/spi-builder-workspace/.swiftpm/xcode

SwiftCompile normal arm64 /Users/admin/builder/spi-builder-workspace/Sources/Mermaid/Flowchart/FlowchartLayoutDagre.swift (in target 'Mermaid' from project 'swift-mermaid')
    cd /Users/admin/builder/spi-builder-workspace/.swiftpm/xcode

SwiftCompile normal arm64 /Users/admin/builder/spi-builder-workspace/Sources/Mermaid/Flowchart/FlowchartModel.swift (in target 'Mermaid' from project 'swift-mermaid')
    cd /Users/admin/builder/spi-builder-workspace/.swiftpm/xcode

SwiftDriverJobDiscovery normal arm64 Compiling CGRenderer.swift, DiagramDetection.swift, Geometry.swift, MermaidError.swift (in target 'Mermaid' from project 'swift-mermaid')
SwiftCompile normal arm64 Compiling\ Theme.swift,\ ERLayout.swift,\ ERModel.swift,\ ERParser.swift /Users/admin/builder/spi-builder-workspace/Sources/Mermaid/Core/Theme.swift /Users/admin/builder/spi-builder-workspace/Sources/Mermaid/ER/ERLayout.swift /Users/admin/builder/spi-builder-workspace/Sources/Mermaid/ER/ERModel.swift /Users/admin/builder/spi-builder-workspace/Sources/Mermaid/ER/ERParser.swift (in target 'Mermaid' from project 'swift-mermaid')
SwiftCompile normal arm64 /Users/admin/builder/spi-builder-workspace/Sources/Mermaid/Core/Theme.swift (in target 'Mermaid' from project 'swift-mermaid')
    cd /Users/admin/builder/spi-builder-workspace/.swiftpm/xcode

SwiftCompile normal arm64 /Users/admin/builder/spi-builder-workspace/Sources/Mermaid/ER/ERLayout.swift (in target 'Mermaid' from project 'swift-mermaid')
    cd /Users/admin/builder/spi-builder-workspace/.swiftpm/xcode

SwiftCompile normal arm64 /Users/admin/builder/spi-builder-workspace/Sources/Mermaid/ER/ERModel.swift (in target 'Mermaid' from project 'swift-mermaid')
    cd /Users/admin/builder/spi-builder-workspace/.swiftpm/xcode

SwiftCompile normal arm64 /Users/admin/builder/spi-builder-workspace/Sources/Mermaid/ER/ERParser.swift (in target 'Mermaid' from project 'swift-mermaid')
    cd /Users/admin/builder/spi-builder-workspace/.swiftpm/xcode

SwiftDriverJobDiscovery normal arm64 Compiling FlowchartParser.swift, FlowchartRenderer.swift, GitGraphLayout.swift, GitGraphModel.swift (in target 'Mermaid' from project 'swift-mermaid')
SwiftCompile normal arm64_32 Compiling\ GitGraphParser.swift,\ GitGraphRenderer.swift,\ JourneyParser.swift,\ JourneyRenderer.swift /Users/admin/builder/spi-builder-workspace/Sources/Mermaid/GitGraph/GitGraphParser.swift /Users/admin/builder/spi-builder-workspace/Sources/Mermaid/GitGraph/GitGraphRenderer.swift /Users/admin/builder/spi-builder-workspace/Sources/Mermaid/Journey/JourneyParser.swift /Users/admin/builder/spi-builder-workspace/Sources/Mermaid/Journey/JourneyRenderer.swift (in target 'Mermaid' from project 'swift-mermaid')
SwiftCompile normal arm64_32 /Users/admin/builder/spi-builder-workspace/Sources/Mermaid/GitGraph/GitGraphParser.swift (in target 'Mermaid' from project 'swift-mermaid')
    cd /Users/admin/builder/spi-builder-workspace/.swiftpm/xcode

SwiftCompile normal arm64_32 /Users/admin/builder/spi-builder-workspace/Sources/Mermaid/GitGraph/GitGraphRenderer.swift (in target 'Mermaid' from project 'swift-mermaid')
    cd /Users/admin/builder/spi-builder-workspace/.swiftpm/xcode

SwiftCompile normal arm64_32 /Users/admin/builder/spi-builder-workspace/Sources/Mermaid/Journey/JourneyParser.swift (in target 'Mermaid' from project 'swift-mermaid')
    cd /Users/admin/builder/spi-builder-workspace/.swiftpm/xcode

SwiftCompile normal arm64_32 /Users/admin/builder/spi-builder-workspace/Sources/Mermaid/Journey/JourneyRenderer.swift (in target 'Mermaid' from project 'swift-mermaid')
    cd /Users/admin/builder/spi-builder-workspace/.swiftpm/xcode

SwiftDriverJobDiscovery normal arm64_32 Compiling ArchitectureLayout.swift, ArchitectureModel.swift, ArchitectureParser.swift, ArchitectureRenderer.swift (in target 'Mermaid' from project 'swift-mermaid')
SwiftCompile normal arm64 Compiling\ MermaidScene.swift,\ SVGRenderer.swift,\ Scanner.swift,\ TextMeasurement.swift /Users/admin/builder/spi-builder-workspace/Sources/Mermaid/Core/MermaidScene.swift /Users/admin/builder/spi-builder-workspace/Sources/Mermaid/Core/SVGRenderer.swift /Users/admin/builder/spi-builder-workspace/Sources/Mermaid/Core/Scanner.swift /Users/admin/builder/spi-builder-workspace/Sources/Mermaid/Core/TextMeasurement.swift (in target 'Mermaid' from project 'swift-mermaid')
SwiftCompile normal arm64 /Users/admin/builder/spi-builder-workspace/Sources/Mermaid/Core/MermaidScene.swift (in target 'Mermaid' from project 'swift-mermaid')
    cd /Users/admin/builder/spi-builder-workspace/.swiftpm/xcode

SwiftCompile normal arm64 /Users/admin/builder/spi-builder-workspace/Sources/Mermaid/Core/SVGRenderer.swift (in target 'Mermaid' from project 'swift-mermaid')
    cd /Users/admin/builder/spi-builder-workspace/.swiftpm/xcode

SwiftCompile normal arm64 /Users/admin/builder/spi-builder-workspace/Sources/Mermaid/Core/Scanner.swift (in target 'Mermaid' from project 'swift-mermaid')
    cd /Users/admin/builder/spi-builder-workspace/.swiftpm/xcode

SwiftCompile normal arm64 /Users/admin/builder/spi-builder-workspace/Sources/Mermaid/Core/TextMeasurement.swift (in target 'Mermaid' from project 'swift-mermaid')
    cd /Users/admin/builder/spi-builder-workspace/.swiftpm/xcode

SwiftDriverJobDiscovery normal arm64_32 Compiling Theme.swift, ERLayout.swift, ERModel.swift, ERParser.swift (in target 'Mermaid' from project 'swift-mermaid')
SwiftCompile normal arm64 Compiling\ ClassLayout.swift,\ ClassModel.swift,\ ClassParser.swift,\ ClassRenderer.swift /Users/admin/builder/spi-builder-workspace/Sources/Mermaid/Class/ClassLayout.swift /Users/admin/builder/spi-builder-workspace/Sources/Mermaid/Class/ClassModel.swift /Users/admin/builder/spi-builder-workspace/Sources/Mermaid/Class/ClassParser.swift /Users/admin/builder/spi-builder-workspace/Sources/Mermaid/Class/ClassRenderer.swift (in target 'Mermaid' from project 'swift-mermaid')
SwiftCompile normal arm64 /Users/admin/builder/spi-builder-workspace/Sources/Mermaid/Class/ClassLayout.swift (in target 'Mermaid' from project 'swift-mermaid')
    cd /Users/admin/builder/spi-builder-workspace/.swiftpm/xcode

SwiftCompile normal arm64 /Users/admin/builder/spi-builder-workspace/Sources/Mermaid/Class/ClassModel.swift (in target 'Mermaid' from project 'swift-mermaid')
    cd /Users/admin/builder/spi-builder-workspace/.swiftpm/xcode

SwiftCompile normal arm64 /Users/admin/builder/spi-builder-workspace/Sources/Mermaid/Class/ClassParser.swift (in target 'Mermaid' from project 'swift-mermaid')
    cd /Users/admin/builder/spi-builder-workspace/.swiftpm/xcode

SwiftCompile normal arm64 /Users/admin/builder/spi-builder-workspace/Sources/Mermaid/Class/ClassRenderer.swift (in target 'Mermaid' from project 'swift-mermaid')
    cd /Users/admin/builder/spi-builder-workspace/.swiftpm/xcode

SwiftDriverJobDiscovery normal arm64_32 Compiling ClassLayout.swift, ClassModel.swift, ClassParser.swift, ClassRenderer.swift (in target 'Mermaid' from project 'swift-mermaid')
SwiftCompile normal arm64_32 Compiling\ FlowchartParser.swift,\ FlowchartRenderer.swift,\ GitGraphLayout.swift,\ GitGraphModel.swift /Users/admin/builder/spi-builder-workspace/Sources/Mermaid/Flowchart/FlowchartParser.swift /Users/admin/builder/spi-builder-workspace/Sources/Mermaid/Flowchart/FlowchartRenderer.swift /Users/admin/builder/spi-builder-workspace/Sources/Mermaid/GitGraph/GitGraphLayout.swift /Users/admin/builder/spi-builder-workspace/Sources/Mermaid/GitGraph/GitGraphModel.swift (in target 'Mermaid' from project 'swift-mermaid')
SwiftCompile normal arm64_32 /Users/admin/builder/spi-builder-workspace/Sources/Mermaid/Flowchart/FlowchartParser.swift (in target 'Mermaid' from project 'swift-mermaid')
    cd /Users/admin/builder/spi-builder-workspace/.swiftpm/xcode

SwiftCompile normal arm64_32 /Users/admin/builder/spi-builder-workspace/Sources/Mermaid/Flowchart/FlowchartRenderer.swift (in target 'Mermaid' from project 'swift-mermaid')
    cd /Users/admin/builder/spi-builder-workspace/.swiftpm/xcode

SwiftCompile normal arm64_32 /Users/admin/builder/spi-builder-workspace/Sources/Mermaid/GitGraph/GitGraphLayout.swift (in target 'Mermaid' from project 'swift-mermaid')
    cd /Users/admin/builder/spi-builder-workspace/.swiftpm/xcode

SwiftCompile normal arm64_32 /Users/admin/builder/spi-builder-workspace/Sources/Mermaid/GitGraph/GitGraphModel.swift (in target 'Mermaid' from project 'swift-mermaid')
    cd /Users/admin/builder/spi-builder-workspace/.swiftpm/xcode

SwiftDriverJobDiscovery normal arm64 Compiling GitGraphParser.swift, GitGraphRenderer.swift, JourneyParser.swift, JourneyRenderer.swift (in target 'Mermaid' from project 'swift-mermaid')
SwiftCompile normal arm64_32 Compiling\ SequenceParser.swift,\ SequenceRenderer.swift,\ StateModel.swift,\ StateParser.swift /Users/admin/builder/spi-builder-workspace/Sources/Mermaid/Sequence/SequenceParser.swift /Users/admin/builder/spi-builder-workspace/Sources/Mermaid/Sequence/SequenceRenderer.swift /Users/admin/builder/spi-builder-workspace/Sources/Mermaid/State/StateModel.swift /Users/admin/builder/spi-builder-workspace/Sources/Mermaid/State/StateParser.swift (in target 'Mermaid' from project 'swift-mermaid')
SwiftCompile normal arm64_32 /Users/admin/builder/spi-builder-workspace/Sources/Mermaid/Sequence/SequenceParser.swift (in target 'Mermaid' from project 'swift-mermaid')
    cd /Users/admin/builder/spi-builder-workspace/.swiftpm/xcode

SwiftCompile normal arm64_32 /Users/admin/builder/spi-builder-workspace/Sources/Mermaid/Sequence/SequenceRenderer.swift (in target 'Mermaid' from project 'swift-mermaid')
    cd /Users/admin/builder/spi-builder-workspace/.swiftpm/xcode

SwiftCompile normal arm64_32 /Users/admin/builder/spi-builder-workspace/Sources/Mermaid/State/StateModel.swift (in target 'Mermaid' from project 'swift-mermaid')
    cd /Users/admin/builder/spi-builder-workspace/.swiftpm/xcode

SwiftCompile normal arm64_32 /Users/admin/builder/spi-builder-workspace/Sources/Mermaid/State/StateParser.swift (in target 'Mermaid' from project 'swift-mermaid')
    cd /Users/admin/builder/spi-builder-workspace/.swiftpm/xcode

SwiftDriverJobDiscovery normal arm64_32 Compiling ERRenderer.swift, FlowchartLayout.swift, FlowchartLayoutDagre.swift, FlowchartModel.swift (in target 'Mermaid' from project 'swift-mermaid')
SwiftCompile normal arm64 Compiling\ ArchitectureLayout.swift,\ ArchitectureModel.swift,\ ArchitectureParser.swift,\ ArchitectureRenderer.swift /Users/admin/builder/spi-builder-workspace/Sources/Mermaid/Architecture/ArchitectureLayout.swift /Users/admin/builder/spi-builder-workspace/Sources/Mermaid/Architecture/ArchitectureModel.swift /Users/admin/builder/spi-builder-workspace/Sources/Mermaid/Architecture/ArchitectureParser.swift /Users/admin/builder/spi-builder-workspace/Sources/Mermaid/Architecture/ArchitectureRenderer.swift (in target 'Mermaid' from project 'swift-mermaid')
SwiftCompile normal arm64 /Users/admin/builder/spi-builder-workspace/Sources/Mermaid/Architecture/ArchitectureLayout.swift (in target 'Mermaid' from project 'swift-mermaid')
    cd /Users/admin/builder/spi-builder-workspace/.swiftpm/xcode

SwiftCompile normal arm64 /Users/admin/builder/spi-builder-workspace/Sources/Mermaid/Architecture/ArchitectureModel.swift (in target 'Mermaid' from project 'swift-mermaid')
    cd /Users/admin/builder/spi-builder-workspace/.swiftpm/xcode

SwiftCompile normal arm64 /Users/admin/builder/spi-builder-workspace/Sources/Mermaid/Architecture/ArchitectureParser.swift (in target 'Mermaid' from project 'swift-mermaid')
    cd /Users/admin/builder/spi-builder-workspace/.swiftpm/xcode

SwiftCompile normal arm64 /Users/admin/builder/spi-builder-workspace/Sources/Mermaid/Architecture/ArchitectureRenderer.swift (in target 'Mermaid' from project 'swift-mermaid')
    cd /Users/admin/builder/spi-builder-workspace/.swiftpm/xcode

SwiftDriverJobDiscovery normal arm64 Compiling Theme.swift, ERLayout.swift, ERModel.swift, ERParser.swift (in target 'Mermaid' from project 'swift-mermaid')
SwiftDriverJobDiscovery normal arm64_32 Compiling GitGraphParser.swift, GitGraphRenderer.swift, JourneyParser.swift, JourneyRenderer.swift (in target 'Mermaid' from project 'swift-mermaid')
ExtractAppIntentsMetadata (in target 'MermaidLayoutDagre' from project 'swift-mermaid')
    cd /Users/admin/builder/spi-builder-workspace
    /Applications/Xcode-16.3.0.app/Contents/Developer/Toolchains/XcodeDefault.xctoolchain/usr/bin/appintentsmetadataprocessor --toolchain-dir /Applications/Xcode-16.3.0.app/Contents/Developer/Toolchains/XcodeDefault.xctoolchain --module-name MermaidLayoutDagre --sdk-root /Applications/Xcode-16.3.0.app/Contents/Developer/Platforms/WatchOS.platform/Developer/SDKs/WatchOS11.4.sdk --xcode-version 16E140 --platform-family watchOS --deployment-target 9.0 --bundle-identifier spi-builder-workspace.MermaidLayoutDagre --output /Users/admin/builder/spi-builder-workspace/.derivedData/Build/Products/Debug-watchos/MermaidLayoutDagre.appintents --target-triple arm64-apple-watchos9.0 --target-triple arm64_32-apple-watchos9.0 --binary-file /Users/admin/builder/spi-builder-workspace/.derivedData/Build/Products/Debug-watchos/MermaidLayoutDagre.o --dependency-file /Users/admin/builder/spi-builder-workspace/.derivedData/Build/Intermediates.noindex/swift-mermaid.build/Debug-watchos/MermaidLayoutDagre.build/Objects-normal/arm64/MermaidLayoutDagre_dependency_info.dat --dependency-file /Users/admin/builder/spi-builder-workspace/.derivedData/Build/Intermediates.noindex/swift-mermaid.build/Debug-watchos/MermaidLayoutDagre.build/Objects-normal/arm64_32/MermaidLayoutDagre_dependency_info.dat --stringsdata-file /Users/admin/builder/spi-builder-workspace/.derivedData/Build/Intermediates.noindex/swift-mermaid.build/Debug-watchos/MermaidLayoutDagre.build/Objects-normal/arm64/ExtractedAppShortcutsMetadata.stringsdata --stringsdata-file /Users/admin/builder/spi-builder-workspace/.derivedData/Build/Intermediates.noindex/swift-mermaid.build/Debug-watchos/MermaidLayoutDagre.build/Objects-normal/arm64_32/ExtractedAppShortcutsMetadata.stringsdata --source-file-list /Users/admin/builder/spi-builder-workspace/.derivedData/Build/Intermediates.noindex/swift-mermaid.build/Debug-watchos/MermaidLayoutDagre.build/Objects-normal/arm64/MermaidLayoutDagre.SwiftFileList --source-file-list /Users/admin/builder/spi-builder-workspace/.derivedData/Build/Intermediates.noindex/swift-mermaid.build/Debug-watchos/MermaidLayoutDagre.build/Objects-normal/arm64_32/MermaidLayoutDagre.SwiftFileList --metadata-file-list /Users/admin/builder/spi-builder-workspace/.derivedData/Build/Intermediates.noindex/swift-mermaid.build/Debug-watchos/MermaidLayoutDagre.build/MermaidLayoutDagre.DependencyMetadataFileList --static-metadata-file-list /Users/admin/builder/spi-builder-workspace/.derivedData/Build/Intermediates.noindex/swift-mermaid.build/Debug-watchos/MermaidLayoutDagre.build/MermaidLayoutDagre.DependencyStaticMetadataFileList --swift-const-vals-list /Users/admin/builder/spi-builder-workspace/.derivedData/Build/Intermediates.noindex/swift-mermaid.build/Debug-watchos/MermaidLayoutDagre.build/Objects-normal/arm64/MermaidLayoutDagre.SwiftConstValuesFileList --swift-const-vals-list /Users/admin/builder/spi-builder-workspace/.derivedData/Build/Intermediates.noindex/swift-mermaid.build/Debug-watchos/MermaidLayoutDagre.build/Objects-normal/arm64_32/MermaidLayoutDagre.SwiftConstValuesFileList --force --compile-time-extraction --deployment-aware-processing --validate-assistant-intents --no-app-shortcuts-localization
2026-08-27 16:10:06.577 appintentsmetadataprocessor[788:4609] Starting appintentsmetadataprocessor export
2026-08-27 16:10:06.620 appintentsmetadataprocessor[788:4609] Extracted no relevant App Intents symbols, skipping writing output
SwiftDriverJobDiscovery normal arm64 Compiling ERRenderer.swift, FlowchartLayout.swift, FlowchartLayoutDagre.swift, FlowchartModel.swift (in target 'Mermaid' from project 'swift-mermaid')
SwiftDriverJobDiscovery normal arm64 Compiling MermaidScene.swift, SVGRenderer.swift, Scanner.swift, TextMeasurement.swift (in target 'Mermaid' from project 'swift-mermaid')
RegisterExecutionPolicyException /Users/admin/builder/spi-builder-workspace/.derivedData/Build/Products/Debug-watchos/MermaidLayoutDagre.o (in target 'MermaidLayoutDagre' from project 'swift-mermaid')
    cd /Users/admin/builder/spi-builder-workspace
    builtin-RegisterExecutionPolicyException /Users/admin/builder/spi-builder-workspace/.derivedData/Build/Products/Debug-watchos/MermaidLayoutDagre.o
SwiftDriverJobDiscovery normal arm64 Compiling ClassLayout.swift, ClassModel.swift, ClassParser.swift, ClassRenderer.swift (in target 'Mermaid' from project 'swift-mermaid')
SwiftDriverJobDiscovery normal arm64 Compiling ArchitectureLayout.swift, ArchitectureModel.swift, ArchitectureParser.swift, ArchitectureRenderer.swift (in target 'Mermaid' from project 'swift-mermaid')
SwiftDriverJobDiscovery normal arm64_32 Compiling FlowchartParser.swift, FlowchartRenderer.swift, GitGraphLayout.swift, GitGraphModel.swift (in target 'Mermaid' from project 'swift-mermaid')
SwiftDriverJobDiscovery normal arm64 Emitting module for Mermaid (in target 'Mermaid' from project 'swift-mermaid')
SwiftDriver\ Compilation\ Requirements Mermaid normal arm64 com.apple.xcode.tools.swift.compiler (in target 'Mermaid' from project 'swift-mermaid')
    cd /Users/admin/builder/spi-builder-workspace/.swiftpm/xcode
    builtin-Swift-Compilation-Requirements -- /Applications/Xcode-16.3.0.app/Contents/Developer/Toolchains/XcodeDefault.xctoolchain/usr/bin/swiftc -module-name Mermaid -Onone -enforce-exclusivity\=checked @/Users/admin/builder/spi-builder-workspace/.derivedData/Build/Intermediates.noindex/swift-mermaid.build/Debug-watchos/Mermaid.build/Objects-normal/arm64/Mermaid.SwiftFileList -DSWIFT_PACKAGE -DDEBUG -DXcode -plugin-path /Applications/Xcode-16.3.0.app/Contents/Developer/Toolchains/XcodeDefault.xctoolchain/usr/lib/swift/host/plugins/testing -enable-experimental-feature DebugDescriptionMacro -sdk /Applications/Xcode-16.3.0.app/Contents/Developer/Platforms/WatchOS.platform/Developer/SDKs/WatchOS11.4.sdk -target arm64-apple-watchos9.0 -g -module-cache-path /Users/admin/builder/spi-builder-workspace/.derivedData/ModuleCache.noindex -Xfrontend -serialize-debugging-options -profile-coverage-mapping -profile-generate -enable-testing -index-store-path /Users/admin/builder/spi-builder-workspace/.derivedData/Index.noindex/DataStore -swift-version 5 -I /Users/admin/builder/spi-builder-workspace/.derivedData/Build/Products/Debug-watchos -I /Applications/Xcode-16.3.0.app/Contents/Developer/Platforms/WatchOS.platform/Developer/usr/lib -F /Users/admin/builder/spi-builder-workspace/.derivedData/Build/Products/Debug-watchos/PackageFrameworks -F /Users/admin/builder/spi-builder-workspace/.derivedData/Build/Products/Debug-watchos -F /Applications/Xcode-16.3.0.app/Contents/Developer/Platforms/WatchOS.platform/Developer/Library/Frameworks -F /Applications/Xcode-16.3.0.app/Contents/Developer/Platforms/WatchOS.platform/Developer/SDKs/WatchOS11.4.sdk/Developer/Library/Frameworks -c -j10 -enable-batch-mode -incremental -Xcc -ivfsstatcache -Xcc /Users/admin/builder/spi-builder-workspace/.derivedData/SDKStatCaches.noindex/watchos11.4-22T246-43efb940ff07ba2497b70ec94253f576.sdkstatcache -output-file-map /Users/admin/builder/spi-builder-workspace/.derivedData/Build/Intermediates.noindex/swift-mermaid.build/Debug-watchos/Mermaid.build/Objects-normal/arm64/Mermaid-OutputFileMap.json -use-frontend-parseable-output -save-temps -no-color-diagnostics -serialize-diagnostics -emit-dependencies -emit-module -emit-module-path /Users/admin/builder/spi-builder-workspace/.derivedData/Build/Intermediates.noindex/swift-mermaid.build/Debug-watchos/Mermaid.build/Objects-normal/arm64/Mermaid.swiftmodule -validate-clang-modules-once -clang-build-session-file /Users/admin/builder/spi-builder-workspace/.derivedData/ModuleCache.noindex/Session.modulevalidation -package-name spi_builder_workspace -Xcc -I/Users/admin/builder/spi-builder-workspace/.derivedData/Build/Intermediates.noindex/swift-mermaid.build/Debug-watchos/Mermaid.build/swift-overrides.hmap -emit-const-values -Xfrontend -const-gather-protocols-file -Xfrontend /Users/admin/builder/spi-builder-workspace/.derivedData/Build/Intermediates.noindex/swift-mermaid.build/Debug-watchos/Mermaid.build/Objects-normal/arm64/Mermaid_const_extract_protocols.json -Xcc -I/Users/admin/builder/spi-builder-workspace/.derivedData/Build/Products/Debug-watchos/include -Xcc -I/Users/admin/builder/spi-builder-workspace/.derivedData/Build/Intermediates.noindex/swift-mermaid.build/Debug-watchos/Mermaid.build/DerivedSources-normal/arm64 -Xcc -I/Users/admin/builder/spi-builder-workspace/.derivedData/Build/Intermediates.noindex/swift-mermaid.build/Debug-watchos/Mermaid.build/DerivedSources/arm64 -Xcc -I/Users/admin/builder/spi-builder-workspace/.derivedData/Build/Intermediates.noindex/swift-mermaid.build/Debug-watchos/Mermaid.build/DerivedSources -Xcc -DSWIFT_PACKAGE -Xcc -DDEBUG\=1 -emit-objc-header -emit-objc-header-path /Users/admin/builder/spi-builder-workspace/.derivedData/Build/Intermediates.noindex/swift-mermaid.build/Debug-watchos/Mermaid.build/Objects-normal/arm64/Mermaid-Swift.h -working-directory /Users/admin/builder/spi-builder-workspace/.swiftpm/xcode -experimental-emit-module-separately -disable-cmo
Copy /Users/admin/builder/spi-builder-workspace/.derivedData/Build/Products/Debug-watchos/Mermaid.swiftmodule/arm64-apple-watchos.abi.json /Users/admin/builder/spi-builder-workspace/.derivedData/Build/Intermediates.noindex/swift-mermaid.build/Debug-watchos/Mermaid.build/Objects-normal/arm64/Mermaid.abi.json (in target 'Mermaid' from project 'swift-mermaid')
    cd /Users/admin/builder/spi-builder-workspace
    builtin-copy -exclude .DS_Store -exclude CVS -exclude .svn -exclude .git -exclude .hg -resolve-src-symlinks -rename /Users/admin/builder/spi-builder-workspace/.derivedData/Build/Intermediates.noindex/swift-mermaid.build/Debug-watchos/Mermaid.build/Objects-normal/arm64/Mermaid.abi.json /Users/admin/builder/spi-builder-workspace/.derivedData/Build/Products/Debug-watchos/Mermaid.swiftmodule/arm64-apple-watchos.abi.json
Copy /Users/admin/builder/spi-builder-workspace/.derivedData/Build/Products/Debug-watchos/Mermaid.swiftmodule/arm64-apple-watchos.swiftmodule /Users/admin/builder/spi-builder-workspace/.derivedData/Build/Intermediates.noindex/swift-mermaid.build/Debug-watchos/Mermaid.build/Objects-normal/arm64/Mermaid.swiftmodule (in target 'Mermaid' from project 'swift-mermaid')
    cd /Users/admin/builder/spi-builder-workspace
    builtin-copy -exclude .DS_Store -exclude CVS -exclude .svn -exclude .git -exclude .hg -resolve-src-symlinks -rename /Users/admin/builder/spi-builder-workspace/.derivedData/Build/Intermediates.noindex/swift-mermaid.build/Debug-watchos/Mermaid.build/Objects-normal/arm64/Mermaid.swiftmodule /Users/admin/builder/spi-builder-workspace/.derivedData/Build/Products/Debug-watchos/Mermaid.swiftmodule/arm64-apple-watchos.swiftmodule
Copy /Users/admin/builder/spi-builder-workspace/.derivedData/Build/Products/Debug-watchos/Mermaid.swiftmodule/arm64-apple-watchos.swiftdoc /Users/admin/builder/spi-builder-workspace/.derivedData/Build/Intermediates.noindex/swift-mermaid.build/Debug-watchos/Mermaid.build/Objects-normal/arm64/Mermaid.swiftdoc (in target 'Mermaid' from project 'swift-mermaid')
    cd /Users/admin/builder/spi-builder-workspace
    builtin-copy -exclude .DS_Store -exclude CVS -exclude .svn -exclude .git -exclude .hg -resolve-src-symlinks -rename /Users/admin/builder/spi-builder-workspace/.derivedData/Build/Intermediates.noindex/swift-mermaid.build/Debug-watchos/Mermaid.build/Objects-normal/arm64/Mermaid.swiftdoc /Users/admin/builder/spi-builder-workspace/.derivedData/Build/Products/Debug-watchos/Mermaid.swiftmodule/arm64-apple-watchos.swiftdoc
Copy /Users/admin/builder/spi-builder-workspace/.derivedData/Build/Products/Debug-watchos/Mermaid.swiftmodule/Project/arm64-apple-watchos.swiftsourceinfo /Users/admin/builder/spi-builder-workspace/.derivedData/Build/Intermediates.noindex/swift-mermaid.build/Debug-watchos/Mermaid.build/Objects-normal/arm64/Mermaid.swiftsourceinfo (in target 'Mermaid' from project 'swift-mermaid')
    cd /Users/admin/builder/spi-builder-workspace
    builtin-copy -exclude .DS_Store -exclude CVS -exclude .svn -exclude .git -exclude .hg -resolve-src-symlinks -rename /Users/admin/builder/spi-builder-workspace/.derivedData/Build/Intermediates.noindex/swift-mermaid.build/Debug-watchos/Mermaid.build/Objects-normal/arm64/Mermaid.swiftsourceinfo /Users/admin/builder/spi-builder-workspace/.derivedData/Build/Products/Debug-watchos/Mermaid.swiftmodule/Project/arm64-apple-watchos.swiftsourceinfo
SwiftDriverJobDiscovery normal arm64_32 Emitting module for Mermaid (in target 'Mermaid' from project 'swift-mermaid')
SwiftDriver\ Compilation\ Requirements Mermaid normal arm64_32 com.apple.xcode.tools.swift.compiler (in target 'Mermaid' from project 'swift-mermaid')
    cd /Users/admin/builder/spi-builder-workspace/.swiftpm/xcode
    builtin-Swift-Compilation-Requirements -- /Applications/Xcode-16.3.0.app/Contents/Developer/Toolchains/XcodeDefault.xctoolchain/usr/bin/swiftc -module-name Mermaid -Onone -enforce-exclusivity\=checked @/Users/admin/builder/spi-builder-workspace/.derivedData/Build/Intermediates.noindex/swift-mermaid.build/Debug-watchos/Mermaid.build/Objects-normal/arm64_32/Mermaid.SwiftFileList -DSWIFT_PACKAGE -DDEBUG -DXcode -plugin-path /Applications/Xcode-16.3.0.app/Contents/Developer/Toolchains/XcodeDefault.xctoolchain/usr/lib/swift/host/plugins/testing -enable-experimental-feature DebugDescriptionMacro -sdk /Applications/Xcode-16.3.0.app/Contents/Developer/Platforms/WatchOS.platform/Developer/SDKs/WatchOS11.4.sdk -target arm64_32-apple-watchos9.0 -g -module-cache-path /Users/admin/builder/spi-builder-workspace/.derivedData/ModuleCache.noindex -Xfrontend -serialize-debugging-options -profile-coverage-mapping -profile-generate -enable-testing -index-store-path /Users/admin/builder/spi-builder-workspace/.derivedData/Index.noindex/DataStore -swift-version 5 -I /Users/admin/builder/spi-builder-workspace/.derivedData/Build/Products/Debug-watchos -I /Applications/Xcode-16.3.0.app/Contents/Developer/Platforms/WatchOS.platform/Developer/usr/lib -F /Users/admin/builder/spi-builder-workspace/.derivedData/Build/Products/Debug-watchos/PackageFrameworks -F /Users/admin/builder/spi-builder-workspace/.derivedData/Build/Products/Debug-watchos -F /Applications/Xcode-16.3.0.app/Contents/Developer/Platforms/WatchOS.platform/Developer/Library/Frameworks -F /Applications/Xcode-16.3.0.app/Contents/Developer/Platforms/WatchOS.platform/Developer/SDKs/WatchOS11.4.sdk/Developer/Library/Frameworks -c -j10 -enable-batch-mode -incremental -Xcc -ivfsstatcache -Xcc /Users/admin/builder/spi-builder-workspace/.derivedData/SDKStatCaches.noindex/watchos11.4-22T246-43efb940ff07ba2497b70ec94253f576.sdkstatcache -output-file-map /Users/admin/builder/spi-builder-workspace/.derivedData/Build/Intermediates.noindex/swift-mermaid.build/Debug-watchos/Mermaid.build/Objects-normal/arm64_32/Mermaid-OutputFileMap.json -use-frontend-parseable-output -save-temps -no-color-diagnostics -serialize-diagnostics -emit-dependencies -emit-module -emit-module-path /Users/admin/builder/spi-builder-workspace/.derivedData/Build/Intermediates.noindex/swift-mermaid.build/Debug-watchos/Mermaid.build/Objects-normal/arm64_32/Mermaid.swiftmodule -validate-clang-modules-once -clang-build-session-file /Users/admin/builder/spi-builder-workspace/.derivedData/ModuleCache.noindex/Session.modulevalidation -package-name spi_builder_workspace -Xcc -I/Users/admin/builder/spi-builder-workspace/.derivedData/Build/Intermediates.noindex/swift-mermaid.build/Debug-watchos/Mermaid.build/swift-overrides.hmap -emit-const-values -Xfrontend -const-gather-protocols-file -Xfrontend /Users/admin/builder/spi-builder-workspace/.derivedData/Build/Intermediates.noindex/swift-mermaid.build/Debug-watchos/Mermaid.build/Objects-normal/arm64_32/Mermaid_const_extract_protocols.json -Xcc -I/Users/admin/builder/spi-builder-workspace/.derivedData/Build/Products/Debug-watchos/include -Xcc -I/Users/admin/builder/spi-builder-workspace/.derivedData/Build/Intermediates.noindex/swift-mermaid.build/Debug-watchos/Mermaid.build/DerivedSources-normal/arm64_32 -Xcc -I/Users/admin/builder/spi-builder-workspace/.derivedData/Build/Intermediates.noindex/swift-mermaid.build/Debug-watchos/Mermaid.build/DerivedSources/arm64_32 -Xcc -I/Users/admin/builder/spi-builder-workspace/.derivedData/Build/Intermediates.noindex/swift-mermaid.build/Debug-watchos/Mermaid.build/DerivedSources -Xcc -DSWIFT_PACKAGE -Xcc -DDEBUG\=1 -emit-objc-header -emit-objc-header-path /Users/admin/builder/spi-builder-workspace/.derivedData/Build/Intermediates.noindex/swift-mermaid.build/Debug-watchos/Mermaid.build/Objects-normal/arm64_32/Mermaid-Swift.h -working-directory /Users/admin/builder/spi-builder-workspace/.swiftpm/xcode -experimental-emit-module-separately -disable-cmo
SwiftMergeGeneratedHeaders /Users/admin/builder/spi-builder-workspace/.derivedData/Build/Intermediates.noindex/GeneratedModuleMaps-watchos/Mermaid-Swift.h /Users/admin/builder/spi-builder-workspace/.derivedData/Build/Intermediates.noindex/swift-mermaid.build/Debug-watchos/Mermaid.build/Objects-normal/arm64/Mermaid-Swift.h /Users/admin/builder/spi-builder-workspace/.derivedData/Build/Intermediates.noindex/swift-mermaid.build/Debug-watchos/Mermaid.build/Objects-normal/arm64_32/Mermaid-Swift.h (in target 'Mermaid' from project 'swift-mermaid')
    cd /Users/admin/builder/spi-builder-workspace
    builtin-swiftHeaderTool -arch arm64 /Users/admin/builder/spi-builder-workspace/.derivedData/Build/Intermediates.noindex/swift-mermaid.build/Debug-watchos/Mermaid.build/Objects-normal/arm64/Mermaid-Swift.h -arch arm64_32 /Users/admin/builder/spi-builder-workspace/.derivedData/Build/Intermediates.noindex/swift-mermaid.build/Debug-watchos/Mermaid.build/Objects-normal/arm64_32/Mermaid-Swift.h -o /Users/admin/builder/spi-builder-workspace/.derivedData/Build/Intermediates.noindex/GeneratedModuleMaps-watchos/Mermaid-Swift.h
Copy /Users/admin/builder/spi-builder-workspace/.derivedData/Build/Products/Debug-watchos/Mermaid.swiftmodule/arm64_32-apple-watchos.swiftmodule /Users/admin/builder/spi-builder-workspace/.derivedData/Build/Intermediates.noindex/swift-mermaid.build/Debug-watchos/Mermaid.build/Objects-normal/arm64_32/Mermaid.swiftmodule (in target 'Mermaid' from project 'swift-mermaid')
    cd /Users/admin/builder/spi-builder-workspace
    builtin-copy -exclude .DS_Store -exclude CVS -exclude .svn -exclude .git -exclude .hg -resolve-src-symlinks -rename /Users/admin/builder/spi-builder-workspace/.derivedData/Build/Intermediates.noindex/swift-mermaid.build/Debug-watchos/Mermaid.build/Objects-normal/arm64_32/Mermaid.swiftmodule /Users/admin/builder/spi-builder-workspace/.derivedData/Build/Products/Debug-watchos/Mermaid.swiftmodule/arm64_32-apple-watchos.swiftmodule
Copy /Users/admin/builder/spi-builder-workspace/.derivedData/Build/Products/Debug-watchos/Mermaid.swiftmodule/arm64_32-apple-watchos.abi.json /Users/admin/builder/spi-builder-workspace/.derivedData/Build/Intermediates.noindex/swift-mermaid.build/Debug-watchos/Mermaid.build/Objects-normal/arm64_32/Mermaid.abi.json (in target 'Mermaid' from project 'swift-mermaid')
    cd /Users/admin/builder/spi-builder-workspace
    builtin-copy -exclude .DS_Store -exclude CVS -exclude .svn -exclude .git -exclude .hg -resolve-src-symlinks -rename /Users/admin/builder/spi-builder-workspace/.derivedData/Build/Intermediates.noindex/swift-mermaid.build/Debug-watchos/Mermaid.build/Objects-normal/arm64_32/Mermaid.abi.json /Users/admin/builder/spi-builder-workspace/.derivedData/Build/Products/Debug-watchos/Mermaid.swiftmodule/arm64_32-apple-watchos.abi.json
Copy /Users/admin/builder/spi-builder-workspace/.derivedData/Build/Products/Debug-watchos/Mermaid.swiftmodule/Project/arm64_32-apple-watchos.swiftsourceinfo /Users/admin/builder/spi-builder-workspace/.derivedData/Build/Intermediates.noindex/swift-mermaid.build/Debug-watchos/Mermaid.build/Objects-normal/arm64_32/Mermaid.swiftsourceinfo (in target 'Mermaid' from project 'swift-mermaid')
    cd /Users/admin/builder/spi-builder-workspace
    builtin-copy -exclude .DS_Store -exclude CVS -exclude .svn -exclude .git -exclude .hg -resolve-src-symlinks -rename /Users/admin/builder/spi-builder-workspace/.derivedData/Build/Intermediates.noindex/swift-mermaid.build/Debug-watchos/Mermaid.build/Objects-normal/arm64_32/Mermaid.swiftsourceinfo /Users/admin/builder/spi-builder-workspace/.derivedData/Build/Products/Debug-watchos/Mermaid.swiftmodule/Project/arm64_32-apple-watchos.swiftsourceinfo
Copy /Users/admin/builder/spi-builder-workspace/.derivedData/Build/Products/Debug-watchos/Mermaid.swiftmodule/arm64_32-apple-watchos.swiftdoc /Users/admin/builder/spi-builder-workspace/.derivedData/Build/Intermediates.noindex/swift-mermaid.build/Debug-watchos/Mermaid.build/Objects-normal/arm64_32/Mermaid.swiftdoc (in target 'Mermaid' from project 'swift-mermaid')
    cd /Users/admin/builder/spi-builder-workspace
    builtin-copy -exclude .DS_Store -exclude CVS -exclude .svn -exclude .git -exclude .hg -resolve-src-symlinks -rename /Users/admin/builder/spi-builder-workspace/.derivedData/Build/Intermediates.noindex/swift-mermaid.build/Debug-watchos/Mermaid.build/Objects-normal/arm64_32/Mermaid.swiftdoc /Users/admin/builder/spi-builder-workspace/.derivedData/Build/Products/Debug-watchos/Mermaid.swiftmodule/arm64_32-apple-watchos.swiftdoc
** BUILD FAILED **
The following build commands failed:
	SwiftCompile normal arm64 /Users/admin/builder/spi-builder-workspace/Sources/Mermaid/Sequence/SequenceParser.swift (in target 'Mermaid' from project 'swift-mermaid')
	SwiftCompile normal arm64 /Users/admin/builder/spi-builder-workspace/Sources/Mermaid/Sequence/SequenceRenderer.swift (in target 'Mermaid' from project 'swift-mermaid')
	SwiftCompile normal arm64 /Users/admin/builder/spi-builder-workspace/Sources/Mermaid/State/StateModel.swift (in target 'Mermaid' from project 'swift-mermaid')
	SwiftCompile normal arm64 /Users/admin/builder/spi-builder-workspace/Sources/Mermaid/State/StateParser.swift (in target 'Mermaid' from project 'swift-mermaid')
	SwiftCompile normal arm64 Compiling\ SequenceParser.swift,\ SequenceRenderer.swift,\ StateModel.swift,\ StateParser.swift /Users/admin/builder/spi-builder-workspace/Sources/Mermaid/Sequence/SequenceParser.swift /Users/admin/builder/spi-builder-workspace/Sources/Mermaid/Sequence/SequenceRenderer.swift /Users/admin/builder/spi-builder-workspace/Sources/Mermaid/State/StateModel.swift /Users/admin/builder/spi-builder-workspace/Sources/Mermaid/State/StateParser.swift (in target 'Mermaid' from project 'swift-mermaid')
	Building workspace spi-builder-workspace with scheme swift-mermaid
(6 failures)
BUILD FAILURE 6.1 watchOS