The Swift Package Index logo.Swift Package Index

Build Information

Failed to build Thingy, reference master (1ed5bf), with Swift 6.4 for watchOS using Xcode 27.0 on 17 Sep 2026 01:11:58 UTC.

Build Command

env DEVELOPER_DIR=/Applications/Xcode-27.0.0-Release.Candidate.app xcrun xcodebuild -IDEClonedSourcePackagesDirPathOverride=$PWD/.dependencies -skipMacroValidation -skipPackagePluginValidation -derivedDataPath $PWD/.derivedData build -scheme Thingy -destination generic/platform=watchOS

Build Log

========================================
RunAll
========================================
Builder version: 5.1.0
Interrupt handler set up.
========================================
Checkout
========================================
Clone URL: https://github.com/bojan/Thingy.git
Reference: master
Initialized empty Git repository in /Users/admin/builder/spi-builder-workspace/.git/
From https://github.com/bojan/Thingy
 * branch            master     -> FETCH_HEAD
 * [new branch]      master     -> origin/master
HEAD is now at 1ed5bfc Update the documentation.
Cloned https://github.com/bojan/Thingy.git
Revision (git rev-parse @):
1ed5bfc174be905e4aed9c15269c17e3e6facec1
SUCCESS checkout https://github.com/bojan/Thingy.git at master
========================================
Build
========================================
Selected platform:         watchOS
Swift version:             6.4
Building package at path:  $PWD
https://github.com/bojan/Thingy.git
Command line invocation:
    /Applications/Xcode-27.0.0-Release.Candidate.app/Contents/Developer/usr/bin/xcodebuild -IDEClonedSourcePackagesDirPathOverride=/Users/admin/builder/spi-builder-workspace/.dependencies -resolvePackageDependencies
resolved source packages:
{
  "dependencies" : [
  ],
  "manifest_display_name" : "Thingy",
  "name" : "Thingy",
  "path" : "/Users/admin/builder/spi-builder-workspace",
  "platforms" : [
    {
      "name" : "ios",
      "version" : "8.0"
    },
    {
      "name" : "tvos",
      "version" : "9.0"
    },
    {
      "name" : "watchos",
      "version" : "2.0"
    }
  ],
  "products" : [
    {
      "name" : "Thingy",
      "targets" : [
        "Thingy"
      ],
      "type" : {
        "library" : [
          "automatic"
        ]
      }
    }
  ],
  "targets" : [
    {
      "c99name" : "ThingyTests",
      "module_type" : "SwiftTarget",
      "name" : "ThingyTests",
      "path" : "Tests",
      "sources" : [
        "ComparisonTests.swift",
        "DeviceTests.swift",
        "RawDeviceTests.swift",
        "XCTest+Throwable.swift"
      ],
      "target_dependencies" : [
        "Thingy"
      ],
      "type" : "test"
    },
    {
      "c99name" : "Thingy",
      "module_type" : "SwiftTarget",
      "name" : "Thingy",
      "path" : "Sources",
      "product_memberships" : [
        "Thingy"
      ],
      "sources" : [
        "Device.swift",
        "Extensions/Device+Comparison.swift",
        "Extensions/Device+Display.swift",
        "Extensions/Device+Family.swift",
        "Extensions/Device+MarketingName.swift",
        "Extensions/Device+ModelNumbers.swift",
        "Extensions/Device+ProductLines.swift",
        "Model/Display.swift",
        "Model/Family.swift",
        "Model/Lines.swift",
        "Model/ThingyError.swift",
        "Protocols.swift",
        "RawDevice.swift"
      ],
      "type" : "library"
    }
  ],
  "tools_version" : "5.0"
}
{
  "project" : {
    "configurations" : [
      "Debug",
      "Release"
    ],
    "name" : "Thingy",
    "schemes" : [
      "Tests",
      "Thingy iOS",
      "Thingy tvOS",
      "Thingy watchOS"
    ],
    "targets" : [
      "Thingy iOS",
      "Thingy watchOS",
      "Thingy tvOS",
      "Tests"
    ]
  }
}
{
  "workspace" : {
    "name" : "Thingy",
    "schemes" : [
      "Thingy"
    ]
  }
}
2026-09-16 21:11:48.148 xcodebuild[616:3860] [MT] IDERunDestination: Supported platforms for the buildables in the current scheme is empty.
Running build ...
env DEVELOPER_DIR=/Applications/Xcode-27.0.0-Release.Candidate.app xcrun xcodebuild -IDEClonedSourcePackagesDirPathOverride=$PWD/.dependencies -skipMacroValidation -skipPackagePluginValidation -derivedDataPath $PWD/.derivedData build -scheme Thingy -destination generic/platform=watchOS
Command line invocation:
    /Applications/Xcode-27.0.0-Release.Candidate.app/Contents/Developer/usr/bin/xcodebuild -IDEClonedSourcePackagesDirPathOverride=/Users/admin/builder/spi-builder-workspace/.dependencies -skipMacroValidation -skipPackagePluginValidation -derivedDataPath /Users/admin/builder/spi-builder-workspace/.derivedData build -scheme Thingy -destination generic/platform=watchOS
Resolve Package Graph
Resolved source packages:
  Thingy: /Users/admin/builder/spi-builder-workspace
ComputePackagePrebuildTargetDependencyGraph
Prepare packages
CreateBuildRequest
SendProjectDescription
CreateBuildOperation
ComputeTargetDependencyGraph
note: Building targets in dependency order
note: Target dependency graph (2 targets)
    Target 'Thingy-product' in project 'Thingy'
        ➜ Explicit dependency on target 'Thingy' in project 'Thingy'
    Target 'Thingy' in project 'Thingy' (no dependencies)
GatherProvisioningInputs
CreateBuildDescription
ExecuteExternalTool /Applications/Xcode-27.0.0-Release.Candidate.app/Contents/Developer/Toolchains/XcodeDefault.xctoolchain/usr/bin/clang -v -E -dM -isysroot /Applications/Xcode-27.0.0-Release.Candidate.app/Contents/Developer/Platforms/WatchOS.platform/Developer/SDKs/WatchOS27.0.sdk -x c -c /dev/null
ExecuteExternalTool /Applications/Xcode-27.0.0-Release.Candidate.app/Contents/Developer/Toolchains/XcodeDefault.xctoolchain/usr/bin/swiftc --version
ExecuteExternalTool /Applications/Xcode-27.0.0-Release.Candidate.app/Contents/Developer/Toolchains/XcodeDefault.xctoolchain/usr/bin/ld -version_details
Build description signature: f49b2f9eed3996f710d46b06c068308b
Build description path: /Users/admin/builder/spi-builder-workspace/.derivedData/Build/Intermediates.noindex/XCBuildData/f49b2f9eed3996f710d46b06c068308b.xcbuilddata
CreateBuildDirectory /Users/admin/builder/spi-builder-workspace/.derivedData/SDKExplicitPrecompiledModules
    cd /Users/admin/builder/spi-builder-workspace/.swiftpm/xcode
    builtin-create-build-directory /Users/admin/builder/spi-builder-workspace/.derivedData/SDKExplicitPrecompiledModules
CreateBuildDirectory /Users/admin/builder/spi-builder-workspace/.derivedData/CompilationCache.noindex
    cd /Users/admin/builder/spi-builder-workspace/.swiftpm/xcode
    builtin-create-build-directory /Users/admin/builder/spi-builder-workspace/.derivedData/CompilationCache.noindex
CreateBuildDirectory /Users/admin/builder/spi-builder-workspace/.derivedData/ModuleCache.noindex
    cd /Users/admin/builder/spi-builder-workspace/.swiftpm/xcode
    builtin-create-build-directory /Users/admin/builder/spi-builder-workspace/.derivedData/ModuleCache.noindex
CreateBuildDirectory /Users/admin/builder/spi-builder-workspace/.derivedData/Build/Products
    cd /Users/admin/builder/spi-builder-workspace/.swiftpm/xcode
    builtin-create-build-directory /Users/admin/builder/spi-builder-workspace/.derivedData/Build/Products
CreateBuildDirectory /Users/admin/builder/spi-builder-workspace/.derivedData/Build/Intermediates.noindex
    cd /Users/admin/builder/spi-builder-workspace/.swiftpm/xcode
    builtin-create-build-directory /Users/admin/builder/spi-builder-workspace/.derivedData/Build/Intermediates.noindex
ClangStatCache /Applications/Xcode-27.0.0-Release.Candidate.app/Contents/Developer/Toolchains/XcodeDefault.xctoolchain/usr/bin/clang-stat-cache /Applications/Xcode-27.0.0-Release.Candidate.app/Contents/Developer/Platforms/WatchOS.platform/Developer/SDKs/WatchOS27.0.sdk /Users/admin/builder/spi-builder-workspace/.derivedData/SDKStatCaches.noindex/watchos27.0-24R360-e829b21a6f8c9b70876ba0858053c04477534ef55a1706bf4c1112bbb242f0a2.sdkstatcache
    cd /Users/admin/builder/spi-builder-workspace/.swiftpm/xcode
    /Applications/Xcode-27.0.0-Release.Candidate.app/Contents/Developer/Toolchains/XcodeDefault.xctoolchain/usr/bin/clang-stat-cache /Applications/Xcode-27.0.0-Release.Candidate.app/Contents/Developer/Platforms/WatchOS.platform/Developer/SDKs/WatchOS27.0.sdk -o /Users/admin/builder/spi-builder-workspace/.derivedData/SDKStatCaches.noindex/watchos27.0-24R360-e829b21a6f8c9b70876ba0858053c04477534ef55a1706bf4c1112bbb242f0a2.sdkstatcache
CreateBuildDirectory /Users/admin/builder/spi-builder-workspace/.derivedData/Build/Intermediates.noindex/SwiftExplicitPrecompiledModules
    cd /Users/admin/builder/spi-builder-workspace/.swiftpm/xcode
    builtin-create-build-directory /Users/admin/builder/spi-builder-workspace/.derivedData/Build/Intermediates.noindex/SwiftExplicitPrecompiledModules
CreateBuildDirectory /Users/admin/builder/spi-builder-workspace/.derivedData/Build/Intermediates.noindex/PrecompiledHeaders
    cd /Users/admin/builder/spi-builder-workspace/.swiftpm/xcode
    builtin-create-build-directory /Users/admin/builder/spi-builder-workspace/.derivedData/Build/Intermediates.noindex/PrecompiledHeaders
CreateBuildDirectory /Users/admin/builder/spi-builder-workspace/.derivedData/Build/Intermediates.noindex/ExplicitPrecompiledModules
    cd /Users/admin/builder/spi-builder-workspace/.swiftpm/xcode
    builtin-create-build-directory /Users/admin/builder/spi-builder-workspace/.derivedData/Build/Intermediates.noindex/ExplicitPrecompiledModules
CreateBuildDirectory /Users/admin/builder/spi-builder-workspace/.derivedData/Build/Intermediates.noindex/EagerLinkingTBDs/Debug-watchos
    cd /Users/admin/builder/spi-builder-workspace/.swiftpm/xcode
    builtin-create-build-directory /Users/admin/builder/spi-builder-workspace/.derivedData/Build/Intermediates.noindex/EagerLinkingTBDs/Debug-watchos
CreateBuildDirectory /Users/admin/builder/spi-builder-workspace/.derivedData/Build/Products/Debug-watchos
    cd /Users/admin/builder/spi-builder-workspace/.swiftpm/xcode
    builtin-create-build-directory /Users/admin/builder/spi-builder-workspace/.derivedData/Build/Products/Debug-watchos
CreateBuildDirectory /Users/admin/builder/spi-builder-workspace/.derivedData/Build/Products/Debug-watchos/PackageFrameworks
    cd /Users/admin/builder/spi-builder-workspace/.swiftpm/xcode
    builtin-create-build-directory /Users/admin/builder/spi-builder-workspace/.derivedData/Build/Products/Debug-watchos/PackageFrameworks
WriteAuxiliaryFile /Users/admin/builder/spi-builder-workspace/.derivedData/Build/Intermediates.noindex/Thingy.build/Debug-watchos/Thingy-t.build/Thingy.modulemap (in target 'Thingy' from project 'Thingy')
    cd /Users/admin/builder/spi-builder-workspace
    write-file /Users/admin/builder/spi-builder-workspace/.derivedData/Build/Intermediates.noindex/Thingy.build/Debug-watchos/Thingy-t.build/Thingy.modulemap
WriteAuxiliaryFile /Users/admin/builder/spi-builder-workspace/.derivedData/Build/Intermediates.noindex/Thingy.build/Debug-watchos/Thingy-t.build/Thingy.DependencyStaticMetadataFileList (in target 'Thingy' from project 'Thingy')
    cd /Users/admin/builder/spi-builder-workspace
    write-file /Users/admin/builder/spi-builder-workspace/.derivedData/Build/Intermediates.noindex/Thingy.build/Debug-watchos/Thingy-t.build/Thingy.DependencyStaticMetadataFileList
WriteAuxiliaryFile /Users/admin/builder/spi-builder-workspace/.derivedData/Build/Intermediates.noindex/Thingy.build/Debug-watchos/Thingy-t.build/Thingy.DependencyMetadataFileList (in target 'Thingy' from project 'Thingy')
    cd /Users/admin/builder/spi-builder-workspace
    write-file /Users/admin/builder/spi-builder-workspace/.derivedData/Build/Intermediates.noindex/Thingy.build/Debug-watchos/Thingy-t.build/Thingy.DependencyMetadataFileList
WriteAuxiliaryFile /Users/admin/builder/spi-builder-workspace/.derivedData/Build/Intermediates.noindex/Thingy.build/Debug-watchos/Thingy-t.build/Objects-normal/arm64_32/Thingy_const_extract_protocols.json (in target 'Thingy' from project 'Thingy')
    cd /Users/admin/builder/spi-builder-workspace
    write-file /Users/admin/builder/spi-builder-workspace/.derivedData/Build/Intermediates.noindex/Thingy.build/Debug-watchos/Thingy-t.build/Objects-normal/arm64_32/Thingy_const_extract_protocols.json
WriteAuxiliaryFile /Users/admin/builder/spi-builder-workspace/.derivedData/Build/Intermediates.noindex/Thingy.build/Debug-watchos/Thingy-t.build/Objects-normal/arm64_32/Thingy.SwiftFileList (in target 'Thingy' from project 'Thingy')
    cd /Users/admin/builder/spi-builder-workspace
    write-file /Users/admin/builder/spi-builder-workspace/.derivedData/Build/Intermediates.noindex/Thingy.build/Debug-watchos/Thingy-t.build/Objects-normal/arm64_32/Thingy.SwiftFileList
WriteAuxiliaryFile /Users/admin/builder/spi-builder-workspace/.derivedData/Build/Intermediates.noindex/Thingy.build/Debug-watchos/Thingy-t.build/Objects-normal/arm64_32/Thingy.SwiftConstValuesFileList (in target 'Thingy' from project 'Thingy')
    cd /Users/admin/builder/spi-builder-workspace
    write-file /Users/admin/builder/spi-builder-workspace/.derivedData/Build/Intermediates.noindex/Thingy.build/Debug-watchos/Thingy-t.build/Objects-normal/arm64_32/Thingy.SwiftConstValuesFileList
WriteAuxiliaryFile /Users/admin/builder/spi-builder-workspace/.derivedData/Build/Intermediates.noindex/Thingy.build/Debug-watchos/Thingy-t.build/Objects-normal/arm64_32/Thingy-OutputFileMap.json (in target 'Thingy' from project 'Thingy')
    cd /Users/admin/builder/spi-builder-workspace
    write-file /Users/admin/builder/spi-builder-workspace/.derivedData/Build/Intermediates.noindex/Thingy.build/Debug-watchos/Thingy-t.build/Objects-normal/arm64_32/Thingy-OutputFileMap.json
WriteAuxiliaryFile /Users/admin/builder/spi-builder-workspace/.derivedData/Build/Intermediates.noindex/Thingy.build/Debug-watchos/Thingy-t.build/Objects-normal/arm64/Thingy_const_extract_protocols.json (in target 'Thingy' from project 'Thingy')
    cd /Users/admin/builder/spi-builder-workspace
    write-file /Users/admin/builder/spi-builder-workspace/.derivedData/Build/Intermediates.noindex/Thingy.build/Debug-watchos/Thingy-t.build/Objects-normal/arm64/Thingy_const_extract_protocols.json
WriteAuxiliaryFile /Users/admin/builder/spi-builder-workspace/.derivedData/Build/Intermediates.noindex/Thingy.build/Debug-watchos/Thingy-t.build/Objects-normal/arm64_32/Thingy.LinkFileList (in target 'Thingy' from project 'Thingy')
    cd /Users/admin/builder/spi-builder-workspace
    write-file /Users/admin/builder/spi-builder-workspace/.derivedData/Build/Intermediates.noindex/Thingy.build/Debug-watchos/Thingy-t.build/Objects-normal/arm64_32/Thingy.LinkFileList
WriteAuxiliaryFile /Users/admin/builder/spi-builder-workspace/.derivedData/Build/Intermediates.noindex/Thingy.build/Debug-watchos/Thingy-t.build/Objects-normal/arm64/Thingy.SwiftFileList (in target 'Thingy' from project 'Thingy')
    cd /Users/admin/builder/spi-builder-workspace
    write-file /Users/admin/builder/spi-builder-workspace/.derivedData/Build/Intermediates.noindex/Thingy.build/Debug-watchos/Thingy-t.build/Objects-normal/arm64/Thingy.SwiftFileList
WriteAuxiliaryFile /Users/admin/builder/spi-builder-workspace/.derivedData/Build/Intermediates.noindex/Thingy.build/Debug-watchos/Thingy-t.build/Objects-normal/arm64/Thingy.LinkFileList (in target 'Thingy' from project 'Thingy')
    cd /Users/admin/builder/spi-builder-workspace
    write-file /Users/admin/builder/spi-builder-workspace/.derivedData/Build/Intermediates.noindex/Thingy.build/Debug-watchos/Thingy-t.build/Objects-normal/arm64/Thingy.LinkFileList
WriteAuxiliaryFile /Users/admin/builder/spi-builder-workspace/.derivedData/Build/Intermediates.noindex/Thingy.build/Debug-watchos/Thingy-t.build/Objects-normal/arm64/Thingy.SwiftConstValuesFileList (in target 'Thingy' from project 'Thingy')
    cd /Users/admin/builder/spi-builder-workspace
    write-file /Users/admin/builder/spi-builder-workspace/.derivedData/Build/Intermediates.noindex/Thingy.build/Debug-watchos/Thingy-t.build/Objects-normal/arm64/Thingy.SwiftConstValuesFileList
WriteAuxiliaryFile /Users/admin/builder/spi-builder-workspace/.derivedData/Build/Intermediates.noindex/Thingy.build/Debug-watchos/Thingy-t.build/Objects-normal/arm64/Thingy-OutputFileMap.json (in target 'Thingy' from project 'Thingy')
    cd /Users/admin/builder/spi-builder-workspace
    write-file /Users/admin/builder/spi-builder-workspace/.derivedData/Build/Intermediates.noindex/Thingy.build/Debug-watchos/Thingy-t.build/Objects-normal/arm64/Thingy-OutputFileMap.json
Copy /Users/admin/builder/spi-builder-workspace/.derivedData/Build/Intermediates.noindex/GeneratedModuleMaps-watchos/Thingy.modulemap /Users/admin/builder/spi-builder-workspace/.derivedData/Build/Intermediates.noindex/Thingy.build/Debug-watchos/Thingy-t.build/Thingy.modulemap (in target 'Thingy' from project 'Thingy')
    cd /Users/admin/builder/spi-builder-workspace
    builtin-copy -exclude .DS_Store -exclude CVS -exclude .svn -exclude .git -exclude .hg -resolve-src-symlinks /Users/admin/builder/spi-builder-workspace/.derivedData/Build/Intermediates.noindex/Thingy.build/Debug-watchos/Thingy-t.build/Thingy.modulemap /Users/admin/builder/spi-builder-workspace/.derivedData/Build/Intermediates.noindex/GeneratedModuleMaps-watchos
SwiftDriver Thingy normal arm64 com.apple.xcode.tools.swift.compiler (in target 'Thingy' from project 'Thingy')
    cd /Users/admin/builder/spi-builder-workspace/.swiftpm/xcode
    builtin-SwiftDriver -- /Applications/Xcode-27.0.0-Release.Candidate.app/Contents/Developer/Toolchains/XcodeDefault.xctoolchain/usr/bin/swiftc -parse-as-library -module-name Thingy -Onone @/Users/admin/builder/spi-builder-workspace/.derivedData/Build/Intermediates.noindex/Thingy.build/Debug-watchos/Thingy-t.build/Objects-normal/arm64/Thingy.SwiftFileList -DSWIFT_PACKAGE -DDEBUG -DSWIFT_MODULE_RESOURCE_BUNDLE_UNAVAILABLE -DXcode -plugin-path /Applications/Xcode-27.0.0-Release.Candidate.app/Contents/Developer/Toolchains/XcodeDefault.xctoolchain/usr/lib/swift/host/plugins/testing -enable-experimental-feature DebugDescriptionMacro -sdk /Applications/Xcode-27.0.0-Release.Candidate.app/Contents/Developer/Platforms/WatchOS.platform/Developer/SDKs/WatchOS27.0.sdk -target arm64-apple-watchos9.0 -g -module-cache-path /Users/admin/builder/spi-builder-workspace/.derivedData/ModuleCache.noindex -Xfrontend -serialize-debugging-options -profile-coverage-mapping -profile-generate -enable-testing -index-store-path /Users/admin/builder/spi-builder-workspace/.derivedData/Index.noindex/DataStore -Xcc -D_LIBCPP_HARDENING_MODE\=_LIBCPP_HARDENING_MODE_DEBUG -swift-version 5 -I /Users/admin/builder/spi-builder-workspace/.derivedData/Build/Products/Debug-watchos -Isystem /Applications/Xcode-27.0.0-Release.Candidate.app/Contents/Developer/Platforms/WatchOS.platform/Developer/usr/lib -F /Users/admin/builder/spi-builder-workspace/.derivedData/Build/Products/Debug-watchos -F /Applications/Xcode-27.0.0-Release.Candidate.app/Contents/Developer/Platforms/WatchOS.platform/Developer/Library/Frameworks -F /Applications/Xcode-27.0.0-Release.Candidate.app/Contents/Developer/Platforms/WatchOS.platform/Developer/SDKs/WatchOS27.0.sdk/Developer/Library/Frameworks -c -j10 -enable-batch-mode -incremental -Xcc -ivfsstatcache -Xcc /Users/admin/builder/spi-builder-workspace/.derivedData/SDKStatCaches.noindex/watchos27.0-24R360-e829b21a6f8c9b70876ba0858053c04477534ef55a1706bf4c1112bbb242f0a2.sdkstatcache -output-file-map /Users/admin/builder/spi-builder-workspace/.derivedData/Build/Intermediates.noindex/Thingy.build/Debug-watchos/Thingy-t.build/Objects-normal/arm64/Thingy-OutputFileMap.json -save-temps -no-color-diagnostics -explicit-module-build -module-cache-path /Users/admin/builder/spi-builder-workspace/.derivedData/Build/Intermediates.noindex/SwiftExplicitPrecompiledModules -clang-scanner-module-cache-path /Users/admin/builder/spi-builder-workspace/.derivedData/ModuleCache.noindex -sdk-module-cache-path /Users/admin/builder/spi-builder-workspace/.derivedData/SDKExplicitPrecompiledModules -emit-dependencies -emit-module -emit-module-path /Users/admin/builder/spi-builder-workspace/.derivedData/Build/Intermediates.noindex/Thingy.build/Debug-watchos/Thingy-t.build/Objects-normal/arm64/Thingy.swiftmodule -serialize-diagnostics -dependency-scan-serialize-diagnostics-path /Users/admin/builder/spi-builder-workspace/.derivedData/Build/Intermediates.noindex/Thingy.build/Debug-watchos/Thingy-t.build/Objects-normal/arm64/Thingy-dependency-scan.dia -validate-clang-modules-once -clang-build-session-file /Users/admin/builder/spi-builder-workspace/.derivedData/ModuleCache.noindex/Session.modulevalidation -Xcc -fmodules-prune-interval\=86400 -Xcc -fmodules-prune-after\=345600 -emit-const-values -const-gather-protocols-list /Users/admin/builder/spi-builder-workspace/.derivedData/Build/Intermediates.noindex/Thingy.build/Debug-watchos/Thingy-t.build/Objects-normal/arm64/Thingy_const_extract_protocols.json -Xcc -I/Users/admin/builder/spi-builder-workspace/.derivedData/Build/Products/Debug-watchos/include -Xcc -I/Users/admin/builder/spi-builder-workspace/.derivedData/Build/Intermediates.noindex/Thingy.build/Debug-watchos/Thingy-t.build/DerivedSources-normal/arm64 -Xcc -I/Users/admin/builder/spi-builder-workspace/.derivedData/Build/Intermediates.noindex/Thingy.build/Debug-watchos/Thingy-t.build/DerivedSources/arm64 -Xcc -I/Users/admin/builder/spi-builder-workspace/.derivedData/Build/Intermediates.noindex/Thingy.build/Debug-watchos/Thingy-t.build/DerivedSources -Xcc -DSWIFT_PACKAGE -Xcc -DDEBUG\=1 -emit-objc-header -emit-objc-header-path /Users/admin/builder/spi-builder-workspace/.derivedData/Build/Intermediates.noindex/Thingy.build/Debug-watchos/Thingy-t.build/Objects-normal/arm64/Thingy-Swift.h -working-directory /Users/admin/builder/spi-builder-workspace/.swiftpm/xcode -experimental-emit-module-separately -disable-cmo
SwiftDriver Thingy normal arm64_32 com.apple.xcode.tools.swift.compiler (in target 'Thingy' from project 'Thingy')
    cd /Users/admin/builder/spi-builder-workspace/.swiftpm/xcode
    builtin-SwiftDriver -- /Applications/Xcode-27.0.0-Release.Candidate.app/Contents/Developer/Toolchains/XcodeDefault.xctoolchain/usr/bin/swiftc -parse-as-library -module-name Thingy -Onone @/Users/admin/builder/spi-builder-workspace/.derivedData/Build/Intermediates.noindex/Thingy.build/Debug-watchos/Thingy-t.build/Objects-normal/arm64_32/Thingy.SwiftFileList -DSWIFT_PACKAGE -DDEBUG -DSWIFT_MODULE_RESOURCE_BUNDLE_UNAVAILABLE -DXcode -plugin-path /Applications/Xcode-27.0.0-Release.Candidate.app/Contents/Developer/Toolchains/XcodeDefault.xctoolchain/usr/lib/swift/host/plugins/testing -enable-experimental-feature DebugDescriptionMacro -sdk /Applications/Xcode-27.0.0-Release.Candidate.app/Contents/Developer/Platforms/WatchOS.platform/Developer/SDKs/WatchOS27.0.sdk -target arm64_32-apple-watchos9.0 -g -module-cache-path /Users/admin/builder/spi-builder-workspace/.derivedData/ModuleCache.noindex -Xfrontend -serialize-debugging-options -profile-coverage-mapping -profile-generate -enable-testing -index-store-path /Users/admin/builder/spi-builder-workspace/.derivedData/Index.noindex/DataStore -Xcc -D_LIBCPP_HARDENING_MODE\=_LIBCPP_HARDENING_MODE_DEBUG -swift-version 5 -I /Users/admin/builder/spi-builder-workspace/.derivedData/Build/Products/Debug-watchos -Isystem /Applications/Xcode-27.0.0-Release.Candidate.app/Contents/Developer/Platforms/WatchOS.platform/Developer/usr/lib -F /Users/admin/builder/spi-builder-workspace/.derivedData/Build/Products/Debug-watchos -F /Applications/Xcode-27.0.0-Release.Candidate.app/Contents/Developer/Platforms/WatchOS.platform/Developer/Library/Frameworks -F /Applications/Xcode-27.0.0-Release.Candidate.app/Contents/Developer/Platforms/WatchOS.platform/Developer/SDKs/WatchOS27.0.sdk/Developer/Library/Frameworks -c -j10 -enable-batch-mode -incremental -Xcc -ivfsstatcache -Xcc /Users/admin/builder/spi-builder-workspace/.derivedData/SDKStatCaches.noindex/watchos27.0-24R360-e829b21a6f8c9b70876ba0858053c04477534ef55a1706bf4c1112bbb242f0a2.sdkstatcache -output-file-map /Users/admin/builder/spi-builder-workspace/.derivedData/Build/Intermediates.noindex/Thingy.build/Debug-watchos/Thingy-t.build/Objects-normal/arm64_32/Thingy-OutputFileMap.json -save-temps -no-color-diagnostics -explicit-module-build -module-cache-path /Users/admin/builder/spi-builder-workspace/.derivedData/Build/Intermediates.noindex/SwiftExplicitPrecompiledModules -clang-scanner-module-cache-path /Users/admin/builder/spi-builder-workspace/.derivedData/ModuleCache.noindex -sdk-module-cache-path /Users/admin/builder/spi-builder-workspace/.derivedData/SDKExplicitPrecompiledModules -emit-dependencies -emit-module -emit-module-path /Users/admin/builder/spi-builder-workspace/.derivedData/Build/Intermediates.noindex/Thingy.build/Debug-watchos/Thingy-t.build/Objects-normal/arm64_32/Thingy.swiftmodule -serialize-diagnostics -dependency-scan-serialize-diagnostics-path /Users/admin/builder/spi-builder-workspace/.derivedData/Build/Intermediates.noindex/Thingy.build/Debug-watchos/Thingy-t.build/Objects-normal/arm64_32/Thingy-dependency-scan.dia -validate-clang-modules-once -clang-build-session-file /Users/admin/builder/spi-builder-workspace/.derivedData/ModuleCache.noindex/Session.modulevalidation -Xcc -fmodules-prune-interval\=86400 -Xcc -fmodules-prune-after\=345600 -emit-const-values -const-gather-protocols-list /Users/admin/builder/spi-builder-workspace/.derivedData/Build/Intermediates.noindex/Thingy.build/Debug-watchos/Thingy-t.build/Objects-normal/arm64_32/Thingy_const_extract_protocols.json -Xcc -I/Users/admin/builder/spi-builder-workspace/.derivedData/Build/Products/Debug-watchos/include -Xcc -I/Users/admin/builder/spi-builder-workspace/.derivedData/Build/Intermediates.noindex/Thingy.build/Debug-watchos/Thingy-t.build/DerivedSources-normal/arm64_32 -Xcc -I/Users/admin/builder/spi-builder-workspace/.derivedData/Build/Intermediates.noindex/Thingy.build/Debug-watchos/Thingy-t.build/DerivedSources/arm64_32 -Xcc -I/Users/admin/builder/spi-builder-workspace/.derivedData/Build/Intermediates.noindex/Thingy.build/Debug-watchos/Thingy-t.build/DerivedSources -Xcc -DSWIFT_PACKAGE -Xcc -DDEBUG\=1 -emit-objc-header -emit-objc-header-path /Users/admin/builder/spi-builder-workspace/.derivedData/Build/Intermediates.noindex/Thingy.build/Debug-watchos/Thingy-t.build/Objects-normal/arm64_32/Thingy-Swift.h -working-directory /Users/admin/builder/spi-builder-workspace/.swiftpm/xcode -experimental-emit-module-separately -disable-cmo
SwiftExplicitDependencyGeneratePcm arm64_32 /Users/admin/builder/spi-builder-workspace/.derivedData/SDKExplicitPrecompiledModules/_Builtin_float-6KO8O3PEWRCA4WC6PPLOYO6WJ.pcm
SwiftExplicitDependencyGeneratePcm arm64_32 /Users/admin/builder/spi-builder-workspace/.derivedData/SDKExplicitPrecompiledModules/_Builtin_stdbool-A967K8W8YUYEC9SN52KJ7OO88.pcm
SwiftExplicitDependencyGeneratePcm arm64_32 /Users/admin/builder/spi-builder-workspace/.derivedData/SDKExplicitPrecompiledModules/_Builtin_stdarg-D305JG44A2WPI6CJY37X3QJE8.pcm
SwiftExplicitDependencyGeneratePcm arm64_32 /Users/admin/builder/spi-builder-workspace/.derivedData/SDKExplicitPrecompiledModules/_SwiftConcurrencyShims-6RTBPQ03V7BM9SPRK8SUE055H.pcm
SwiftExplicitDependencyGeneratePcm arm64_32 /Users/admin/builder/spi-builder-workspace/.derivedData/SDKExplicitPrecompiledModules/_Builtin_stddef-H44EFHQX6XSS5MZ7QP6YJZ76.pcm
SwiftExplicitDependencyGeneratePcm arm64_32 /Users/admin/builder/spi-builder-workspace/.derivedData/SDKExplicitPrecompiledModules/_AvailabilityInternal-244WAN3Z1QBT7PIA64EZEFY1R.pcm
SwiftExplicitDependencyGeneratePcm arm64_32 /Users/admin/builder/spi-builder-workspace/.derivedData/SDKExplicitPrecompiledModules/SwiftShims-9CQQGWTSNTN9EB5NSHDWUJICH.pcm
SwiftExplicitDependencyGeneratePcm arm64_32 /Users/admin/builder/spi-builder-workspace/.derivedData/SDKExplicitPrecompiledModules/ptrcheck-7ELIH9BTIGVKX3UBITM9N72WD.pcm
SwiftExplicitDependencyGeneratePcm arm64 /Users/admin/builder/spi-builder-workspace/.derivedData/SDKExplicitPrecompiledModules/_Builtin_float-C0CW5Q4HGBQYKE77TC42IAFB5.pcm
SwiftExplicitDependencyGeneratePcm arm64 /Users/admin/builder/spi-builder-workspace/.derivedData/SDKExplicitPrecompiledModules/ptrcheck-AIF0NDOYZ8ORBNHQAQR5NNB8M.pcm
SwiftExplicitDependencyGeneratePcm arm64 /Users/admin/builder/spi-builder-workspace/.derivedData/SDKExplicitPrecompiledModules/_AvailabilityInternal-BUNV3UXM65NT37THI4W1AM0SF.pcm
SwiftExplicitDependencyGeneratePcm arm64 /Users/admin/builder/spi-builder-workspace/.derivedData/SDKExplicitPrecompiledModules/_Builtin_stdbool-83J96QSOFE9VX04AAS6310UAE.pcm
SwiftExplicitDependencyGeneratePcm arm64 /Users/admin/builder/spi-builder-workspace/.derivedData/SDKExplicitPrecompiledModules/_Builtin_stddef-1FU30Y8SWFB7OUUHMJQH5J6FM.pcm
SwiftExplicitDependencyGeneratePcm arm64 /Users/admin/builder/spi-builder-workspace/.derivedData/SDKExplicitPrecompiledModules/_Builtin_stdarg-A7UU8LE6MP85SM26YO7PBZNUQ.pcm
SwiftExplicitDependencyGeneratePcm arm64 /Users/admin/builder/spi-builder-workspace/.derivedData/SDKExplicitPrecompiledModules/ptrauth-3TZ9WJCGLYD25HQPWH4968ONX.pcm
SwiftExplicitDependencyGeneratePcm arm64 /Users/admin/builder/spi-builder-workspace/.derivedData/SDKExplicitPrecompiledModules/SwiftShims-4MXFZPV6FEB0XBYXCGPWAMQGL.pcm
SwiftExplicitDependencyGeneratePcm arm64 /Users/admin/builder/spi-builder-workspace/.derivedData/SDKExplicitPrecompiledModules/_SwiftConcurrencyShims-659N52XSKR5F0QSB880BH2FJR.pcm
SwiftExplicitDependencyGeneratePcm arm64_32 /Users/admin/builder/spi-builder-workspace/.derivedData/SDKExplicitPrecompiledModules/ptrauth-BFXF358ME5AK535N5A9Z766WU.pcm
SwiftExplicitDependencyGeneratePcm arm64_32 /Users/admin/builder/spi-builder-workspace/.derivedData/SDKExplicitPrecompiledModules/_DarwinFoundation1-2GWF9RFMPLQW4PDHS3NARVI3G.pcm
SwiftExplicitDependencyGeneratePcm arm64 /Users/admin/builder/spi-builder-workspace/.derivedData/SDKExplicitPrecompiledModules/_DarwinFoundation1-7SPX3MD0HMP55E4OLNCPNDQ53.pcm
SwiftExplicitDependencyGeneratePcm arm64_32 /Users/admin/builder/spi-builder-workspace/.derivedData/SDKExplicitPrecompiledModules/_DarwinFoundation2-9MY8GOSYRO0M9MKNXF6D3MBNK.pcm
SwiftExplicitDependencyGeneratePcm arm64_32 /Users/admin/builder/spi-builder-workspace/.derivedData/SDKExplicitPrecompiledModules/_Builtin_limits-3VKBU2AFTD65PAJZ5CJ3LHFM2.pcm
SwiftExplicitDependencyGeneratePcm arm64 /Users/admin/builder/spi-builder-workspace/.derivedData/SDKExplicitPrecompiledModules/_Builtin_limits-9GWPA2B0H20DYUNYHYCWKABJG.pcm
SwiftExplicitDependencyGeneratePcm arm64 /Users/admin/builder/spi-builder-workspace/.derivedData/SDKExplicitPrecompiledModules/_DarwinFoundation2-D0XAPJU49S5E9XMKYOFGSTB1Q.pcm
SwiftExplicitDependencyGeneratePcm arm64_32 /Users/admin/builder/spi-builder-workspace/.derivedData/SDKExplicitPrecompiledModules/string_h-BFVLUQUSBZWYMLCU9QI7VZALW.pcm
SwiftExplicitDependencyGeneratePcm arm64_32 /Users/admin/builder/spi-builder-workspace/.derivedData/SDKExplicitPrecompiledModules/sys_types-8TLLMW08ZJWDGIIPKOYFGHHZW.pcm
SwiftExplicitDependencyGeneratePcm arm64_32 /Users/admin/builder/spi-builder-workspace/.derivedData/SDKExplicitPrecompiledModules/_Builtin_stdint-1HMXWI3V0V4TXHRWZOMZGZ80Y.pcm
SwiftExplicitDependencyGeneratePcm arm64 /Users/admin/builder/spi-builder-workspace/.derivedData/SDKExplicitPrecompiledModules/_Builtin_stdint-8XMILLJZEGRN2XG7XZUXZ5RLX.pcm
SwiftExplicitDependencyGeneratePcm arm64 /Users/admin/builder/spi-builder-workspace/.derivedData/SDKExplicitPrecompiledModules/string_h-E6PRXK75PHIPCZFWOFCQ3QBMK.pcm
SwiftExplicitDependencyGeneratePcm arm64 /Users/admin/builder/spi-builder-workspace/.derivedData/SDKExplicitPrecompiledModules/sys_types-2KXQLI78OUCDP779AE68GZJ2.pcm
SwiftExplicitDependencyGeneratePcm arm64_32 /Users/admin/builder/spi-builder-workspace/.derivedData/SDKExplicitPrecompiledModules/_DarwinFoundation3-3DUTYQDQSD9HUAAVY947NMWOI.pcm
SwiftExplicitDependencyGeneratePcm arm64 /Users/admin/builder/spi-builder-workspace/.derivedData/SDKExplicitPrecompiledModules/_DarwinFoundation3-B97LRG0E9GON2NUE65TVG81HU.pcm
SwiftExplicitDependencyGeneratePcm arm64_32 /Users/admin/builder/spi-builder-workspace/.derivedData/SDKExplicitPrecompiledModules/_Builtin_inttypes-D2KPCR4PEX9AQA33NGLUT5SBR.pcm
SwiftExplicitDependencyGeneratePcm arm64 /Users/admin/builder/spi-builder-workspace/.derivedData/SDKExplicitPrecompiledModules/_Builtin_inttypes-3UQSCM7WNM9EK4HZML8TY5J3D.pcm
SwiftExplicitDependencyGeneratePcm arm64_32 /Users/admin/builder/spi-builder-workspace/.derivedData/SDKExplicitPrecompiledModules/Darwin-3FVT1SKLN2ZQ5RVOABMTQBB34.pcm
SwiftExplicitDependencyGeneratePcm arm64 /Users/admin/builder/spi-builder-workspace/.derivedData/SDKExplicitPrecompiledModules/Darwin-3984OXKFNSPE77NT743WK8SEX.pcm
SwiftExplicitDependencyGeneratePcm arm64_32 /Users/admin/builder/spi-builder-workspace/.derivedData/SDKExplicitPrecompiledModules/ObjectiveC-6IJNELR2E80E7LUKESVCP2KET.pcm
SwiftExplicitDependencyGeneratePcm arm64 /Users/admin/builder/spi-builder-workspace/.derivedData/SDKExplicitPrecompiledModules/ObjectiveC-72IVD3VS2RS8Q28D9PIMY0KQP.pcm
SwiftExplicitDependencyGeneratePcm arm64_32 /Users/admin/builder/spi-builder-workspace/.derivedData/SDKExplicitPrecompiledModules/os_object-5YWTC6L4756IWSTPGXS5NM0D0.pcm
SwiftExplicitDependencyGeneratePcm arm64 /Users/admin/builder/spi-builder-workspace/.derivedData/SDKExplicitPrecompiledModules/os_object-3SDKD7F87FTZ26OON37DRYT6O.pcm
SwiftExplicitDependencyGeneratePcm arm64_32 /Users/admin/builder/spi-builder-workspace/.derivedData/SDKExplicitPrecompiledModules/os_workgroup-5JHTPDMNBUNHLJI8LPHKQK1JK.pcm
SwiftExplicitDependencyGeneratePcm arm64 /Users/admin/builder/spi-builder-workspace/.derivedData/SDKExplicitPrecompiledModules/os_workgroup-89GG5G7YC2D0ZTK6AZXXQ20DH.pcm
SwiftExplicitDependencyGeneratePcm arm64_32 /Users/admin/builder/spi-builder-workspace/.derivedData/SDKExplicitPrecompiledModules/Dispatch-2P62F1T4XV63S4P99TUDTOK2Q.pcm
SwiftExplicitDependencyGeneratePcm arm64 /Users/admin/builder/spi-builder-workspace/.derivedData/SDKExplicitPrecompiledModules/Dispatch-1NLJOVAK60XP0DUB05XA59EIM.pcm
SwiftExplicitDependencyGeneratePcm arm64_32 /Users/admin/builder/spi-builder-workspace/.derivedData/SDKExplicitPrecompiledModules/CoreFoundation-8E6Y4BA3EXYKUGJ24GT9LGV3N.pcm
SwiftExplicitDependencyGeneratePcm arm64_32 /Users/admin/builder/spi-builder-workspace/.derivedData/SDKExplicitPrecompiledModules/XPC-81Y45QFY96XYYFCW2GT6FY8S4.pcm
SwiftExplicitDependencyGeneratePcm arm64 /Users/admin/builder/spi-builder-workspace/.derivedData/SDKExplicitPrecompiledModules/XPC-40DR0X1DHKGCV4J1IOLFS8MOU.pcm
SwiftExplicitDependencyGeneratePcm arm64 /Users/admin/builder/spi-builder-workspace/.derivedData/SDKExplicitPrecompiledModules/CoreFoundation-8T2L24YC5NU7WO6WQJWRY7W08.pcm
SwiftExplicitDependencyGeneratePcm arm64_32 /Users/admin/builder/spi-builder-workspace/.derivedData/SDKExplicitPrecompiledModules/Security-D7TOWF88VWF67TB9HAFP5UWB1.pcm
SwiftExplicitDependencyGeneratePcm arm64 /Users/admin/builder/spi-builder-workspace/.derivedData/SDKExplicitPrecompiledModules/Security-6RZ6YBRU8WCUHRFFRVUK5WKMM.pcm
SwiftExplicitDependencyGeneratePcm arm64_32 /Users/admin/builder/spi-builder-workspace/.derivedData/SDKExplicitPrecompiledModules/Foundation-BJ2VQGI3OGR34500MEQ1VKHPH.pcm
SwiftExplicitDependencyGeneratePcm arm64 /Users/admin/builder/spi-builder-workspace/.derivedData/SDKExplicitPrecompiledModules/Foundation-DLBKUSGXN8QHAT8W0OARR9S8A.pcm
SwiftCompile normal arm64_32 Compiling\ Protocols.swift /Users/admin/builder/spi-builder-workspace/Sources/Protocols.swift (in target 'Thingy' from project 'Thingy')
SwiftCompile normal arm64_32 /Users/admin/builder/spi-builder-workspace/Sources/Protocols.swift (in target 'Thingy' from project 'Thingy')
    cd /Users/admin/builder/spi-builder-workspace/.swiftpm/xcode
    builtin-SwiftPerFileCompile Protocols.swift
SwiftCompile normal arm64_32 Compiling\ Device+MarketingName.swift,\ Device+ModelNumbers.swift /Users/admin/builder/spi-builder-workspace/Sources/Extensions/Device+MarketingName.swift /Users/admin/builder/spi-builder-workspace/Sources/Extensions/Device+ModelNumbers.swift (in target 'Thingy' from project 'Thingy')
SwiftCompile normal arm64_32 /Users/admin/builder/spi-builder-workspace/Sources/Extensions/Device+MarketingName.swift (in target 'Thingy' from project 'Thingy')
    cd /Users/admin/builder/spi-builder-workspace/.swiftpm/xcode
    builtin-SwiftPerFileCompile Device+MarketingName.swift
SwiftCompile normal arm64_32 /Users/admin/builder/spi-builder-workspace/Sources/Extensions/Device+ModelNumbers.swift (in target 'Thingy' from project 'Thingy')
    cd /Users/admin/builder/spi-builder-workspace/.swiftpm/xcode
    builtin-SwiftPerFileCompile Device+ModelNumbers.swift
SwiftCompile normal arm64_32 Compiling\ Display.swift /Users/admin/builder/spi-builder-workspace/Sources/Model/Display.swift (in target 'Thingy' from project 'Thingy')
SwiftCompile normal arm64_32 /Users/admin/builder/spi-builder-workspace/Sources/Model/Display.swift (in target 'Thingy' from project 'Thingy')
    cd /Users/admin/builder/spi-builder-workspace/.swiftpm/xcode
    builtin-SwiftPerFileCompile Display.swift
SwiftCompile normal arm64_32 Compiling\ Device+ProductLines.swift /Users/admin/builder/spi-builder-workspace/Sources/Extensions/Device+ProductLines.swift (in target 'Thingy' from project 'Thingy')
SwiftCompile normal arm64_32 /Users/admin/builder/spi-builder-workspace/Sources/Extensions/Device+ProductLines.swift (in target 'Thingy' from project 'Thingy')
    cd /Users/admin/builder/spi-builder-workspace/.swiftpm/xcode
    builtin-SwiftPerFileCompile Device+ProductLines.swift
SwiftCompile normal arm64_32 Compiling\ Lines.swift /Users/admin/builder/spi-builder-workspace/Sources/Model/Lines.swift (in target 'Thingy' from project 'Thingy')
SwiftCompile normal arm64_32 /Users/admin/builder/spi-builder-workspace/Sources/Model/Lines.swift (in target 'Thingy' from project 'Thingy')
    cd /Users/admin/builder/spi-builder-workspace/.swiftpm/xcode
    builtin-SwiftPerFileCompile Lines.swift
SwiftCompile normal arm64_32 Compiling\ Device+Display.swift,\ Device+Family.swift /Users/admin/builder/spi-builder-workspace/Sources/Extensions/Device+Display.swift /Users/admin/builder/spi-builder-workspace/Sources/Extensions/Device+Family.swift (in target 'Thingy' from project 'Thingy')
/Users/admin/builder/spi-builder-workspace/Sources/Extensions/Device+Display.swift:132:60: error: type 'CGSize' has no member 'zero'
130 |
131 | 		default:
132 | 			return Display(size: .notApplicable, resolution: CGSize.zero, physicalResolution: CGSize.zero, renderedResolution: CGSize.zero, scale: 0, density: 0, hasTrueTone: false, colorSpace: .sRGB)
    |                                                            `- error: type 'CGSize' has no member 'zero'
133 |
134 | 		}
/Users/admin/builder/spi-builder-workspace/Sources/Extensions/Device+Display.swift:132:93: error: type 'CGSize' has no member 'zero'
130 |
131 | 		default:
132 | 			return Display(size: .notApplicable, resolution: CGSize.zero, physicalResolution: CGSize.zero, renderedResolution: CGSize.zero, scale: 0, density: 0, hasTrueTone: false, colorSpace: .sRGB)
    |                                                                                             `- error: type 'CGSize' has no member 'zero'
133 |
134 | 		}
SwiftCompile normal arm64_32 /Users/admin/builder/spi-builder-workspace/Sources/Extensions/Device+Display.swift (in target 'Thingy' from project 'Thingy')
    cd /Users/admin/builder/spi-builder-workspace/.swiftpm/xcode
    builtin-SwiftPerFileCompile Device+Display.swift
SwiftCompile normal arm64_32 /Users/admin/builder/spi-builder-workspace/Sources/Extensions/Device+Family.swift (in target 'Thingy' from project 'Thingy')
    cd /Users/admin/builder/spi-builder-workspace/.swiftpm/xcode
    builtin-SwiftPerFileCompile Device+Family.swift
SwiftEmitModule normal arm64_32 Emitting\ module\ for\ Thingy (in target 'Thingy' from project 'Thingy')
/Users/admin/builder/spi-builder-workspace/Sources/Model/Display.swift:27:15: error: type 'Display' does not conform to protocol 'Equatable'
 25 |
 26 | /// A struct that provides an extended info on the display.
 27 | public struct Display: Equatable {
    |               |- error: type 'Display' does not conform to protocol 'Equatable'
    |               `- note: add stubs for conformance
 28 |
 29 | 	/// An enum that describes the display size.
    :
 98 |
 99 | 	/// Resolution of the device.
100 | 	public var resolution: CGSize
    |             `- note: stored property type 'CGSize' does not conform to protocol 'Equatable', preventing synthesized conformance of 'Display' to 'Equatable'
101 |
102 | 	/// Full physical resolution of the device, without any down-/up-sampling.
103 | 	public var physicalResolution: CGSize
    |             `- note: stored property type 'CGSize' does not conform to protocol 'Equatable', preventing synthesized conformance of 'Display' to 'Equatable'
104 |
105 | 	/// Rendered resolution of the device, with down-/up-sampling.
106 | 	public var renderedResolution: CGSize
    |             `- note: stored property type 'CGSize' does not conform to protocol 'Equatable', preventing synthesized conformance of 'Display' to 'Equatable'
107 |
108 | 	/// Screen scale, 1.0 for non-Retina devices.
Swift.==:1:24: note: candidate would match if 'Display' conformed to 'RawRepresentable'
1 | @inlinable public func == <T>(lhs: T, rhs: T) -> Bool where T : RawRepresentable, T.RawValue : Equatable
  |                        `- note: candidate would match if 'Display' conformed to 'RawRepresentable'
Swift.FloatingPoint.==:2:20: note: candidate would match if 'Display' conformed to 'FloatingPoint'
1 | protocol FloatingPoint {
2 | public static func == (lhs: Self, rhs: Self) -> Bool}
  |                    `- note: candidate would match if 'Display' conformed to 'FloatingPoint'
3 |
Swift.BinaryInteger.==:2:20: note: candidate would match if 'Display' conformed to 'BinaryInteger'
1 | protocol BinaryInteger {
2 | public static func == <Other>(lhs: Self, rhs: Other) -> Bool where Other : BinaryInteger}
  |                    `- note: candidate would match if 'Display' conformed to 'BinaryInteger'
3 |
Swift._Pointer.==:2:20: note: candidate would match if 'Display' conformed to '_Pointer'
1 | protocol _Pointer {
2 | public static func == (lhs: Self, rhs: Self) -> Bool}
  |                    `- note: candidate would match if 'Display' conformed to '_Pointer'
3 |
Swift._Pointer.==:2:31: note: candidate would match if 'Display' conformed to '_Pointer'
1 | protocol _Pointer {
2 | @inlinable public static func == <Other>(lhs: Self, rhs: Other) -> Bool where Other : _Pointer}
  |                               `- note: candidate would match if 'Display' conformed to '_Pointer'
3 |
Swift.Strideable.==:2:31: note: candidate would match if 'Display' conformed to 'Strideable'
1 | protocol Strideable {
2 | @inlinable public static func == (x: Self, y: Self) -> Bool}
  |                               `- note: candidate would match if 'Display' conformed to 'Strideable'
3 |
Swift.StringProtocol.==:2:31: note: candidate would match if 'Display' conformed to 'StringProtocol'
1 | protocol StringProtocol {
2 | @inlinable public static func == <RHS>(lhs: Self, rhs: RHS) -> Bool where RHS : StringProtocol}
  |                               `- note: candidate would match if 'Display' conformed to 'StringProtocol'
3 |
Swift.SIMD.==:2:20: note: candidate would match if 'Display' conformed to 'SIMD'
1 | protocol SIMD {
2 | public static func == (a: Self, b: Self) -> Bool}
  |                    `- note: candidate would match if 'Display' conformed to 'SIMD'
3 |
Foundation.AttributedStringProtocol.==:2:20: note: candidate would match if 'Display' conformed to 'AttributedStringProtocol'
1 | protocol AttributedStringProtocol {
2 | public static func == <RHS>(lhs: Self, rhs: RHS) -> Bool where RHS : AttributedStringProtocol}
  |                    `- note: candidate would match if 'Display' conformed to 'AttributedStringProtocol'
3 |
Foundation._BridgedStoredNSError.==:2:20: note: candidate would match if 'Display' conformed to '_BridgedStoredNSError'
1 | protocol _BridgedStoredNSError {
2 | public static func == (lhs: Self, rhs: Self) -> Bool}
  |                    `- note: candidate would match if 'Display' conformed to '_BridgedStoredNSError'
3 |
CoreFoundation._CFObject.==:2:20: note: candidate would match if 'Display' conformed to '_CFObject'
1 | protocol _CFObject {
2 | public static func == (left: Self, right: Self) -> Bool}
  |                    `- note: candidate would match if 'Display' conformed to '_CFObject'
3 |
Swift.Equatable.==:2:13: note: protocol requires function '==' with type '(borrowing Display, borrowing Display) -> Bool'
1 | protocol Equatable {
2 | static func == (lhs: borrowing Self, rhs: borrowing Self) -> Bool}
  |             `- note: protocol requires function '==' with type '(borrowing Display, borrowing Display) -> Bool'
3 |
Failed frontend command:
/Applications/Xcode-27.0.0-Release.Candidate.app/Contents/Developer/Toolchains/XcodeDefault.xctoolchain/usr/bin/swift-frontend -frontend -emit-module -experimental-skip-non-inlinable-function-bodies-without-types /Users/admin/builder/spi-builder-workspace/Sources/Device.swift /Users/admin/builder/spi-builder-workspace/Sources/Extensions/Device+Comparison.swift /Users/admin/builder/spi-builder-workspace/Sources/Extensions/Device+Display.swift /Users/admin/builder/spi-builder-workspace/Sources/Extensions/Device+Family.swift /Users/admin/builder/spi-builder-workspace/Sources/Extensions/Device+MarketingName.swift /Users/admin/builder/spi-builder-workspace/Sources/Extensions/Device+ModelNumbers.swift /Users/admin/builder/spi-builder-workspace/Sources/Extensions/Device+ProductLines.swift /Users/admin/builder/spi-builder-workspace/Sources/Model/Display.swift /Users/admin/builder/spi-builder-workspace/Sources/Model/Family.swift /Users/admin/builder/spi-builder-workspace/Sources/Model/Lines.swift /Users/admin/builder/spi-builder-workspace/Sources/Model/ThingyError.swift /Users/admin/builder/spi-builder-workspace/Sources/Protocols.swift /Users/admin/builder/spi-builder-workspace/Sources/RawDevice.swift -target arm64_32-apple-watchos9.0 -disable-cross-import-overlay-search -load-resolved-plugin /Applications/Xcode-27.0.0-Release.Candidate.app/Contents/Developer/Platforms/WatchOS.platform/Developer/usr/lib/swift/host/plugins/libFoundationMacros.dylib\#/Applications/Xcode-27.0.0-Release.Candidate.app/Contents/Developer/Platforms/WatchOS.platform/Developer/usr/bin/swift-plugin-server\#FoundationMacros -load-resolved-plugin /Applications/Xcode-27.0.0-Release.Candidate.app/Contents/Developer/Platforms/WatchOS.platform/Developer/usr/lib/swift/host/plugins/libObservationMacros.dylib\#/Applications/Xcode-27.0.0-Release.Candidate.app/Contents/Developer/Platforms/WatchOS.platform/Developer/usr/bin/swift-plugin-server\#ObservationMacros -load-resolved-plugin /Applications/Xcode-27.0.0-Release.Candidate.app/Contents/Developer/Platforms/WatchOS.platform/Developer/usr/lib/swift/host/plugins/libSwiftMacros.dylib\#/Applications/Xcode-27.0.0-Release.Candidate.app/Contents/Developer/Platforms/WatchOS.platform/Developer/usr/bin/swift-plugin-server\#SwiftMacros -disable-implicit-swift-modules -Xcc -fno-implicit-modules -Xcc -fno-implicit-module-maps -explicit-swift-module-map-file /Users/admin/builder/spi-builder-workspace/.derivedData/Build/Intermediates.noindex/Thingy.build/Debug-watchos/Thingy-t.build/Objects-normal/arm64_32/Thingy-dependencies-1.json -enable-objc-interop -sdk /Applications/Xcode-27.0.0-Release.Candidate.app/Contents/Developer/Platforms/WatchOS.platform/Developer/SDKs/WatchOS27.0.sdk -I /Users/admin/builder/spi-builder-workspace/.derivedData/Build/Products/Debug-watchos -Isystem /Applications/Xcode-27.0.0-Release.Candidate.app/Contents/Developer/Platforms/WatchOS.platform/Developer/usr/lib -F /Users/admin/builder/spi-builder-workspace/.derivedData/Build/Products/Debug-watchos -F /Applications/Xcode-27.0.0-Release.Candidate.app/Contents/Developer/Platforms/WatchOS.platform/Developer/Library/Frameworks -F /Applications/Xcode-27.0.0-Release.Candidate.app/Contents/Developer/Platforms/WatchOS.platform/Developer/SDKs/WatchOS27.0.sdk/Developer/Library/Frameworks -module-cache-path /Users/admin/builder/spi-builder-workspace/.derivedData/Build/Intermediates.noindex/SwiftExplicitPrecompiledModules -no-color-diagnostics -Xcc -fno-color-diagnostics -enable-testing -g -debug-info-format\=dwarf -dwarf-version\=4 -profile-generate -profile-coverage-mapping -swift-version 5 -Onone -D SWIFT_PACKAGE -D DEBUG -D SWIFT_MODULE_RESOURCE_BUNDLE_UNAVAILABLE -D Xcode -serialize-debugging-options -enable-experimental-feature DebugDescriptionMacro -empty-abi-descriptor -validate-clang-modules-once -clang-build-session-file /Users/admin/builder/spi-builder-workspace/.derivedData/ModuleCache.noindex/Session.modulevalidation -Xcc -working-directory -Xcc /Users/admin/builder/spi-builder-workspace/.swiftpm/xcode -enable-anonymous-context-mangled-names -file-compilation-dir /Users/admin/builder/spi-builder-workspace/.swiftpm/xcode -Xcc -D_LIBCPP_HARDENING_MODE\=_LIBCPP_HARDENING_MODE_DEBUG -Xcc -ivfsstatcache -Xcc /Users/admin/builder/spi-builder-workspace/.derivedData/SDKStatCaches.noindex/watchos27.0-24R360-e829b21a6f8c9b70876ba0858053c04477534ef55a1706bf4c1112bbb242f0a2.sdkstatcache -Xcc -fmodules-prune-interval\=86400 -Xcc -fmodules-prune-after\=345600 -Xcc -I/Users/admin/builder/spi-builder-workspace/.derivedData/Build/Products/Debug-watchos/include -Xcc -I/Users/admin/builder/spi-builder-workspace/.derivedData/Build/Intermediates.noindex/Thingy.build/Debug-watchos/Thingy-t.build/DerivedSources-normal/arm64_32 -Xcc -I/Users/admin/builder/spi-builder-workspace/.derivedData/Build/Intermediates.noindex/Thingy.build/Debug-watchos/Thingy-t.build/DerivedSources/arm64_32 -Xcc -I/Users/admin/builder/spi-builder-workspace/.derivedData/Build/Intermediates.noindex/Thingy.build/Debug-watchos/Thingy-t.build/DerivedSources -Xcc -DSWIFT_PACKAGE -Xcc -DDEBUG\=1 -no-auto-bridging-header-chaining -module-name Thingy -const-gather-protocols-file /Users/admin/builder/spi-builder-workspace/.derivedData/Build/Intermediates.noindex/Thingy.build/Debug-watchos/Thingy-t.build/Objects-normal/arm64_32/Thingy_const_extract_protocols.json -disable-clang-spi -clang-target arm64_32-apple-watchos27.0 -target-sdk-version 27.0 -target-sdk-name watchos27.0 -in-process-plugin-server-path /Applications/Xcode-27.0.0-Release.Candidate.app/Contents/Developer/Toolchains/XcodeDefault.xctoolchain/usr/lib/swift/host/libSwiftInProcPluginServer.dylib -emit-module-doc-path /Users/admin/builder/spi-builder-workspace/.derivedData/Build/Intermediates.noindex/Thingy.build/Debug-watchos/Thingy-t.build/Objects-normal/arm64_32/Thingy.swiftdoc -emit-module-source-info-path /Users/admin/builder/spi-builder-workspace/.derivedData/Build/Intermediates.noindex/Thingy.build/Debug-watchos/Thingy-t.build/Objects-normal/arm64_32/Thingy.swiftsourceinfo -emit-objc-header-path /Users/admin/builder/spi-builder-workspace/.derivedData/Build/Intermediates.noindex/Thingy.build/Debug-watchos/Thingy-t.build/Objects-normal/arm64_32/Thingy-Swift.h -serialize-diagnostics-path /Users/admin/builder/spi-builder-workspace/.derivedData/Build/Intermediates.noindex/Thingy.build/Debug-watchos/Thingy-t.build/Objects-normal/arm64_32/Thingy-primary-emit-module.dia -emit-dependencies-path /Users/admin/builder/spi-builder-workspace/.derivedData/Build/Intermediates.noindex/Thingy.build/Debug-watchos/Thingy-t.build/Objects-normal/arm64_32/Thingy-primary-emit-module.d -parse-as-library -o /Users/admin/builder/spi-builder-workspace/.derivedData/Build/Intermediates.noindex/Thingy.build/Debug-watchos/Thingy-t.build/Objects-normal/arm64_32/Thingy.swiftmodule -emit-abi-descriptor-path /Users/admin/builder/spi-builder-workspace/.derivedData/Build/Intermediates.noindex/Thingy.build/Debug-watchos/Thingy-t.build/Objects-normal/arm64_32/Thingy.abi.json
SwiftCompile normal arm64_32 (in target 'Thingy' from project 'Thingy')
    cd /Users/admin/builder/spi-builder-workspace/.swiftpm/xcode

SwiftCompile normal arm64_32 Compiling\ Device.swift,\ Device+Comparison.swift /Users/admin/builder/spi-builder-workspace/Sources/Device.swift /Users/admin/builder/spi-builder-workspace/Sources/Extensions/Device+Comparison.swift (in target 'Thingy' from project 'Thingy')
SwiftCompile normal arm64_32 /Users/admin/builder/spi-builder-workspace/Sources/Device.swift (in target 'Thingy' from project 'Thingy')
    cd /Users/admin/builder/spi-builder-workspace/.swiftpm/xcode
    builtin-SwiftPerFileCompile Device.swift
SwiftCompile normal arm64_32 /Users/admin/builder/spi-builder-workspace/Sources/Extensions/Device+Comparison.swift (in target 'Thingy' from project 'Thingy')
    cd /Users/admin/builder/spi-builder-workspace/.swiftpm/xcode
    builtin-SwiftPerFileCompile Device+Comparison.swift
SwiftCompile normal arm64_32 Compiling\ ThingyError.swift /Users/admin/builder/spi-builder-workspace/Sources/Model/ThingyError.swift (in target 'Thingy' from project 'Thingy')
SwiftCompile normal arm64_32 /Users/admin/builder/spi-builder-workspace/Sources/Model/ThingyError.swift (in target 'Thingy' from project 'Thingy')
    cd /Users/admin/builder/spi-builder-workspace/.swiftpm/xcode
    builtin-SwiftPerFileCompile ThingyError.swift
SwiftCompile normal arm64_32 Compiling\ RawDevice.swift /Users/admin/builder/spi-builder-workspace/Sources/RawDevice.swift (in target 'Thingy' from project 'Thingy')
SwiftCompile normal arm64_32 /Users/admin/builder/spi-builder-workspace/Sources/RawDevice.swift (in target 'Thingy' from project 'Thingy')
    cd /Users/admin/builder/spi-builder-workspace/.swiftpm/xcode
    builtin-SwiftPerFileCompile RawDevice.swift
SwiftEmitModule normal arm64 Emitting\ module\ for\ Thingy (in target 'Thingy' from project 'Thingy')
SwiftCompile normal arm64 (in target 'Thingy' from project 'Thingy')
    cd /Users/admin/builder/spi-builder-workspace/.swiftpm/xcode

PruneExplicitPrecompiledModules /Users/admin/builder/spi-builder-workspace/.derivedData/Build/Intermediates.noindex/SwiftExplicitPrecompiledModules
PruneExplicitPrecompiledModules /Users/admin/builder/spi-builder-workspace/.derivedData/SDKExplicitPrecompiledModules
PruneExplicitPrecompiledModules /Users/admin/builder/spi-builder-workspace/.derivedData/Build/Intermediates.noindex/ExplicitPrecompiledModules
2026-09-16 21:11:49.878 xcodebuild[648:4225] [MT] IDERunDestination: Supported platforms for the buildables in the current scheme is empty.
** BUILD FAILED **
The following build commands failed:
	SwiftEmitModule normal arm64_32 Emitting\ module\ for\ Thingy (in target 'Thingy' from project 'Thingy')
	SwiftCompile normal arm64_32 (in target 'Thingy' from project 'Thingy')
	Building workspace Thingy with scheme Thingy
(3 failures)
Command line invocation:
    /Applications/Xcode-27.0.0-Release.Candidate.app/Contents/Developer/usr/bin/xcodebuild -IDEClonedSourcePackagesDirPathOverride=/Users/admin/builder/spi-builder-workspace/.dependencies -resolvePackageDependencies
Resolve Package Graph
Resolved source packages:
  Thingy: /Users/admin/builder/spi-builder-workspace
resolved source packages: Thingy
2026-09-16 21:11:54.987 xcodebuild[725:4566] [MT] IDERunDestination: Supported platforms for the buildables in the current scheme is empty.
{
  "dependencies" : [
  ],
  "manifest_display_name" : "Thingy",
  "name" : "Thingy",
  "path" : "/Users/admin/builder/spi-builder-workspace",
  "platforms" : [
    {
      "name" : "ios",
      "version" : "8.0"
    },
    {
      "name" : "tvos",
      "version" : "9.0"
    },
    {
      "name" : "watchos",
      "version" : "2.0"
    }
  ],
  "products" : [
    {
      "name" : "Thingy",
      "targets" : [
        "Thingy"
      ],
      "type" : {
        "library" : [
          "automatic"
        ]
      }
    }
  ],
  "targets" : [
    {
      "c99name" : "ThingyTests",
      "module_type" : "SwiftTarget",
      "name" : "ThingyTests",
      "path" : "Tests",
      "sources" : [
        "ComparisonTests.swift",
        "DeviceTests.swift",
        "RawDeviceTests.swift",
        "XCTest+Throwable.swift"
      ],
      "target_dependencies" : [
        "Thingy"
      ],
      "type" : "test"
    },
    {
      "c99name" : "Thingy",
      "module_type" : "SwiftTarget",
      "name" : "Thingy",
      "path" : "Sources",
      "product_memberships" : [
        "Thingy"
      ],
      "sources" : [
        "Device.swift",
        "Extensions/Device+Comparison.swift",
        "Extensions/Device+Display.swift",
        "Extensions/Device+Family.swift",
        "Extensions/Device+MarketingName.swift",
        "Extensions/Device+ModelNumbers.swift",
        "Extensions/Device+ProductLines.swift",
        "Model/Display.swift",
        "Model/Family.swift",
        "Model/Lines.swift",
        "Model/ThingyError.swift",
        "Protocols.swift",
        "RawDevice.swift"
      ],
      "type" : "library"
    }
  ],
  "tools_version" : "5.0"
}
{
  "workspace" : {
    "name" : "Thingy",
    "schemes" : [
      "Thingy"
    ]
  }
}
2026-09-16 21:11:56.315 xcodebuild[733:4640] [MT] IDERunDestination: Supported platforms for the buildables in the current scheme is empty.
Running build ...
env DEVELOPER_DIR=/Applications/Xcode-27.0.0-Release.Candidate.app xcrun xcodebuild -IDEClonedSourcePackagesDirPathOverride=$PWD/.dependencies -skipMacroValidation -skipPackagePluginValidation -derivedDataPath $PWD/.derivedData build -scheme Thingy -destination generic/platform=watchOS
Command line invocation:
    /Applications/Xcode-27.0.0-Release.Candidate.app/Contents/Developer/usr/bin/xcodebuild -IDEClonedSourcePackagesDirPathOverride=/Users/admin/builder/spi-builder-workspace/.dependencies -skipMacroValidation -skipPackagePluginValidation -derivedDataPath /Users/admin/builder/spi-builder-workspace/.derivedData build -scheme Thingy -destination generic/platform=watchOS
Resolve Package Graph
Resolved source packages:
  Thingy: /Users/admin/builder/spi-builder-workspace
ComputePackagePrebuildTargetDependencyGraph
Prepare packages
CreateBuildRequest
SendProjectDescription
CreateBuildOperation
ComputeTargetDependencyGraph
note: Building targets in dependency order
note: Target dependency graph (2 targets)
    Target 'Thingy-product' in project 'Thingy'
        ➜ Explicit dependency on target 'Thingy' in project 'Thingy'
    Target 'Thingy' in project 'Thingy' (no dependencies)
GatherProvisioningInputs
CreateBuildDescription
ClangStatCache /Applications/Xcode-27.0.0-Release.Candidate.app/Contents/Developer/Toolchains/XcodeDefault.xctoolchain/usr/bin/clang-stat-cache /Applications/Xcode-27.0.0-Release.Candidate.app/Contents/Developer/Platforms/WatchOS.platform/Developer/SDKs/WatchOS27.0.sdk /Users/admin/builder/spi-builder-workspace/.derivedData/SDKStatCaches.noindex/watchos27.0-24R360-e829b21a6f8c9b70876ba0858053c04477534ef55a1706bf4c1112bbb242f0a2.sdkstatcache
    cd /Users/admin/builder/spi-builder-workspace/.swiftpm/xcode
    /Applications/Xcode-27.0.0-Release.Candidate.app/Contents/Developer/Toolchains/XcodeDefault.xctoolchain/usr/bin/clang-stat-cache /Applications/Xcode-27.0.0-Release.Candidate.app/Contents/Developer/Platforms/WatchOS.platform/Developer/SDKs/WatchOS27.0.sdk -o /Users/admin/builder/spi-builder-workspace/.derivedData/SDKStatCaches.noindex/watchos27.0-24R360-e829b21a6f8c9b70876ba0858053c04477534ef55a1706bf4c1112bbb242f0a2.sdkstatcache
SwiftDriver Thingy normal arm64_32 com.apple.xcode.tools.swift.compiler (in target 'Thingy' from project 'Thingy')
    cd /Users/admin/builder/spi-builder-workspace/.swiftpm/xcode
    builtin-SwiftDriver -- /Applications/Xcode-27.0.0-Release.Candidate.app/Contents/Developer/Toolchains/XcodeDefault.xctoolchain/usr/bin/swiftc -parse-as-library -module-name Thingy -Onone @/Users/admin/builder/spi-builder-workspace/.derivedData/Build/Intermediates.noindex/Thingy.build/Debug-watchos/Thingy-t.build/Objects-normal/arm64_32/Thingy.SwiftFileList -DSWIFT_PACKAGE -DDEBUG -DSWIFT_MODULE_RESOURCE_BUNDLE_UNAVAILABLE -DXcode -plugin-path /Applications/Xcode-27.0.0-Release.Candidate.app/Contents/Developer/Toolchains/XcodeDefault.xctoolchain/usr/lib/swift/host/plugins/testing -enable-experimental-feature DebugDescriptionMacro -sdk /Applications/Xcode-27.0.0-Release.Candidate.app/Contents/Developer/Platforms/WatchOS.platform/Developer/SDKs/WatchOS27.0.sdk -target arm64_32-apple-watchos9.0 -g -module-cache-path /Users/admin/builder/spi-builder-workspace/.derivedData/ModuleCache.noindex -Xfrontend -serialize-debugging-options -profile-coverage-mapping -profile-generate -enable-testing -index-store-path /Users/admin/builder/spi-builder-workspace/.derivedData/Index.noindex/DataStore -Xcc -D_LIBCPP_HARDENING_MODE\=_LIBCPP_HARDENING_MODE_DEBUG -swift-version 5 -I /Users/admin/builder/spi-builder-workspace/.derivedData/Build/Products/Debug-watchos -Isystem /Applications/Xcode-27.0.0-Release.Candidate.app/Contents/Developer/Platforms/WatchOS.platform/Developer/usr/lib -F /Users/admin/builder/spi-builder-workspace/.derivedData/Build/Products/Debug-watchos -F /Applications/Xcode-27.0.0-Release.Candidate.app/Contents/Developer/Platforms/WatchOS.platform/Developer/Library/Frameworks -F /Applications/Xcode-27.0.0-Release.Candidate.app/Contents/Developer/Platforms/WatchOS.platform/Developer/SDKs/WatchOS27.0.sdk/Developer/Library/Frameworks -c -j10 -enable-batch-mode -incremental -Xcc -ivfsstatcache -Xcc /Users/admin/builder/spi-builder-workspace/.derivedData/SDKStatCaches.noindex/watchos27.0-24R360-e829b21a6f8c9b70876ba0858053c04477534ef55a1706bf4c1112bbb242f0a2.sdkstatcache -output-file-map /Users/admin/builder/spi-builder-workspace/.derivedData/Build/Intermediates.noindex/Thingy.build/Debug-watchos/Thingy-t.build/Objects-normal/arm64_32/Thingy-OutputFileMap.json -save-temps -no-color-diagnostics -explicit-module-build -module-cache-path /Users/admin/builder/spi-builder-workspace/.derivedData/Build/Intermediates.noindex/SwiftExplicitPrecompiledModules -clang-scanner-module-cache-path /Users/admin/builder/spi-builder-workspace/.derivedData/ModuleCache.noindex -sdk-module-cache-path /Users/admin/builder/spi-builder-workspace/.derivedData/SDKExplicitPrecompiledModules -emit-dependencies -emit-module -emit-module-path /Users/admin/builder/spi-builder-workspace/.derivedData/Build/Intermediates.noindex/Thingy.build/Debug-watchos/Thingy-t.build/Objects-normal/arm64_32/Thingy.swiftmodule -serialize-diagnostics -dependency-scan-serialize-diagnostics-path /Users/admin/builder/spi-builder-workspace/.derivedData/Build/Intermediates.noindex/Thingy.build/Debug-watchos/Thingy-t.build/Objects-normal/arm64_32/Thingy-dependency-scan.dia -validate-clang-modules-once -clang-build-session-file /Users/admin/builder/spi-builder-workspace/.derivedData/ModuleCache.noindex/Session.modulevalidation -Xcc -fmodules-prune-interval\=86400 -Xcc -fmodules-prune-after\=345600 -emit-const-values -const-gather-protocols-list /Users/admin/builder/spi-builder-workspace/.derivedData/Build/Intermediates.noindex/Thingy.build/Debug-watchos/Thingy-t.build/Objects-normal/arm64_32/Thingy_const_extract_protocols.json -Xcc -I/Users/admin/builder/spi-builder-workspace/.derivedData/Build/Products/Debug-watchos/include -Xcc -I/Users/admin/builder/spi-builder-workspace/.derivedData/Build/Intermediates.noindex/Thingy.build/Debug-watchos/Thingy-t.build/DerivedSources-normal/arm64_32 -Xcc -I/Users/admin/builder/spi-builder-workspace/.derivedData/Build/Intermediates.noindex/Thingy.build/Debug-watchos/Thingy-t.build/DerivedSources/arm64_32 -Xcc -I/Users/admin/builder/spi-builder-workspace/.derivedData/Build/Intermediates.noindex/Thingy.build/Debug-watchos/Thingy-t.build/DerivedSources -Xcc -DSWIFT_PACKAGE -Xcc -DDEBUG\=1 -emit-objc-header -emit-objc-header-path /Users/admin/builder/spi-builder-workspace/.derivedData/Build/Intermediates.noindex/Thingy.build/Debug-watchos/Thingy-t.build/Objects-normal/arm64_32/Thingy-Swift.h -working-directory /Users/admin/builder/spi-builder-workspace/.swiftpm/xcode -experimental-emit-module-separately -disable-cmo
SwiftDriver Thingy normal arm64 com.apple.xcode.tools.swift.compiler (in target 'Thingy' from project 'Thingy')
    cd /Users/admin/builder/spi-builder-workspace/.swiftpm/xcode
    builtin-SwiftDriver -- /Applications/Xcode-27.0.0-Release.Candidate.app/Contents/Developer/Toolchains/XcodeDefault.xctoolchain/usr/bin/swiftc -parse-as-library -module-name Thingy -Onone @/Users/admin/builder/spi-builder-workspace/.derivedData/Build/Intermediates.noindex/Thingy.build/Debug-watchos/Thingy-t.build/Objects-normal/arm64/Thingy.SwiftFileList -DSWIFT_PACKAGE -DDEBUG -DSWIFT_MODULE_RESOURCE_BUNDLE_UNAVAILABLE -DXcode -plugin-path /Applications/Xcode-27.0.0-Release.Candidate.app/Contents/Developer/Toolchains/XcodeDefault.xctoolchain/usr/lib/swift/host/plugins/testing -enable-experimental-feature DebugDescriptionMacro -sdk /Applications/Xcode-27.0.0-Release.Candidate.app/Contents/Developer/Platforms/WatchOS.platform/Developer/SDKs/WatchOS27.0.sdk -target arm64-apple-watchos9.0 -g -module-cache-path /Users/admin/builder/spi-builder-workspace/.derivedData/ModuleCache.noindex -Xfrontend -serialize-debugging-options -profile-coverage-mapping -profile-generate -enable-testing -index-store-path /Users/admin/builder/spi-builder-workspace/.derivedData/Index.noindex/DataStore -Xcc -D_LIBCPP_HARDENING_MODE\=_LIBCPP_HARDENING_MODE_DEBUG -swift-version 5 -I /Users/admin/builder/spi-builder-workspace/.derivedData/Build/Products/Debug-watchos -Isystem /Applications/Xcode-27.0.0-Release.Candidate.app/Contents/Developer/Platforms/WatchOS.platform/Developer/usr/lib -F /Users/admin/builder/spi-builder-workspace/.derivedData/Build/Products/Debug-watchos -F /Applications/Xcode-27.0.0-Release.Candidate.app/Contents/Developer/Platforms/WatchOS.platform/Developer/Library/Frameworks -F /Applications/Xcode-27.0.0-Release.Candidate.app/Contents/Developer/Platforms/WatchOS.platform/Developer/SDKs/WatchOS27.0.sdk/Developer/Library/Frameworks -c -j10 -enable-batch-mode -incremental -Xcc -ivfsstatcache -Xcc /Users/admin/builder/spi-builder-workspace/.derivedData/SDKStatCaches.noindex/watchos27.0-24R360-e829b21a6f8c9b70876ba0858053c04477534ef55a1706bf4c1112bbb242f0a2.sdkstatcache -output-file-map /Users/admin/builder/spi-builder-workspace/.derivedData/Build/Intermediates.noindex/Thingy.build/Debug-watchos/Thingy-t.build/Objects-normal/arm64/Thingy-OutputFileMap.json -save-temps -no-color-diagnostics -explicit-module-build -module-cache-path /Users/admin/builder/spi-builder-workspace/.derivedData/Build/Intermediates.noindex/SwiftExplicitPrecompiledModules -clang-scanner-module-cache-path /Users/admin/builder/spi-builder-workspace/.derivedData/ModuleCache.noindex -sdk-module-cache-path /Users/admin/builder/spi-builder-workspace/.derivedData/SDKExplicitPrecompiledModules -emit-dependencies -emit-module -emit-module-path /Users/admin/builder/spi-builder-workspace/.derivedData/Build/Intermediates.noindex/Thingy.build/Debug-watchos/Thingy-t.build/Objects-normal/arm64/Thingy.swiftmodule -serialize-diagnostics -dependency-scan-serialize-diagnostics-path /Users/admin/builder/spi-builder-workspace/.derivedData/Build/Intermediates.noindex/Thingy.build/Debug-watchos/Thingy-t.build/Objects-normal/arm64/Thingy-dependency-scan.dia -validate-clang-modules-once -clang-build-session-file /Users/admin/builder/spi-builder-workspace/.derivedData/ModuleCache.noindex/Session.modulevalidation -Xcc -fmodules-prune-interval\=86400 -Xcc -fmodules-prune-after\=345600 -emit-const-values -const-gather-protocols-list /Users/admin/builder/spi-builder-workspace/.derivedData/Build/Intermediates.noindex/Thingy.build/Debug-watchos/Thingy-t.build/Objects-normal/arm64/Thingy_const_extract_protocols.json -Xcc -I/Users/admin/builder/spi-builder-workspace/.derivedData/Build/Products/Debug-watchos/include -Xcc -I/Users/admin/builder/spi-builder-workspace/.derivedData/Build/Intermediates.noindex/Thingy.build/Debug-watchos/Thingy-t.build/DerivedSources-normal/arm64 -Xcc -I/Users/admin/builder/spi-builder-workspace/.derivedData/Build/Intermediates.noindex/Thingy.build/Debug-watchos/Thingy-t.build/DerivedSources/arm64 -Xcc -I/Users/admin/builder/spi-builder-workspace/.derivedData/Build/Intermediates.noindex/Thingy.build/Debug-watchos/Thingy-t.build/DerivedSources -Xcc -DSWIFT_PACKAGE -Xcc -DDEBUG\=1 -emit-objc-header -emit-objc-header-path /Users/admin/builder/spi-builder-workspace/.derivedData/Build/Intermediates.noindex/Thingy.build/Debug-watchos/Thingy-t.build/Objects-normal/arm64/Thingy-Swift.h -working-directory /Users/admin/builder/spi-builder-workspace/.swiftpm/xcode -experimental-emit-module-separately -disable-cmo
SwiftCompile normal arm64 Compiling\ Device+MarketingName.swift,\ Device+ModelNumbers.swift /Users/admin/builder/spi-builder-workspace/Sources/Extensions/Device+MarketingName.swift /Users/admin/builder/spi-builder-workspace/Sources/Extensions/Device+ModelNumbers.swift (in target 'Thingy' from project 'Thingy')
SwiftCompile normal arm64 /Users/admin/builder/spi-builder-workspace/Sources/Extensions/Device+MarketingName.swift (in target 'Thingy' from project 'Thingy')
    cd /Users/admin/builder/spi-builder-workspace/.swiftpm/xcode
    builtin-SwiftPerFileCompile Device+MarketingName.swift
SwiftCompile normal arm64 /Users/admin/builder/spi-builder-workspace/Sources/Extensions/Device+ModelNumbers.swift (in target 'Thingy' from project 'Thingy')
    cd /Users/admin/builder/spi-builder-workspace/.swiftpm/xcode
    builtin-SwiftPerFileCompile Device+ModelNumbers.swift
SwiftCompile normal arm64 Compiling\ Device+ProductLines.swift /Users/admin/builder/spi-builder-workspace/Sources/Extensions/Device+ProductLines.swift (in target 'Thingy' from project 'Thingy')
SwiftCompile normal arm64 /Users/admin/builder/spi-builder-workspace/Sources/Extensions/Device+ProductLines.swift (in target 'Thingy' from project 'Thingy')
    cd /Users/admin/builder/spi-builder-workspace/.swiftpm/xcode
    builtin-SwiftPerFileCompile Device+ProductLines.swift
SwiftCompile normal arm64 Compiling\ Device.swift,\ Device+Comparison.swift /Users/admin/builder/spi-builder-workspace/Sources/Device.swift /Users/admin/builder/spi-builder-workspace/Sources/Extensions/Device+Comparison.swift (in target 'Thingy' from project 'Thingy')
SwiftCompile normal arm64 /Users/admin/builder/spi-builder-workspace/Sources/Device.swift (in target 'Thingy' from project 'Thingy')
    cd /Users/admin/builder/spi-builder-workspace/.swiftpm/xcode
    builtin-SwiftPerFileCompile Device.swift
SwiftCompile normal arm64 /Users/admin/builder/spi-builder-workspace/Sources/Extensions/Device+Comparison.swift (in target 'Thingy' from project 'Thingy')
    cd /Users/admin/builder/spi-builder-workspace/.swiftpm/xcode
    builtin-SwiftPerFileCompile Device+Comparison.swift
SwiftCompile normal arm64 Compiling\ Device+Display.swift,\ Device+Family.swift /Users/admin/builder/spi-builder-workspace/Sources/Extensions/Device+Display.swift /Users/admin/builder/spi-builder-workspace/Sources/Extensions/Device+Family.swift (in target 'Thingy' from project 'Thingy')
/Users/admin/builder/spi-builder-workspace/Sources/Extensions/Device+Display.swift:132:60: error: type 'CGSize' has no member 'zero'
130 |
131 | 		default:
132 | 			return Display(size: .notApplicable, resolution: CGSize.zero, physicalResolution: CGSize.zero, renderedResolution: CGSize.zero, scale: 0, density: 0, hasTrueTone: false, colorSpace: .sRGB)
    |                                                            `- error: type 'CGSize' has no member 'zero'
133 |
134 | 		}
/Users/admin/builder/spi-builder-workspace/Sources/Extensions/Device+Display.swift:132:93: error: type 'CGSize' has no member 'zero'
130 |
131 | 		default:
132 | 			return Display(size: .notApplicable, resolution: CGSize.zero, physicalResolution: CGSize.zero, renderedResolution: CGSize.zero, scale: 0, density: 0, hasTrueTone: false, colorSpace: .sRGB)
    |                                                                                             `- error: type 'CGSize' has no member 'zero'
133 |
134 | 		}
SwiftCompile normal arm64 /Users/admin/builder/spi-builder-workspace/Sources/Extensions/Device+Display.swift (in target 'Thingy' from project 'Thingy')
    cd /Users/admin/builder/spi-builder-workspace/.swiftpm/xcode
    builtin-SwiftPerFileCompile Device+Display.swift
SwiftCompile normal arm64 /Users/admin/builder/spi-builder-workspace/Sources/Extensions/Device+Family.swift (in target 'Thingy' from project 'Thingy')
    cd /Users/admin/builder/spi-builder-workspace/.swiftpm/xcode
    builtin-SwiftPerFileCompile Device+Family.swift
SwiftCompile normal arm64 Compiling\ Display.swift /Users/admin/builder/spi-builder-workspace/Sources/Model/Display.swift (in target 'Thingy' from project 'Thingy')
SwiftCompile normal arm64 /Users/admin/builder/spi-builder-workspace/Sources/Model/Display.swift (in target 'Thingy' from project 'Thingy')
    cd /Users/admin/builder/spi-builder-workspace/.swiftpm/xcode
    builtin-SwiftPerFileCompile Display.swift
SwiftCompile normal arm64 Compiling\ Lines.swift /Users/admin/builder/spi-builder-workspace/Sources/Model/Lines.swift (in target 'Thingy' from project 'Thingy')
SwiftCompile normal arm64 /Users/admin/builder/spi-builder-workspace/Sources/Model/Lines.swift (in target 'Thingy' from project 'Thingy')
    cd /Users/admin/builder/spi-builder-workspace/.swiftpm/xcode
    builtin-SwiftPerFileCompile Lines.swift
SwiftCompile normal arm64 Compiling\ ThingyError.swift /Users/admin/builder/spi-builder-workspace/Sources/Model/ThingyError.swift (in target 'Thingy' from project 'Thingy')
SwiftCompile normal arm64 /Users/admin/builder/spi-builder-workspace/Sources/Model/ThingyError.swift (in target 'Thingy' from project 'Thingy')
    cd /Users/admin/builder/spi-builder-workspace/.swiftpm/xcode
    builtin-SwiftPerFileCompile ThingyError.swift
SwiftEmitModule normal arm64 Emitting\ module\ for\ Thingy (in target 'Thingy' from project 'Thingy')
/Users/admin/builder/spi-builder-workspace/Sources/Model/Display.swift:27:15: error: type 'Display' does not conform to protocol 'Equatable'
 25 |
 26 | /// A struct that provides an extended info on the display.
 27 | public struct Display: Equatable {
    |               |- error: type 'Display' does not conform to protocol 'Equatable'
    |               `- note: add stubs for conformance
 28 |
 29 | 	/// An enum that describes the display size.
    :
 98 |
 99 | 	/// Resolution of the device.
100 | 	public var resolution: CGSize
    |             `- note: stored property type 'CGSize' does not conform to protocol 'Equatable', preventing synthesized conformance of 'Display' to 'Equatable'
101 |
102 | 	/// Full physical resolution of the device, without any down-/up-sampling.
103 | 	public var physicalResolution: CGSize
    |             `- note: stored property type 'CGSize' does not conform to protocol 'Equatable', preventing synthesized conformance of 'Display' to 'Equatable'
104 |
105 | 	/// Rendered resolution of the device, with down-/up-sampling.
106 | 	public var renderedResolution: CGSize
    |             `- note: stored property type 'CGSize' does not conform to protocol 'Equatable', preventing synthesized conformance of 'Display' to 'Equatable'
107 |
108 | 	/// Screen scale, 1.0 for non-Retina devices.
Swift.==:1:24: note: candidate would match if 'Display' conformed to 'RawRepresentable'
1 | @inlinable public func == <T>(lhs: T, rhs: T) -> Bool where T : RawRepresentable, T.RawValue : Equatable
  |                        `- note: candidate would match if 'Display' conformed to 'RawRepresentable'
Swift.FloatingPoint.==:2:20: note: candidate would match if 'Display' conformed to 'FloatingPoint'
1 | protocol FloatingPoint {
2 | public static func == (lhs: Self, rhs: Self) -> Bool}
  |                    `- note: candidate would match if 'Display' conformed to 'FloatingPoint'
3 |
Swift.BinaryInteger.==:2:20: note: candidate would match if 'Display' conformed to 'BinaryInteger'
1 | protocol BinaryInteger {
2 | public static func == <Other>(lhs: Self, rhs: Other) -> Bool where Other : BinaryInteger}
  |                    `- note: candidate would match if 'Display' conformed to 'BinaryInteger'
3 |
Swift._Pointer.==:2:20: note: candidate would match if 'Display' conformed to '_Pointer'
1 | protocol _Pointer {
2 | public static func == (lhs: Self, rhs: Self) -> Bool}
  |                    `- note: candidate would match if 'Display' conformed to '_Pointer'
3 |
Swift._Pointer.==:2:31: note: candidate would match if 'Display' conformed to '_Pointer'
1 | protocol _Pointer {
2 | @inlinable public static func == <Other>(lhs: Self, rhs: Other) -> Bool where Other : _Pointer}
  |                               `- note: candidate would match if 'Display' conformed to '_Pointer'
3 |
Swift.Strideable.==:2:31: note: candidate would match if 'Display' conformed to 'Strideable'
1 | protocol Strideable {
2 | @inlinable public static func == (x: Self, y: Self) -> Bool}
  |                               `- note: candidate would match if 'Display' conformed to 'Strideable'
3 |
Swift.StringProtocol.==:2:31: note: candidate would match if 'Display' conformed to 'StringProtocol'
1 | protocol StringProtocol {
2 | @inlinable public static func == <RHS>(lhs: Self, rhs: RHS) -> Bool where RHS : StringProtocol}
  |                               `- note: candidate would match if 'Display' conformed to 'StringProtocol'
3 |
Swift.SIMD.==:2:20: note: candidate would match if 'Display' conformed to 'SIMD'
1 | protocol SIMD {
2 | public static func == (a: Self, b: Self) -> Bool}
  |                    `- note: candidate would match if 'Display' conformed to 'SIMD'
3 |
Foundation.AttributedStringProtocol.==:2:20: note: candidate would match if 'Display' conformed to 'AttributedStringProtocol'
1 | protocol AttributedStringProtocol {
2 | public static func == <RHS>(lhs: Self, rhs: RHS) -> Bool where RHS : AttributedStringProtocol}
  |                    `- note: candidate would match if 'Display' conformed to 'AttributedStringProtocol'
3 |
Foundation._BridgedStoredNSError.==:2:20: note: candidate would match if 'Display' conformed to '_BridgedStoredNSError'
1 | protocol _BridgedStoredNSError {
2 | public static func == (lhs: Self, rhs: Self) -> Bool}
  |                    `- note: candidate would match if 'Display' conformed to '_BridgedStoredNSError'
3 |
CoreFoundation._CFObject.==:2:20: note: candidate would match if 'Display' conformed to '_CFObject'
1 | protocol _CFObject {
2 | public static func == (left: Self, right: Self) -> Bool}
  |                    `- note: candidate would match if 'Display' conformed to '_CFObject'
3 |
Swift.Equatable.==:2:13: note: protocol requires function '==' with type '(borrowing Display, borrowing Display) -> Bool'
1 | protocol Equatable {
2 | static func == (lhs: borrowing Self, rhs: borrowing Self) -> Bool}
  |             `- note: protocol requires function '==' with type '(borrowing Display, borrowing Display) -> Bool'
3 |
Failed frontend command:
/Applications/Xcode-27.0.0-Release.Candidate.app/Contents/Developer/Toolchains/XcodeDefault.xctoolchain/usr/bin/swift-frontend -frontend -emit-module -experimental-skip-non-inlinable-function-bodies-without-types /Users/admin/builder/spi-builder-workspace/Sources/Device.swift /Users/admin/builder/spi-builder-workspace/Sources/Extensions/Device+Comparison.swift /Users/admin/builder/spi-builder-workspace/Sources/Extensions/Device+Display.swift /Users/admin/builder/spi-builder-workspace/Sources/Extensions/Device+Family.swift /Users/admin/builder/spi-builder-workspace/Sources/Extensions/Device+MarketingName.swift /Users/admin/builder/spi-builder-workspace/Sources/Extensions/Device+ModelNumbers.swift /Users/admin/builder/spi-builder-workspace/Sources/Extensions/Device+ProductLines.swift /Users/admin/builder/spi-builder-workspace/Sources/Model/Display.swift /Users/admin/builder/spi-builder-workspace/Sources/Model/Family.swift /Users/admin/builder/spi-builder-workspace/Sources/Model/Lines.swift /Users/admin/builder/spi-builder-workspace/Sources/Model/ThingyError.swift /Users/admin/builder/spi-builder-workspace/Sources/Protocols.swift /Users/admin/builder/spi-builder-workspace/Sources/RawDevice.swift -target arm64-apple-watchos9.0 -disable-cross-import-overlay-search -load-resolved-plugin /Applications/Xcode-27.0.0-Release.Candidate.app/Contents/Developer/Platforms/WatchOS.platform/Developer/usr/lib/swift/host/plugins/libFoundationMacros.dylib\#/Applications/Xcode-27.0.0-Release.Candidate.app/Contents/Developer/Platforms/WatchOS.platform/Developer/usr/bin/swift-plugin-server\#FoundationMacros -load-resolved-plugin /Applications/Xcode-27.0.0-Release.Candidate.app/Contents/Developer/Platforms/WatchOS.platform/Developer/usr/lib/swift/host/plugins/libObservationMacros.dylib\#/Applications/Xcode-27.0.0-Release.Candidate.app/Contents/Developer/Platforms/WatchOS.platform/Developer/usr/bin/swift-plugin-server\#ObservationMacros -load-resolved-plugin /Applications/Xcode-27.0.0-Release.Candidate.app/Contents/Developer/Platforms/WatchOS.platform/Developer/usr/lib/swift/host/plugins/libSwiftMacros.dylib\#/Applications/Xcode-27.0.0-Release.Candidate.app/Contents/Developer/Platforms/WatchOS.platform/Developer/usr/bin/swift-plugin-server\#SwiftMacros -disable-implicit-swift-modules -Xcc -fno-implicit-modules -Xcc -fno-implicit-module-maps -explicit-swift-module-map-file /Users/admin/builder/spi-builder-workspace/.derivedData/Build/Intermediates.noindex/Thingy.build/Debug-watchos/Thingy-t.build/Objects-normal/arm64/Thingy-dependencies-1.json -Xllvm -aarch64-use-tbi -enable-objc-interop -stack-check -sdk /Applications/Xcode-27.0.0-Release.Candidate.app/Contents/Developer/Platforms/WatchOS.platform/Developer/SDKs/WatchOS27.0.sdk -I /Users/admin/builder/spi-builder-workspace/.derivedData/Build/Products/Debug-watchos -Isystem /Applications/Xcode-27.0.0-Release.Candidate.app/Contents/Developer/Platforms/WatchOS.platform/Developer/usr/lib -F /Users/admin/builder/spi-builder-workspace/.derivedData/Build/Products/Debug-watchos -F /Applications/Xcode-27.0.0-Release.Candidate.app/Contents/Developer/Platforms/WatchOS.platform/Developer/Library/Frameworks -F /Applications/Xcode-27.0.0-Release.Candidate.app/Contents/Developer/Platforms/WatchOS.platform/Developer/SDKs/WatchOS27.0.sdk/Developer/Library/Frameworks -module-cache-path /Users/admin/builder/spi-builder-workspace/.derivedData/Build/Intermediates.noindex/SwiftExplicitPrecompiledModules -no-color-diagnostics -Xcc -fno-color-diagnostics -enable-testing -g -debug-info-format\=dwarf -dwarf-version\=4 -profile-generate -profile-coverage-mapping -swift-version 5 -Onone -D SWIFT_PACKAGE -D DEBUG -D SWIFT_MODULE_RESOURCE_BUNDLE_UNAVAILABLE -D Xcode -serialize-debugging-options -enable-experimental-feature DebugDescriptionMacro -empty-abi-descriptor -validate-clang-modules-once -clang-build-session-file /Users/admin/builder/spi-builder-workspace/.derivedData/ModuleCache.noindex/Session.modulevalidation -Xcc -working-directory -Xcc /Users/admin/builder/spi-builder-workspace/.swiftpm/xcode -enable-anonymous-context-mangled-names -file-compilation-dir /Users/admin/builder/spi-builder-workspace/.swiftpm/xcode -Xcc -D_LIBCPP_HARDENING_MODE\=_LIBCPP_HARDENING_MODE_DEBUG -Xcc -ivfsstatcache -Xcc /Users/admin/builder/spi-builder-workspace/.derivedData/SDKStatCaches.noindex/watchos27.0-24R360-e829b21a6f8c9b70876ba0858053c04477534ef55a1706bf4c1112bbb242f0a2.sdkstatcache -Xcc -fmodules-prune-interval\=86400 -Xcc -fmodules-prune-after\=345600 -Xcc -I/Users/admin/builder/spi-builder-workspace/.derivedData/Build/Products/Debug-watchos/include -Xcc -I/Users/admin/builder/spi-builder-workspace/.derivedData/Build/Intermediates.noindex/Thingy.build/Debug-watchos/Thingy-t.build/DerivedSources-normal/arm64 -Xcc -I/Users/admin/builder/spi-builder-workspace/.derivedData/Build/Intermediates.noindex/Thingy.build/Debug-watchos/Thingy-t.build/DerivedSources/arm64 -Xcc -I/Users/admin/builder/spi-builder-workspace/.derivedData/Build/Intermediates.noindex/Thingy.build/Debug-watchos/Thingy-t.build/DerivedSources -Xcc -DSWIFT_PACKAGE -Xcc -DDEBUG\=1 -no-auto-bridging-header-chaining -module-name Thingy -const-gather-protocols-file /Users/admin/builder/spi-builder-workspace/.derivedData/Build/Intermediates.noindex/Thingy.build/Debug-watchos/Thingy-t.build/Objects-normal/arm64/Thingy_const_extract_protocols.json -disable-clang-spi -clang-target arm64-apple-watchos27.0 -target-sdk-version 27.0 -target-sdk-name watchos27.0 -in-process-plugin-server-path /Applications/Xcode-27.0.0-Release.Candidate.app/Contents/Developer/Toolchains/XcodeDefault.xctoolchain/usr/lib/swift/host/libSwiftInProcPluginServer.dylib -emit-module-doc-path /Users/admin/builder/spi-builder-workspace/.derivedData/Build/Intermediates.noindex/Thingy.build/Debug-watchos/Thingy-t.build/Objects-normal/arm64/Thingy.swiftdoc -emit-module-source-info-path /Users/admin/builder/spi-builder-workspace/.derivedData/Build/Intermediates.noindex/Thingy.build/Debug-watchos/Thingy-t.build/Objects-normal/arm64/Thingy.swiftsourceinfo -emit-objc-header-path /Users/admin/builder/spi-builder-workspace/.derivedData/Build/Intermediates.noindex/Thingy.build/Debug-watchos/Thingy-t.build/Objects-normal/arm64/Thingy-Swift.h -serialize-diagnostics-path /Users/admin/builder/spi-builder-workspace/.derivedData/Build/Intermediates.noindex/Thingy.build/Debug-watchos/Thingy-t.build/Objects-normal/arm64/Thingy-primary-emit-module.dia -emit-dependencies-path /Users/admin/builder/spi-builder-workspace/.derivedData/Build/Intermediates.noindex/Thingy.build/Debug-watchos/Thingy-t.build/Objects-normal/arm64/Thingy-primary-emit-module.d -parse-as-library -o /Users/admin/builder/spi-builder-workspace/.derivedData/Build/Intermediates.noindex/Thingy.build/Debug-watchos/Thingy-t.build/Objects-normal/arm64/Thingy.swiftmodule -emit-abi-descriptor-path /Users/admin/builder/spi-builder-workspace/.derivedData/Build/Intermediates.noindex/Thingy.build/Debug-watchos/Thingy-t.build/Objects-normal/arm64/Thingy.abi.json
SwiftCompile normal arm64 (in target 'Thingy' from project 'Thingy')
    cd /Users/admin/builder/spi-builder-workspace/.swiftpm/xcode

SwiftCompile normal arm64 Compiling\ Family.swift /Users/admin/builder/spi-builder-workspace/Sources/Model/Family.swift (in target 'Thingy' from project 'Thingy')
SwiftCompile normal arm64 /Users/admin/builder/spi-builder-workspace/Sources/Model/Family.swift (in target 'Thingy' from project 'Thingy')
    cd /Users/admin/builder/spi-builder-workspace/.swiftpm/xcode
    builtin-SwiftPerFileCompile Family.swift
SwiftCompile normal arm64 Compiling\ Protocols.swift /Users/admin/builder/spi-builder-workspace/Sources/Protocols.swift (in target 'Thingy' from project 'Thingy')
SwiftCompile normal arm64 /Users/admin/builder/spi-builder-workspace/Sources/Protocols.swift (in target 'Thingy' from project 'Thingy')
    cd /Users/admin/builder/spi-builder-workspace/.swiftpm/xcode
    builtin-SwiftPerFileCompile Protocols.swift
SwiftEmitModule normal arm64_32 Emitting\ module\ for\ Thingy (in target 'Thingy' from project 'Thingy')
SwiftCompile normal arm64_32 (in target 'Thingy' from project 'Thingy')
    cd /Users/admin/builder/spi-builder-workspace/.swiftpm/xcode

PruneExplicitPrecompiledModules /Users/admin/builder/spi-builder-workspace/.derivedData/Build/Intermediates.noindex/ExplicitPrecompiledModules
PruneExplicitPrecompiledModules /Users/admin/builder/spi-builder-workspace/.derivedData/Build/Intermediates.noindex/SwiftExplicitPrecompiledModules
PruneExplicitPrecompiledModules /Users/admin/builder/spi-builder-workspace/.derivedData/SDKExplicitPrecompiledModules
2026-09-16 21:11:57.320 xcodebuild[734:4667] [MT] IDERunDestination: Supported platforms for the buildables in the current scheme is empty.
** BUILD FAILED **
The following build commands failed:
	SwiftEmitModule normal arm64 Emitting\ module\ for\ Thingy (in target 'Thingy' from project 'Thingy')
	SwiftCompile normal arm64 (in target 'Thingy' from project 'Thingy')
	Building workspace Thingy with scheme Thingy
(3 failures)
BUILD FAILURE 6.4 watchOS