The Swift Package Index logo.Swift Package Index

Build Information

Failed to build swift-snapshot-testing-macros, reference 4.0.0 (504a2b), with Swift 6.2 for Linux on 17 Aug 2026 03:25:13 UTC.

Build Command

bash -c docker run --pull=always --rm -v "checkouts-53886770-0":/host -w "$PWD" -e JAVA_HOME="/root/.sdkman/candidates/java/current" -e SPI_BUILD="1" -e SPI_PROCESSING="1" registry.gitlab.com/saguaro1/spi-images:basic-6.2-latest swift build --triple x86_64-unknown-linux-gnu 2>&1

Build Log

========================================
RunAll
========================================
Builder version: 5.0.1
Interrupt handler set up.
========================================
Checkout
========================================
Clone URL: https://github.com/adammcarter/swift-snapshot-testing-macros.git
Reference: 4.0.0
Initialized empty Git repository in /host/spi-builder-workspace/.git/
hint: Using 'master' as the name for the initial branch. This default branch name
hint: is subject to change. To configure the initial branch name to use in all
hint: of your new repositories, which will suppress this warning, call:
hint:
hint: 	git config --global init.defaultBranch <name>
hint:
hint: Names commonly chosen instead of 'master' are 'main', 'trunk' and
hint: 'development'. The just-created branch can be renamed via this command:
hint:
hint: 	git branch -m <name>
From https://github.com/adammcarter/swift-snapshot-testing-macros
 * tag               4.0.0      -> FETCH_HEAD
HEAD is now at 504a2b4 Merge pull request #100 from adammcarter/snapshot-helpers
Cloned https://github.com/adammcarter/swift-snapshot-testing-macros.git
Revision (git rev-parse @):
504a2b4fe2e2a76ecd7781354db037ad1d9054d9
SUCCESS checkout https://github.com/adammcarter/swift-snapshot-testing-macros.git at 4.0.0
========================================
Build
========================================
Selected platform:         linux
Swift version:             6.2
Building package at path:  $PWD
https://github.com/adammcarter/swift-snapshot-testing-macros.git
Running build ...
bash -c docker run --pull=always --rm -v "checkouts-53886770-0":/host -w "$PWD" -e JAVA_HOME="/root/.sdkman/candidates/java/current" -e SPI_BUILD="1" -e SPI_PROCESSING="1" registry.gitlab.com/saguaro1/spi-images:basic-6.2-latest swift build --triple x86_64-unknown-linux-gnu 2>&1
basic-6.2-latest: Pulling from saguaro1/spi-images
Digest: sha256:4f3911e0f09a6ac47ac813ad3222aa373869118ee0ae384fd641a13da74b5e3f
Status: Image is up to date for registry.gitlab.com/saguaro1/spi-images:basic-6.2-latest
Fetching https://github.com/pointfreeco/swift-snapshot-testing
Fetching https://github.com/swiftlang/swift-syntax
Fetching https://github.com/pointfreeco/swift-macro-testing
[1/980] Fetching swift-macro-testing
Fetched https://github.com/pointfreeco/swift-macro-testing from cache (0.52s)
[1/76472] Fetching swift-syntax
[13002/92848] Fetching swift-syntax, swift-snapshot-testing
Fetched https://github.com/swiftlang/swift-syntax from cache (2.84s)
Fetched https://github.com/pointfreeco/swift-snapshot-testing from cache (2.85s)
Computing version for https://github.com/pointfreeco/swift-macro-testing
Computed https://github.com/pointfreeco/swift-macro-testing at 0.6.4 (3.00s)
Computing version for https://github.com/pointfreeco/swift-snapshot-testing
Computed https://github.com/pointfreeco/swift-snapshot-testing at 1.19.1 (0.14s)
Fetching https://github.com/pointfreeco/swift-custom-dump
[1/5669] Fetching swift-custom-dump
Fetched https://github.com/pointfreeco/swift-custom-dump from cache (0.52s)
Computing version for https://github.com/swiftlang/swift-syntax
Computed https://github.com/swiftlang/swift-syntax at 602.0.0 (1.46s)
Computing version for https://github.com/pointfreeco/swift-custom-dump
Computed https://github.com/pointfreeco/swift-custom-dump at 1.7.0 (0.15s)
Fetching https://github.com/pointfreeco/xctest-dynamic-overlay
[1/2578] Fetching xctest-dynamic-overlay
Fetched https://github.com/pointfreeco/xctest-dynamic-overlay from cache (0.75s)
Computing version for https://github.com/pointfreeco/xctest-dynamic-overlay
Computed https://github.com/pointfreeco/xctest-dynamic-overlay at 1.11.0 (1.63s)
Creating working copy for https://github.com/pointfreeco/swift-snapshot-testing
Working copy of https://github.com/pointfreeco/swift-snapshot-testing resolved at 1.19.1
Creating working copy for https://github.com/swiftlang/swift-syntax
Working copy of https://github.com/swiftlang/swift-syntax resolved at 602.0.0
Creating working copy for https://github.com/pointfreeco/swift-custom-dump
Working copy of https://github.com/pointfreeco/swift-custom-dump resolved at 1.7.0
Creating working copy for https://github.com/pointfreeco/swift-macro-testing
Working copy of https://github.com/pointfreeco/swift-macro-testing resolved at 0.6.4
Creating working copy for https://github.com/pointfreeco/xctest-dynamic-overlay
Working copy of https://github.com/pointfreeco/xctest-dynamic-overlay resolved at 1.11.0
Downloading package prebuilt https://download.swift.org/prebuilts/swift-syntax/602.0.0/swift-6.2.4-RELEASE-MacroSupport-ubuntu_jammy_x86_64.tar.gz
Downloaded https://download.swift.org/prebuilts/swift-syntax/602.0.0/swift-6.2.4-RELEASE-MacroSupport-ubuntu_jammy_x86_64.tar.gz (0.32s)
warning: 'spi-builder-workspace': Invalid Exclude '/host/spi-builder-workspace/Tests/SnapshotsIntegrationTests/SnapshotTest/__Snapshots__': File not found.
Building for debugging...
[0/21] Write sources
[10/21] Write swift-version-24593BA9C3E375BF.txt
[12/99] Emitting module SnapshotTesting
[14/107] Compiling SnapshotTestSupport Tags+parameters.swift
[15/107] Emitting module SnapshotTestSupport
[17/107] Compiling SnapshotTestSupport Tags+configurations.swift
[18/107] Compiling SnapshotTestSupport Tags+traits.swift
[21/108] Compiling SnapshotTestSupport Tags+parameters.swift
[22/108] Compiling SnapshotTestSupport Tags+configurations.swift
[24/109] Compiling SnapshotSupport with.swift
/host/spi-builder-workspace/Sources/SnapshotSupport/CGSize+Convenience.swift:1:8: error: no such module 'CoreGraphics'
 1 | import CoreGraphics
   |        `- error: no such module 'CoreGraphics'
 2 |
 3 | public func * (lhs: CGSize, rhs: Int) -> CGSize {
[25/109] Compiling SnapshotSupport CGSize+Convenience.swift
/host/spi-builder-workspace/Sources/SnapshotSupport/CGSize+Convenience.swift:1:8: error: no such module 'CoreGraphics'
 1 | import CoreGraphics
   |        `- error: no such module 'CoreGraphics'
 2 |
 3 | public func * (lhs: CGSize, rhs: Int) -> CGSize {
error: emit-module command failed with exit code 1 (use -v to see invocation)
[26/109] Emitting module SnapshotSupport
/host/spi-builder-workspace/Sources/SnapshotSupport/CGSize+Convenience.swift:1:8: error: no such module 'CoreGraphics'
 1 | import CoreGraphics
   |        `- error: no such module 'CoreGraphics'
 2 |
 3 | public func * (lhs: CGSize, rhs: Int) -> CGSize {
[27/109] Compiling SnapshotSupport Array+Convenience.swift
/host/spi-builder-workspace/Sources/SnapshotSupport/CGSize+Convenience.swift:1:8: error: no such module 'CoreGraphics'
 1 | import CoreGraphics
   |        `- error: no such module 'CoreGraphics'
 2 |
 3 | public func * (lhs: CGSize, rhs: Int) -> CGSize {
[28/109] Compiling SnapshotTesting NSImage.swift
[29/109] Compiling SnapshotTesting NSView.swift
[30/109] Compiling SnapshotTesting NSViewController.swift
[31/109] Compiling SnapshotTesting SceneKit.swift
[32/109] Compiling SnapshotTesting SpriteKit.swift
[33/109] Compiling SnapshotTesting String.swift
[34/109] Compiling SnapshotTesting SwiftUIView.swift
[35/109] Compiling SnapshotTesting UIBezierPath.swift
[36/109] Compiling SnapshotTesting Deprecations.swift
[37/109] Compiling SnapshotTesting RecordIssue.swift
[38/109] Compiling SnapshotTesting SnapshotTestingConfiguration.swift
[39/109] Compiling SnapshotTesting SnapshotsTestTrait.swift
[40/109] Compiling SnapshotTesting CaseIterable.swift
[41/109] Compiling SnapshotTesting Data.swift
[42/109] Compiling SnapshotTesting Encodable.swift
[43/109] Compiling SnapshotTesting NSBezierPath.swift
[44/109] Compiling SnapshotTesting Snapshotting.swift
[45/109] Compiling SnapshotTesting Any.swift
[46/109] Compiling SnapshotTesting CALayer.swift
[47/109] Compiling SnapshotTesting CGPath.swift
error: emit-module command failed with exit code 1 (use -v to see invocation)
[48/109] Emitting module SnapshotSupport
/host/spi-builder-workspace/Sources/SnapshotSupport/CGSize+Convenience.swift:1:8: error: no such module 'CoreGraphics'
 1 | import CoreGraphics
   |        `- error: no such module 'CoreGraphics'
 2 |
 3 | public func * (lhs: CGSize, rhs: Int) -> CGSize {
[49/109] Compiling SnapshotSupport CGSize+Convenience.swift
/host/spi-builder-workspace/Sources/SnapshotSupport/CGSize+Convenience.swift:1:8: error: no such module 'CoreGraphics'
 1 | import CoreGraphics
   |        `- error: no such module 'CoreGraphics'
 2 |
 3 | public func * (lhs: CGSize, rhs: Int) -> CGSize {
[50/109] Compiling SnapshotSupport Array+Convenience.swift
/host/spi-builder-workspace/Sources/SnapshotSupport/CGSize+Convenience.swift:1:8: error: no such module 'CoreGraphics'
 1 | import CoreGraphics
   |        `- error: no such module 'CoreGraphics'
 2 |
 3 | public func * (lhs: CGSize, rhs: Int) -> CGSize {
BUILD FAILURE 6.2 linux