Build Information
Failed to build SVGFlags, reference main (e96389), with Swift 6.1 for Linux on 10 Oct 2026 03:59:53 UTC.
Build Command
bash -c docker run --pull=always --rm -v "checkouts-54344843-1":/host -w "$PWD" -e JAVA_HOME="/root/.sdkman/candidates/java/current" -e SPI_BUILD="1" -e SPI_PROCESSING="1" registry.gitlab.com/saguaro1/spi-images:basic-6.1-latest swift build --triple x86_64-unknown-linux-gnu 2>&1Build Log
========================================
RunAll
========================================
Builder version: 5.1.1
Interrupt handler set up.
========================================
Checkout
========================================
Clone URL: https://github.com/ciscoriordan/svg-flags.git
Reference: main
Initialized empty Git repository in /host/spi-builder-workspace/.git/
hint: Using 'master' as the name for the initial branch. This default branch name
hint: is subject to change. To configure the initial branch name to use in all
hint: of your new repositories, which will suppress this warning, call:
hint:
hint: git config --global init.defaultBranch <name>
hint:
hint: Names commonly chosen instead of 'master' are 'main', 'trunk' and
hint: 'development'. The just-created branch can be renamed via this command:
hint:
hint: git branch -m <name>
From https://github.com/ciscoriordan/svg-flags
* branch main -> FETCH_HEAD
* [new branch] main -> origin/main
HEAD is now at e96389a Merge pull request #12 from ciscoriordan/codex/fix-open-issues
Cloned https://github.com/ciscoriordan/svg-flags.git
Revision (git rev-parse @):
e96389ae47910f045a8f2c74b93694a296a9ecca
SUCCESS checkout https://github.com/ciscoriordan/svg-flags.git at main
========================================
Build
========================================
Selected platform: linux
Swift version: 6.1
Building package at path: $PWD
https://github.com/ciscoriordan/svg-flags.git
https://github.com/ciscoriordan/svg-flags.git
WARNING: environment variable SUPPRESS_SWIFT_6_FLAGS is not set
Running build ...
bash -c docker run --pull=always --rm -v "checkouts-54344843-1":/host -w "$PWD" -e JAVA_HOME="/root/.sdkman/candidates/java/current" -e SPI_BUILD="1" -e SPI_PROCESSING="1" registry.gitlab.com/saguaro1/spi-images:basic-6.1-latest swift build --triple x86_64-unknown-linux-gnu -Xswiftc -Xfrontend -Xswiftc -stats-output-dir -Xswiftc -Xfrontend -Xswiftc .stats -Xswiftc -strict-concurrency=complete -Xswiftc -enable-upcoming-feature -Xswiftc StrictConcurrency -Xswiftc -enable-upcoming-feature -Xswiftc DisableOutwardActorInference -Xswiftc -enable-upcoming-feature -Xswiftc GlobalActorIsolatedTypesUsability -Xswiftc -enable-upcoming-feature -Xswiftc InferSendableFromCaptures 2>&1
basic-6.1-latest: Pulling from saguaro1/spi-images
Digest: sha256:13a529f31207afe6597b18f20995fc2db944100da935819188c653038756cb1b
Status: Image is up to date for registry.gitlab.com/saguaro1/spi-images:basic-6.1-latest
Fetching https://github.com/SDWebImage/SDWebImage.git
Fetching https://github.com/SDWebImage/SDWebImageSwiftUI.git
Fetching https://github.com/SDWebImage/SDWebImageSVGCoder.git
[1/701] Fetching sdwebimagesvgcoder
[149/4713] Fetching sdwebimagesvgcoder, sdwebimageswiftui
[4301/30760] Fetching sdwebimagesvgcoder, sdwebimageswiftui, sdwebimage
Fetched https://github.com/SDWebImage/SDWebImageSVGCoder.git from cache (0.75s)
Fetched https://github.com/SDWebImage/SDWebImageSwiftUI.git from cache (0.75s)
[3908/26047] Fetching sdwebimage
Fetched https://github.com/SDWebImage/SDWebImage.git from cache (1.77s)
Computing version for https://github.com/SDWebImage/SDWebImageSVGCoder.git
Computed https://github.com/SDWebImage/SDWebImageSVGCoder.git at 1.8.0 (2.72s)
Computing version for https://github.com/SDWebImage/SDWebImageSwiftUI.git
Computed https://github.com/SDWebImage/SDWebImageSwiftUI.git at 3.1.4 (0.25s)
Computing version for https://github.com/SDWebImage/SDWebImage.git
Computed https://github.com/SDWebImage/SDWebImage.git at 5.21.7 (0.25s)
Creating working copy for https://github.com/SDWebImage/SDWebImageSVGCoder.git
Working copy of https://github.com/SDWebImage/SDWebImageSVGCoder.git resolved at 1.8.0
Creating working copy for https://github.com/SDWebImage/SDWebImage.git
Working copy of https://github.com/SDWebImage/SDWebImage.git resolved at 5.21.7
Creating working copy for https://github.com/SDWebImage/SDWebImageSwiftUI.git
Working copy of https://github.com/SDWebImage/SDWebImageSwiftUI.git resolved at 3.1.4
warning: 'sdwebimageswiftui': found 1 file(s) which are unhandled; explicitly declare them as resources or exclude from the target
/host/spi-builder-workspace/.build/checkouts/SDWebImageSwiftUI/SDWebImageSwiftUI/Module/Info.plist
Building for debugging...
[0/83] Copying subdivisionMap.json
[0/83] Write sources
[0/83] Copying cityFlagMap.json
[0/83] Copying PrivacyInfo.xcprivacy
[5/83] Write sources
In file included from <built-in>:1:
/host/spi-builder-workspace/.build/x86_64-unknown-linux-gnu/debug/SDWebImage.build/DerivedSources/resource_bundle_accessor.h:2:9: fatal error: 'Foundation/Foundation.h' file not found
2 | #import <Foundation/Foundation.h>
| ^~~~~~~~~~~~~~~~~~~~~~~~~
1 error generated.
[6/83] Compiling UIColor+SDHexString.m
[6/83] Compiling SDWeakProxy.m
In file included from <built-in>:1:
/host/spi-builder-workspace/.build/x86_64-unknown-linux-gnu/debug/SDWebImage.build/DerivedSources/resource_bundle_accessor.h:2:9: fatal error: 'Foundation/Foundation.h' file not found
2 | #import <Foundation/Foundation.h>
| ^~~~~~~~~~~~~~~~~~~~~~~~~
[6/83] Compiling SDImageFramePool.m
In file included from <built-in>:1:
/host/spi-builder-workspace/.build/x86_64-unknown-linux-gnu/debug/SDWebImage.build/DerivedSources/resource_bundle_accessor.h:2:9: fatal error: 'Foundation/Foundation.h' file not found
2 | #import <Foundation/Foundation.h>
| ^~~~~~~~~~~~~~~~~~~~~~~~~
[6/83] Compiling SDInternalMacros.m
[6/83] Compiling SDWebImage resource_bundle_accessor.m
In file included from /host/spi-builder-workspace/.build/checkouts/SDWebImageSVGCoder/SDWebImageSVGCoder/Classes/SDImageSVGCoder.m:8:
In file included from /host/spi-builder-workspace/.build/checkouts/SDWebImageSVGCoder/SDWebImageSVGCoder/Classes/SDImageSVGCoder.h:9:
In file included from /host/spi-builder-workspace/.build/checkouts/SDWebImage/SDWebImage/include/SDWebImage/SDWebImage.h:10:
/host/spi-builder-workspace/.build/checkouts/SDWebImage/SDWebImage/include/SDWebImage/SDWebImageCompat.h:10:9: fatal error: 'TargetConditionals.h' file not found
10 | #import <TargetConditionals.h>
| ^~~~~~~~~~~~~~~~~~~~~~
[6/83] Compiling SDImageSVGCoder.m
In file included from /host/spi-builder-workspace/.build/checkouts/SDWebImageSVGCoder/SDWebImageSVGCoder/Classes/SDWebImageSVGCoderDefine.m:8:
In file included from /host/spi-builder-workspace/.build/checkouts/SDWebImageSVGCoder/SDWebImageSVGCoder/Classes/SDWebImageSVGCoderDefine.h:9:
In file included from /host/spi-builder-workspace/.build/checkouts/SDWebImage/SDWebImage/include/SDWebImage/SDWebImage.h:10:
/host/spi-builder-workspace/.build/checkouts/SDWebImage/SDWebImage/include/SDWebImage/SDWebImageCompat.h:10:9: fatal error: 'TargetConditionals.h' file not found
10 | #import <TargetConditionals.h>
| ^~~~~~~~~~~~~~~~~~~~~~
[6/83] Compiling SDWebImageSVGCoderDefine.m
[6/83] Write swift-version-24593BA9C3E375BF.txt
Running build ...
bash -c docker run --pull=always --rm -v "checkouts-54344843-1":/host -w "$PWD" -e JAVA_HOME="/root/.sdkman/candidates/java/current" -e SPI_BUILD="1" -e SPI_PROCESSING="1" registry.gitlab.com/saguaro1/spi-images:basic-6.1-latest swift build --triple x86_64-unknown-linux-gnu 2>&1
basic-6.1-latest: Pulling from saguaro1/spi-images
Digest: sha256:13a529f31207afe6597b18f20995fc2db944100da935819188c653038756cb1b
Status: Image is up to date for registry.gitlab.com/saguaro1/spi-images:basic-6.1-latest
warning: 'sdwebimageswiftui': found 1 file(s) which are unhandled; explicitly declare them as resources or exclude from the target
/host/spi-builder-workspace/.build/checkouts/SDWebImageSwiftUI/SDWebImageSwiftUI/Module/Info.plist
[0/1] Planning build
Building for debugging...
In file included from <built-in>:1:
/host/spi-builder-workspace/.build/x86_64-unknown-linux-gnu/debug/SDWebImage.build/DerivedSources/resource_bundle_accessor.h:2:9: fatal error: 'Foundation/Foundation.h' file not found
2 | #import <Foundation/Foundation.h>
| ^~~~~~~~~~~~~~~~~~~~~~~~~
1 error generated.
[0/77] Compiling UIColor+SDHexString.m
In file included from <built-in>:1:
/host/spi-builder-workspace/.build/x86_64-unknown-linux-gnu/debug/SDWebImage.build/DerivedSources/resource_bundle_accessor.h:2:9: fatal error: 'Foundation/Foundation.h' file not found
2 | #import <Foundation/Foundation.h>
| ^~~~~~~~~~~~~~~~~~~~~~~~~
1 error generated.
[0/77] Compiling SDWebImage resource_bundle_accessor.m
In file included from /host/spi-builder-workspace/.build/checkouts/SDWebImageSVGCoder/SDWebImageSVGCoder/Classes/SDImageSVGCoder.m:8:
In file included from /host/spi-builder-workspace/.build/checkouts/SDWebImageSVGCoder/SDWebImageSVGCoder/Classes/SDImageSVGCoder.h:9:
In file included from /host/spi-builder-workspace/.build/checkouts/SDWebImage/SDWebImage/include/SDWebImage/SDWebImage.h:10:
/host/spi-builder-workspace/.build/checkouts/SDWebImage/SDWebImage/include/SDWebImage/SDWebImageCompat.h:10:9: fatal error: 'TargetConditionals.h' file not found
10 | #import <TargetConditionals.h>
| ^~~~~~~~~~~~~~~~~~~~~~
[0/77] Compiling SDImageSVGCoder.m
[0/77] Compiling SDWeakProxy.m
[0/77] Compiling SDImageFramePool.m
[0/77] Compiling SDInternalMacros.m
In file included from /host/spi-builder-workspace/.build/checkouts/SDWebImageSVGCoder/SDWebImageSVGCoder/Classes/SDWebImageSVGCoderDefine.m:8:
In file included from /host/spi-builder-workspace/.build/checkouts/SDWebImageSVGCoder/SDWebImageSVGCoder/Classes/SDWebImageSVGCoderDefine.h:9:
In file included from /host/spi-builder-workspace/.build/checkouts/SDWebImage/SDWebImage/include/SDWebImage/SDWebImage.h:10:
/host/spi-builder-workspace/.build/checkouts/SDWebImage/SDWebImage/include/SDWebImage/SDWebImageCompat.h:10:9: fatal error: 'TargetConditionals.h' file not found
10 | #import <TargetConditionals.h>
| ^~~~~~~~~~~~~~~~~~~~~~
[0/77] Compiling SDWebImageSVGCoderDefine.m
[0/77] Write swift-version-24593BA9C3E375BF.txt
BUILD FAILURE 6.1 linux