Build Information
Failed to build oracle-nio, reference main (72e1a4), with Swift 6.4 for watchOS using Xcode 27.0 on 27 Oct 2026 15:05:03 UTC.
Build Command
env DEVELOPER_DIR=/Applications/Xcode-27.0.0.app xcrun xcodebuild -IDEClonedSourcePackagesDirPathOverride=$PWD/.dependencies -skipMacroValidation -skipPackagePluginValidation -derivedDataPath $PWD/.derivedData build -scheme oracle-nio-Package -destination generic/platform=watchOSBuild Log
➜ Explicit dependency on target 'CNIOWindows' in project 'swift-nio'
➜ Explicit dependency on target 'CNIOWASI' in project 'swift-nio'
➜ Explicit dependency on target '_NIODataStructures' in project 'swift-nio'
➜ Explicit dependency on target 'NIOCore' in project 'swift-nio'
➜ Explicit dependency on target 'NIOEmbedded' in project 'swift-nio'
➜ Explicit dependency on target 'CNIOPosix' in project 'swift-nio'
➜ Explicit dependency on target 'NIOPosix' in project 'swift-nio'
➜ Explicit dependency on target 'DequeModule-product' in project 'swift-collections'
➜ Explicit dependency on target 'Atomics-product' in project 'swift-atomics'
Target 'NIO' in project 'swift-nio'
➜ Explicit dependency on target 'CNIOAtomics' in project 'swift-nio'
➜ Explicit dependency on target 'NIOConcurrencyHelpers' in project 'swift-nio'
➜ Explicit dependency on target '_NIOBase64' in project 'swift-nio'
➜ Explicit dependency on target 'CNIOOpenBSD' in project 'swift-nio'
➜ Explicit dependency on target 'CNIOFreeBSD' in project 'swift-nio'
➜ Explicit dependency on target 'CNIODarwin' in project 'swift-nio'
➜ Explicit dependency on target 'CNIOLinux' in project 'swift-nio'
➜ Explicit dependency on target 'CNIOWindows' in project 'swift-nio'
➜ Explicit dependency on target 'CNIOWASI' in project 'swift-nio'
➜ Explicit dependency on target '_NIODataStructures' in project 'swift-nio'
➜ Explicit dependency on target 'NIOCore' in project 'swift-nio'
➜ Explicit dependency on target 'NIOEmbedded' in project 'swift-nio'
➜ Explicit dependency on target 'CNIOPosix' in project 'swift-nio'
➜ Explicit dependency on target 'NIOPosix' in project 'swift-nio'
➜ Explicit dependency on target 'DequeModule-product' in project 'swift-collections'
➜ Explicit dependency on target 'Atomics-product' in project 'swift-atomics'
Target 'NIOPosix' in project 'swift-nio'
➜ Explicit dependency on target 'swift-nio_NIOPosix' in project 'swift-nio'
➜ Explicit dependency on target 'CNIOOpenBSD' in project 'swift-nio'
➜ Explicit dependency on target 'CNIOLinux' in project 'swift-nio'
➜ Explicit dependency on target 'CNIODarwin' in project 'swift-nio'
➜ Explicit dependency on target 'CNIOWindows' in project 'swift-nio'
➜ Explicit dependency on target 'CNIOAtomics' in project 'swift-nio'
➜ Explicit dependency on target 'NIOConcurrencyHelpers' in project 'swift-nio'
➜ Explicit dependency on target '_NIOBase64' in project 'swift-nio'
➜ Explicit dependency on target 'CNIOFreeBSD' in project 'swift-nio'
➜ Explicit dependency on target 'CNIOWASI' in project 'swift-nio'
➜ Explicit dependency on target '_NIODataStructures' in project 'swift-nio'
➜ Explicit dependency on target 'NIOCore' in project 'swift-nio'
➜ Explicit dependency on target 'CNIOPosix' in project 'swift-nio'
➜ Explicit dependency on target 'DequeModule-product' in project 'swift-collections'
➜ Explicit dependency on target 'Atomics-product' in project 'swift-atomics'
Target 'swift-nio_NIOPosix' in project 'swift-nio' (no dependencies)
Target 'CNIOPosix' in project 'swift-nio' (no dependencies)
Target 'NIOEmbedded' in project 'swift-nio'
➜ Explicit dependency on target 'CNIOAtomics' in project 'swift-nio'
➜ Explicit dependency on target 'NIOConcurrencyHelpers' in project 'swift-nio'
➜ Explicit dependency on target '_NIOBase64' in project 'swift-nio'
➜ Explicit dependency on target 'CNIOOpenBSD' in project 'swift-nio'
➜ Explicit dependency on target 'CNIOFreeBSD' in project 'swift-nio'
➜ Explicit dependency on target 'CNIODarwin' in project 'swift-nio'
➜ Explicit dependency on target 'CNIOLinux' in project 'swift-nio'
➜ Explicit dependency on target 'CNIOWindows' in project 'swift-nio'
➜ Explicit dependency on target 'CNIOWASI' in project 'swift-nio'
➜ Explicit dependency on target '_NIODataStructures' in project 'swift-nio'
➜ Explicit dependency on target 'NIOCore' in project 'swift-nio'
➜ Explicit dependency on target 'DequeModule-product' in project 'swift-collections'
➜ Explicit dependency on target 'Atomics-product' in project 'swift-atomics'
Target 'NIOCore' in project 'swift-nio'
➜ Explicit dependency on target 'CNIOAtomics' in project 'swift-nio'
➜ Explicit dependency on target 'NIOConcurrencyHelpers' in project 'swift-nio'
➜ Explicit dependency on target '_NIOBase64' in project 'swift-nio'
➜ Explicit dependency on target 'CNIOOpenBSD' in project 'swift-nio'
➜ Explicit dependency on target 'CNIOFreeBSD' in project 'swift-nio'
➜ Explicit dependency on target 'CNIODarwin' in project 'swift-nio'
➜ Explicit dependency on target 'CNIOLinux' in project 'swift-nio'
➜ Explicit dependency on target 'CNIOWindows' in project 'swift-nio'
➜ Explicit dependency on target 'CNIOWASI' in project 'swift-nio'
➜ Explicit dependency on target '_NIODataStructures' in project 'swift-nio'
➜ Explicit dependency on target 'DequeModule-product' in project 'swift-collections'
➜ Explicit dependency on target 'Atomics-product' in project 'swift-atomics'
Target '_NIODataStructures' in project 'swift-nio' (no dependencies)
Target 'CNIOWASI' in project 'swift-nio' (no dependencies)
Target 'CNIOWindows' in project 'swift-nio' (no dependencies)
Target 'CNIOLinux' in project 'swift-nio' (no dependencies)
Target 'CNIODarwin' in project 'swift-nio' (no dependencies)
Target 'CNIOFreeBSD' in project 'swift-nio' (no dependencies)
Target 'CNIOOpenBSD' in project 'swift-nio' (no dependencies)
Target '_NIOBase64' in project 'swift-nio' (no dependencies)
Target 'NIOConcurrencyHelpers' in project 'swift-nio'
➜ Explicit dependency on target 'CNIOAtomics' in project 'swift-nio'
Target 'CNIOAtomics' in project 'swift-nio' (no dependencies)
Target 'Logging-product' in project 'swift-log'
➜ Explicit dependency on target 'Logging' in project 'swift-log'
Target 'Logging' in project 'swift-log' (no dependencies)
Target '_OracleConnectionPoolModule' in project 'oracle-nio'
➜ Explicit dependency on target 'Atomics-product' in project 'swift-atomics'
➜ Explicit dependency on target 'DequeModule-product' in project 'swift-collections'
Target 'DequeModule-product' in project 'swift-collections'
➜ Explicit dependency on target 'DequeModule' in project 'swift-collections'
➜ Explicit dependency on target 'InternalCollectionsUtilities' in project 'swift-collections'
➜ Explicit dependency on target 'SpanPreview' in project 'swift-collections'
Target 'DequeModule' in project 'swift-collections'
➜ Explicit dependency on target 'InternalCollectionsUtilities' in project 'swift-collections'
➜ Explicit dependency on target 'SpanPreview' in project 'swift-collections'
Target 'SpanPreview' in project 'swift-collections'
➜ Explicit dependency on target 'InternalCollectionsUtilities' in project 'swift-collections'
Target 'InternalCollectionsUtilities' in project 'swift-collections' (no dependencies)
Target 'Atomics-product' in project 'swift-atomics'
➜ Explicit dependency on target 'Atomics' in project 'swift-atomics'
➜ Explicit dependency on target '_AtomicsShims' in project 'swift-atomics'
Target 'Atomics' in project 'swift-atomics'
➜ Explicit dependency on target '_AtomicsShims' in project 'swift-atomics'
Target '_AtomicsShims' in project 'swift-atomics' (no dependencies)
GatherProvisioningInputs
CreateBuildDescription
ClangStatCache /Applications/Xcode-27.0.0.app/Contents/Developer/Toolchains/XcodeDefault.xctoolchain/usr/bin/clang-stat-cache /Applications/Xcode-27.0.0.app/Contents/Developer/Platforms/WatchOS.platform/Developer/SDKs/WatchOS27.0.sdk /Users/admin/builder/spi-builder-workspace/.derivedData/SDKStatCaches.noindex/watchos27.0-24R360-e829b21a6f8c9b70876ba0858053c044b9db9bc9c079ee3c7b5f3373b13d10bc.sdkstatcache
cd /Users/admin/builder/spi-builder-workspace/.swiftpm/xcode
/Applications/Xcode-27.0.0.app/Contents/Developer/Toolchains/XcodeDefault.xctoolchain/usr/bin/clang-stat-cache /Applications/Xcode-27.0.0.app/Contents/Developer/Platforms/WatchOS.platform/Developer/SDKs/WatchOS27.0.sdk -o /Users/admin/builder/spi-builder-workspace/.derivedData/SDKStatCaches.noindex/watchos27.0-24R360-e829b21a6f8c9b70876ba0858053c044b9db9bc9c079ee3c7b5f3373b13d10bc.sdkstatcache
ClangStatCache /Applications/Xcode-27.0.0.app/Contents/Developer/Toolchains/XcodeDefault.xctoolchain/usr/bin/clang-stat-cache /Applications/Xcode-27.0.0.app/Contents/Developer/Platforms/MacOSX.platform/Developer/SDKs/MacOSX27.0.sdk /Users/admin/builder/spi-builder-workspace/.derivedData/SDKStatCaches.noindex/macosx27.0-26A425-e829b21a6f8c9b70876ba0858053c04489db99fe7804849a4777d653a8cfc1be.sdkstatcache
cd /Users/admin/builder/spi-builder-workspace/.swiftpm/xcode
/Applications/Xcode-27.0.0.app/Contents/Developer/Toolchains/XcodeDefault.xctoolchain/usr/bin/clang-stat-cache /Applications/Xcode-27.0.0.app/Contents/Developer/Platforms/MacOSX.platform/Developer/SDKs/MacOSX27.0.sdk -o /Users/admin/builder/spi-builder-workspace/.derivedData/SDKStatCaches.noindex/macosx27.0-26A425-e829b21a6f8c9b70876ba0858053c04489db99fe7804849a4777d653a8cfc1be.sdkstatcache
SwiftDriver OracleNIO normal arm64_32 com.apple.xcode.tools.swift.compiler (in target 'OracleNIO' from project 'oracle-nio')
cd /Users/admin/builder/spi-builder-workspace/.swiftpm/xcode
builtin-SwiftDriver -- /Applications/Xcode-27.0.0.app/Contents/Developer/Toolchains/XcodeDefault.xctoolchain/usr/bin/swiftc -parse-as-library -module-name OracleNIO -Onone @/Users/admin/builder/spi-builder-workspace/.derivedData/Build/Intermediates.noindex/oracle-nio.build/Debug-watchos/OracleNIO-t.build/Objects-normal/arm64_32/OracleNIO.SwiftFileList -DSWIFT_PACKAGE -DDEBUG -DSWIFT_MODULE_RESOURCE_BUNDLE_UNAVAILABLE -DDistributedTracingSupport -Xcc -fmodule-map-file\=/Users/admin/builder/spi-builder-workspace/.dependencies/checkouts/swift-atomics/Sources/_AtomicsShims/include/module.modulemap -Xcc -fmodule-map-file\=/Users/admin/builder/spi-builder-workspace/.derivedData/Build/Intermediates.noindex/GeneratedModuleMaps-watchos/CNIOBoringSSLShims.modulemap -Xcc -fmodule-map-file\=/Users/admin/builder/spi-builder-workspace/.dependencies/checkouts/swift-nio-ssl/Sources/CNIOBoringSSL/include/module.modulemap -Xcc -fmodule-map-file\=/Users/admin/builder/spi-builder-workspace/.derivedData/Build/Intermediates.noindex/GeneratedModuleMaps-watchos/CNIOPosix.modulemap -Xcc -fmodule-map-file\=/Users/admin/builder/spi-builder-workspace/.derivedData/Build/Intermediates.noindex/GeneratedModuleMaps-watchos/CNIOWASI.modulemap -Xcc -fmodule-map-file\=/Users/admin/builder/spi-builder-workspace/.dependencies/checkouts/swift-nio/Sources/CNIOWindows/include/module.modulemap -Xcc -fmodule-map-file\=/Users/admin/builder/spi-builder-workspace/.derivedData/Build/Intermediates.noindex/GeneratedModuleMaps-watchos/CNIOLinux.modulemap -Xcc -fmodule-map-file\=/Users/admin/builder/spi-builder-workspace/.derivedData/Build/Intermediates.noindex/GeneratedModuleMaps-watchos/CNIODarwin.modulemap -Xcc -fmodule-map-file\=/Users/admin/builder/spi-builder-workspace/.derivedData/Build/Intermediates.noindex/GeneratedModuleMaps-watchos/CNIOFreeBSD.modulemap -Xcc -fmodule-map-file\=/Users/admin/builder/spi-builder-workspace/.derivedData/Build/Intermediates.noindex/GeneratedModuleMaps-watchos/CNIOOpenBSD.modulemap -Xcc -fmodule-map-file\=/Users/admin/builder/spi-builder-workspace/.derivedData/Build/Intermediates.noindex/GeneratedModuleMaps-watchos/CNIOAtomics.modulemap -Xcc -fmodule-map-file\=/Users/admin/builder/spi-builder-workspace/.dependencies/checkouts/swift-crypto/Sources/CCryptoBoringSSL/include/module.modulemap -DXcode -enable-upcoming-feature MemberImportVisibility -enable-upcoming-feature InternalImportsByDefault -plugin-path /Applications/Xcode-27.0.0.app/Contents/Developer/Toolchains/XcodeDefault.xctoolchain/usr/lib/swift/host/plugins/testing -enable-experimental-feature DebugDescriptionMacro -sdk /Applications/Xcode-27.0.0.app/Contents/Developer/Platforms/WatchOS.platform/Developer/SDKs/WatchOS27.0.sdk -target arm64_32-apple-watchos9.0 -g -module-cache-path /Users/admin/builder/spi-builder-workspace/.derivedData/ModuleCache.noindex -Xfrontend -serialize-debugging-options -profile-coverage-mapping -profile-generate -enable-testing -index-store-path /Users/admin/builder/spi-builder-workspace/.derivedData/Index.noindex/DataStore -Xcc -D_LIBCPP_HARDENING_MODE\=_LIBCPP_HARDENING_MODE_DEBUG -swift-version 6 -I /Users/admin/builder/spi-builder-workspace/.derivedData/Build/Products/Debug-watchos -Isystem /Applications/Xcode-27.0.0.app/Contents/Developer/Platforms/WatchOS.platform/Developer/usr/lib -F /Users/admin/builder/spi-builder-workspace/.derivedData/Build/Products/Debug-watchos/PackageFrameworks -F /Users/admin/builder/spi-builder-workspace/.derivedData/Build/Products/Debug-watchos -F /Applications/Xcode-27.0.0.app/Contents/Developer/Platforms/WatchOS.platform/Developer/Library/Frameworks -F /Applications/Xcode-27.0.0.app/Contents/Developer/Platforms/WatchOS.platform/Developer/SDKs/WatchOS27.0.sdk/Developer/Library/Frameworks -c -j10 -enable-batch-mode -incremental -Xcc -ivfsstatcache -Xcc /Users/admin/builder/spi-builder-workspace/.derivedData/SDKStatCaches.noindex/watchos27.0-24R360-e829b21a6f8c9b70876ba0858053c044b9db9bc9c079ee3c7b5f3373b13d10bc.sdkstatcache -output-file-map /Users/admin/builder/spi-builder-workspace/.derivedData/Build/Intermediates.noindex/oracle-nio.build/Debug-watchos/OracleNIO-t.build/Objects-normal/arm64_32/OracleNIO-OutputFileMap.json -save-temps -no-color-diagnostics -explicit-module-build -module-cache-path /Users/admin/builder/spi-builder-workspace/.derivedData/Build/Intermediates.noindex/SwiftExplicitPrecompiledModules -clang-scanner-module-cache-path /Users/admin/builder/spi-builder-workspace/.derivedData/ModuleCache.noindex -sdk-module-cache-path /Users/admin/builder/spi-builder-workspace/.derivedData/SDKExplicitPrecompiledModules -emit-dependencies -emit-module -emit-module-path /Users/admin/builder/spi-builder-workspace/.derivedData/Build/Intermediates.noindex/oracle-nio.build/Debug-watchos/OracleNIO-t.build/Objects-normal/arm64_32/OracleNIO.swiftmodule -serialize-diagnostics -dependency-scan-serialize-diagnostics-path /Users/admin/builder/spi-builder-workspace/.derivedData/Build/Intermediates.noindex/oracle-nio.build/Debug-watchos/OracleNIO-t.build/Objects-normal/arm64_32/OracleNIO-dependency-scan.dia -validate-clang-modules-once -clang-build-session-file /Users/admin/builder/spi-builder-workspace/.derivedData/ModuleCache.noindex/Session.modulevalidation -Xcc -fmodules-prune-interval\=86400 -Xcc -fmodules-prune-after\=345600 -package-name spi_builder_workspace -emit-const-values -const-gather-protocols-list /Users/admin/builder/spi-builder-workspace/.derivedData/Build/Intermediates.noindex/oracle-nio.build/Debug-watchos/OracleNIO-t.build/Objects-normal/arm64_32/OracleNIO_const_extract_protocols.json -Xcc -I/Users/admin/builder/spi-builder-workspace/.dependencies/checkouts/swift-atomics/Sources/_AtomicsShims/include -Xcc -I/Users/admin/builder/spi-builder-workspace/.dependencies/checkouts/swift-nio-ssl/Sources/CNIOBoringSSLShims/include -Xcc -I/Users/admin/builder/spi-builder-workspace/.dependencies/checkouts/swift-nio-ssl/Sources/CNIOBoringSSL/include -Xcc -I/Users/admin/builder/spi-builder-workspace/.dependencies/checkouts/swift-nio/Sources/CNIOPosix/include -Xcc -I/Users/admin/builder/spi-builder-workspace/.dependencies/checkouts/swift-nio/Sources/CNIOWASI/include -Xcc -I/Users/admin/builder/spi-builder-workspace/.dependencies/checkouts/swift-nio/Sources/CNIOWindows/include -Xcc -I/Users/admin/builder/spi-builder-workspace/.dependencies/checkouts/swift-nio/Sources/CNIOLinux/include -Xcc -I/Users/admin/builder/spi-builder-workspace/.dependencies/checkouts/swift-nio/Sources/CNIODarwin/include -Xcc -I/Users/admin/builder/spi-builder-workspace/.dependencies/checkouts/swift-nio/Sources/CNIOFreeBSD/include -Xcc -I/Users/admin/builder/spi-builder-workspace/.dependencies/checkouts/swift-nio/Sources/CNIOOpenBSD/include -Xcc -I/Users/admin/builder/spi-builder-workspace/.dependencies/checkouts/swift-nio/Sources/CNIOAtomics/include -Xcc -I/Users/admin/builder/spi-builder-workspace/.dependencies/checkouts/swift-crypto/Sources/CCryptoBoringSSL/include -Xcc -I/Users/admin/builder/spi-builder-workspace/.derivedData/Build/Products/Debug-watchos/include -Xcc -I/Users/admin/builder/spi-builder-workspace/.derivedData/Build/Intermediates.noindex/oracle-nio.build/Debug-watchos/OracleNIO-t.build/DerivedSources-normal/arm64_32 -Xcc -I/Users/admin/builder/spi-builder-workspace/.derivedData/Build/Intermediates.noindex/oracle-nio.build/Debug-watchos/OracleNIO-t.build/DerivedSources/arm64_32 -Xcc -I/Users/admin/builder/spi-builder-workspace/.derivedData/Build/Intermediates.noindex/oracle-nio.build/Debug-watchos/OracleNIO-t.build/DerivedSources -Xcc -DSWIFT_PACKAGE -Xcc -DDEBUG\=1 -emit-objc-header -emit-objc-header-path /Users/admin/builder/spi-builder-workspace/.derivedData/Build/Intermediates.noindex/oracle-nio.build/Debug-watchos/OracleNIO-t.build/Objects-normal/arm64_32/OracleNIO-Swift.h -working-directory /Users/admin/builder/spi-builder-workspace/.swiftpm/xcode -experimental-emit-module-separately -disable-cmo
SwiftDriver OracleNIOMacros normal arm64_32 com.apple.xcode.tools.swift.compiler (in target 'OracleNIOMacros' from project 'oracle-nio')
cd /Users/admin/builder/spi-builder-workspace/.swiftpm/xcode
builtin-SwiftDriver -- /Applications/Xcode-27.0.0.app/Contents/Developer/Toolchains/XcodeDefault.xctoolchain/usr/bin/swiftc -parse-as-library -module-name OracleNIOMacros -Onone @/Users/admin/builder/spi-builder-workspace/.derivedData/Build/Intermediates.noindex/oracle-nio.build/Debug-watchos/OracleNIOMacros-t.build/Objects-normal/arm64_32/OracleNIOMacros.SwiftFileList -DSWIFT_PACKAGE -DDEBUG -DSWIFT_MODULE_RESOURCE_BUNDLE_UNAVAILABLE -DDistributedTracingSupport -Xcc -fmodule-map-file\=/Users/admin/builder/spi-builder-workspace/.dependencies/checkouts/swift-atomics/Sources/_AtomicsShims/include/module.modulemap -Xcc -fmodule-map-file\=/Users/admin/builder/spi-builder-workspace/.derivedData/Build/Intermediates.noindex/GeneratedModuleMaps-watchos/CNIOBoringSSLShims.modulemap -Xcc -fmodule-map-file\=/Users/admin/builder/spi-builder-workspace/.dependencies/checkouts/swift-nio-ssl/Sources/CNIOBoringSSL/include/module.modulemap -Xcc -fmodule-map-file\=/Users/admin/builder/spi-builder-workspace/.derivedData/Build/Intermediates.noindex/GeneratedModuleMaps-watchos/CNIOPosix.modulemap -Xcc -fmodule-map-file\=/Users/admin/builder/spi-builder-workspace/.derivedData/Build/Intermediates.noindex/GeneratedModuleMaps-watchos/CNIOWASI.modulemap -Xcc -fmodule-map-file\=/Users/admin/builder/spi-builder-workspace/.dependencies/checkouts/swift-nio/Sources/CNIOWindows/include/module.modulemap -Xcc -fmodule-map-file\=/Users/admin/builder/spi-builder-workspace/.derivedData/Build/Intermediates.noindex/GeneratedModuleMaps-watchos/CNIOLinux.modulemap -Xcc -fmodule-map-file\=/Users/admin/builder/spi-builder-workspace/.derivedData/Build/Intermediates.noindex/GeneratedModuleMaps-watchos/CNIODarwin.modulemap -Xcc -fmodule-map-file\=/Users/admin/builder/spi-builder-workspace/.derivedData/Build/Intermediates.noindex/GeneratedModuleMaps-watchos/CNIOFreeBSD.modulemap -Xcc -fmodule-map-file\=/Users/admin/builder/spi-builder-workspace/.derivedData/Build/Intermediates.noindex/GeneratedModuleMaps-watchos/CNIOOpenBSD.modulemap -Xcc -fmodule-map-file\=/Users/admin/builder/spi-builder-workspace/.derivedData/Build/Intermediates.noindex/GeneratedModuleMaps-watchos/CNIOAtomics.modulemap -Xcc -fmodule-map-file\=/Users/admin/builder/spi-builder-workspace/.dependencies/checkouts/swift-crypto/Sources/CCryptoBoringSSL/include/module.modulemap -DXcode -enable-upcoming-feature MemberImportVisibility -enable-upcoming-feature InternalImportsByDefault -plugin-path /Applications/Xcode-27.0.0.app/Contents/Developer/Toolchains/XcodeDefault.xctoolchain/usr/lib/swift/host/plugins/testing -enable-experimental-feature DebugDescriptionMacro -sdk /Applications/Xcode-27.0.0.app/Contents/Developer/Platforms/WatchOS.platform/Developer/SDKs/WatchOS27.0.sdk -target arm64_32-apple-watchos9.0 -g -module-cache-path /Users/admin/builder/spi-builder-workspace/.derivedData/ModuleCache.noindex -Xfrontend -serialize-debugging-options -profile-coverage-mapping -profile-generate -enable-testing -index-store-path /Users/admin/builder/spi-builder-workspace/.derivedData/Index.noindex/DataStore -Xcc -D_LIBCPP_HARDENING_MODE\=_LIBCPP_HARDENING_MODE_DEBUG -swift-version 6 -I /Users/admin/builder/spi-builder-workspace/.derivedData/Build/Products/Debug-watchos -Isystem /Applications/Xcode-27.0.0.app/Contents/Developer/Platforms/WatchOS.platform/Developer/usr/lib -F /Users/admin/builder/spi-builder-workspace/.derivedData/Build/Products/Debug-watchos/PackageFrameworks -F /Users/admin/builder/spi-builder-workspace/.derivedData/Build/Products/Debug-watchos -F /Applications/Xcode-27.0.0.app/Contents/Developer/Platforms/WatchOS.platform/Developer/Library/Frameworks -F /Applications/Xcode-27.0.0.app/Contents/Developer/Platforms/WatchOS.platform/Developer/SDKs/WatchOS27.0.sdk/Developer/Library/Frameworks -Xfrontend -load-plugin-executable -Xfrontend /Users/admin/builder/spi-builder-workspace/.derivedData/Build/Products/Debug/OracleNIOMacrosPlugin\#OracleNIOMacrosPlugin -c -j10 -enable-batch-mode -incremental -Xcc -ivfsstatcache -Xcc /Users/admin/builder/spi-builder-workspace/.derivedData/SDKStatCaches.noindex/watchos27.0-24R360-e829b21a6f8c9b70876ba0858053c044b9db9bc9c079ee3c7b5f3373b13d10bc.sdkstatcache -output-file-map /Users/admin/builder/spi-builder-workspace/.derivedData/Build/Intermediates.noindex/oracle-nio.build/Debug-watchos/OracleNIOMacros-t.build/Objects-normal/arm64_32/OracleNIOMacros-OutputFileMap.json -save-temps -no-color-diagnostics -explicit-module-build -module-cache-path /Users/admin/builder/spi-builder-workspace/.derivedData/Build/Intermediates.noindex/SwiftExplicitPrecompiledModules -clang-scanner-module-cache-path /Users/admin/builder/spi-builder-workspace/.derivedData/ModuleCache.noindex -sdk-module-cache-path /Users/admin/builder/spi-builder-workspace/.derivedData/SDKExplicitPrecompiledModules -emit-dependencies -emit-module -emit-module-path /Users/admin/builder/spi-builder-workspace/.derivedData/Build/Intermediates.noindex/oracle-nio.build/Debug-watchos/OracleNIOMacros-t.build/Objects-normal/arm64_32/OracleNIOMacros.swiftmodule -serialize-diagnostics -dependency-scan-serialize-diagnostics-path /Users/admin/builder/spi-builder-workspace/.derivedData/Build/Intermediates.noindex/oracle-nio.build/Debug-watchos/OracleNIOMacros-t.build/Objects-normal/arm64_32/OracleNIOMacros-dependency-scan.dia -validate-clang-modules-once -clang-build-session-file /Users/admin/builder/spi-builder-workspace/.derivedData/ModuleCache.noindex/Session.modulevalidation -Xcc -fmodules-prune-interval\=86400 -Xcc -fmodules-prune-after\=345600 -package-name spi_builder_workspace -emit-const-values -const-gather-protocols-list /Users/admin/builder/spi-builder-workspace/.derivedData/Build/Intermediates.noindex/oracle-nio.build/Debug-watchos/OracleNIOMacros-t.build/Objects-normal/arm64_32/OracleNIOMacros_const_extract_protocols.json -Xcc -I/Users/admin/builder/spi-builder-workspace/.dependencies/checkouts/swift-atomics/Sources/_AtomicsShims/include -Xcc -I/Users/admin/builder/spi-builder-workspace/.dependencies/checkouts/swift-nio-ssl/Sources/CNIOBoringSSLShims/include -Xcc -I/Users/admin/builder/spi-builder-workspace/.dependencies/checkouts/swift-nio-ssl/Sources/CNIOBoringSSL/include -Xcc -I/Users/admin/builder/spi-builder-workspace/.dependencies/checkouts/swift-nio/Sources/CNIOPosix/include -Xcc -I/Users/admin/builder/spi-builder-workspace/.dependencies/checkouts/swift-nio/Sources/CNIOWASI/include -Xcc -I/Users/admin/builder/spi-builder-workspace/.dependencies/checkouts/swift-nio/Sources/CNIOWindows/include -Xcc -I/Users/admin/builder/spi-builder-workspace/.dependencies/checkouts/swift-nio/Sources/CNIOLinux/include -Xcc -I/Users/admin/builder/spi-builder-workspace/.dependencies/checkouts/swift-nio/Sources/CNIODarwin/include -Xcc -I/Users/admin/builder/spi-builder-workspace/.dependencies/checkouts/swift-nio/Sources/CNIOFreeBSD/include -Xcc -I/Users/admin/builder/spi-builder-workspace/.dependencies/checkouts/swift-nio/Sources/CNIOOpenBSD/include -Xcc -I/Users/admin/builder/spi-builder-workspace/.dependencies/checkouts/swift-nio/Sources/CNIOAtomics/include -Xcc -I/Users/admin/builder/spi-builder-workspace/.dependencies/checkouts/swift-crypto/Sources/CCryptoBoringSSL/include -Xcc -I/Users/admin/builder/spi-builder-workspace/.derivedData/Build/Products/Debug-watchos/include -Xcc -I/Users/admin/builder/spi-builder-workspace/.derivedData/Build/Intermediates.noindex/oracle-nio.build/Debug-watchos/OracleNIOMacros-t.build/DerivedSources-normal/arm64_32 -Xcc -I/Users/admin/builder/spi-builder-workspace/.derivedData/Build/Intermediates.noindex/oracle-nio.build/Debug-watchos/OracleNIOMacros-t.build/DerivedSources/arm64_32 -Xcc -I/Users/admin/builder/spi-builder-workspace/.derivedData/Build/Intermediates.noindex/oracle-nio.build/Debug-watchos/OracleNIOMacros-t.build/DerivedSources -Xcc -DSWIFT_PACKAGE -Xcc -DDEBUG\=1 -emit-objc-header -emit-objc-header-path /Users/admin/builder/spi-builder-workspace/.derivedData/Build/Intermediates.noindex/oracle-nio.build/Debug-watchos/OracleNIOMacros-t.build/Objects-normal/arm64_32/OracleNIOMacros-Swift.h -working-directory /Users/admin/builder/spi-builder-workspace/.swiftpm/xcode -experimental-emit-module-separately -disable-cmo
SwiftDriver OracleNIOMacros normal arm64 com.apple.xcode.tools.swift.compiler (in target 'OracleNIOMacros' from project 'oracle-nio')
cd /Users/admin/builder/spi-builder-workspace/.swiftpm/xcode
builtin-SwiftDriver -- /Applications/Xcode-27.0.0.app/Contents/Developer/Toolchains/XcodeDefault.xctoolchain/usr/bin/swiftc -parse-as-library -module-name OracleNIOMacros -Onone @/Users/admin/builder/spi-builder-workspace/.derivedData/Build/Intermediates.noindex/oracle-nio.build/Debug-watchos/OracleNIOMacros-t.build/Objects-normal/arm64/OracleNIOMacros.SwiftFileList -DSWIFT_PACKAGE -DDEBUG -DSWIFT_MODULE_RESOURCE_BUNDLE_UNAVAILABLE -DDistributedTracingSupport -Xcc -fmodule-map-file\=/Users/admin/builder/spi-builder-workspace/.dependencies/checkouts/swift-atomics/Sources/_AtomicsShims/include/module.modulemap -Xcc -fmodule-map-file\=/Users/admin/builder/spi-builder-workspace/.derivedData/Build/Intermediates.noindex/GeneratedModuleMaps-watchos/CNIOBoringSSLShims.modulemap -Xcc -fmodule-map-file\=/Users/admin/builder/spi-builder-workspace/.dependencies/checkouts/swift-nio-ssl/Sources/CNIOBoringSSL/include/module.modulemap -Xcc -fmodule-map-file\=/Users/admin/builder/spi-builder-workspace/.derivedData/Build/Intermediates.noindex/GeneratedModuleMaps-watchos/CNIOPosix.modulemap -Xcc -fmodule-map-file\=/Users/admin/builder/spi-builder-workspace/.derivedData/Build/Intermediates.noindex/GeneratedModuleMaps-watchos/CNIOWASI.modulemap -Xcc -fmodule-map-file\=/Users/admin/builder/spi-builder-workspace/.dependencies/checkouts/swift-nio/Sources/CNIOWindows/include/module.modulemap -Xcc -fmodule-map-file\=/Users/admin/builder/spi-builder-workspace/.derivedData/Build/Intermediates.noindex/GeneratedModuleMaps-watchos/CNIOLinux.modulemap -Xcc -fmodule-map-file\=/Users/admin/builder/spi-builder-workspace/.derivedData/Build/Intermediates.noindex/GeneratedModuleMaps-watchos/CNIODarwin.modulemap -Xcc -fmodule-map-file\=/Users/admin/builder/spi-builder-workspace/.derivedData/Build/Intermediates.noindex/GeneratedModuleMaps-watchos/CNIOFreeBSD.modulemap -Xcc -fmodule-map-file\=/Users/admin/builder/spi-builder-workspace/.derivedData/Build/Intermediates.noindex/GeneratedModuleMaps-watchos/CNIOOpenBSD.modulemap -Xcc -fmodule-map-file\=/Users/admin/builder/spi-builder-workspace/.derivedData/Build/Intermediates.noindex/GeneratedModuleMaps-watchos/CNIOAtomics.modulemap -Xcc -fmodule-map-file\=/Users/admin/builder/spi-builder-workspace/.dependencies/checkouts/swift-crypto/Sources/CCryptoBoringSSL/include/module.modulemap -DXcode -enable-upcoming-feature MemberImportVisibility -enable-upcoming-feature InternalImportsByDefault -plugin-path /Applications/Xcode-27.0.0.app/Contents/Developer/Toolchains/XcodeDefault.xctoolchain/usr/lib/swift/host/plugins/testing -enable-experimental-feature DebugDescriptionMacro -sdk /Applications/Xcode-27.0.0.app/Contents/Developer/Platforms/WatchOS.platform/Developer/SDKs/WatchOS27.0.sdk -target arm64-apple-watchos9.0 -g -module-cache-path /Users/admin/builder/spi-builder-workspace/.derivedData/ModuleCache.noindex -Xfrontend -serialize-debugging-options -profile-coverage-mapping -profile-generate -enable-testing -index-store-path /Users/admin/builder/spi-builder-workspace/.derivedData/Index.noindex/DataStore -Xcc -D_LIBCPP_HARDENING_MODE\=_LIBCPP_HARDENING_MODE_DEBUG -swift-version 6 -I /Users/admin/builder/spi-builder-workspace/.derivedData/Build/Products/Debug-watchos -Isystem /Applications/Xcode-27.0.0.app/Contents/Developer/Platforms/WatchOS.platform/Developer/usr/lib -F /Users/admin/builder/spi-builder-workspace/.derivedData/Build/Products/Debug-watchos/PackageFrameworks -F /Users/admin/builder/spi-builder-workspace/.derivedData/Build/Products/Debug-watchos -F /Applications/Xcode-27.0.0.app/Contents/Developer/Platforms/WatchOS.platform/Developer/Library/Frameworks -F /Applications/Xcode-27.0.0.app/Contents/Developer/Platforms/WatchOS.platform/Developer/SDKs/WatchOS27.0.sdk/Developer/Library/Frameworks -Xfrontend -load-plugin-executable -Xfrontend /Users/admin/builder/spi-builder-workspace/.derivedData/Build/Products/Debug/OracleNIOMacrosPlugin\#OracleNIOMacrosPlugin -c -j10 -enable-batch-mode -incremental -Xcc -ivfsstatcache -Xcc /Users/admin/builder/spi-builder-workspace/.derivedData/SDKStatCaches.noindex/watchos27.0-24R360-e829b21a6f8c9b70876ba0858053c044b9db9bc9c079ee3c7b5f3373b13d10bc.sdkstatcache -output-file-map /Users/admin/builder/spi-builder-workspace/.derivedData/Build/Intermediates.noindex/oracle-nio.build/Debug-watchos/OracleNIOMacros-t.build/Objects-normal/arm64/OracleNIOMacros-OutputFileMap.json -save-temps -no-color-diagnostics -explicit-module-build -module-cache-path /Users/admin/builder/spi-builder-workspace/.derivedData/Build/Intermediates.noindex/SwiftExplicitPrecompiledModules -clang-scanner-module-cache-path /Users/admin/builder/spi-builder-workspace/.derivedData/ModuleCache.noindex -sdk-module-cache-path /Users/admin/builder/spi-builder-workspace/.derivedData/SDKExplicitPrecompiledModules -emit-dependencies -emit-module -emit-module-path /Users/admin/builder/spi-builder-workspace/.derivedData/Build/Intermediates.noindex/oracle-nio.build/Debug-watchos/OracleNIOMacros-t.build/Objects-normal/arm64/OracleNIOMacros.swiftmodule -serialize-diagnostics -dependency-scan-serialize-diagnostics-path /Users/admin/builder/spi-builder-workspace/.derivedData/Build/Intermediates.noindex/oracle-nio.build/Debug-watchos/OracleNIOMacros-t.build/Objects-normal/arm64/OracleNIOMacros-dependency-scan.dia -validate-clang-modules-once -clang-build-session-file /Users/admin/builder/spi-builder-workspace/.derivedData/ModuleCache.noindex/Session.modulevalidation -Xcc -fmodules-prune-interval\=86400 -Xcc -fmodules-prune-after\=345600 -package-name spi_builder_workspace -emit-const-values -const-gather-protocols-list /Users/admin/builder/spi-builder-workspace/.derivedData/Build/Intermediates.noindex/oracle-nio.build/Debug-watchos/OracleNIOMacros-t.build/Objects-normal/arm64/OracleNIOMacros_const_extract_protocols.json -Xcc -I/Users/admin/builder/spi-builder-workspace/.dependencies/checkouts/swift-atomics/Sources/_AtomicsShims/include -Xcc -I/Users/admin/builder/spi-builder-workspace/.dependencies/checkouts/swift-nio-ssl/Sources/CNIOBoringSSLShims/include -Xcc -I/Users/admin/builder/spi-builder-workspace/.dependencies/checkouts/swift-nio-ssl/Sources/CNIOBoringSSL/include -Xcc -I/Users/admin/builder/spi-builder-workspace/.dependencies/checkouts/swift-nio/Sources/CNIOPosix/include -Xcc -I/Users/admin/builder/spi-builder-workspace/.dependencies/checkouts/swift-nio/Sources/CNIOWASI/include -Xcc -I/Users/admin/builder/spi-builder-workspace/.dependencies/checkouts/swift-nio/Sources/CNIOWindows/include -Xcc -I/Users/admin/builder/spi-builder-workspace/.dependencies/checkouts/swift-nio/Sources/CNIOLinux/include -Xcc -I/Users/admin/builder/spi-builder-workspace/.dependencies/checkouts/swift-nio/Sources/CNIODarwin/include -Xcc -I/Users/admin/builder/spi-builder-workspace/.dependencies/checkouts/swift-nio/Sources/CNIOFreeBSD/include -Xcc -I/Users/admin/builder/spi-builder-workspace/.dependencies/checkouts/swift-nio/Sources/CNIOOpenBSD/include -Xcc -I/Users/admin/builder/spi-builder-workspace/.dependencies/checkouts/swift-nio/Sources/CNIOAtomics/include -Xcc -I/Users/admin/builder/spi-builder-workspace/.dependencies/checkouts/swift-crypto/Sources/CCryptoBoringSSL/include -Xcc -I/Users/admin/builder/spi-builder-workspace/.derivedData/Build/Products/Debug-watchos/include -Xcc -I/Users/admin/builder/spi-builder-workspace/.derivedData/Build/Intermediates.noindex/oracle-nio.build/Debug-watchos/OracleNIOMacros-t.build/DerivedSources-normal/arm64 -Xcc -I/Users/admin/builder/spi-builder-workspace/.derivedData/Build/Intermediates.noindex/oracle-nio.build/Debug-watchos/OracleNIOMacros-t.build/DerivedSources/arm64 -Xcc -I/Users/admin/builder/spi-builder-workspace/.derivedData/Build/Intermediates.noindex/oracle-nio.build/Debug-watchos/OracleNIOMacros-t.build/DerivedSources -Xcc -DSWIFT_PACKAGE -Xcc -DDEBUG\=1 -emit-objc-header -emit-objc-header-path /Users/admin/builder/spi-builder-workspace/.derivedData/Build/Intermediates.noindex/oracle-nio.build/Debug-watchos/OracleNIOMacros-t.build/Objects-normal/arm64/OracleNIOMacros-Swift.h -working-directory /Users/admin/builder/spi-builder-workspace/.swiftpm/xcode -experimental-emit-module-separately -disable-cmo
SwiftEmitModule normal arm64 Emitting\ module\ for\ OracleNIOMacros (in target 'OracleNIOMacros' from project 'oracle-nio')
SwiftCompile normal arm64 (in target 'OracleNIOMacros' from project 'oracle-nio')
cd /Users/admin/builder/spi-builder-workspace/.swiftpm/xcode
SwiftEmitModule normal arm64_32 Emitting\ module\ for\ OracleNIOMacros (in target 'OracleNIOMacros' from project 'oracle-nio')
SwiftCompile normal arm64_32 (in target 'OracleNIOMacros' from project 'oracle-nio')
cd /Users/admin/builder/spi-builder-workspace/.swiftpm/xcode
SwiftCompile normal arm64 Compiling\ Statement.swift /Users/admin/builder/spi-builder-workspace/Sources/OracleNIOMacros/Statement.swift (in target 'OracleNIOMacros' from project 'oracle-nio')
SwiftCompile normal arm64 /Users/admin/builder/spi-builder-workspace/Sources/OracleNIOMacros/Statement.swift (in target 'OracleNIOMacros' from project 'oracle-nio')
cd /Users/admin/builder/spi-builder-workspace/.swiftpm/xcode
builtin-SwiftPerFileCompile Statement.swift
SwiftCompile normal arm64_32 Compiling\ Statement.swift /Users/admin/builder/spi-builder-workspace/Sources/OracleNIOMacros/Statement.swift (in target 'OracleNIOMacros' from project 'oracle-nio')
SwiftCompile normal arm64_32 /Users/admin/builder/spi-builder-workspace/Sources/OracleNIOMacros/Statement.swift (in target 'OracleNIOMacros' from project 'oracle-nio')
cd /Users/admin/builder/spi-builder-workspace/.swiftpm/xcode
builtin-SwiftPerFileCompile Statement.swift
SwiftCompile normal arm64_32 Compiling\ IntervalDS+OracleCodable.swift,\ OracleJSON+Decoding.swift,\ OracleJSON+Encoding.swift,\ OracleJSON.swift,\ OracleJSONParser.swift,\ OracleJSONStorage.swift,\ OracleJSONWriter.swift /Users/admin/builder/spi-builder-workspace/Sources/OracleNIO/Data/IntervalDS+OracleCodable.swift /Users/admin/builder/spi-builder-workspace/Sources/OracleNIO/Data/JSON/OracleJSON+Decoding.swift /Users/admin/builder/spi-builder-workspace/Sources/OracleNIO/Data/JSON/OracleJSON+Encoding.swift /Users/admin/builder/spi-builder-workspace/Sources/OracleNIO/Data/JSON/OracleJSON.swift /Users/admin/builder/spi-builder-workspace/Sources/OracleNIO/Data/JSON/OracleJSONParser.swift /Users/admin/builder/spi-builder-workspace/Sources/OracleNIO/Data/JSON/OracleJSONStorage.swift /Users/admin/builder/spi-builder-workspace/Sources/OracleNIO/Data/JSON/OracleJSONWriter.swift (in target 'OracleNIO' from project 'oracle-nio')
/Users/admin/builder/spi-builder-workspace/Sources/OracleNIO/Data/JSON/OracleJSONWriter.swift:233:22: error: integer literal '2166136261' overflows when stored into 'Int'
231 | /// This is based on Bernstein's hash function.
232 | static func calculateHashID(for name: [UInt8]) -> Int {
233 | var hashID = 0x811C_9DC5
| `- error: integer literal '2166136261' overflows when stored into 'Int'
234 | for c in name {
235 | hashID = (hashID ^ Int(c)) &* 16_777_619
Failed frontend command:
SwiftCompile normal arm64_32 /Users/admin/builder/spi-builder-workspace/Sources/OracleNIO/Data/IntervalDS+OracleCodable.swift (in target 'OracleNIO' from project 'oracle-nio')
cd /Users/admin/builder/spi-builder-workspace/.swiftpm/xcode
builtin-SwiftPerFileCompile IntervalDS+OracleCodable.swift
SwiftCompile normal arm64_32 /Users/admin/builder/spi-builder-workspace/Sources/OracleNIO/Data/JSON/OracleJSON+Decoding.swift (in target 'OracleNIO' from project 'oracle-nio')
cd /Users/admin/builder/spi-builder-workspace/.swiftpm/xcode
builtin-SwiftPerFileCompile OracleJSON+Decoding.swift
SwiftCompile normal arm64_32 /Users/admin/builder/spi-builder-workspace/Sources/OracleNIO/Data/JSON/OracleJSON+Encoding.swift (in target 'OracleNIO' from project 'oracle-nio')
cd /Users/admin/builder/spi-builder-workspace/.swiftpm/xcode
builtin-SwiftPerFileCompile OracleJSON+Encoding.swift
SwiftCompile normal arm64_32 /Users/admin/builder/spi-builder-workspace/Sources/OracleNIO/Data/JSON/OracleJSON.swift (in target 'OracleNIO' from project 'oracle-nio')
cd /Users/admin/builder/spi-builder-workspace/.swiftpm/xcode
builtin-SwiftPerFileCompile OracleJSON.swift
SwiftCompile normal arm64_32 /Users/admin/builder/spi-builder-workspace/Sources/OracleNIO/Data/JSON/OracleJSONParser.swift (in target 'OracleNIO' from project 'oracle-nio')
cd /Users/admin/builder/spi-builder-workspace/.swiftpm/xcode
builtin-SwiftPerFileCompile OracleJSONParser.swift
SwiftCompile normal arm64_32 /Users/admin/builder/spi-builder-workspace/Sources/OracleNIO/Data/JSON/OracleJSONStorage.swift (in target 'OracleNIO' from project 'oracle-nio')
cd /Users/admin/builder/spi-builder-workspace/.swiftpm/xcode
builtin-SwiftPerFileCompile OracleJSONStorage.swift
SwiftCompile normal arm64_32 /Users/admin/builder/spi-builder-workspace/Sources/OracleNIO/Data/JSON/OracleJSONWriter.swift (in target 'OracleNIO' from project 'oracle-nio')
cd /Users/admin/builder/spi-builder-workspace/.swiftpm/xcode
builtin-SwiftPerFileCompile OracleJSONWriter.swift
/Applications/Xcode-27.0.0.app/Contents/Developer/Toolchains/XcodeDefault.xctoolchain/usr/bin/swift-frontend -frontend -c /Users/admin/builder/spi-builder-workspace/Sources/OracleNIO/AuthenticationMode.swift /Users/admin/builder/spi-builder-workspace/Sources/OracleNIO/Capabilities.swift /Users/admin/builder/spi-builder-workspace/Sources/OracleNIO/Connection/OracleClient+PooledConnection.swift /Users/admin/builder/spi-builder-workspace/Sources/OracleNIO/Connection/OracleConnection+BatchExecution.swift /Users/admin/builder/spi-builder-workspace/Sources/OracleNIO/Connection/OracleConnection+Configuration.swift /Users/admin/builder/spi-builder-workspace/Sources/OracleNIO/Connection/OracleConnection.swift /Users/admin/builder/spi-builder-workspace/Sources/OracleNIO/Connection/OracleConnectionProtocol.swift /Users/admin/builder/spi-builder-workspace/Sources/OracleNIO/Connection/OracleTransactionConnection.swift /Users/admin/builder/spi-builder-workspace/Sources/OracleNIO/ConnectionParameters.swift /Users/admin/builder/spi-builder-workspace/Sources/OracleNIO/ConnectionStateMachine/AuthenticationStateMachine.swift /Users/admin/builder/spi-builder-workspace/Sources/OracleNIO/ConnectionStateMachine/ConnectionStateMachine.swift /Users/admin/builder/spi-builder-workspace/Sources/OracleNIO/ConnectionStateMachine/RowStreamStateMachine.swift /Users/admin/builder/spi-builder-workspace/Sources/OracleNIO/ConnectionStateMachine/StatementStateMachine.swift /Users/admin/builder/spi-builder-workspace/Sources/OracleNIO/Constants.swift /Users/admin/builder/spi-builder-workspace/Sources/OracleNIO/DBType.swift /Users/admin/builder/spi-builder-workspace/Sources/OracleNIO/Data/Bool+OracleCodable.swift /Users/admin/builder/spi-builder-workspace/Sources/OracleNIO/Data/ByteBuffer+OracleCodable.swift /Users/admin/builder/spi-builder-workspace/Sources/OracleNIO/Data/Bytes+OracleCodable.swift /Users/admin/builder/spi-builder-workspace/Sources/OracleNIO/Data/Cursor.swift /Users/admin/builder/spi-builder-workspace/Sources/OracleNIO/Data/Data+OracleCodable.swift /Users/admin/builder/spi-builder-workspace/Sources/OracleNIO/Data/Date+OracleCodable.swift /Users/admin/builder/spi-builder-workspace/Sources/OracleNIO/Data/Double+OracleCodable.swift /Users/admin/builder/spi-builder-workspace/Sources/OracleNIO/Data/Float+OracleCodable.swift /Users/admin/builder/spi-builder-workspace/Sources/OracleNIO/Data/Int+OracleCodable.swift -primary-file /Users/admin/builder/spi-builder-workspace/Sources/OracleNIO/Data/IntervalDS+OracleCodable.swift -primary-file /Users/admin/builder/spi-builder-workspace/Sources/OracleNIO/Data/JSON/OracleJSON+Decoding.swift -primary-file /Users/admin/builder/spi-builder-workspace/Sources/OracleNIO/Data/JSON/OracleJSON+Encoding.swift -primary-file /Users/admin/builder/spi-builder-workspace/Sources/OracleNIO/Data/JSON/OracleJSON.swift -primary-file /Users/admin/builder/spi-builder-workspace/Sources/OracleNIO/Data/JSON/OracleJSONParser.swift -primary-file /Users/admin/builder/spi-builder-workspace/Sources/OracleNIO/Data/JSON/OracleJSONStorage.swift -primary-file /Users/admin/builder/spi-builder-workspace/Sources/OracleNIO/Data/JSON/OracleJSONWriter.swift /Users/admin/builder/spi-builder-workspace/Sources/OracleNIO/Data/LOB.swift /Users/admin/builder/spi-builder-workspace/Sources/OracleNIO/Data/OracleNumber.swift /Users/admin/builder/spi-builder-workspace/Sources/OracleNIO/Data/OracleNumeric.swift /Users/admin/builder/spi-builder-workspace/Sources/OracleNIO/Data/OracleObject.swift /Users/admin/builder/spi-builder-workspace/Sources/OracleNIO/Data/OracleRef.swift /Users/admin/builder/spi-builder-workspace/Sources/OracleNIO/Data/OracleVector.swift /Users/admin/builder/spi-builder-workspace/Sources/OracleNIO/Data/OracleXML.swift /Users/admin/builder/spi-builder-workspace/Sources/OracleNIO/Data/RowID.swift /Users/admin/builder/spi-builder-workspace/Sources/OracleNIO/Data/String+OracleCodable.swift /Users/admin/builder/spi-builder-workspace/Sources/OracleNIO/Data/UUID+OracleCodable.swift /Users/admin/builder/spi-builder-workspace/Sources/OracleNIO/DataType.swift /Users/admin/builder/spi-builder-workspace/Sources/OracleNIO/Extensions/Array+Random.swift /Users/admin/builder/spi-builder-workspace/Sources/OracleNIO/Extensions/ByteBuffer/ByteBuffer+EmptyOracleData.swift /Users/admin/builder/spi-builder-workspace/Sources/OracleNIO/Extensions/ByteBuffer/ByteBuffer+OSON.swift /Users/admin/builder/spi-builder-workspace/Sources/OracleNIO/Extensions/ByteBuffer/ByteBuffer+OracleBackendMessageID.swift /Users/admin/builder/spi-builder-workspace/Sources/OracleNIO/Extensions/ByteBuffer/ByteBuffer+QLocator.swift /Users/admin/builder/spi-builder-workspace/Sources/OracleNIO/Extensions/ByteBuffer/ByteBuffer+SB.swift /Users/admin/builder/spi-builder-workspace/Sources/OracleNIO/Extensions/ByteBuffer/ByteBuffer+UB.swift /Users/admin/builder/spi-builder-workspace/Sources/OracleNIO/Extensions/ByteBuffer/ByteBuffer+prepareSend.swift /Users/admin/builder/spi-builder-workspace/Sources/OracleNIO/Extensions/ByteBuffer/ByteBuffer+readOracleBytes.swift /Users/admin/builder/spi-builder-workspace/Sources/OracleNIO/Extensions/ByteBuffer/ByteBuffer+readStringWithFormat.swift /Users/admin/builder/spi-builder-workspace/Sources/OracleNIO/Extensions/ByteBuffer/ByteBuffer+throwingMoveReaderIndex.swift /Users/admin/builder/spi-builder-workspace/Sources/OracleNIO/Extensions/ByteBuffer/ByteBuffer+throwingReadBytes.swift /Users/admin/builder/spi-builder-workspace/Sources/OracleNIO/Extensions/ByteBuffer/ByteBuffer+throwingReadInteger.swift /Users/admin/builder/spi-builder-workspace/Sources/OracleNIO/Extensions/ByteBuffer/ByteBuffer+throwingReadString.swift /Users/admin/builder/spi-builder-workspace/Sources/OracleNIO/Extensions/ByteBuffer/ByteBuffer+throwingSkipBytes.swift /Users/admin/builder/spi-builder-workspace/Sources/OracleNIO/Extensions/Data+hexString.swift /Users/admin/builder/spi-builder-workspace/Sources/OracleNIO/Extensions/Logging+Oracle.swift /Users/admin/builder/spi-builder-workspace/Sources/OracleNIO/Extensions/Optional+ValueOrError.swift /Users/admin/builder/spi-builder-workspace/Sources/OracleNIO/Helper/Crypto.swift /Users/admin/builder/spi-builder-workspace/Sources/OracleNIO/Helper/TinySequence.swift /Users/admin/builder/spi-builder-workspace/Sources/OracleNIO/MessageType.swift /Users/admin/builder/spi-builder-workspace/Sources/OracleNIO/Messages/BackendError.swift /Users/admin/builder/spi-builder-workspace/Sources/OracleNIO/Messages/Coding/MissingDataDecodingError.swift /Users/admin/builder/spi-builder-workspace/Sources/OracleNIO/Messages/Coding/OracleBackendMessageDecoder.swift /Users/admin/builder/spi-builder-workspace/Sources/OracleNIO/Messages/Coding/OracleFrontendMessageEncoder.swift /Users/admin/builder/spi-builder-workspace/Sources/OracleNIO/Messages/Coding/OracleFrontendMessagePostProcessor.swift /Users/admin/builder/spi-builder-workspace/Sources/OracleNIO/Messages/Coding/OracleMessageDecodingError.swift /Users/admin/builder/spi-builder-workspace/Sources/OracleNIO/Messages/Coding/OraclePartialDecodingError.swift /Users/admin/builder/spi-builder-workspace/Sources/OracleNIO/Messages/DataRow.swift /Users/admin/builder/spi-builder-workspace/Sources/OracleNIO/Messages/DescribeInfo.swift /Users/admin/builder/spi-builder-workspace/Sources/OracleNIO/Messages/OracleBackendMessage+Accept.swift /Users/admin/builder/spi-builder-workspace/Sources/OracleNIO/Messages/OracleBackendMessage+BitVector.swift /Users/admin/builder/spi-builder-workspace/Sources/OracleNIO/Messages/OracleBackendMessage+DataTypes.swift /Users/admin/builder/spi-builder-workspace/Sources/OracleNIO/Messages/OracleBackendMessage+InOutVector.swift /Users/admin/builder/spi-builder-workspace/Sources/OracleNIO/Messages/OracleBackendMessage+LOBData.swift /Users/admin/builder/spi-builder-workspace/Sources/OracleNIO/Messages/OracleBackendMessage+Parameter.swift /Users/admin/builder/spi-builder-workspace/Sources/OracleNIO/Messages/OracleBackendMessage+Protocol.swift /Users/admin/builder/spi-builder-workspace/Sources/OracleNIO/Messages/OracleBackendMessage+RowData.swift /Users/admin/builder/spi-builder-workspace/Sources/OracleNIO/Messages/OracleBackendMessage+RowHeader.swift /Users/admin/builder/spi-builder-workspace/Sources/OracleNIO/Messages/OracleBackendMessage+ServerSidePiggyback.swift /Users/admin/builder/spi-builder-workspace/Sources/OracleNIO/Messages/OracleBackendMessage+Status.swift /Users/admin/builder/spi-builder-workspace/Sources/OracleNIO/Messages/OracleBackendMessage.swift /Users/admin/builder/spi-builder-workspace/Sources/OracleNIO/OracleCell.swift /Users/admin/builder/spi-builder-workspace/Sources/OracleNIO/OracleChannelHandler.swift /Users/admin/builder/spi-builder-workspace/Sources/OracleNIO/OracleCodable.swift /Users/admin/builder/spi-builder-workspace/Sources/OracleNIO/OracleColumn.swift /Users/admin/builder/spi-builder-workspace/Sources/OracleNIO/OracleDecodingError.swift /Users/admin/builder/spi-builder-workspace/Sources/OracleNIO/OracleErrorInfo.swift /Users/admin/builder/spi-builder-workspace/Sources/OracleNIO/OracleEventsHandler.swift /Users/admin/builder/spi-builder-workspace/Sources/OracleNIO/OracleRow.swift /Users/admin/builder/spi-builder-workspace/Sources/OracleNIO/OracleRowSequence.swift /Users/admin/builder/spi-builder-workspace/Sources/OracleNIO/OracleRowStream.swift /Users/admin/builder/spi-builder-workspace/Sources/OracleNIO/OracleSQLError.swift /Users/admin/builder/spi-builder-workspace/Sources/OracleNIO/OracleTask.swift /Users/admin/builder/spi-builder-workspace/Sources/OracleNIO/OracleTransactionError.swift /Users/admin/builder/spi-builder-workspace/Sources/OracleNIO/OracleVersion.swift /Users/admin/builder/spi-builder-workspace/Sources/OracleNIO/PacketType.swift /Users/admin/builder/spi-builder-workspace/Sources/OracleNIO/Pool/ConnectionFactory.swift /Users/admin/builder/spi-builder-workspace/Sources/OracleNIO/Pool/OracleClient.swift /Users/admin/builder/spi-builder-workspace/Sources/OracleNIO/Pool/OracleClientMetrics.swift /Users/admin/builder/spi-builder-workspace/Sources/OracleNIO/Purity.swift /Users/admin/builder/spi-builder-workspace/Sources/OracleNIO/Statements/OracleBindings.swift /Users/admin/builder/spi-builder-workspace/Sources/OracleNIO/Statements/OraclePreparedStatement.swift /Users/admin/builder/spi-builder-workspace/Sources/OracleNIO/Statements/OracleStatement.swift /Users/admin/builder/spi-builder-workspace/Sources/OracleNIO/TLSConfiguration+Oracle.swift /Users/admin/builder/spi-builder-workspace/Sources/OracleNIO/Utilities/AuthHeaderDateFormat.swift /Users/admin/builder/spi-builder-workspace/Sources/OracleNIO/Utilities/OracleHexDump.swift /Users/admin/builder/spi-builder-workspace/Sources/OracleNIO/Utilities/OracleTraceHandler.swift /Users/admin/builder/spi-builder-workspace/Sources/OracleNIO/Utilities/SendOnceBox.swift /Users/admin/builder/spi-builder-workspace/Sources/OracleNIO/VariadicGenerics.swift /Users/admin/builder/spi-builder-workspace/Sources/OracleNIO/_TNSDataType.swift -supplementary-output-file-map /Users/admin/builder/spi-builder-workspace/.derivedData/Build/Intermediates.noindex/oracle-nio.build/Debug-watchos/OracleNIO-t.build/Objects-normal/arm64_32/supplementaryOutputs-1 -target arm64_32-apple-watchos9.0 -module-can-import-version Darwin 428.0.10 0 -module-can-import-version Network 5000.0.33 6681.4.1 -disable-cross-import-overlay-search -swift-module-cross-import Darwin /Applications/Xcode-27.0.0.app/Contents/Developer/Platforms/WatchOS.platform/Developer/SDKs/WatchOS.sdk/usr/include/Darwin.swiftcrossimport/xlocale.swiftoverlay -load-resolved-plugin /Applications/Xcode-27.0.0.app/Contents/Developer/Platforms/WatchOS.platform/Developer/usr/lib/swift/host/plugins/libFoundationMacros.dylib\#/Applications/Xcode-27.0.0.app/Contents/Developer/Platforms/WatchOS.platform/Developer/usr/bin/swift-plugin-server\#FoundationMacros -load-resolved-plugin /Applications/Xcode-27.0.0.app/Contents/Developer/Platforms/WatchOS.platform/Developer/usr/lib/swift/host/plugins/libObservationMacros.dylib\#/Applications/Xcode-27.0.0.app/Contents/Developer/Platforms/WatchOS.platform/Developer/usr/bin/swift-plugin-server\#ObservationMacros -load-resolved-plugin /Applications/Xcode-27.0.0.app/Contents/Developer/Platforms/WatchOS.platform/Developer/usr/lib/swift/host/plugins/libSwiftMacros.dylib\#/Applications/Xcode-27.0.0.app/Contents/Developer/Platforms/WatchOS.platform/Developer/usr/bin/swift-plugin-server\#SwiftMacros -disable-implicit-swift-modules -Xcc -fno-implicit-modules -Xcc -fno-implicit-module-maps -explicit-swift-module-map-file /Users/admin/builder/spi-builder-workspace/.derivedData/Build/Intermediates.noindex/oracle-nio.build/Debug-watchos/OracleNIO-t.build/Objects-normal/arm64_32/OracleNIO-dependencies-1.json -enable-objc-interop -sdk /Applications/Xcode-27.0.0.app/Contents/Developer/Platforms/WatchOS.platform/Developer/SDKs/WatchOS27.0.sdk -I /Users/admin/builder/spi-builder-workspace/.derivedData/Build/Products/Debug-watchos -Isystem /Applications/Xcode-27.0.0.app/Contents/Developer/Platforms/WatchOS.platform/Developer/usr/lib -F /Users/admin/builder/spi-builder-workspace/.derivedData/Build/Products/Debug-watchos/PackageFrameworks -F /Users/admin/builder/spi-builder-workspace/.derivedData/Build/Products/Debug-watchos -F /Applications/Xcode-27.0.0.app/Contents/Developer/Platforms/WatchOS.platform/Developer/Library/Frameworks -F /Applications/Xcode-27.0.0.app/Contents/Developer/Platforms/WatchOS.platform/Developer/SDKs/WatchOS27.0.sdk/Developer/Library/Frameworks -module-cache-path /Users/admin/builder/spi-builder-workspace/.derivedData/Build/Intermediates.noindex/SwiftExplicitPrecompiledModules -no-color-diagnostics -Xcc -fno-color-diagnostics -enable-testing -g -debug-info-format\=dwarf -dwarf-version\=4 -profile-generate -profile-coverage-mapping -swift-version 6 -Onone -D SWIFT_PACKAGE -D DEBUG -D SWIFT_MODULE_RESOURCE_BUNDLE_UNAVAILABLE -D DistributedTracingSupport -D Xcode -serialize-debugging-options -enable-upcoming-feature MemberImportVisibility -enable-upcoming-feature InternalImportsByDefault -enable-experimental-feature DebugDescriptionMacro -empty-abi-descriptor -validate-clang-modules-once -clang-build-session-file /Users/admin/builder/spi-builder-workspace/.derivedData/ModuleCache.noindex/Session.modulevalidation -Xcc -working-directory -Xcc /Users/admin/builder/spi-builder-workspace/.swiftpm/xcode -enable-anonymous-context-mangled-names -file-compilation-dir /Users/admin/builder/spi-builder-workspace/.swiftpm/xcode -Xcc -fmodule-map-file\=/Users/admin/builder/spi-builder-workspace/.dependencies/checkouts/swift-atomics/Sources/_AtomicsShims/include/module.modulemap -Xcc -fmodule-map-file\=/Users/admin/builder/spi-builder-workspace/.derivedData/Build/Intermediates.noindex/GeneratedModuleMaps-watchos/CNIOBoringSSLShims.modulemap -Xcc -fmodule-map-file\=/Users/admin/builder/spi-builder-workspace/.dependencies/checkouts/swift-nio-ssl/Sources/CNIOBoringSSL/include/module.modulemap -Xcc -fmodule-map-file\=/Users/admin/builder/spi-builder-workspace/.derivedData/Build/Intermediates.noindex/GeneratedModuleMaps-watchos/CNIOPosix.modulemap -Xcc -fmodule-map-file\=/Users/admin/builder/spi-builder-workspace/.derivedData/Build/Intermediates.noindex/GeneratedModuleMaps-watchos/CNIOWASI.modulemap -Xcc -fmodule-map-file\=/Users/admin/builder/spi-builder-workspace/.dependencies/checkouts/swift-nio/Sources/CNIOWindows/include/module.modulemap -Xcc -fmodule-map-file\=/Users/admin/builder/spi-builder-workspace/.derivedData/Build/Intermediates.noindex/GeneratedModuleMaps-watchos/CNIOLinux.modulemap -Xcc -fmodule-map-file\=/Users/admin/builder/spi-builder-workspace/.derivedData/Build/Intermediates.noindex/GeneratedModuleMaps-watchos/CNIODarwin.modulemap -Xcc -fmodule-map-file\=/Users/admin/builder/spi-builder-workspace/.derivedData/Build/Intermediates.noindex/GeneratedModuleMaps-watchos/CNIOFreeBSD.modulemap -Xcc -fmodule-map-file\=/Users/admin/builder/spi-builder-workspace/.derivedData/Build/Intermediates.noindex/GeneratedModuleMaps-watchos/CNIOOpenBSD.modulemap -Xcc -fmodule-map-file\=/Users/admin/builder/spi-builder-workspace/.derivedData/Build/Intermediates.noindex/GeneratedModuleMaps-watchos/CNIOAtomics.modulemap -Xcc -fmodule-map-file\=/Users/admin/builder/spi-builder-workspace/.dependencies/checkouts/swift-crypto/Sources/CCryptoBoringSSL/include/module.modulemap -Xcc -D_LIBCPP_HARDENING_MODE\=_LIBCPP_HARDENING_MODE_DEBUG -Xcc -ivfsstatcache -Xcc /Users/admin/builder/spi-builder-workspace/.derivedData/SDKStatCaches.noindex/watchos27.0-24R360-e829b21a6f8c9b70876ba0858053c044b9db9bc9c079ee3c7b5f3373b13d10bc.sdkstatcache -Xcc -fmodules-prune-interval\=86400 -Xcc -fmodules-prune-after\=345600 -Xcc -I/Users/admin/builder/spi-builder-workspace/.dependencies/checkouts/swift-atomics/Sources/_AtomicsShims/include -Xcc -I/Users/admin/builder/spi-builder-workspace/.dependencies/checkouts/swift-nio-ssl/Sources/CNIOBoringSSLShims/include -Xcc -I/Users/admin/builder/spi-builder-workspace/.dependencies/checkouts/swift-nio-ssl/Sources/CNIOBoringSSL/include -Xcc -I/Users/admin/builder/spi-builder-workspace/.dependencies/checkouts/swift-nio/Sources/CNIOPosix/include -Xcc -I/Users/admin/builder/spi-builder-workspace/.dependencies/checkouts/swift-nio/Sources/CNIOWASI/include -Xcc -I/Users/admin/builder/spi-builder-workspace/.dependencies/checkouts/swift-nio/Sources/CNIOWindows/include -Xcc -I/Users/admin/builder/spi-builder-workspace/.dependencies/checkouts/swift-nio/Sources/CNIOLinux/include -Xcc -I/Users/admin/builder/spi-builder-workspace/.dependencies/checkouts/swift-nio/Sources/CNIODarwin/include -Xcc -I/Users/admin/builder/spi-builder-workspace/.dependencies/checkouts/swift-nio/Sources/CNIOFreeBSD/include -Xcc -I/Users/admin/builder/spi-builder-workspace/.dependencies/checkouts/swift-nio/Sources/CNIOOpenBSD/include -Xcc -I/Users/admin/builder/spi-builder-workspace/.dependencies/checkouts/swift-nio/Sources/CNIOAtomics/include -Xcc -I/Users/admin/builder/spi-builder-workspace/.dependencies/checkouts/swift-crypto/Sources/CCryptoBoringSSL/include -Xcc -I/Users/admin/builder/spi-builder-workspace/.derivedData/Build/Products/Debug-watchos/include -Xcc -I/Users/admin/builder/spi-builder-workspace/.derivedData/Build/Intermediates.noindex/oracle-nio.build/Debug-watchos/OracleNIO-t.build/DerivedSources-normal/arm64_32 -Xcc -I/Users/admin/builder/spi-builder-workspace/.derivedData/Build/Intermediates.noindex/oracle-nio.build/Debug-watchos/OracleNIO-t.build/DerivedSources/arm64_32 -Xcc -I/Users/admin/builder/spi-builder-workspace/.derivedData/Build/Intermediates.noindex/oracle-nio.build/Debug-watchos/OracleNIO-t.build/DerivedSources -Xcc -DSWIFT_PACKAGE -Xcc -DDEBUG\=1 -no-auto-bridging-header-chaining -module-name OracleNIO -package-name spi_builder_workspace -const-gather-protocols-file /Users/admin/builder/spi-builder-workspace/.derivedData/Build/Intermediates.noindex/oracle-nio.build/Debug-watchos/OracleNIO-t.build/Objects-normal/arm64_32/OracleNIO_const_extract_protocols.json -disable-clang-spi -clang-target arm64_32-apple-watchos27.0 -target-sdk-version 27.0 -target-sdk-name watchos27.0 -in-process-plugin-server-path /Applications/Xcode-27.0.0.app/Contents/Developer/Toolchains/XcodeDefault.xctoolchain/usr/lib/swift/host/libSwiftInProcPluginServer.dylib -parse-as-library -o /Users/admin/builder/spi-builder-workspace/.derivedData/Build/Intermediates.noindex/oracle-nio.build/Debug-watchos/OracleNIO-t.build/Objects-normal/arm64_32/IntervalDS+OracleCodable.o -o /Users/admin/builder/spi-builder-workspace/.derivedData/Build/Intermediates.noindex/oracle-nio.build/Debug-watchos/OracleNIO-t.build/Objects-normal/arm64_32/OracleJSON+Decoding.o -o /Users/admin/builder/spi-builder-workspace/.derivedData/Build/Intermediates.noindex/oracle-nio.build/Debug-watchos/OracleNIO-t.build/Objects-normal/arm64_32/OracleJSON+Encoding.o -o /Users/admin/builder/spi-builder-workspace/.derivedData/Build/Intermediates.noindex/oracle-nio.build/Debug-watchos/OracleNIO-t.build/Objects-normal/arm64_32/OracleJSON.o -o /Users/admin/builder/spi-builder-workspace/.derivedData/Build/Intermediates.noindex/oracle-nio.build/Debug-watchos/OracleNIO-t.build/Objects-normal/arm64_32/OracleJSONParser.o -o /Users/admin/builder/spi-builder-workspace/.derivedData/Build/Intermediates.noindex/oracle-nio.build/Debug-watchos/OracleNIO-t.build/Objects-normal/arm64_32/OracleJSONStorage.o -o /Users/admin/builder/spi-builder-workspace/.derivedData/Build/Intermediates.noindex/oracle-nio.build/Debug-watchos/OracleNIO-t.build/Objects-normal/arm64_32/OracleJSONWriter.o -debug-module-path /Users/admin/builder/spi-builder-workspace/.derivedData/Build/Intermediates.noindex/oracle-nio.build/Debug-watchos/OracleNIO-t.build/Objects-normal/arm64_32/OracleNIO.swiftmodule -index-unit-output-path /oracle-nio.build/Debug-watchos/OracleNIO-t.build/Objects-normal/arm64_32/IntervalDS+OracleCodable.o -index-unit-output-path /oracle-nio.build/Debug-watchos/OracleNIO-t.build/Objects-normal/arm64_32/OracleJSON+Decoding.o -index-unit-output-path /oracle-nio.build/Debug-watchos/OracleNIO-t.build/Objects-normal/arm64_32/OracleJSON+Encoding.o -index-unit-output-path /oracle-nio.build/Debug-watchos/OracleNIO-t.build/Objects-normal/arm64_32/OracleJSON.o -index-unit-output-path /oracle-nio.build/Debug-watchos/OracleNIO-t.build/Objects-normal/arm64_32/OracleJSONParser.o -index-unit-output-path /oracle-nio.build/Debug-watchos/OracleNIO-t.build/Objects-normal/arm64_32/OracleJSONStorage.o -index-unit-output-path /oracle-nio.build/Debug-watchos/OracleNIO-t.build/Objects-normal/arm64_32/OracleJSONWriter.o -index-store-path /Users/admin/builder/spi-builder-workspace/.derivedData/Index.noindex/DataStore -index-system-modules
SwiftCompile normal arm64_32 Compiling\ ByteBuffer+OracleBackendMessageID.swift,\ ByteBuffer+QLocator.swift,\ Logging+Oracle.swift,\ Optional+ValueOrError.swift,\ Crypto.swift,\ TinySequence.swift,\ MessageType.swift /Users/admin/builder/spi-builder-workspace/Sources/OracleNIO/Extensions/ByteBuffer/ByteBuffer+OracleBackendMessageID.swift /Users/admin/builder/spi-builder-workspace/Sources/OracleNIO/Extensions/ByteBuffer/ByteBuffer+QLocator.swift /Users/admin/builder/spi-builder-workspace/Sources/OracleNIO/Extensions/Logging+Oracle.swift /Users/admin/builder/spi-builder-workspace/Sources/OracleNIO/Extensions/Optional+ValueOrError.swift /Users/admin/builder/spi-builder-workspace/Sources/OracleNIO/Helper/Crypto.swift /Users/admin/builder/spi-builder-workspace/Sources/OracleNIO/Helper/TinySequence.swift /Users/admin/builder/spi-builder-workspace/Sources/OracleNIO/MessageType.swift (in target 'OracleNIO' from project 'oracle-nio')
/Users/admin/builder/spi-builder-workspace/Sources/OracleNIO/Helper/TinySequence.swift:31:9: warning: setter for property 'base' is private and cannot be referenced from an '@inlinable' function; this will be an error in a future Swift language mode
25 |
26 | @usableFromInline
27 | private(set) var base: Base
| `- note: setter for property 'base' is not '@usableFromInline' or public
28 |
29 | @inlinable
30 | init() {
31 | self.base = .none(reserveCapacity: 0)
| `- warning: setter for property 'base' is private and cannot be referenced from an '@inlinable' function; this will be an error in a future Swift language mode
32 | }
33 |
/Users/admin/builder/spi-builder-workspace/Sources/OracleNIO/Helper/TinySequence.swift:36:9: warning: setter for property 'base' is private and cannot be referenced from an '@inlinable' function; this will be an error in a future Swift language mode
25 |
26 | @usableFromInline
27 | private(set) var base: Base
| `- note: setter for property 'base' is not '@usableFromInline' or public
28 |
29 | @inlinable
:
34 | @inlinable
35 | init(element: Element) {
36 | self.base = .one(element, reserveCapacity: 1)
| `- warning: setter for property 'base' is private and cannot be referenced from an '@inlinable' function; this will be an error in a future Swift language mode
37 | }
38 |
/Users/admin/builder/spi-builder-workspace/Sources/OracleNIO/Helper/TinySequence.swift:43:13: warning: setter for property 'base' is private and cannot be referenced from an '@inlinable' function; this will be an error in a future Swift language mode
25 |
26 | @usableFromInline
27 | private(set) var base: Base
| `- note: setter for property 'base' is not '@usableFromInline' or public
28 |
29 | @inlinable
:
41 | switch collection.count {
42 | case 0:
43 | self.base = .none(reserveCapacity: 0)
| `- warning: setter for property 'base' is private and cannot be referenced from an '@inlinable' function; this will be an error in a future Swift language mode
44 | case 1:
45 | self.base = .one(collection.first!, reserveCapacity: 0)
/Users/admin/builder/spi-builder-workspace/Sources/OracleNIO/Helper/TinySequence.swift:45:13: warning: setter for property 'base' is private and cannot be referenced from an '@inlinable' function; this will be an error in a future Swift language mode
25 |
26 | @usableFromInline
27 | private(set) var base: Base
| `- note: setter for property 'base' is not '@usableFromInline' or public
28 |
29 | @inlinable
:
43 | self.base = .none(reserveCapacity: 0)
44 | case 1:
45 | self.base = .one(collection.first!, reserveCapacity: 0)
| `- warning: setter for property 'base' is private and cannot be referenced from an '@inlinable' function; this will be an error in a future Swift language mode
46 | case 2:
47 | self.base = .two(
/Users/admin/builder/spi-builder-workspace/Sources/OracleNIO/Helper/TinySequence.swift:47:13: warning: setter for property 'base' is private and cannot be referenced from an '@inlinable' function; this will be an error in a future Swift language mode
25 |
26 | @usableFromInline
27 | private(set) var base: Base
| `- note: setter for property 'base' is not '@usableFromInline' or public
28 |
29 | @inlinable
:
45 | self.base = .one(collection.first!, reserveCapacity: 0)
46 | case 2:
47 | self.base = .two(
| `- warning: setter for property 'base' is private and cannot be referenced from an '@inlinable' function; this will be an error in a future Swift language mode
48 | collection.first!,
49 | collection[collection.index(after: collection.startIndex)],
/Users/admin/builder/spi-builder-workspace/Sources/OracleNIO/Helper/TinySequence.swift:54:17: warning: setter for property 'base' is private and cannot be referenced from an '@inlinable' function; this will be an error in a future Swift language mode
25 |
26 | @usableFromInline
27 | private(set) var base: Base
| `- note: setter for property 'base' is not '@usableFromInline' or public
28 |
29 | @inlinable
:
52 | default:
53 | if let collection = collection as? [Element] {
54 | self.base = .n(collection)
| `- warning: setter for property 'base' is private and cannot be referenced from an '@inlinable' function; this will be an error in a future Swift language mode
55 | } else {
56 | self.base = .n(Array(collection))
/Users/admin/builder/spi-builder-workspace/Sources/OracleNIO/Helper/TinySequence.swift:56:17: warning: setter for property 'base' is private and cannot be referenced from an '@inlinable' function; this will be an error in a future Swift language mode
25 |
26 | @usableFromInline
27 | private(set) var base: Base
| `- note: setter for property 'base' is not '@usableFromInline' or public
28 |
29 | @inlinable
:
54 | self.base = .n(collection)
55 | } else {
56 | self.base = .n(Array(collection))
| `- warning: setter for property 'base' is private and cannot be referenced from an '@inlinable' function; this will be an error in a future Swift language mode
57 | }
58 | }
/Users/admin/builder/spi-builder-workspace/Sources/OracleNIO/Helper/TinySequence.swift:153:13: warning: setter for property 'base' is private and cannot be referenced from an '@inlinable' function; this will be an error in a future Swift language mode
25 |
26 | @usableFromInline
27 | private(set) var base: Base
| `- note: setter for property 'base' is not '@usableFromInline' or public
28 |
29 | @inlinable
:
151 | switch self.base {
152 | case .none(let reservedCapacity):
153 | self.base = .none(reserveCapacity: Swift.max(reservedCapacity, minimumCapacity))
| `- warning: setter for property 'base' is private and cannot be referenced from an '@inlinable' function; this will be an error in a future Swift language mode
154 | case .one(let element, let reservedCapacity):
155 | self.base = .one(element, reserveCapacity: Swift.max(reservedCapacity, minimumCapacity))
/Users/admin/builder/spi-builder-workspace/Sources/OracleNIO/Helper/TinySequence.swift:155:13: warning: setter for property 'base' is private and cannot be referenced from an '@inlinable' function; this will be an error in a future Swift language mode
25 |
26 | @usableFromInline
27 | private(set) var base: Base
| `- note: setter for property 'base' is not '@usableFromInline' or public
28 |
29 | @inlinable
:
153 | self.base = .none(reserveCapacity: Swift.max(reservedCapacity, minimumCapacity))
154 | case .one(let element, let reservedCapacity):
155 | self.base = .one(element, reserveCapacity: Swift.max(reservedCapacity, minimumCapacity))
| `- warning: setter for property 'base' is private and cannot be referenced from an '@inlinable' function; this will be an error in a future Swift language mode
156 | case .two(let first, let second, let reservedCapacity):
157 | self.base = .two(
/Users/admin/builder/spi-builder-workspace/Sources/OracleNIO/Helper/TinySequence.swift:157:13: warning: setter for property 'base' is private and cannot be referenced from an '@inlinable' function; this will be an error in a future Swift language mode
25 |
26 | @usableFromInline
27 | private(set) var base: Base
| `- note: setter for property 'base' is not '@usableFromInline' or public
28 |
29 | @inlinable
:
155 | self.base = .one(element, reserveCapacity: Swift.max(reservedCapacity, minimumCapacity))
156 | case .two(let first, let second, let reservedCapacity):
157 | self.base = .two(
| `- warning: setter for property 'base' is private and cannot be referenced from an '@inlinable' function; this will be an error in a future Swift language mode
158 | first, second, reserveCapacity: Swift.max(reservedCapacity, minimumCapacity))
159 | case .n(var array):
/Users/admin/builder/spi-builder-workspace/Sources/OracleNIO/Helper/TinySequence.swift:160:13: warning: setter for property 'base' is private and cannot be referenced from an '@inlinable' function; this will be an error in a future Swift language mode
25 |
26 | @usableFromInline
27 | private(set) var base: Base
| `- note: setter for property 'base' is not '@usableFromInline' or public
28 |
29 | @inlinable
:
158 | first, second, reserveCapacity: Swift.max(reservedCapacity, minimumCapacity))
159 | case .n(var array):
160 | self.base = .none(reserveCapacity: 0) // prevent CoW
| `- warning: setter for property 'base' is private and cannot be referenced from an '@inlinable' function; this will be an error in a future Swift language mode
161 | array.reserveCapacity(minimumCapacity)
162 | self.base = .n(array)
/Users/admin/builder/spi-builder-workspace/Sources/OracleNIO/Helper/TinySequence.swift:162:13: warning: setter for property 'base' is private and cannot be referenced from an '@inlinable' function; this will be an error in a future Swift language mode
25 |
26 | @usableFromInline
27 | private(set) var base: Base
| `- note: setter for property 'base' is not '@usableFromInline' or public
28 |
29 | @inlinable
:
160 | self.base = .none(reserveCapacity: 0) // prevent CoW
161 | array.reserveCapacity(minimumCapacity)
162 | self.base = .n(array)
| `- warning: setter for property 'base' is private and cannot be referenced from an '@inlinable' function; this will be an error in a future Swift language mode
163 | }
164 | }
/Users/admin/builder/spi-builder-workspace/Sources/OracleNIO/Helper/TinySequence.swift:170:13: warning: setter for property 'base' is private and cannot be referenced from an '@inlinable' function; this will be an error in a future Swift language mode
25 |
26 | @usableFromInline
27 | private(set) var base: Base
| `- note: setter for property 'base' is not '@usableFromInline' or public
28 |
29 | @inlinable
:
168 | switch self.base {
169 | case .none(let reserveCapacity):
170 | self.base = .one(element, reserveCapacity: reserveCapacity)
| `- warning: setter for property 'base' is private and cannot be referenced from an '@inlinable' function; this will be an error in a future Swift language mode
171 | case .one(let first, let reserveCapacity):
172 | self.base = .two(first, element, reserveCapacity: reserveCapacity)
/Users/admin/builder/spi-builder-workspace/Sources/OracleNIO/Helper/TinySequence.swift:172:13: warning: setter for property 'base' is private and cannot be referenced from an '@inlinable' function; this will be an error in a future Swift language mode
25 |
26 | @usableFromInline
27 | private(set) var base: Base
| `- note: setter for property 'base' is not '@usableFromInline' or public
28 |
29 | @inlinable
:
170 | self.base = .one(element, reserveCapacity: reserveCapacity)
171 | case .one(let first, let reserveCapacity):
172 | self.base = .two(first, element, reserveCapacity: reserveCapacity)
| `- warning: setter for property 'base' is private and cannot be referenced from an '@inlinable' function; this will be an error in a future Swift language mode
173 |
174 | case .two(let first, let second, let reserveCapacity):
/Users/admin/builder/spi-builder-workspace/Sources/OracleNIO/Helper/TinySequence.swift:180:13: warning: setter for property 'base' is private and cannot be referenced from an '@inlinable' function; this will be an error in a future Swift language mode
25 |
26 | @usableFromInline
27 | private(set) var base: Base
| `- note: setter for property 'base' is not '@usableFromInline' or public
28 |
29 | @inlinable
:
178 | new.append(second)
179 | new.append(element)
180 | self.base = .n(new)
| `- warning: setter for property 'base' is private and cannot be referenced from an '@inlinable' function; this will be an error in a future Swift language mode
181 |
182 | case .n(var existing):
/Users/admin/builder/spi-builder-workspace/Sources/OracleNIO/Helper/TinySequence.swift:183:13: warning: setter for property 'base' is private and cannot be referenced from an '@inlinable' function; this will be an error in a future Swift language mode
25 |
26 | @usableFromInline
27 | private(set) var base: Base
| `- note: setter for property 'base' is not '@usableFromInline' or public
28 |
29 | @inlinable
:
181 |
182 | case .n(var existing):
183 | self.base = .none(reserveCapacity: 0) // prevent CoW
| `- warning: setter for property 'base' is private and cannot be referenced from an '@inlinable' function; this will be an error in a future Swift language mode
184 | existing.append(element)
185 | self.base = .n(existing)
/Users/admin/builder/spi-builder-workspace/Sources/OracleNIO/Helper/TinySequence.swift:185:13: warning: setter for property 'base' is private and cannot be referenced from an '@inlinable' function; this will be an error in a future Swift language mode
25 |
26 | @usableFromInline
27 | private(set) var base: Base
| `- note: setter for property 'base' is not '@usableFromInline' or public
28 |
29 | @inlinable
:
183 | self.base = .none(reserveCapacity: 0) // prevent CoW
184 | existing.append(element)
185 | self.base = .n(existing)
| `- warning: setter for property 'base' is private and cannot be referenced from an '@inlinable' function; this will be an error in a future Swift language mode
186 | }
187 | }
/Users/admin/builder/spi-builder-workspace/Sources/OracleNIO/Helper/TinySequence.swift:201:13: warning: setter for property 'backing' is private and cannot be referenced from an '@inlinable' function; this will be an error in a future Swift language mode
195 | struct Iterator: IteratorProtocol {
196 | @usableFromInline private(set) var index: Int = 0
197 | @usableFromInline private(set) var backing: TinySequence<Element>
| `- note: setter for property 'backing' is not '@usableFromInline' or public
198 |
199 | @inlinable
200 | init(_ backing: TinySequence<Element>) {
201 | self.backing = backing
| `- warning: setter for property 'backing' is private and cannot be referenced from an '@inlinable' function; this will be an error in a future Swift language mode
202 | }
203 |
/Users/admin/builder/spi-builder-workspace/Sources/OracleNIO/Helper/TinySequence.swift:211:21: warning: setter for property 'index' is private and cannot be referenced from an '@inlinable' function; this will be an error in a future Swift language mode
194 | @usableFromInline
195 | struct Iterator: IteratorProtocol {
196 | @usableFromInline private(set) var index: Int = 0
| `- note: setter for property 'index' is not '@usableFromInline' or public
197 | @usableFromInline private(set) var backing: TinySequence<Element>
198 |
:
209 | case .one(let element, _):
210 | if self.index == 0 {
211 | self.index += 1
| `- warning: setter for property 'index' is private and cannot be referenced from an '@inlinable' function; this will be an error in a future Swift language mode
212 | return element
213 | }
/Users/admin/builder/spi-builder-workspace/Sources/OracleNIO/Helper/TinySequence.swift:217:25: warning: setter for property 'index' is private and cannot be referenced from an '@inlinable' function; this will be an error in a future Swift language mode
194 | @usableFromInline
195 | struct Iterator: IteratorProtocol {
196 | @usableFromInline private(set) var index: Int = 0
| `- note: setter for property 'index' is not '@usableFromInline' or public
197 | @usableFromInline private(set) var backing: TinySequence<Element>
198 |
:
215 |
216 | case .two(let first, let second, _):
217 | defer { self.index += 1 }
| `- warning: setter for property 'index' is private and cannot be referenced from an '@inlinable' function; this will be an error in a future Swift language mode
218 | switch self.index {
219 | case 0:
/Users/admin/builder/spi-builder-workspace/Sources/OracleNIO/Helper/TinySequence.swift:229:29: warning: setter for property 'index' is private and cannot be referenced from an '@inlinable' function; this will be an error in a future Swift language mode
194 | @usableFromInline
195 | struct Iterator: IteratorProtocol {
196 | @usableFromInline private(set) var index: Int = 0
| `- note: setter for property 'index' is not '@usableFromInline' or public
197 | @usableFromInline private(set) var backing: TinySequence<Element>
198 |
:
227 | case .n(let array):
228 | if self.index < array.endIndex {
229 | defer { self.index += 1 }
| `- warning: setter for property 'index' is private and cannot be referenced from an '@inlinable' function; this will be an error in a future Swift language mode
230 | return array[self.index]
231 | }
/Users/admin/builder/spi-builder-workspace/Sources/OracleNIO/Helper/TinySequence.swift:283:13: warning: setter for property 'base' is private and cannot be referenced from an '@inlinable' function; this will be an error in a future Swift language mode
25 |
26 | @usableFromInline
27 | private(set) var base: Base
| `- note: setter for property 'base' is not '@usableFromInline' or public
28 |
29 | @inlinable
:
281 | switch elements.count {
282 | case 0:
283 | self.base = .none(reserveCapacity: 0)
| `- warning: setter for property 'base' is private and cannot be referenced from an '@inlinable' function; this will be an error in a future Swift language mode
284 | case 1:
285 | self.base = .one(iterator.next()!, reserveCapacity: 0)
/Users/admin/builder/spi-builder-workspace/Sources/OracleNIO/Helper/TinySequence.swift:285:13: warning: setter for property 'base' is private and cannot be referenced from an '@inlinable' function; this will be an error in a future Swift language mode
25 |
26 | @usableFromInline
27 | private(set) var base: Base
| `- note: setter for property 'base' is not '@usableFromInline' or public
28 |
29 | @inlinable
:
283 | self.base = .none(reserveCapacity: 0)
284 | case 1:
285 | self.base = .one(iterator.next()!, reserveCapacity: 0)
| `- warning: setter for property 'base' is private and cannot be referenced from an '@inlinable' function; this will be an error in a future Swift language mode
286 | case 2:
287 | self.base = .two(iterator.next()!, iterator.next()!, reserveCapacity: 0)
/Users/admin/builder/spi-builder-workspace/Sources/OracleNIO/Helper/TinySequence.swift:287:13: warning: setter for property 'base' is private and cannot be referenced from an '@inlinable' function; this will be an error in a future Swift language mode
25 |
26 | @usableFromInline
27 | private(set) var base: Base
| `- note: setter for property 'base' is not '@usableFromInline' or public
28 |
29 | @inlinable
:
285 | self.base = .one(iterator.next()!, reserveCapacity: 0)
286 | case 2:
287 | self.base = .two(iterator.next()!, iterator.next()!, reserveCapacity: 0)
| `- warning: setter for property 'base' is private and cannot be referenced from an '@inlinable' function; this will be an error in a future Swift language mode
288 | default:
289 | self.base = .n(elements)
/Users/admin/builder/spi-builder-workspace/Sources/OracleNIO/Helper/TinySequence.swift:289:13: warning: setter for property 'base' is private and cannot be referenced from an '@inlinable' function; this will be an error in a future Swift language mode
25 |
26 | @usableFromInline
27 | private(set) var base: Base
| `- note: setter for property 'base' is not '@usableFromInline' or public
28 |
29 | @inlinable
:
287 | self.base = .two(iterator.next()!, iterator.next()!, reserveCapacity: 0)
288 | default:
289 | self.base = .n(elements)
| `- warning: setter for property 'base' is private and cannot be referenced from an '@inlinable' function; this will be an error in a future Swift language mode
290 | }
291 | }
SwiftCompile normal arm64_32 /Users/admin/builder/spi-builder-workspace/Sources/OracleNIO/Extensions/ByteBuffer/ByteBuffer+OracleBackendMessageID.swift (in target 'OracleNIO' from project 'oracle-nio')
cd /Users/admin/builder/spi-builder-workspace/.swiftpm/xcode
builtin-SwiftPerFileCompile ByteBuffer+OracleBackendMessageID.swift
SwiftCompile normal arm64_32 /Users/admin/builder/spi-builder-workspace/Sources/OracleNIO/Extensions/ByteBuffer/ByteBuffer+QLocator.swift (in target 'OracleNIO' from project 'oracle-nio')
cd /Users/admin/builder/spi-builder-workspace/.swiftpm/xcode
builtin-SwiftPerFileCompile ByteBuffer+QLocator.swift
SwiftCompile normal arm64_32 /Users/admin/builder/spi-builder-workspace/Sources/OracleNIO/Extensions/Logging+Oracle.swift (in target 'OracleNIO' from project 'oracle-nio')
cd /Users/admin/builder/spi-builder-workspace/.swiftpm/xcode
builtin-SwiftPerFileCompile Logging+Oracle.swift
SwiftCompile normal arm64_32 /Users/admin/builder/spi-builder-workspace/Sources/OracleNIO/Extensions/Optional+ValueOrError.swift (in target 'OracleNIO' from project 'oracle-nio')
cd /Users/admin/builder/spi-builder-workspace/.swiftpm/xcode
builtin-SwiftPerFileCompile Optional+ValueOrError.swift
SwiftCompile normal arm64_32 /Users/admin/builder/spi-builder-workspace/Sources/OracleNIO/Helper/Crypto.swift (in target 'OracleNIO' from project 'oracle-nio')
cd /Users/admin/builder/spi-builder-workspace/.swiftpm/xcode
builtin-SwiftPerFileCompile Crypto.swift
SwiftCompile normal arm64_32 /Users/admin/builder/spi-builder-workspace/Sources/OracleNIO/Helper/TinySequence.swift (in target 'OracleNIO' from project 'oracle-nio')
cd /Users/admin/builder/spi-builder-workspace/.swiftpm/xcode
builtin-SwiftPerFileCompile TinySequence.swift
SwiftCompile normal arm64_32 /Users/admin/builder/spi-builder-workspace/Sources/OracleNIO/MessageType.swift (in target 'OracleNIO' from project 'oracle-nio')
cd /Users/admin/builder/spi-builder-workspace/.swiftpm/xcode
builtin-SwiftPerFileCompile MessageType.swift
SwiftCompile normal arm64_32 Compiling\ LOB.swift,\ OracleNumber.swift,\ OracleNumeric.swift,\ OracleObject.swift,\ OracleRef.swift,\ OracleVector.swift,\ OracleXML.swift /Users/admin/builder/spi-builder-workspace/Sources/OracleNIO/Data/LOB.swift /Users/admin/builder/spi-builder-workspace/Sources/OracleNIO/Data/OracleNumber.swift /Users/admin/builder/spi-builder-workspace/Sources/OracleNIO/Data/OracleNumeric.swift /Users/admin/builder/spi-builder-workspace/Sources/OracleNIO/Data/OracleObject.swift /Users/admin/builder/spi-builder-workspace/Sources/OracleNIO/Data/OracleRef.swift /Users/admin/builder/spi-builder-workspace/Sources/OracleNIO/Data/OracleVector.swift /Users/admin/builder/spi-builder-workspace/Sources/OracleNIO/Data/OracleXML.swift (in target 'OracleNIO' from project 'oracle-nio')
SwiftCompile normal arm64_32 /Users/admin/builder/spi-builder-workspace/Sources/OracleNIO/Data/LOB.swift (in target 'OracleNIO' from project 'oracle-nio')
cd /Users/admin/builder/spi-builder-workspace/.swiftpm/xcode
builtin-SwiftPerFileCompile LOB.swift
SwiftCompile normal arm64_32 /Users/admin/builder/spi-builder-workspace/Sources/OracleNIO/Data/OracleNumber.swift (in target 'OracleNIO' from project 'oracle-nio')
cd /Users/admin/builder/spi-builder-workspace/.swiftpm/xcode
builtin-SwiftPerFileCompile OracleNumber.swift
SwiftCompile normal arm64_32 /Users/admin/builder/spi-builder-workspace/Sources/OracleNIO/Data/OracleNumeric.swift (in target 'OracleNIO' from project 'oracle-nio')
cd /Users/admin/builder/spi-builder-workspace/.swiftpm/xcode
builtin-SwiftPerFileCompile OracleNumeric.swift
SwiftCompile normal arm64_32 /Users/admin/builder/spi-builder-workspace/Sources/OracleNIO/Data/OracleObject.swift (in target 'OracleNIO' from project 'oracle-nio')
cd /Users/admin/builder/spi-builder-workspace/.swiftpm/xcode
builtin-SwiftPerFileCompile OracleObject.swift
SwiftCompile normal arm64_32 /Users/admin/builder/spi-builder-workspace/Sources/OracleNIO/Data/OracleRef.swift (in target 'OracleNIO' from project 'oracle-nio')
cd /Users/admin/builder/spi-builder-workspace/.swiftpm/xcode
builtin-SwiftPerFileCompile OracleRef.swift
SwiftCompile normal arm64_32 /Users/admin/builder/spi-builder-workspace/Sources/OracleNIO/Data/OracleVector.swift (in target 'OracleNIO' from project 'oracle-nio')
cd /Users/admin/builder/spi-builder-workspace/.swiftpm/xcode
builtin-SwiftPerFileCompile OracleVector.swift
SwiftCompile normal arm64_32 /Users/admin/builder/spi-builder-workspace/Sources/OracleNIO/Data/OracleXML.swift (in target 'OracleNIO' from project 'oracle-nio')
cd /Users/admin/builder/spi-builder-workspace/.swiftpm/xcode
builtin-SwiftPerFileCompile OracleXML.swift
SwiftEmitModule normal arm64_32 Emitting\ module\ for\ OracleNIO (in target 'OracleNIO' from project 'oracle-nio')
/Users/admin/builder/spi-builder-workspace/Sources/OracleNIO/Data/OracleNumber.swift:104:15: warning: result of call to 'withUnsafeBufferPointer' is unused [#NoUsage]
102 | internal init(_ numeric: Double, ascii: [UInt8]) {
103 | var buffer = ByteBuffer()
104 | ascii.withUnsafeBufferPointer { ascii in
| `- warning: result of call to 'withUnsafeBufferPointer' is unused [#NoUsage]
105 | OracleNumeric.encodeNumeric(Span(_unsafeElements: ascii), into: &buffer)
106 | }
/Users/admin/builder/spi-builder-workspace/Sources/OracleNIO/Helper/TinySequence.swift:31:9: warning: setter for property 'base' is private and cannot be referenced from an '@inlinable' function; this will be an error in a future Swift language mode
25 |
26 | @usableFromInline
27 | private(set) var base: Base
| `- note: setter for property 'base' is not '@usableFromInline' or public
28 |
29 | @inlinable
30 | init() {
31 | self.base = .none(reserveCapacity: 0)
| `- warning: setter for property 'base' is private and cannot be referenced from an '@inlinable' function; this will be an error in a future Swift language mode
32 | }
33 |
/Users/admin/builder/spi-builder-workspace/Sources/OracleNIO/Helper/TinySequence.swift:36:9: warning: setter for property 'base' is private and cannot be referenced from an '@inlinable' function; this will be an error in a future Swift language mode
25 |
26 | @usableFromInline
27 | private(set) var base: Base
| `- note: setter for property 'base' is not '@usableFromInline' or public
28 |
29 | @inlinable
:
34 | @inlinable
35 | init(element: Element) {
36 | self.base = .one(element, reserveCapacity: 1)
| `- warning: setter for property 'base' is private and cannot be referenced from an '@inlinable' function; this will be an error in a future Swift language mode
37 | }
38 |
/Users/admin/builder/spi-builder-workspace/Sources/OracleNIO/Helper/TinySequence.swift:43:13: warning: setter for property 'base' is private and cannot be referenced from an '@inlinable' function; this will be an error in a future Swift language mode
25 |
26 | @usableFromInline
27 | private(set) var base: Base
| `- note: setter for property 'base' is not '@usableFromInline' or public
28 |
29 | @inlinable
:
41 | switch collection.count {
42 | case 0:
43 | self.base = .none(reserveCapacity: 0)
| `- warning: setter for property 'base' is private and cannot be referenced from an '@inlinable' function; this will be an error in a future Swift language mode
44 | case 1:
45 | self.base = .one(collection.first!, reserveCapacity: 0)
/Users/admin/builder/spi-builder-workspace/Sources/OracleNIO/Helper/TinySequence.swift:45:13: warning: setter for property 'base' is private and cannot be referenced from an '@inlinable' function; this will be an error in a future Swift language mode
25 |
26 | @usableFromInline
27 | private(set) var base: Base
| `- note: setter for property 'base' is not '@usableFromInline' or public
28 |
29 | @inlinable
:
43 | self.base = .none(reserveCapacity: 0)
44 | case 1:
45 | self.base = .one(collection.first!, reserveCapacity: 0)
| `- warning: setter for property 'base' is private and cannot be referenced from an '@inlinable' function; this will be an error in a future Swift language mode
46 | case 2:
47 | self.base = .two(
/Users/admin/builder/spi-builder-workspace/Sources/OracleNIO/Helper/TinySequence.swift:47:13: warning: setter for property 'base' is private and cannot be referenced from an '@inlinable' function; this will be an error in a future Swift language mode
25 |
26 | @usableFromInline
27 | private(set) var base: Base
| `- note: setter for property 'base' is not '@usableFromInline' or public
28 |
29 | @inlinable
:
45 | self.base = .one(collection.first!, reserveCapacity: 0)
46 | case 2:
47 | self.base = .two(
| `- warning: setter for property 'base' is private and cannot be referenced from an '@inlinable' function; this will be an error in a future Swift language mode
48 | collection.first!,
49 | collection[collection.index(after: collection.startIndex)],
/Users/admin/builder/spi-builder-workspace/Sources/OracleNIO/Helper/TinySequence.swift:54:17: warning: setter for property 'base' is private and cannot be referenced from an '@inlinable' function; this will be an error in a future Swift language mode
25 |
26 | @usableFromInline
27 | private(set) var base: Base
| `- note: setter for property 'base' is not '@usableFromInline' or public
28 |
29 | @inlinable
:
52 | default:
53 | if let collection = collection as? [Element] {
54 | self.base = .n(collection)
| `- warning: setter for property 'base' is private and cannot be referenced from an '@inlinable' function; this will be an error in a future Swift language mode
55 | } else {
56 | self.base = .n(Array(collection))
/Users/admin/builder/spi-builder-workspace/Sources/OracleNIO/Helper/TinySequence.swift:56:17: warning: setter for property 'base' is private and cannot be referenced from an '@inlinable' function; this will be an error in a future Swift language mode
25 |
26 | @usableFromInline
27 | private(set) var base: Base
| `- note: setter for property 'base' is not '@usableFromInline' or public
28 |
29 | @inlinable
:
54 | self.base = .n(collection)
55 | } else {
56 | self.base = .n(Array(collection))
| `- warning: setter for property 'base' is private and cannot be referenced from an '@inlinable' function; this will be an error in a future Swift language mode
57 | }
58 | }
/Users/admin/builder/spi-builder-workspace/Sources/OracleNIO/Helper/TinySequence.swift:153:13: warning: setter for property 'base' is private and cannot be referenced from an '@inlinable' function; this will be an error in a future Swift language mode
25 |
26 | @usableFromInline
27 | private(set) var base: Base
| `- note: setter for property 'base' is not '@usableFromInline' or public
28 |
29 | @inlinable
:
151 | switch self.base {
152 | case .none(let reservedCapacity):
153 | self.base = .none(reserveCapacity: Swift.max(reservedCapacity, minimumCapacity))
| `- warning: setter for property 'base' is private and cannot be referenced from an '@inlinable' function; this will be an error in a future Swift language mode
154 | case .one(let element, let reservedCapacity):
155 | self.base = .one(element, reserveCapacity: Swift.max(reservedCapacity, minimumCapacity))
/Users/admin/builder/spi-builder-workspace/Sources/OracleNIO/Helper/TinySequence.swift:155:13: warning: setter for property 'base' is private and cannot be referenced from an '@inlinable' function; this will be an error in a future Swift language mode
25 |
26 | @usableFromInline
27 | private(set) var base: Base
| `- note: setter for property 'base' is not '@usableFromInline' or public
28 |
29 | @inlinable
:
153 | self.base = .none(reserveCapacity: Swift.max(reservedCapacity, minimumCapacity))
154 | case .one(let element, let reservedCapacity):
155 | self.base = .one(element, reserveCapacity: Swift.max(reservedCapacity, minimumCapacity))
| `- warning: setter for property 'base' is private and cannot be referenced from an '@inlinable' function; this will be an error in a future Swift language mode
156 | case .two(let first, let second, let reservedCapacity):
157 | self.base = .two(
/Users/admin/builder/spi-builder-workspace/Sources/OracleNIO/Helper/TinySequence.swift:157:13: warning: setter for property 'base' is private and cannot be referenced from an '@inlinable' function; this will be an error in a future Swift language mode
25 |
26 | @usableFromInline
27 | private(set) var base: Base
| `- note: setter for property 'base' is not '@usableFromInline' or public
28 |
29 | @inlinable
:
155 | self.base = .one(element, reserveCapacity: Swift.max(reservedCapacity, minimumCapacity))
156 | case .two(let first, let second, let reservedCapacity):
157 | self.base = .two(
| `- warning: setter for property 'base' is private and cannot be referenced from an '@inlinable' function; this will be an error in a future Swift language mode
158 | first, second, reserveCapacity: Swift.max(reservedCapacity, minimumCapacity))
159 | case .n(var array):
/Users/admin/builder/spi-builder-workspace/Sources/OracleNIO/Helper/TinySequence.swift:160:13: warning: setter for property 'base' is private and cannot be referenced from an '@inlinable' function; this will be an error in a future Swift language mode
25 |
26 | @usableFromInline
27 | private(set) var base: Base
| `- note: setter for property 'base' is not '@usableFromInline' or public
28 |
29 | @inlinable
:
158 | first, second, reserveCapacity: Swift.max(reservedCapacity, minimumCapacity))
159 | case .n(var array):
160 | self.base = .none(reserveCapacity: 0) // prevent CoW
| `- warning: setter for property 'base' is private and cannot be referenced from an '@inlinable' function; this will be an error in a future Swift language mode
161 | array.reserveCapacity(minimumCapacity)
162 | self.base = .n(array)
/Users/admin/builder/spi-builder-workspace/Sources/OracleNIO/Helper/TinySequence.swift:162:13: warning: setter for property 'base' is private and cannot be referenced from an '@inlinable' function; this will be an error in a future Swift language mode
25 |
26 | @usableFromInline
27 | private(set) var base: Base
| `- note: setter for property 'base' is not '@usableFromInline' or public
28 |
29 | @inlinable
:
160 | self.base = .none(reserveCapacity: 0) // prevent CoW
161 | array.reserveCapacity(minimumCapacity)
162 | self.base = .n(array)
| `- warning: setter for property 'base' is private and cannot be referenced from an '@inlinable' function; this will be an error in a future Swift language mode
163 | }
164 | }
/Users/admin/builder/spi-builder-workspace/Sources/OracleNIO/Helper/TinySequence.swift:170:13: warning: setter for property 'base' is private and cannot be referenced from an '@inlinable' function; this will be an error in a future Swift language mode
25 |
26 | @usableFromInline
27 | private(set) var base: Base
| `- note: setter for property 'base' is not '@usableFromInline' or public
28 |
29 | @inlinable
:
168 | switch self.base {
169 | case .none(let reserveCapacity):
170 | self.base = .one(element, reserveCapacity: reserveCapacity)
| `- warning: setter for property 'base' is private and cannot be referenced from an '@inlinable' function; this will be an error in a future Swift language mode
171 | case .one(let first, let reserveCapacity):
172 | self.base = .two(first, element, reserveCapacity: reserveCapacity)
/Users/admin/builder/spi-builder-workspace/Sources/OracleNIO/Helper/TinySequence.swift:172:13: warning: setter for property 'base' is private and cannot be referenced from an '@inlinable' function; this will be an error in a future Swift language mode
25 |
26 | @usableFromInline
27 | private(set) var base: Base
| `- note: setter for property 'base' is not '@usableFromInline' or public
28 |
29 | @inlinable
:
170 | self.base = .one(element, reserveCapacity: reserveCapacity)
171 | case .one(let first, let reserveCapacity):
172 | self.base = .two(first, element, reserveCapacity: reserveCapacity)
| `- warning: setter for property 'base' is private and cannot be referenced from an '@inlinable' function; this will be an error in a future Swift language mode
173 |
174 | case .two(let first, let second, let reserveCapacity):
/Users/admin/builder/spi-builder-workspace/Sources/OracleNIO/Helper/TinySequence.swift:180:13: warning: setter for property 'base' is private and cannot be referenced from an '@inlinable' function; this will be an error in a future Swift language mode
25 |
26 | @usableFromInline
27 | private(set) var base: Base
| `- note: setter for property 'base' is not '@usableFromInline' or public
28 |
29 | @inlinable
:
178 | new.append(second)
179 | new.append(element)
180 | self.base = .n(new)
| `- warning: setter for property 'base' is private and cannot be referenced from an '@inlinable' function; this will be an error in a future Swift language mode
181 |
182 | case .n(var existing):
/Users/admin/builder/spi-builder-workspace/Sources/OracleNIO/Helper/TinySequence.swift:183:13: warning: setter for property 'base' is private and cannot be referenced from an '@inlinable' function; this will be an error in a future Swift language mode
25 |
26 | @usableFromInline
27 | private(set) var base: Base
| `- note: setter for property 'base' is not '@usableFromInline' or public
28 |
29 | @inlinable
:
181 |
182 | case .n(var existing):
183 | self.base = .none(reserveCapacity: 0) // prevent CoW
| `- warning: setter for property 'base' is private and cannot be referenced from an '@inlinable' function; this will be an error in a future Swift language mode
184 | existing.append(element)
185 | self.base = .n(existing)
/Users/admin/builder/spi-builder-workspace/Sources/OracleNIO/Helper/TinySequence.swift:185:13: warning: setter for property 'base' is private and cannot be referenced from an '@inlinable' function; this will be an error in a future Swift language mode
25 |
26 | @usableFromInline
27 | private(set) var base: Base
| `- note: setter for property 'base' is not '@usableFromInline' or public
28 |
29 | @inlinable
:
183 | self.base = .none(reserveCapacity: 0) // prevent CoW
184 | existing.append(element)
185 | self.base = .n(existing)
| `- warning: setter for property 'base' is private and cannot be referenced from an '@inlinable' function; this will be an error in a future Swift language mode
186 | }
187 | }
/Users/admin/builder/spi-builder-workspace/Sources/OracleNIO/Helper/TinySequence.swift:201:13: warning: setter for property 'backing' is private and cannot be referenced from an '@inlinable' function; this will be an error in a future Swift language mode
195 | struct Iterator: IteratorProtocol {
196 | @usableFromInline private(set) var index: Int = 0
197 | @usableFromInline private(set) var backing: TinySequence<Element>
| `- note: setter for property 'backing' is not '@usableFromInline' or public
198 |
199 | @inlinable
200 | init(_ backing: TinySequence<Element>) {
201 | self.backing = backing
| `- warning: setter for property 'backing' is private and cannot be referenced from an '@inlinable' function; this will be an error in a future Swift language mode
202 | }
203 |
/Users/admin/builder/spi-builder-workspace/Sources/OracleNIO/Helper/TinySequence.swift:211:21: warning: setter for property 'index' is private and cannot be referenced from an '@inlinable' function; this will be an error in a future Swift language mode
194 | @usableFromInline
195 | struct Iterator: IteratorProtocol {
196 | @usableFromInline private(set) var index: Int = 0
| `- note: setter for property 'index' is not '@usableFromInline' or public
197 | @usableFromInline private(set) var backing: TinySequence<Element>
198 |
:
209 | case .one(let element, _):
210 | if self.index == 0 {
211 | self.index += 1
| `- warning: setter for property 'index' is private and cannot be referenced from an '@inlinable' function; this will be an error in a future Swift language mode
212 | return element
213 | }
/Users/admin/builder/spi-builder-workspace/Sources/OracleNIO/Helper/TinySequence.swift:217:25: warning: setter for property 'index' is private and cannot be referenced from an '@inlinable' function; this will be an error in a future Swift language mode
194 | @usableFromInline
195 | struct Iterator: IteratorProtocol {
196 | @usableFromInline private(set) var index: Int = 0
| `- note: setter for property 'index' is not '@usableFromInline' or public
197 | @usableFromInline private(set) var backing: TinySequence<Element>
198 |
:
215 |
216 | case .two(let first, let second, _):
217 | defer { self.index += 1 }
| `- warning: setter for property 'index' is private and cannot be referenced from an '@inlinable' function; this will be an error in a future Swift language mode
218 | switch self.index {
219 | case 0:
/Users/admin/builder/spi-builder-workspace/Sources/OracleNIO/Helper/TinySequence.swift:229:29: warning: setter for property 'index' is private and cannot be referenced from an '@inlinable' function; this will be an error in a future Swift language mode
194 | @usableFromInline
195 | struct Iterator: IteratorProtocol {
196 | @usableFromInline private(set) var index: Int = 0
| `- note: setter for property 'index' is not '@usableFromInline' or public
197 | @usableFromInline private(set) var backing: TinySequence<Element>
198 |
:
227 | case .n(let array):
228 | if self.index < array.endIndex {
229 | defer { self.index += 1 }
| `- warning: setter for property 'index' is private and cannot be referenced from an '@inlinable' function; this will be an error in a future Swift language mode
230 | return array[self.index]
231 | }
/Users/admin/builder/spi-builder-workspace/Sources/OracleNIO/Helper/TinySequence.swift:283:13: warning: setter for property 'base' is private and cannot be referenced from an '@inlinable' function; this will be an error in a future Swift language mode
25 |
26 | @usableFromInline
27 | private(set) var base: Base
| `- note: setter for property 'base' is not '@usableFromInline' or public
28 |
29 | @inlinable
:
281 | switch elements.count {
282 | case 0:
283 | self.base = .none(reserveCapacity: 0)
| `- warning: setter for property 'base' is private and cannot be referenced from an '@inlinable' function; this will be an error in a future Swift language mode
284 | case 1:
285 | self.base = .one(iterator.next()!, reserveCapacity: 0)
SwiftCompile normal arm64_32 (in target 'OracleNIO' from project 'oracle-nio')
cd /Users/admin/builder/spi-builder-workspace/.swiftpm/xcode
/Users/admin/builder/spi-builder-workspace/Sources/OracleNIO/Helper/TinySequence.swift:285:13: warning: setter for property 'base' is private and cannot be referenced from an '@inlinable' function; this will be an error in a future Swift language mode
25 |
26 | @usableFromInline
27 | private(set) var base: Base
| `- note: setter for property 'base' is not '@usableFromInline' or public
28 |
29 | @inlinable
:
283 | self.base = .none(reserveCapacity: 0)
284 | case 1:
285 | self.base = .one(iterator.next()!, reserveCapacity: 0)
| `- warning: setter for property 'base' is private and cannot be referenced from an '@inlinable' function; this will be an error in a future Swift language mode
286 | case 2:
287 | self.base = .two(iterator.next()!, iterator.next()!, reserveCapacity: 0)
/Users/admin/builder/spi-builder-workspace/Sources/OracleNIO/Helper/TinySequence.swift:287:13: warning: setter for property 'base' is private and cannot be referenced from an '@inlinable' function; this will be an error in a future Swift language mode
25 |
26 | @usableFromInline
27 | private(set) var base: Base
| `- note: setter for property 'base' is not '@usableFromInline' or public
28 |
29 | @inlinable
:
285 | self.base = .one(iterator.next()!, reserveCapacity: 0)
286 | case 2:
287 | self.base = .two(iterator.next()!, iterator.next()!, reserveCapacity: 0)
| `- warning: setter for property 'base' is private and cannot be referenced from an '@inlinable' function; this will be an error in a future Swift language mode
288 | default:
289 | self.base = .n(elements)
/Users/admin/builder/spi-builder-workspace/Sources/OracleNIO/Helper/TinySequence.swift:289:13: warning: setter for property 'base' is private and cannot be referenced from an '@inlinable' function; this will be an error in a future Swift language mode
25 |
26 | @usableFromInline
27 | private(set) var base: Base
| `- note: setter for property 'base' is not '@usableFromInline' or public
28 |
29 | @inlinable
:
287 | self.base = .two(iterator.next()!, iterator.next()!, reserveCapacity: 0)
288 | default:
289 | self.base = .n(elements)
| `- warning: setter for property 'base' is private and cannot be referenced from an '@inlinable' function; this will be an error in a future Swift language mode
290 | }
291 | }
/Users/admin/builder/spi-builder-workspace/Sources/OracleNIO/OracleSQLError.swift:395:9: warning: setter for property 'underlying' is internal and cannot be referenced from an '@inlinable' function; this will be an error in a future Swift language mode
216 | public internal(set) var underlying: Error? {
217 | get { self.backing.underlying }
218 | set {
| `- note: setter for property 'underlying' is not '@usableFromInline' or public
219 | self.copyBackingStorageIfNecessary()
220 | self.backing.underlying = newValue
:
393 | static func clientClosesConnection(underlying: Error?) -> OracleSQLError {
394 | var error = OracleSQLError(code: .clientClosesConnection)
395 | error.underlying = underlying
| `- warning: setter for property 'underlying' is internal and cannot be referenced from an '@inlinable' function; this will be an error in a future Swift language mode
396 | return error
397 | }
/Users/admin/builder/spi-builder-workspace/Sources/OracleNIO/OracleSQLError.swift:402:9: warning: setter for property 'underlying' is internal and cannot be referenced from an '@inlinable' function; this will be an error in a future Swift language mode
216 | public internal(set) var underlying: Error? {
217 | get { self.backing.underlying }
218 | set {
| `- note: setter for property 'underlying' is not '@usableFromInline' or public
219 | self.copyBackingStorageIfNecessary()
220 | self.backing.underlying = newValue
:
400 | static func clientClosedConnection(underlying: Error?) -> OracleSQLError {
401 | var error = OracleSQLError(code: .clientClosedConnection)
402 | error.underlying = underlying
| `- warning: setter for property 'underlying' is internal and cannot be referenced from an '@inlinable' function; this will be an error in a future Swift language mode
403 | return error
404 | }
/Users/admin/builder/spi-builder-workspace/Sources/OracleNIO/OracleSQLError.swift:414:9: warning: setter for property 'underlying' is internal and cannot be referenced from an '@inlinable' function; this will be an error in a future Swift language mode
216 | public internal(set) var underlying: Error? {
217 | get { self.backing.underlying }
218 | set {
| `- note: setter for property 'underlying' is not '@usableFromInline' or public
219 | self.copyBackingStorageIfNecessary()
220 | self.backing.underlying = newValue
:
412 | static func failedToAddSSLHandler(underlying: Error) -> OracleSQLError {
413 | var error = OracleSQLError(code: .failedToAddSSLHandler)
414 | error.underlying = underlying
| `- warning: setter for property 'underlying' is internal and cannot be referenced from an '@inlinable' function; this will be an error in a future Swift language mode
415 | return error
416 | }
/Users/admin/builder/spi-builder-workspace/Sources/OracleNIO/OracleSQLError.swift:426:9: warning: setter for property 'underlying' is internal and cannot be referenced from an '@inlinable' function; this will be an error in a future Swift language mode
216 | public internal(set) var underlying: Error? {
217 | get { self.backing.underlying }
218 | set {
| `- note: setter for property 'underlying' is not '@usableFromInline' or public
219 | self.copyBackingStorageIfNecessary()
220 | self.backing.underlying = newValue
:
424 | static func connectionError(underlying: Error) -> OracleSQLError {
425 | var error = OracleSQLError(code: .connectionError)
426 | error.underlying = underlying
| `- warning: setter for property 'underlying' is internal and cannot be referenced from an '@inlinable' function; this will be an error in a future Swift language mode
427 | return error
428 | }
/Users/admin/builder/spi-builder-workspace/Sources/OracleNIO/OracleSQLError.swift:435:9: warning: setter for property 'underlying' is internal and cannot be referenced from an '@inlinable' function; this will be an error in a future Swift language mode
216 | public internal(set) var underlying: Error? {
217 | get { self.backing.underlying }
218 | set {
| `- note: setter for property 'underlying' is not '@usableFromInline' or public
219 | self.copyBackingStorageIfNecessary()
220 | self.backing.underlying = newValue
:
433 | ) -> OracleSQLError {
434 | var new = OracleSQLError(code: .messageDecodingFailure)
435 | new.underlying = error
| `- warning: setter for property 'underlying' is internal and cannot be referenced from an '@inlinable' function; this will be an error in a future Swift language mode
436 | return new
437 | }
/Users/admin/builder/spi-builder-workspace/Sources/OracleNIO/OracleSQLError.swift:444:9: warning: setter for property 'serverInfo' is internal and cannot be referenced from an '@inlinable' function; this will be an error in a future Swift language mode
206 | public internal(set) var serverInfo: ServerInfo? {
207 | get { self.backing.serverInfo }
208 | set {
| `- note: setter for property 'serverInfo' is not '@usableFromInline' or public
209 | self.copyBackingStorageIfNecessary()
210 | self.backing.serverInfo = newValue
:
442 | ) -> OracleSQLError {
443 | var new = OracleSQLError(code: .server)
444 | new.serverInfo = .init(error)
| `- warning: setter for property 'serverInfo' is internal and cannot be referenced from an '@inlinable' function; this will be an error in a future Swift language mode
445 | return new
446 | }
SwiftCompile normal arm64_32 Compiling\ DataRow.swift,\ DescribeInfo.swift,\ OracleBackendMessage+Accept.swift,\ OracleBackendMessage+BitVector.swift,\ OracleBackendMessage+DataTypes.swift,\ OracleBackendMessage+InOutVector.swift,\ OracleBackendMessage+LOBData.swift /Users/admin/builder/spi-builder-workspace/Sources/OracleNIO/Messages/DataRow.swift /Users/admin/builder/spi-builder-workspace/Sources/OracleNIO/Messages/DescribeInfo.swift /Users/admin/builder/spi-builder-workspace/Sources/OracleNIO/Messages/OracleBackendMessage+Accept.swift /Users/admin/builder/spi-builder-workspace/Sources/OracleNIO/Messages/OracleBackendMessage+BitVector.swift /Users/admin/builder/spi-builder-workspace/Sources/OracleNIO/Messages/OracleBackendMessage+DataTypes.swift /Users/admin/builder/spi-builder-workspace/Sources/OracleNIO/Messages/OracleBackendMessage+InOutVector.swift /Users/admin/builder/spi-builder-workspace/Sources/OracleNIO/Messages/OracleBackendMessage+LOBData.swift (in target 'OracleNIO' from project 'oracle-nio')
SwiftCompile normal arm64_32 /Users/admin/builder/spi-builder-workspace/Sources/OracleNIO/Messages/DataRow.swift (in target 'OracleNIO' from project 'oracle-nio')
cd /Users/admin/builder/spi-builder-workspace/.swiftpm/xcode
builtin-SwiftPerFileCompile DataRow.swift
SwiftCompile normal arm64_32 /Users/admin/builder/spi-builder-workspace/Sources/OracleNIO/Messages/DescribeInfo.swift (in target 'OracleNIO' from project 'oracle-nio')
cd /Users/admin/builder/spi-builder-workspace/.swiftpm/xcode
builtin-SwiftPerFileCompile DescribeInfo.swift
SwiftCompile normal arm64_32 /Users/admin/builder/spi-builder-workspace/Sources/OracleNIO/Messages/OracleBackendMessage+Accept.swift (in target 'OracleNIO' from project 'oracle-nio')
cd /Users/admin/builder/spi-builder-workspace/.swiftpm/xcode
builtin-SwiftPerFileCompile OracleBackendMessage+Accept.swift
SwiftCompile normal arm64_32 /Users/admin/builder/spi-builder-workspace/Sources/OracleNIO/Messages/OracleBackendMessage+BitVector.swift (in target 'OracleNIO' from project 'oracle-nio')
cd /Users/admin/builder/spi-builder-workspace/.swiftpm/xcode
builtin-SwiftPerFileCompile OracleBackendMessage+BitVector.swift
SwiftCompile normal arm64_32 /Users/admin/builder/spi-builder-workspace/Sources/OracleNIO/Messages/OracleBackendMessage+DataTypes.swift (in target 'OracleNIO' from project 'oracle-nio')
cd /Users/admin/builder/spi-builder-workspace/.swiftpm/xcode
builtin-SwiftPerFileCompile OracleBackendMessage+DataTypes.swift
SwiftCompile normal arm64_32 /Users/admin/builder/spi-builder-workspace/Sources/OracleNIO/Messages/OracleBackendMessage+InOutVector.swift (in target 'OracleNIO' from project 'oracle-nio')
cd /Users/admin/builder/spi-builder-workspace/.swiftpm/xcode
builtin-SwiftPerFileCompile OracleBackendMessage+InOutVector.swift
SwiftCompile normal arm64_32 /Users/admin/builder/spi-builder-workspace/Sources/OracleNIO/Messages/OracleBackendMessage+LOBData.swift (in target 'OracleNIO' from project 'oracle-nio')
cd /Users/admin/builder/spi-builder-workspace/.swiftpm/xcode
builtin-SwiftPerFileCompile OracleBackendMessage+LOBData.swift
SwiftCompile normal arm64_32 Compiling\ OracleEventsHandler.swift,\ OracleRow.swift,\ OracleRowSequence.swift,\ OracleRowStream.swift,\ OracleSQLError.swift,\ OracleTask.swift /Users/admin/builder/spi-builder-workspace/Sources/OracleNIO/OracleEventsHandler.swift /Users/admin/builder/spi-builder-workspace/Sources/OracleNIO/OracleRow.swift /Users/admin/builder/spi-builder-workspace/Sources/OracleNIO/OracleRowSequence.swift /Users/admin/builder/spi-builder-workspace/Sources/OracleNIO/OracleRowStream.swift /Users/admin/builder/spi-builder-workspace/Sources/OracleNIO/OracleSQLError.swift /Users/admin/builder/spi-builder-workspace/Sources/OracleNIO/OracleTask.swift (in target 'OracleNIO' from project 'oracle-nio')
/Users/admin/builder/spi-builder-workspace/Sources/OracleNIO/OracleSQLError.swift:395:9: warning: setter for property 'underlying' is internal and cannot be referenced from an '@inlinable' function; this will be an error in a future Swift language mode
216 | public internal(set) var underlying: Error? {
217 | get { self.backing.underlying }
218 | set {
| `- note: setter for property 'underlying' is not '@usableFromInline' or public
219 | self.copyBackingStorageIfNecessary()
220 | self.backing.underlying = newValue
:
393 | static func clientClosesConnection(underlying: Error?) -> OracleSQLError {
394 | var error = OracleSQLError(code: .clientClosesConnection)
395 | error.underlying = underlying
| `- warning: setter for property 'underlying' is internal and cannot be referenced from an '@inlinable' function; this will be an error in a future Swift language mode
396 | return error
397 | }
/Users/admin/builder/spi-builder-workspace/Sources/OracleNIO/OracleSQLError.swift:402:9: warning: setter for property 'underlying' is internal and cannot be referenced from an '@inlinable' function; this will be an error in a future Swift language mode
216 | public internal(set) var underlying: Error? {
217 | get { self.backing.underlying }
218 | set {
| `- note: setter for property 'underlying' is not '@usableFromInline' or public
219 | self.copyBackingStorageIfNecessary()
220 | self.backing.underlying = newValue
:
400 | static func clientClosedConnection(underlying: Error?) -> OracleSQLError {
401 | var error = OracleSQLError(code: .clientClosedConnection)
402 | error.underlying = underlying
| `- warning: setter for property 'underlying' is internal and cannot be referenced from an '@inlinable' function; this will be an error in a future Swift language mode
403 | return error
404 | }
/Users/admin/builder/spi-builder-workspace/Sources/OracleNIO/OracleSQLError.swift:414:9: warning: setter for property 'underlying' is internal and cannot be referenced from an '@inlinable' function; this will be an error in a future Swift language mode
216 | public internal(set) var underlying: Error? {
217 | get { self.backing.underlying }
218 | set {
| `- note: setter for property 'underlying' is not '@usableFromInline' or public
219 | self.copyBackingStorageIfNecessary()
220 | self.backing.underlying = newValue
:
412 | static func failedToAddSSLHandler(underlying: Error) -> OracleSQLError {
413 | var error = OracleSQLError(code: .failedToAddSSLHandler)
414 | error.underlying = underlying
| `- warning: setter for property 'underlying' is internal and cannot be referenced from an '@inlinable' function; this will be an error in a future Swift language mode
415 | return error
416 | }
/Users/admin/builder/spi-builder-workspace/Sources/OracleNIO/OracleSQLError.swift:426:9: warning: setter for property 'underlying' is internal and cannot be referenced from an '@inlinable' function; this will be an error in a future Swift language mode
216 | public internal(set) var underlying: Error? {
217 | get { self.backing.underlying }
218 | set {
| `- note: setter for property 'underlying' is not '@usableFromInline' or public
219 | self.copyBackingStorageIfNecessary()
220 | self.backing.underlying = newValue
:
424 | static func connectionError(underlying: Error) -> OracleSQLError {
425 | var error = OracleSQLError(code: .connectionError)
426 | error.underlying = underlying
| `- warning: setter for property 'underlying' is internal and cannot be referenced from an '@inlinable' function; this will be an error in a future Swift language mode
427 | return error
428 | }
/Users/admin/builder/spi-builder-workspace/Sources/OracleNIO/OracleSQLError.swift:435:9: warning: setter for property 'underlying' is internal and cannot be referenced from an '@inlinable' function; this will be an error in a future Swift language mode
216 | public internal(set) var underlying: Error? {
217 | get { self.backing.underlying }
218 | set {
| `- note: setter for property 'underlying' is not '@usableFromInline' or public
219 | self.copyBackingStorageIfNecessary()
220 | self.backing.underlying = newValue
:
433 | ) -> OracleSQLError {
434 | var new = OracleSQLError(code: .messageDecodingFailure)
435 | new.underlying = error
| `- warning: setter for property 'underlying' is internal and cannot be referenced from an '@inlinable' function; this will be an error in a future Swift language mode
436 | return new
437 | }
/Users/admin/builder/spi-builder-workspace/Sources/OracleNIO/OracleSQLError.swift:444:9: warning: setter for property 'serverInfo' is internal and cannot be referenced from an '@inlinable' function; this will be an error in a future Swift language mode
206 | public internal(set) var serverInfo: ServerInfo? {
207 | get { self.backing.serverInfo }
208 | set {
| `- note: setter for property 'serverInfo' is not '@usableFromInline' or public
209 | self.copyBackingStorageIfNecessary()
210 | self.backing.serverInfo = newValue
:
442 | ) -> OracleSQLError {
443 | var new = OracleSQLError(code: .server)
444 | new.serverInfo = .init(error)
| `- warning: setter for property 'serverInfo' is internal and cannot be referenced from an '@inlinable' function; this will be an error in a future Swift language mode
445 | return new
446 | }
/Users/admin/builder/spi-builder-workspace/Sources/OracleNIO/OracleSQLError.swift:492:9: warning: setter for property 'underlying' is internal and cannot be referenced from an '@inlinable' function; this will be an error in a future Swift language mode
216 | public internal(set) var underlying: Error? {
217 | get { self.backing.underlying }
218 | set {
| `- note: setter for property 'underlying' is not '@usableFromInline' or public
219 | self.copyBackingStorageIfNecessary()
220 | self.backing.underlying = newValue
:
490 | static func malformedStatement(reason: MalformedStatementError) -> OracleSQLError {
491 | var error = OracleSQLError(code: .missingStatement)
492 | error.underlying = reason
| `- warning: setter for property 'underlying' is internal and cannot be referenced from an '@inlinable' function; this will be an error in a future Swift language mode
493 | return error
494 | }
SwiftCompile normal arm64_32 /Users/admin/builder/spi-builder-workspace/Sources/OracleNIO/OracleEventsHandler.swift (in target 'OracleNIO' from project 'oracle-nio')
cd /Users/admin/builder/spi-builder-workspace/.swiftpm/xcode
builtin-SwiftPerFileCompile OracleEventsHandler.swift
SwiftCompile normal arm64_32 /Users/admin/builder/spi-builder-workspace/Sources/OracleNIO/OracleRow.swift (in target 'OracleNIO' from project 'oracle-nio')
cd /Users/admin/builder/spi-builder-workspace/.swiftpm/xcode
builtin-SwiftPerFileCompile OracleRow.swift
SwiftCompile normal arm64_32 /Users/admin/builder/spi-builder-workspace/Sources/OracleNIO/OracleRowSequence.swift (in target 'OracleNIO' from project 'oracle-nio')
cd /Users/admin/builder/spi-builder-workspace/.swiftpm/xcode
builtin-SwiftPerFileCompile OracleRowSequence.swift
SwiftCompile normal arm64_32 /Users/admin/builder/spi-builder-workspace/Sources/OracleNIO/OracleRowStream.swift (in target 'OracleNIO' from project 'oracle-nio')
cd /Users/admin/builder/spi-builder-workspace/.swiftpm/xcode
builtin-SwiftPerFileCompile OracleRowStream.swift
SwiftCompile normal arm64_32 /Users/admin/builder/spi-builder-workspace/Sources/OracleNIO/OracleSQLError.swift (in target 'OracleNIO' from project 'oracle-nio')
cd /Users/admin/builder/spi-builder-workspace/.swiftpm/xcode
builtin-SwiftPerFileCompile OracleSQLError.swift
SwiftCompile normal arm64_32 /Users/admin/builder/spi-builder-workspace/Sources/OracleNIO/OracleTask.swift (in target 'OracleNIO' from project 'oracle-nio')
cd /Users/admin/builder/spi-builder-workspace/.swiftpm/xcode
builtin-SwiftPerFileCompile OracleTask.swift
SwiftCompile normal arm64_32 Compiling\ OracleCell.swift,\ OracleChannelHandler.swift,\ OracleCodable.swift,\ OracleColumn.swift,\ OracleDecodingError.swift,\ OracleErrorInfo.swift /Users/admin/builder/spi-builder-workspace/Sources/OracleNIO/OracleCell.swift /Users/admin/builder/spi-builder-workspace/Sources/OracleNIO/OracleChannelHandler.swift /Users/admin/builder/spi-builder-workspace/Sources/OracleNIO/OracleCodable.swift /Users/admin/builder/spi-builder-workspace/Sources/OracleNIO/OracleColumn.swift /Users/admin/builder/spi-builder-workspace/Sources/OracleNIO/OracleDecodingError.swift /Users/admin/builder/spi-builder-workspace/Sources/OracleNIO/OracleErrorInfo.swift (in target 'OracleNIO' from project 'oracle-nio')
SwiftCompile normal arm64_32 /Users/admin/builder/spi-builder-workspace/Sources/OracleNIO/OracleCell.swift (in target 'OracleNIO' from project 'oracle-nio')
cd /Users/admin/builder/spi-builder-workspace/.swiftpm/xcode
builtin-SwiftPerFileCompile OracleCell.swift
SwiftCompile normal arm64_32 /Users/admin/builder/spi-builder-workspace/Sources/OracleNIO/OracleChannelHandler.swift (in target 'OracleNIO' from project 'oracle-nio')
cd /Users/admin/builder/spi-builder-workspace/.swiftpm/xcode
builtin-SwiftPerFileCompile OracleChannelHandler.swift
SwiftCompile normal arm64_32 /Users/admin/builder/spi-builder-workspace/Sources/OracleNIO/OracleCodable.swift (in target 'OracleNIO' from project 'oracle-nio')
cd /Users/admin/builder/spi-builder-workspace/.swiftpm/xcode
builtin-SwiftPerFileCompile OracleCodable.swift
SwiftCompile normal arm64_32 /Users/admin/builder/spi-builder-workspace/Sources/OracleNIO/OracleColumn.swift (in target 'OracleNIO' from project 'oracle-nio')
cd /Users/admin/builder/spi-builder-workspace/.swiftpm/xcode
builtin-SwiftPerFileCompile OracleColumn.swift
SwiftCompile normal arm64_32 /Users/admin/builder/spi-builder-workspace/Sources/OracleNIO/OracleDecodingError.swift (in target 'OracleNIO' from project 'oracle-nio')
cd /Users/admin/builder/spi-builder-workspace/.swiftpm/xcode
builtin-SwiftPerFileCompile OracleDecodingError.swift
SwiftCompile normal arm64_32 /Users/admin/builder/spi-builder-workspace/Sources/OracleNIO/OracleErrorInfo.swift (in target 'OracleNIO' from project 'oracle-nio')
cd /Users/admin/builder/spi-builder-workspace/.swiftpm/xcode
builtin-SwiftPerFileCompile OracleErrorInfo.swift
SwiftDriverJobDiscovery normal arm64_32 Compiling ByteBuffer+OracleBackendMessageID.swift, ByteBuffer+QLocator.swift, Logging+Oracle.swift, Optional+ValueOrError.swift, Crypto.swift, TinySequence.swift, MessageType.swift (in target 'OracleNIO' from project 'oracle-nio')
SwiftCompile normal arm64_32 Compiling\ RowStreamStateMachine.swift,\ StatementStateMachine.swift,\ Constants.swift,\ DBType.swift,\ Bool+OracleCodable.swift /Users/admin/builder/spi-builder-workspace/Sources/OracleNIO/ConnectionStateMachine/RowStreamStateMachine.swift /Users/admin/builder/spi-builder-workspace/Sources/OracleNIO/ConnectionStateMachine/StatementStateMachine.swift /Users/admin/builder/spi-builder-workspace/Sources/OracleNIO/Constants.swift /Users/admin/builder/spi-builder-workspace/Sources/OracleNIO/DBType.swift /Users/admin/builder/spi-builder-workspace/Sources/OracleNIO/Data/Bool+OracleCodable.swift (in target 'OracleNIO' from project 'oracle-nio')
SwiftCompile normal arm64_32 /Users/admin/builder/spi-builder-workspace/Sources/OracleNIO/ConnectionStateMachine/RowStreamStateMachine.swift (in target 'OracleNIO' from project 'oracle-nio')
cd /Users/admin/builder/spi-builder-workspace/.swiftpm/xcode
builtin-SwiftPerFileCompile RowStreamStateMachine.swift
SwiftCompile normal arm64_32 /Users/admin/builder/spi-builder-workspace/Sources/OracleNIO/ConnectionStateMachine/StatementStateMachine.swift (in target 'OracleNIO' from project 'oracle-nio')
cd /Users/admin/builder/spi-builder-workspace/.swiftpm/xcode
builtin-SwiftPerFileCompile StatementStateMachine.swift
SwiftCompile normal arm64_32 /Users/admin/builder/spi-builder-workspace/Sources/OracleNIO/Constants.swift (in target 'OracleNIO' from project 'oracle-nio')
cd /Users/admin/builder/spi-builder-workspace/.swiftpm/xcode
builtin-SwiftPerFileCompile Constants.swift
SwiftCompile normal arm64_32 /Users/admin/builder/spi-builder-workspace/Sources/OracleNIO/DBType.swift (in target 'OracleNIO' from project 'oracle-nio')
cd /Users/admin/builder/spi-builder-workspace/.swiftpm/xcode
builtin-SwiftPerFileCompile DBType.swift
SwiftCompile normal arm64_32 /Users/admin/builder/spi-builder-workspace/Sources/OracleNIO/Data/Bool+OracleCodable.swift (in target 'OracleNIO' from project 'oracle-nio')
cd /Users/admin/builder/spi-builder-workspace/.swiftpm/xcode
builtin-SwiftPerFileCompile Bool+OracleCodable.swift
SwiftDriverJobDiscovery normal arm64_32 Emitting module for OracleNIOMacros (in target 'OracleNIOMacros' from project 'oracle-nio')
SwiftDriver\ Compilation\ Requirements OracleNIOMacros normal arm64_32 com.apple.xcode.tools.swift.compiler (in target 'OracleNIOMacros' from project 'oracle-nio')
cd /Users/admin/builder/spi-builder-workspace/.swiftpm/xcode
builtin-Swift-Compilation-Requirements -- /Applications/Xcode-27.0.0.app/Contents/Developer/Toolchains/XcodeDefault.xctoolchain/usr/bin/swiftc -parse-as-library -module-name OracleNIOMacros -Onone @/Users/admin/builder/spi-builder-workspace/.derivedData/Build/Intermediates.noindex/oracle-nio.build/Debug-watchos/OracleNIOMacros-t.build/Objects-normal/arm64_32/OracleNIOMacros.SwiftFileList -DSWIFT_PACKAGE -DDEBUG -DSWIFT_MODULE_RESOURCE_BUNDLE_UNAVAILABLE -DDistributedTracingSupport -Xcc -fmodule-map-file\=/Users/admin/builder/spi-builder-workspace/.dependencies/checkouts/swift-atomics/Sources/_AtomicsShims/include/module.modulemap -Xcc -fmodule-map-file\=/Users/admin/builder/spi-builder-workspace/.derivedData/Build/Intermediates.noindex/GeneratedModuleMaps-watchos/CNIOBoringSSLShims.modulemap -Xcc -fmodule-map-file\=/Users/admin/builder/spi-builder-workspace/.dependencies/checkouts/swift-nio-ssl/Sources/CNIOBoringSSL/include/module.modulemap -Xcc -fmodule-map-file\=/Users/admin/builder/spi-builder-workspace/.derivedData/Build/Intermediates.noindex/GeneratedModuleMaps-watchos/CNIOPosix.modulemap -Xcc -fmodule-map-file\=/Users/admin/builder/spi-builder-workspace/.derivedData/Build/Intermediates.noindex/GeneratedModuleMaps-watchos/CNIOWASI.modulemap -Xcc -fmodule-map-file\=/Users/admin/builder/spi-builder-workspace/.dependencies/checkouts/swift-nio/Sources/CNIOWindows/include/module.modulemap -Xcc -fmodule-map-file\=/Users/admin/builder/spi-builder-workspace/.derivedData/Build/Intermediates.noindex/GeneratedModuleMaps-watchos/CNIOLinux.modulemap -Xcc -fmodule-map-file\=/Users/admin/builder/spi-builder-workspace/.derivedData/Build/Intermediates.noindex/GeneratedModuleMaps-watchos/CNIODarwin.modulemap -Xcc -fmodule-map-file\=/Users/admin/builder/spi-builder-workspace/.derivedData/Build/Intermediates.noindex/GeneratedModuleMaps-watchos/CNIOFreeBSD.modulemap -Xcc -fmodule-map-file\=/Users/admin/builder/spi-builder-workspace/.derivedData/Build/Intermediates.noindex/GeneratedModuleMaps-watchos/CNIOOpenBSD.modulemap -Xcc -fmodule-map-file\=/Users/admin/builder/spi-builder-workspace/.derivedData/Build/Intermediates.noindex/GeneratedModuleMaps-watchos/CNIOAtomics.modulemap -Xcc -fmodule-map-file\=/Users/admin/builder/spi-builder-workspace/.dependencies/checkouts/swift-crypto/Sources/CCryptoBoringSSL/include/module.modulemap -DXcode -enable-upcoming-feature MemberImportVisibility -enable-upcoming-feature InternalImportsByDefault -plugin-path /Applications/Xcode-27.0.0.app/Contents/Developer/Toolchains/XcodeDefault.xctoolchain/usr/lib/swift/host/plugins/testing -enable-experimental-feature DebugDescriptionMacro -sdk /Applications/Xcode-27.0.0.app/Contents/Developer/Platforms/WatchOS.platform/Developer/SDKs/WatchOS27.0.sdk -target arm64_32-apple-watchos9.0 -g -module-cache-path /Users/admin/builder/spi-builder-workspace/.derivedData/ModuleCache.noindex -Xfrontend -serialize-debugging-options -profile-coverage-mapping -profile-generate -enable-testing -index-store-path /Users/admin/builder/spi-builder-workspace/.derivedData/Index.noindex/DataStore -Xcc -D_LIBCPP_HARDENING_MODE\=_LIBCPP_HARDENING_MODE_DEBUG -swift-version 6 -I /Users/admin/builder/spi-builder-workspace/.derivedData/Build/Products/Debug-watchos -Isystem /Applications/Xcode-27.0.0.app/Contents/Developer/Platforms/WatchOS.platform/Developer/usr/lib -F /Users/admin/builder/spi-builder-workspace/.derivedData/Build/Products/Debug-watchos/PackageFrameworks -F /Users/admin/builder/spi-builder-workspace/.derivedData/Build/Products/Debug-watchos -F /Applications/Xcode-27.0.0.app/Contents/Developer/Platforms/WatchOS.platform/Developer/Library/Frameworks -F /Applications/Xcode-27.0.0.app/Contents/Developer/Platforms/WatchOS.platform/Developer/SDKs/WatchOS27.0.sdk/Developer/Library/Frameworks -Xfrontend -load-plugin-executable -Xfrontend /Users/admin/builder/spi-builder-workspace/.derivedData/Build/Products/Debug/OracleNIOMacrosPlugin\#OracleNIOMacrosPlugin -c -j10 -enable-batch-mode -incremental -Xcc -ivfsstatcache -Xcc /Users/admin/builder/spi-builder-workspace/.derivedData/SDKStatCaches.noindex/watchos27.0-24R360-e829b21a6f8c9b70876ba0858053c044b9db9bc9c079ee3c7b5f3373b13d10bc.sdkstatcache -output-file-map /Users/admin/builder/spi-builder-workspace/.derivedData/Build/Intermediates.noindex/oracle-nio.build/Debug-watchos/OracleNIOMacros-t.build/Objects-normal/arm64_32/OracleNIOMacros-OutputFileMap.json -save-temps -no-color-diagnostics -explicit-module-build -module-cache-path /Users/admin/builder/spi-builder-workspace/.derivedData/Build/Intermediates.noindex/SwiftExplicitPrecompiledModules -clang-scanner-module-cache-path /Users/admin/builder/spi-builder-workspace/.derivedData/ModuleCache.noindex -sdk-module-cache-path /Users/admin/builder/spi-builder-workspace/.derivedData/SDKExplicitPrecompiledModules -emit-dependencies -emit-module -emit-module-path /Users/admin/builder/spi-builder-workspace/.derivedData/Build/Intermediates.noindex/oracle-nio.build/Debug-watchos/OracleNIOMacros-t.build/Objects-normal/arm64_32/OracleNIOMacros.swiftmodule -serialize-diagnostics -dependency-scan-serialize-diagnostics-path /Users/admin/builder/spi-builder-workspace/.derivedData/Build/Intermediates.noindex/oracle-nio.build/Debug-watchos/OracleNIOMacros-t.build/Objects-normal/arm64_32/OracleNIOMacros-dependency-scan.dia -validate-clang-modules-once -clang-build-session-file /Users/admin/builder/spi-builder-workspace/.derivedData/ModuleCache.noindex/Session.modulevalidation -Xcc -fmodules-prune-interval\=86400 -Xcc -fmodules-prune-after\=345600 -package-name spi_builder_workspace -emit-const-values -const-gather-protocols-list /Users/admin/builder/spi-builder-workspace/.derivedData/Build/Intermediates.noindex/oracle-nio.build/Debug-watchos/OracleNIOMacros-t.build/Objects-normal/arm64_32/OracleNIOMacros_const_extract_protocols.json -Xcc -I/Users/admin/builder/spi-builder-workspace/.dependencies/checkouts/swift-atomics/Sources/_AtomicsShims/include -Xcc -I/Users/admin/builder/spi-builder-workspace/.dependencies/checkouts/swift-nio-ssl/Sources/CNIOBoringSSLShims/include -Xcc -I/Users/admin/builder/spi-builder-workspace/.dependencies/checkouts/swift-nio-ssl/Sources/CNIOBoringSSL/include -Xcc -I/Users/admin/builder/spi-builder-workspace/.dependencies/checkouts/swift-nio/Sources/CNIOPosix/include -Xcc -I/Users/admin/builder/spi-builder-workspace/.dependencies/checkouts/swift-nio/Sources/CNIOWASI/include -Xcc -I/Users/admin/builder/spi-builder-workspace/.dependencies/checkouts/swift-nio/Sources/CNIOWindows/include -Xcc -I/Users/admin/builder/spi-builder-workspace/.dependencies/checkouts/swift-nio/Sources/CNIOLinux/include -Xcc -I/Users/admin/builder/spi-builder-workspace/.dependencies/checkouts/swift-nio/Sources/CNIODarwin/include -Xcc -I/Users/admin/builder/spi-builder-workspace/.dependencies/checkouts/swift-nio/Sources/CNIOFreeBSD/include -Xcc -I/Users/admin/builder/spi-builder-workspace/.dependencies/checkouts/swift-nio/Sources/CNIOOpenBSD/include -Xcc -I/Users/admin/builder/spi-builder-workspace/.dependencies/checkouts/swift-nio/Sources/CNIOAtomics/include -Xcc -I/Users/admin/builder/spi-builder-workspace/.dependencies/checkouts/swift-crypto/Sources/CCryptoBoringSSL/include -Xcc -I/Users/admin/builder/spi-builder-workspace/.derivedData/Build/Products/Debug-watchos/include -Xcc -I/Users/admin/builder/spi-builder-workspace/.derivedData/Build/Intermediates.noindex/oracle-nio.build/Debug-watchos/OracleNIOMacros-t.build/DerivedSources-normal/arm64_32 -Xcc -I/Users/admin/builder/spi-builder-workspace/.derivedData/Build/Intermediates.noindex/oracle-nio.build/Debug-watchos/OracleNIOMacros-t.build/DerivedSources/arm64_32 -Xcc -I/Users/admin/builder/spi-builder-workspace/.derivedData/Build/Intermediates.noindex/oracle-nio.build/Debug-watchos/OracleNIOMacros-t.build/DerivedSources -Xcc -DSWIFT_PACKAGE -Xcc -DDEBUG\=1 -emit-objc-header -emit-objc-header-path /Users/admin/builder/spi-builder-workspace/.derivedData/Build/Intermediates.noindex/oracle-nio.build/Debug-watchos/OracleNIOMacros-t.build/Objects-normal/arm64_32/OracleNIOMacros-Swift.h -working-directory /Users/admin/builder/spi-builder-workspace/.swiftpm/xcode -experimental-emit-module-separately -disable-cmo
SwiftDriverJobDiscovery normal arm64 Emitting module for OracleNIOMacros (in target 'OracleNIOMacros' from project 'oracle-nio')
SwiftDriver\ Compilation\ Requirements OracleNIOMacros normal arm64 com.apple.xcode.tools.swift.compiler (in target 'OracleNIOMacros' from project 'oracle-nio')
cd /Users/admin/builder/spi-builder-workspace/.swiftpm/xcode
builtin-Swift-Compilation-Requirements -- /Applications/Xcode-27.0.0.app/Contents/Developer/Toolchains/XcodeDefault.xctoolchain/usr/bin/swiftc -parse-as-library -module-name OracleNIOMacros -Onone @/Users/admin/builder/spi-builder-workspace/.derivedData/Build/Intermediates.noindex/oracle-nio.build/Debug-watchos/OracleNIOMacros-t.build/Objects-normal/arm64/OracleNIOMacros.SwiftFileList -DSWIFT_PACKAGE -DDEBUG -DSWIFT_MODULE_RESOURCE_BUNDLE_UNAVAILABLE -DDistributedTracingSupport -Xcc -fmodule-map-file\=/Users/admin/builder/spi-builder-workspace/.dependencies/checkouts/swift-atomics/Sources/_AtomicsShims/include/module.modulemap -Xcc -fmodule-map-file\=/Users/admin/builder/spi-builder-workspace/.derivedData/Build/Intermediates.noindex/GeneratedModuleMaps-watchos/CNIOBoringSSLShims.modulemap -Xcc -fmodule-map-file\=/Users/admin/builder/spi-builder-workspace/.dependencies/checkouts/swift-nio-ssl/Sources/CNIOBoringSSL/include/module.modulemap -Xcc -fmodule-map-file\=/Users/admin/builder/spi-builder-workspace/.derivedData/Build/Intermediates.noindex/GeneratedModuleMaps-watchos/CNIOPosix.modulemap -Xcc -fmodule-map-file\=/Users/admin/builder/spi-builder-workspace/.derivedData/Build/Intermediates.noindex/GeneratedModuleMaps-watchos/CNIOWASI.modulemap -Xcc -fmodule-map-file\=/Users/admin/builder/spi-builder-workspace/.dependencies/checkouts/swift-nio/Sources/CNIOWindows/include/module.modulemap -Xcc -fmodule-map-file\=/Users/admin/builder/spi-builder-workspace/.derivedData/Build/Intermediates.noindex/GeneratedModuleMaps-watchos/CNIOLinux.modulemap -Xcc -fmodule-map-file\=/Users/admin/builder/spi-builder-workspace/.derivedData/Build/Intermediates.noindex/GeneratedModuleMaps-watchos/CNIODarwin.modulemap -Xcc -fmodule-map-file\=/Users/admin/builder/spi-builder-workspace/.derivedData/Build/Intermediates.noindex/GeneratedModuleMaps-watchos/CNIOFreeBSD.modulemap -Xcc -fmodule-map-file\=/Users/admin/builder/spi-builder-workspace/.derivedData/Build/Intermediates.noindex/GeneratedModuleMaps-watchos/CNIOOpenBSD.modulemap -Xcc -fmodule-map-file\=/Users/admin/builder/spi-builder-workspace/.derivedData/Build/Intermediates.noindex/GeneratedModuleMaps-watchos/CNIOAtomics.modulemap -Xcc -fmodule-map-file\=/Users/admin/builder/spi-builder-workspace/.dependencies/checkouts/swift-crypto/Sources/CCryptoBoringSSL/include/module.modulemap -DXcode -enable-upcoming-feature MemberImportVisibility -enable-upcoming-feature InternalImportsByDefault -plugin-path /Applications/Xcode-27.0.0.app/Contents/Developer/Toolchains/XcodeDefault.xctoolchain/usr/lib/swift/host/plugins/testing -enable-experimental-feature DebugDescriptionMacro -sdk /Applications/Xcode-27.0.0.app/Contents/Developer/Platforms/WatchOS.platform/Developer/SDKs/WatchOS27.0.sdk -target arm64-apple-watchos9.0 -g -module-cache-path /Users/admin/builder/spi-builder-workspace/.derivedData/ModuleCache.noindex -Xfrontend -serialize-debugging-options -profile-coverage-mapping -profile-generate -enable-testing -index-store-path /Users/admin/builder/spi-builder-workspace/.derivedData/Index.noindex/DataStore -Xcc -D_LIBCPP_HARDENING_MODE\=_LIBCPP_HARDENING_MODE_DEBUG -swift-version 6 -I /Users/admin/builder/spi-builder-workspace/.derivedData/Build/Products/Debug-watchos -Isystem /Applications/Xcode-27.0.0.app/Contents/Developer/Platforms/WatchOS.platform/Developer/usr/lib -F /Users/admin/builder/spi-builder-workspace/.derivedData/Build/Products/Debug-watchos/PackageFrameworks -F /Users/admin/builder/spi-builder-workspace/.derivedData/Build/Products/Debug-watchos -F /Applications/Xcode-27.0.0.app/Contents/Developer/Platforms/WatchOS.platform/Developer/Library/Frameworks -F /Applications/Xcode-27.0.0.app/Contents/Developer/Platforms/WatchOS.platform/Developer/SDKs/WatchOS27.0.sdk/Developer/Library/Frameworks -Xfrontend -load-plugin-executable -Xfrontend /Users/admin/builder/spi-builder-workspace/.derivedData/Build/Products/Debug/OracleNIOMacrosPlugin\#OracleNIOMacrosPlugin -c -j10 -enable-batch-mode -incremental -Xcc -ivfsstatcache -Xcc /Users/admin/builder/spi-builder-workspace/.derivedData/SDKStatCaches.noindex/watchos27.0-24R360-e829b21a6f8c9b70876ba0858053c044b9db9bc9c079ee3c7b5f3373b13d10bc.sdkstatcache -output-file-map /Users/admin/builder/spi-builder-workspace/.derivedData/Build/Intermediates.noindex/oracle-nio.build/Debug-watchos/OracleNIOMacros-t.build/Objects-normal/arm64/OracleNIOMacros-OutputFileMap.json -save-temps -no-color-diagnostics -explicit-module-build -module-cache-path /Users/admin/builder/spi-builder-workspace/.derivedData/Build/Intermediates.noindex/SwiftExplicitPrecompiledModules -clang-scanner-module-cache-path /Users/admin/builder/spi-builder-workspace/.derivedData/ModuleCache.noindex -sdk-module-cache-path /Users/admin/builder/spi-builder-workspace/.derivedData/SDKExplicitPrecompiledModules -emit-dependencies -emit-module -emit-module-path /Users/admin/builder/spi-builder-workspace/.derivedData/Build/Intermediates.noindex/oracle-nio.build/Debug-watchos/OracleNIOMacros-t.build/Objects-normal/arm64/OracleNIOMacros.swiftmodule -serialize-diagnostics -dependency-scan-serialize-diagnostics-path /Users/admin/builder/spi-builder-workspace/.derivedData/Build/Intermediates.noindex/oracle-nio.build/Debug-watchos/OracleNIOMacros-t.build/Objects-normal/arm64/OracleNIOMacros-dependency-scan.dia -validate-clang-modules-once -clang-build-session-file /Users/admin/builder/spi-builder-workspace/.derivedData/ModuleCache.noindex/Session.modulevalidation -Xcc -fmodules-prune-interval\=86400 -Xcc -fmodules-prune-after\=345600 -package-name spi_builder_workspace -emit-const-values -const-gather-protocols-list /Users/admin/builder/spi-builder-workspace/.derivedData/Build/Intermediates.noindex/oracle-nio.build/Debug-watchos/OracleNIOMacros-t.build/Objects-normal/arm64/OracleNIOMacros_const_extract_protocols.json -Xcc -I/Users/admin/builder/spi-builder-workspace/.dependencies/checkouts/swift-atomics/Sources/_AtomicsShims/include -Xcc -I/Users/admin/builder/spi-builder-workspace/.dependencies/checkouts/swift-nio-ssl/Sources/CNIOBoringSSLShims/include -Xcc -I/Users/admin/builder/spi-builder-workspace/.dependencies/checkouts/swift-nio-ssl/Sources/CNIOBoringSSL/include -Xcc -I/Users/admin/builder/spi-builder-workspace/.dependencies/checkouts/swift-nio/Sources/CNIOPosix/include -Xcc -I/Users/admin/builder/spi-builder-workspace/.dependencies/checkouts/swift-nio/Sources/CNIOWASI/include -Xcc -I/Users/admin/builder/spi-builder-workspace/.dependencies/checkouts/swift-nio/Sources/CNIOWindows/include -Xcc -I/Users/admin/builder/spi-builder-workspace/.dependencies/checkouts/swift-nio/Sources/CNIOLinux/include -Xcc -I/Users/admin/builder/spi-builder-workspace/.dependencies/checkouts/swift-nio/Sources/CNIODarwin/include -Xcc -I/Users/admin/builder/spi-builder-workspace/.dependencies/checkouts/swift-nio/Sources/CNIOFreeBSD/include -Xcc -I/Users/admin/builder/spi-builder-workspace/.dependencies/checkouts/swift-nio/Sources/CNIOOpenBSD/include -Xcc -I/Users/admin/builder/spi-builder-workspace/.dependencies/checkouts/swift-nio/Sources/CNIOAtomics/include -Xcc -I/Users/admin/builder/spi-builder-workspace/.dependencies/checkouts/swift-crypto/Sources/CCryptoBoringSSL/include -Xcc -I/Users/admin/builder/spi-builder-workspace/.derivedData/Build/Products/Debug-watchos/include -Xcc -I/Users/admin/builder/spi-builder-workspace/.derivedData/Build/Intermediates.noindex/oracle-nio.build/Debug-watchos/OracleNIOMacros-t.build/DerivedSources-normal/arm64 -Xcc -I/Users/admin/builder/spi-builder-workspace/.derivedData/Build/Intermediates.noindex/oracle-nio.build/Debug-watchos/OracleNIOMacros-t.build/DerivedSources/arm64 -Xcc -I/Users/admin/builder/spi-builder-workspace/.derivedData/Build/Intermediates.noindex/oracle-nio.build/Debug-watchos/OracleNIOMacros-t.build/DerivedSources -Xcc -DSWIFT_PACKAGE -Xcc -DDEBUG\=1 -emit-objc-header -emit-objc-header-path /Users/admin/builder/spi-builder-workspace/.derivedData/Build/Intermediates.noindex/oracle-nio.build/Debug-watchos/OracleNIOMacros-t.build/Objects-normal/arm64/OracleNIOMacros-Swift.h -working-directory /Users/admin/builder/spi-builder-workspace/.swiftpm/xcode -experimental-emit-module-separately -disable-cmo
Copy /Users/admin/builder/spi-builder-workspace/.derivedData/Build/Products/Debug-watchos/OracleNIOMacros.swiftmodule/arm64_32-apple-watchos.swiftmodule /Users/admin/builder/spi-builder-workspace/.derivedData/Build/Intermediates.noindex/oracle-nio.build/Debug-watchos/OracleNIOMacros-t.build/Objects-normal/arm64_32/OracleNIOMacros.swiftmodule (in target 'OracleNIOMacros' from project 'oracle-nio')
cd /Users/admin/builder/spi-builder-workspace
builtin-copy -exclude .DS_Store -exclude CVS -exclude .svn -exclude .git -exclude .hg -resolve-src-symlinks -rename /Users/admin/builder/spi-builder-workspace/.derivedData/Build/Intermediates.noindex/oracle-nio.build/Debug-watchos/OracleNIOMacros-t.build/Objects-normal/arm64_32/OracleNIOMacros.swiftmodule /Users/admin/builder/spi-builder-workspace/.derivedData/Build/Products/Debug-watchos/OracleNIOMacros.swiftmodule/arm64_32-apple-watchos.swiftmodule
SwiftMergeGeneratedHeaders /Users/admin/builder/spi-builder-workspace/.derivedData/Build/Intermediates.noindex/GeneratedModuleMaps-watchos/OracleNIOMacros-Swift.h /Users/admin/builder/spi-builder-workspace/.derivedData/Build/Intermediates.noindex/oracle-nio.build/Debug-watchos/OracleNIOMacros-t.build/Objects-normal/arm64/OracleNIOMacros-Swift.h /Users/admin/builder/spi-builder-workspace/.derivedData/Build/Intermediates.noindex/oracle-nio.build/Debug-watchos/OracleNIOMacros-t.build/Objects-normal/arm64_32/OracleNIOMacros-Swift.h (in target 'OracleNIOMacros' from project 'oracle-nio')
cd /Users/admin/builder/spi-builder-workspace
builtin-swiftHeaderTool -arch arm64 /Users/admin/builder/spi-builder-workspace/.derivedData/Build/Intermediates.noindex/oracle-nio.build/Debug-watchos/OracleNIOMacros-t.build/Objects-normal/arm64/OracleNIOMacros-Swift.h -arch arm64_32 /Users/admin/builder/spi-builder-workspace/.derivedData/Build/Intermediates.noindex/oracle-nio.build/Debug-watchos/OracleNIOMacros-t.build/Objects-normal/arm64_32/OracleNIOMacros-Swift.h -o /Users/admin/builder/spi-builder-workspace/.derivedData/Build/Intermediates.noindex/GeneratedModuleMaps-watchos/OracleNIOMacros-Swift.h
SwiftDriverJobDiscovery normal arm64_32 Compiling Statement.swift (in target 'OracleNIOMacros' from project 'oracle-nio')
Copy /Users/admin/builder/spi-builder-workspace/.derivedData/Build/Products/Debug-watchos/OracleNIOMacros.swiftmodule/arm64_32-apple-watchos.swiftdoc /Users/admin/builder/spi-builder-workspace/.derivedData/Build/Intermediates.noindex/oracle-nio.build/Debug-watchos/OracleNIOMacros-t.build/Objects-normal/arm64_32/OracleNIOMacros.swiftdoc (in target 'OracleNIOMacros' from project 'oracle-nio')
cd /Users/admin/builder/spi-builder-workspace
builtin-copy -exclude .DS_Store -exclude CVS -exclude .svn -exclude .git -exclude .hg -resolve-src-symlinks -rename /Users/admin/builder/spi-builder-workspace/.derivedData/Build/Intermediates.noindex/oracle-nio.build/Debug-watchos/OracleNIOMacros-t.build/Objects-normal/arm64_32/OracleNIOMacros.swiftdoc /Users/admin/builder/spi-builder-workspace/.derivedData/Build/Products/Debug-watchos/OracleNIOMacros.swiftmodule/arm64_32-apple-watchos.swiftdoc
Copy /Users/admin/builder/spi-builder-workspace/.derivedData/Build/Products/Debug-watchos/OracleNIOMacros.swiftmodule/arm64_32-apple-watchos.abi.json /Users/admin/builder/spi-builder-workspace/.derivedData/Build/Intermediates.noindex/oracle-nio.build/Debug-watchos/OracleNIOMacros-t.build/Objects-normal/arm64_32/OracleNIOMacros.abi.json (in target 'OracleNIOMacros' from project 'oracle-nio')
cd /Users/admin/builder/spi-builder-workspace
builtin-copy -exclude .DS_Store -exclude CVS -exclude .svn -exclude .git -exclude .hg -resolve-src-symlinks -rename /Users/admin/builder/spi-builder-workspace/.derivedData/Build/Intermediates.noindex/oracle-nio.build/Debug-watchos/OracleNIOMacros-t.build/Objects-normal/arm64_32/OracleNIOMacros.abi.json /Users/admin/builder/spi-builder-workspace/.derivedData/Build/Products/Debug-watchos/OracleNIOMacros.swiftmodule/arm64_32-apple-watchos.abi.json
Copy /Users/admin/builder/spi-builder-workspace/.derivedData/Build/Products/Debug-watchos/OracleNIOMacros.swiftmodule/arm64-apple-watchos.swiftmodule /Users/admin/builder/spi-builder-workspace/.derivedData/Build/Intermediates.noindex/oracle-nio.build/Debug-watchos/OracleNIOMacros-t.build/Objects-normal/arm64/OracleNIOMacros.swiftmodule (in target 'OracleNIOMacros' from project 'oracle-nio')
cd /Users/admin/builder/spi-builder-workspace
builtin-copy -exclude .DS_Store -exclude CVS -exclude .svn -exclude .git -exclude .hg -resolve-src-symlinks -rename /Users/admin/builder/spi-builder-workspace/.derivedData/Build/Intermediates.noindex/oracle-nio.build/Debug-watchos/OracleNIOMacros-t.build/Objects-normal/arm64/OracleNIOMacros.swiftmodule /Users/admin/builder/spi-builder-workspace/.derivedData/Build/Products/Debug-watchos/OracleNIOMacros.swiftmodule/arm64-apple-watchos.swiftmodule
Copy /Users/admin/builder/spi-builder-workspace/.derivedData/Build/Products/Debug-watchos/OracleNIOMacros.swiftmodule/arm64-apple-watchos.swiftdoc /Users/admin/builder/spi-builder-workspace/.derivedData/Build/Intermediates.noindex/oracle-nio.build/Debug-watchos/OracleNIOMacros-t.build/Objects-normal/arm64/OracleNIOMacros.swiftdoc (in target 'OracleNIOMacros' from project 'oracle-nio')
cd /Users/admin/builder/spi-builder-workspace
builtin-copy -exclude .DS_Store -exclude CVS -exclude .svn -exclude .git -exclude .hg -resolve-src-symlinks -rename /Users/admin/builder/spi-builder-workspace/.derivedData/Build/Intermediates.noindex/oracle-nio.build/Debug-watchos/OracleNIOMacros-t.build/Objects-normal/arm64/OracleNIOMacros.swiftdoc /Users/admin/builder/spi-builder-workspace/.derivedData/Build/Products/Debug-watchos/OracleNIOMacros.swiftmodule/arm64-apple-watchos.swiftdoc
Copy /Users/admin/builder/spi-builder-workspace/.derivedData/Build/Products/Debug-watchos/OracleNIOMacros.swiftmodule/arm64-apple-watchos.abi.json /Users/admin/builder/spi-builder-workspace/.derivedData/Build/Intermediates.noindex/oracle-nio.build/Debug-watchos/OracleNIOMacros-t.build/Objects-normal/arm64/OracleNIOMacros.abi.json (in target 'OracleNIOMacros' from project 'oracle-nio')
cd /Users/admin/builder/spi-builder-workspace
builtin-copy -exclude .DS_Store -exclude CVS -exclude .svn -exclude .git -exclude .hg -resolve-src-symlinks -rename /Users/admin/builder/spi-builder-workspace/.derivedData/Build/Intermediates.noindex/oracle-nio.build/Debug-watchos/OracleNIOMacros-t.build/Objects-normal/arm64/OracleNIOMacros.abi.json /Users/admin/builder/spi-builder-workspace/.derivedData/Build/Products/Debug-watchos/OracleNIOMacros.swiftmodule/arm64-apple-watchos.abi.json
Copy /Users/admin/builder/spi-builder-workspace/.derivedData/Build/Products/Debug-watchos/OracleNIOMacros.swiftmodule/Project/arm64_32-apple-watchos.swiftsourceinfo /Users/admin/builder/spi-builder-workspace/.derivedData/Build/Intermediates.noindex/oracle-nio.build/Debug-watchos/OracleNIOMacros-t.build/Objects-normal/arm64_32/OracleNIOMacros.swiftsourceinfo (in target 'OracleNIOMacros' from project 'oracle-nio')
cd /Users/admin/builder/spi-builder-workspace
builtin-copy -exclude .DS_Store -exclude CVS -exclude .svn -exclude .git -exclude .hg -resolve-src-symlinks -rename /Users/admin/builder/spi-builder-workspace/.derivedData/Build/Intermediates.noindex/oracle-nio.build/Debug-watchos/OracleNIOMacros-t.build/Objects-normal/arm64_32/OracleNIOMacros.swiftsourceinfo /Users/admin/builder/spi-builder-workspace/.derivedData/Build/Products/Debug-watchos/OracleNIOMacros.swiftmodule/Project/arm64_32-apple-watchos.swiftsourceinfo
Copy /Users/admin/builder/spi-builder-workspace/.derivedData/Build/Products/Debug-watchos/OracleNIOMacros.swiftmodule/Project/arm64-apple-watchos.swiftsourceinfo /Users/admin/builder/spi-builder-workspace/.derivedData/Build/Intermediates.noindex/oracle-nio.build/Debug-watchos/OracleNIOMacros-t.build/Objects-normal/arm64/OracleNIOMacros.swiftsourceinfo (in target 'OracleNIOMacros' from project 'oracle-nio')
cd /Users/admin/builder/spi-builder-workspace
builtin-copy -exclude .DS_Store -exclude CVS -exclude .svn -exclude .git -exclude .hg -resolve-src-symlinks -rename /Users/admin/builder/spi-builder-workspace/.derivedData/Build/Intermediates.noindex/oracle-nio.build/Debug-watchos/OracleNIOMacros-t.build/Objects-normal/arm64/OracleNIOMacros.swiftsourceinfo /Users/admin/builder/spi-builder-workspace/.derivedData/Build/Products/Debug-watchos/OracleNIOMacros.swiftmodule/Project/arm64-apple-watchos.swiftsourceinfo
SwiftCompile normal arm64_32 Compiling\ OracleConnection.swift,\ OracleTransactionConnection.swift,\ ConnectionParameters.swift,\ AuthenticationStateMachine.swift,\ ConnectionStateMachine.swift /Users/admin/builder/spi-builder-workspace/Sources/OracleNIO/Connection/OracleConnection.swift /Users/admin/builder/spi-builder-workspace/Sources/OracleNIO/Connection/OracleTransactionConnection.swift /Users/admin/builder/spi-builder-workspace/Sources/OracleNIO/ConnectionParameters.swift /Users/admin/builder/spi-builder-workspace/Sources/OracleNIO/ConnectionStateMachine/AuthenticationStateMachine.swift /Users/admin/builder/spi-builder-workspace/Sources/OracleNIO/ConnectionStateMachine/ConnectionStateMachine.swift (in target 'OracleNIO' from project 'oracle-nio')
SwiftCompile normal arm64_32 /Users/admin/builder/spi-builder-workspace/Sources/OracleNIO/Connection/OracleConnection.swift (in target 'OracleNIO' from project 'oracle-nio')
cd /Users/admin/builder/spi-builder-workspace/.swiftpm/xcode
builtin-SwiftPerFileCompile OracleConnection.swift
SwiftCompile normal arm64_32 /Users/admin/builder/spi-builder-workspace/Sources/OracleNIO/Connection/OracleTransactionConnection.swift (in target 'OracleNIO' from project 'oracle-nio')
cd /Users/admin/builder/spi-builder-workspace/.swiftpm/xcode
builtin-SwiftPerFileCompile OracleTransactionConnection.swift
SwiftCompile normal arm64_32 /Users/admin/builder/spi-builder-workspace/Sources/OracleNIO/ConnectionParameters.swift (in target 'OracleNIO' from project 'oracle-nio')
cd /Users/admin/builder/spi-builder-workspace/.swiftpm/xcode
builtin-SwiftPerFileCompile ConnectionParameters.swift
SwiftCompile normal arm64_32 /Users/admin/builder/spi-builder-workspace/Sources/OracleNIO/ConnectionStateMachine/AuthenticationStateMachine.swift (in target 'OracleNIO' from project 'oracle-nio')
cd /Users/admin/builder/spi-builder-workspace/.swiftpm/xcode
builtin-SwiftPerFileCompile AuthenticationStateMachine.swift
SwiftCompile normal arm64_32 /Users/admin/builder/spi-builder-workspace/Sources/OracleNIO/ConnectionStateMachine/ConnectionStateMachine.swift (in target 'OracleNIO' from project 'oracle-nio')
cd /Users/admin/builder/spi-builder-workspace/.swiftpm/xcode
builtin-SwiftPerFileCompile ConnectionStateMachine.swift
SwiftCompile normal arm64_32 Compiling\ OraclePreparedStatement.swift,\ OracleStatement.swift,\ TLSConfiguration+Oracle.swift,\ AuthHeaderDateFormat.swift /Users/admin/builder/spi-builder-workspace/Sources/OracleNIO/Statements/OraclePreparedStatement.swift /Users/admin/builder/spi-builder-workspace/Sources/OracleNIO/Statements/OracleStatement.swift /Users/admin/builder/spi-builder-workspace/Sources/OracleNIO/TLSConfiguration+Oracle.swift /Users/admin/builder/spi-builder-workspace/Sources/OracleNIO/Utilities/AuthHeaderDateFormat.swift (in target 'OracleNIO' from project 'oracle-nio')
SwiftCompile normal arm64_32 /Users/admin/builder/spi-builder-workspace/Sources/OracleNIO/Statements/OraclePreparedStatement.swift (in target 'OracleNIO' from project 'oracle-nio')
cd /Users/admin/builder/spi-builder-workspace/.swiftpm/xcode
builtin-SwiftPerFileCompile OraclePreparedStatement.swift
SwiftCompile normal arm64_32 /Users/admin/builder/spi-builder-workspace/Sources/OracleNIO/Statements/OracleStatement.swift (in target 'OracleNIO' from project 'oracle-nio')
cd /Users/admin/builder/spi-builder-workspace/.swiftpm/xcode
builtin-SwiftPerFileCompile OracleStatement.swift
SwiftCompile normal arm64_32 /Users/admin/builder/spi-builder-workspace/Sources/OracleNIO/TLSConfiguration+Oracle.swift (in target 'OracleNIO' from project 'oracle-nio')
cd /Users/admin/builder/spi-builder-workspace/.swiftpm/xcode
builtin-SwiftPerFileCompile TLSConfiguration+Oracle.swift
SwiftCompile normal arm64_32 /Users/admin/builder/spi-builder-workspace/Sources/OracleNIO/Utilities/AuthHeaderDateFormat.swift (in target 'OracleNIO' from project 'oracle-nio')
cd /Users/admin/builder/spi-builder-workspace/.swiftpm/xcode
builtin-SwiftPerFileCompile AuthHeaderDateFormat.swift
SwiftCompile normal arm64_32 Compiling\ Double+OracleCodable.swift,\ Float+OracleCodable.swift,\ Int+OracleCodable.swift,\ ByteBuffer+SB.swift /Users/admin/builder/spi-builder-workspace/Sources/OracleNIO/Data/Double+OracleCodable.swift /Users/admin/builder/spi-builder-workspace/Sources/OracleNIO/Data/Float+OracleCodable.swift /Users/admin/builder/spi-builder-workspace/Sources/OracleNIO/Data/Int+OracleCodable.swift /Users/admin/builder/spi-builder-workspace/Sources/OracleNIO/Extensions/ByteBuffer/ByteBuffer+SB.swift (in target 'OracleNIO' from project 'oracle-nio')
SwiftCompile normal arm64_32 /Users/admin/builder/spi-builder-workspace/Sources/OracleNIO/Data/Double+OracleCodable.swift (in target 'OracleNIO' from project 'oracle-nio')
cd /Users/admin/builder/spi-builder-workspace/.swiftpm/xcode
builtin-SwiftPerFileCompile Double+OracleCodable.swift
SwiftCompile normal arm64_32 /Users/admin/builder/spi-builder-workspace/Sources/OracleNIO/Data/Float+OracleCodable.swift (in target 'OracleNIO' from project 'oracle-nio')
cd /Users/admin/builder/spi-builder-workspace/.swiftpm/xcode
builtin-SwiftPerFileCompile Float+OracleCodable.swift
SwiftCompile normal arm64_32 /Users/admin/builder/spi-builder-workspace/Sources/OracleNIO/Data/Int+OracleCodable.swift (in target 'OracleNIO' from project 'oracle-nio')
cd /Users/admin/builder/spi-builder-workspace/.swiftpm/xcode
builtin-SwiftPerFileCompile Int+OracleCodable.swift
SwiftCompile normal arm64_32 /Users/admin/builder/spi-builder-workspace/Sources/OracleNIO/Extensions/ByteBuffer/ByteBuffer+SB.swift (in target 'OracleNIO' from project 'oracle-nio')
cd /Users/admin/builder/spi-builder-workspace/.swiftpm/xcode
builtin-SwiftPerFileCompile ByteBuffer+SB.swift
SwiftCompile normal arm64_32 Compiling\ OracleHexDump.swift,\ SendOnceBox.swift,\ VariadicGenerics.swift,\ _TNSDataType.swift /Users/admin/builder/spi-builder-workspace/Sources/OracleNIO/Utilities/OracleHexDump.swift /Users/admin/builder/spi-builder-workspace/Sources/OracleNIO/Utilities/SendOnceBox.swift /Users/admin/builder/spi-builder-workspace/Sources/OracleNIO/VariadicGenerics.swift /Users/admin/builder/spi-builder-workspace/Sources/OracleNIO/_TNSDataType.swift (in target 'OracleNIO' from project 'oracle-nio')
SwiftCompile normal arm64_32 /Users/admin/builder/spi-builder-workspace/Sources/OracleNIO/Utilities/OracleHexDump.swift (in target 'OracleNIO' from project 'oracle-nio')
cd /Users/admin/builder/spi-builder-workspace/.swiftpm/xcode
builtin-SwiftPerFileCompile OracleHexDump.swift
SwiftCompile normal arm64_32 /Users/admin/builder/spi-builder-workspace/Sources/OracleNIO/Utilities/SendOnceBox.swift (in target 'OracleNIO' from project 'oracle-nio')
cd /Users/admin/builder/spi-builder-workspace/.swiftpm/xcode
builtin-SwiftPerFileCompile SendOnceBox.swift
SwiftCompile normal arm64_32 /Users/admin/builder/spi-builder-workspace/Sources/OracleNIO/VariadicGenerics.swift (in target 'OracleNIO' from project 'oracle-nio')
cd /Users/admin/builder/spi-builder-workspace/.swiftpm/xcode
builtin-SwiftPerFileCompile VariadicGenerics.swift
SwiftCompile normal arm64_32 /Users/admin/builder/spi-builder-workspace/Sources/OracleNIO/_TNSDataType.swift (in target 'OracleNIO' from project 'oracle-nio')
cd /Users/admin/builder/spi-builder-workspace/.swiftpm/xcode
builtin-SwiftPerFileCompile _TNSDataType.swift
SwiftDriverJobDiscovery normal arm64 Compiling Statement.swift (in target 'OracleNIOMacros' from project 'oracle-nio')
SwiftDriverJobDiscovery normal arm64_32 Compiling DataRow.swift, DescribeInfo.swift, OracleBackendMessage+Accept.swift, OracleBackendMessage+BitVector.swift, OracleBackendMessage+DataTypes.swift, OracleBackendMessage+InOutVector.swift, OracleBackendMessage+LOBData.swift (in target 'OracleNIO' from project 'oracle-nio')
SwiftDriver\ Compilation OracleNIOMacros normal arm64_32 com.apple.xcode.tools.swift.compiler (in target 'OracleNIOMacros' from project 'oracle-nio')
cd /Users/admin/builder/spi-builder-workspace/.swiftpm/xcode
builtin-Swift-Compilation -- /Applications/Xcode-27.0.0.app/Contents/Developer/Toolchains/XcodeDefault.xctoolchain/usr/bin/swiftc -parse-as-library -module-name OracleNIOMacros -Onone @/Users/admin/builder/spi-builder-workspace/.derivedData/Build/Intermediates.noindex/oracle-nio.build/Debug-watchos/OracleNIOMacros-t.build/Objects-normal/arm64_32/OracleNIOMacros.SwiftFileList -DSWIFT_PACKAGE -DDEBUG -DSWIFT_MODULE_RESOURCE_BUNDLE_UNAVAILABLE -DDistributedTracingSupport -Xcc -fmodule-map-file\=/Users/admin/builder/spi-builder-workspace/.dependencies/checkouts/swift-atomics/Sources/_AtomicsShims/include/module.modulemap -Xcc -fmodule-map-file\=/Users/admin/builder/spi-builder-workspace/.derivedData/Build/Intermediates.noindex/GeneratedModuleMaps-watchos/CNIOBoringSSLShims.modulemap -Xcc -fmodule-map-file\=/Users/admin/builder/spi-builder-workspace/.dependencies/checkouts/swift-nio-ssl/Sources/CNIOBoringSSL/include/module.modulemap -Xcc -fmodule-map-file\=/Users/admin/builder/spi-builder-workspace/.derivedData/Build/Intermediates.noindex/GeneratedModuleMaps-watchos/CNIOPosix.modulemap -Xcc -fmodule-map-file\=/Users/admin/builder/spi-builder-workspace/.derivedData/Build/Intermediates.noindex/GeneratedModuleMaps-watchos/CNIOWASI.modulemap -Xcc -fmodule-map-file\=/Users/admin/builder/spi-builder-workspace/.dependencies/checkouts/swift-nio/Sources/CNIOWindows/include/module.modulemap -Xcc -fmodule-map-file\=/Users/admin/builder/spi-builder-workspace/.derivedData/Build/Intermediates.noindex/GeneratedModuleMaps-watchos/CNIOLinux.modulemap -Xcc -fmodule-map-file\=/Users/admin/builder/spi-builder-workspace/.derivedData/Build/Intermediates.noindex/GeneratedModuleMaps-watchos/CNIODarwin.modulemap -Xcc -fmodule-map-file\=/Users/admin/builder/spi-builder-workspace/.derivedData/Build/Intermediates.noindex/GeneratedModuleMaps-watchos/CNIOFreeBSD.modulemap -Xcc -fmodule-map-file\=/Users/admin/builder/spi-builder-workspace/.derivedData/Build/Intermediates.noindex/GeneratedModuleMaps-watchos/CNIOOpenBSD.modulemap -Xcc -fmodule-map-file\=/Users/admin/builder/spi-builder-workspace/.derivedData/Build/Intermediates.noindex/GeneratedModuleMaps-watchos/CNIOAtomics.modulemap -Xcc -fmodule-map-file\=/Users/admin/builder/spi-builder-workspace/.dependencies/checkouts/swift-crypto/Sources/CCryptoBoringSSL/include/module.modulemap -DXcode -enable-upcoming-feature MemberImportVisibility -enable-upcoming-feature InternalImportsByDefault -plugin-path /Applications/Xcode-27.0.0.app/Contents/Developer/Toolchains/XcodeDefault.xctoolchain/usr/lib/swift/host/plugins/testing -enable-experimental-feature DebugDescriptionMacro -sdk /Applications/Xcode-27.0.0.app/Contents/Developer/Platforms/WatchOS.platform/Developer/SDKs/WatchOS27.0.sdk -target arm64_32-apple-watchos9.0 -g -module-cache-path /Users/admin/builder/spi-builder-workspace/.derivedData/ModuleCache.noindex -Xfrontend -serialize-debugging-options -profile-coverage-mapping -profile-generate -enable-testing -index-store-path /Users/admin/builder/spi-builder-workspace/.derivedData/Index.noindex/DataStore -Xcc -D_LIBCPP_HARDENING_MODE\=_LIBCPP_HARDENING_MODE_DEBUG -swift-version 6 -I /Users/admin/builder/spi-builder-workspace/.derivedData/Build/Products/Debug-watchos -Isystem /Applications/Xcode-27.0.0.app/Contents/Developer/Platforms/WatchOS.platform/Developer/usr/lib -F /Users/admin/builder/spi-builder-workspace/.derivedData/Build/Products/Debug-watchos/PackageFrameworks -F /Users/admin/builder/spi-builder-workspace/.derivedData/Build/Products/Debug-watchos -F /Applications/Xcode-27.0.0.app/Contents/Developer/Platforms/WatchOS.platform/Developer/Library/Frameworks -F /Applications/Xcode-27.0.0.app/Contents/Developer/Platforms/WatchOS.platform/Developer/SDKs/WatchOS27.0.sdk/Developer/Library/Frameworks -Xfrontend -load-plugin-executable -Xfrontend /Users/admin/builder/spi-builder-workspace/.derivedData/Build/Products/Debug/OracleNIOMacrosPlugin\#OracleNIOMacrosPlugin -c -j10 -enable-batch-mode -incremental -Xcc -ivfsstatcache -Xcc /Users/admin/builder/spi-builder-workspace/.derivedData/SDKStatCaches.noindex/watchos27.0-24R360-e829b21a6f8c9b70876ba0858053c044b9db9bc9c079ee3c7b5f3373b13d10bc.sdkstatcache -output-file-map /Users/admin/builder/spi-builder-workspace/.derivedData/Build/Intermediates.noindex/oracle-nio.build/Debug-watchos/OracleNIOMacros-t.build/Objects-normal/arm64_32/OracleNIOMacros-OutputFileMap.json -save-temps -no-color-diagnostics -explicit-module-build -module-cache-path /Users/admin/builder/spi-builder-workspace/.derivedData/Build/Intermediates.noindex/SwiftExplicitPrecompiledModules -clang-scanner-module-cache-path /Users/admin/builder/spi-builder-workspace/.derivedData/ModuleCache.noindex -sdk-module-cache-path /Users/admin/builder/spi-builder-workspace/.derivedData/SDKExplicitPrecompiledModules -emit-dependencies -emit-module -emit-module-path /Users/admin/builder/spi-builder-workspace/.derivedData/Build/Intermediates.noindex/oracle-nio.build/Debug-watchos/OracleNIOMacros-t.build/Objects-normal/arm64_32/OracleNIOMacros.swiftmodule -serialize-diagnostics -dependency-scan-serialize-diagnostics-path /Users/admin/builder/spi-builder-workspace/.derivedData/Build/Intermediates.noindex/oracle-nio.build/Debug-watchos/OracleNIOMacros-t.build/Objects-normal/arm64_32/OracleNIOMacros-dependency-scan.dia -validate-clang-modules-once -clang-build-session-file /Users/admin/builder/spi-builder-workspace/.derivedData/ModuleCache.noindex/Session.modulevalidation -Xcc -fmodules-prune-interval\=86400 -Xcc -fmodules-prune-after\=345600 -package-name spi_builder_workspace -emit-const-values -const-gather-protocols-list /Users/admin/builder/spi-builder-workspace/.derivedData/Build/Intermediates.noindex/oracle-nio.build/Debug-watchos/OracleNIOMacros-t.build/Objects-normal/arm64_32/OracleNIOMacros_const_extract_protocols.json -Xcc -I/Users/admin/builder/spi-builder-workspace/.dependencies/checkouts/swift-atomics/Sources/_AtomicsShims/include -Xcc -I/Users/admin/builder/spi-builder-workspace/.dependencies/checkouts/swift-nio-ssl/Sources/CNIOBoringSSLShims/include -Xcc -I/Users/admin/builder/spi-builder-workspace/.dependencies/checkouts/swift-nio-ssl/Sources/CNIOBoringSSL/include -Xcc -I/Users/admin/builder/spi-builder-workspace/.dependencies/checkouts/swift-nio/Sources/CNIOPosix/include -Xcc -I/Users/admin/builder/spi-builder-workspace/.dependencies/checkouts/swift-nio/Sources/CNIOWASI/include -Xcc -I/Users/admin/builder/spi-builder-workspace/.dependencies/checkouts/swift-nio/Sources/CNIOWindows/include -Xcc -I/Users/admin/builder/spi-builder-workspace/.dependencies/checkouts/swift-nio/Sources/CNIOLinux/include -Xcc -I/Users/admin/builder/spi-builder-workspace/.dependencies/checkouts/swift-nio/Sources/CNIODarwin/include -Xcc -I/Users/admin/builder/spi-builder-workspace/.dependencies/checkouts/swift-nio/Sources/CNIOFreeBSD/include -Xcc -I/Users/admin/builder/spi-builder-workspace/.dependencies/checkouts/swift-nio/Sources/CNIOOpenBSD/include -Xcc -I/Users/admin/builder/spi-builder-workspace/.dependencies/checkouts/swift-nio/Sources/CNIOAtomics/include -Xcc -I/Users/admin/builder/spi-builder-workspace/.dependencies/checkouts/swift-crypto/Sources/CCryptoBoringSSL/include -Xcc -I/Users/admin/builder/spi-builder-workspace/.derivedData/Build/Products/Debug-watchos/include -Xcc -I/Users/admin/builder/spi-builder-workspace/.derivedData/Build/Intermediates.noindex/oracle-nio.build/Debug-watchos/OracleNIOMacros-t.build/DerivedSources-normal/arm64_32 -Xcc -I/Users/admin/builder/spi-builder-workspace/.derivedData/Build/Intermediates.noindex/oracle-nio.build/Debug-watchos/OracleNIOMacros-t.build/DerivedSources/arm64_32 -Xcc -I/Users/admin/builder/spi-builder-workspace/.derivedData/Build/Intermediates.noindex/oracle-nio.build/Debug-watchos/OracleNIOMacros-t.build/DerivedSources -Xcc -DSWIFT_PACKAGE -Xcc -DDEBUG\=1 -emit-objc-header -emit-objc-header-path /Users/admin/builder/spi-builder-workspace/.derivedData/Build/Intermediates.noindex/oracle-nio.build/Debug-watchos/OracleNIOMacros-t.build/Objects-normal/arm64_32/OracleNIOMacros-Swift.h -working-directory /Users/admin/builder/spi-builder-workspace/.swiftpm/xcode -experimental-emit-module-separately -disable-cmo
SwiftDriverJobDiscovery normal arm64_32 Compiling Double+OracleCodable.swift, Float+OracleCodable.swift, Int+OracleCodable.swift, ByteBuffer+SB.swift (in target 'OracleNIO' from project 'oracle-nio')
SwiftDriver\ Compilation OracleNIOMacros normal arm64 com.apple.xcode.tools.swift.compiler (in target 'OracleNIOMacros' from project 'oracle-nio')
cd /Users/admin/builder/spi-builder-workspace/.swiftpm/xcode
builtin-Swift-Compilation -- /Applications/Xcode-27.0.0.app/Contents/Developer/Toolchains/XcodeDefault.xctoolchain/usr/bin/swiftc -parse-as-library -module-name OracleNIOMacros -Onone @/Users/admin/builder/spi-builder-workspace/.derivedData/Build/Intermediates.noindex/oracle-nio.build/Debug-watchos/OracleNIOMacros-t.build/Objects-normal/arm64/OracleNIOMacros.SwiftFileList -DSWIFT_PACKAGE -DDEBUG -DSWIFT_MODULE_RESOURCE_BUNDLE_UNAVAILABLE -DDistributedTracingSupport -Xcc -fmodule-map-file\=/Users/admin/builder/spi-builder-workspace/.dependencies/checkouts/swift-atomics/Sources/_AtomicsShims/include/module.modulemap -Xcc -fmodule-map-file\=/Users/admin/builder/spi-builder-workspace/.derivedData/Build/Intermediates.noindex/GeneratedModuleMaps-watchos/CNIOBoringSSLShims.modulemap -Xcc -fmodule-map-file\=/Users/admin/builder/spi-builder-workspace/.dependencies/checkouts/swift-nio-ssl/Sources/CNIOBoringSSL/include/module.modulemap -Xcc -fmodule-map-file\=/Users/admin/builder/spi-builder-workspace/.derivedData/Build/Intermediates.noindex/GeneratedModuleMaps-watchos/CNIOPosix.modulemap -Xcc -fmodule-map-file\=/Users/admin/builder/spi-builder-workspace/.derivedData/Build/Intermediates.noindex/GeneratedModuleMaps-watchos/CNIOWASI.modulemap -Xcc -fmodule-map-file\=/Users/admin/builder/spi-builder-workspace/.dependencies/checkouts/swift-nio/Sources/CNIOWindows/include/module.modulemap -Xcc -fmodule-map-file\=/Users/admin/builder/spi-builder-workspace/.derivedData/Build/Intermediates.noindex/GeneratedModuleMaps-watchos/CNIOLinux.modulemap -Xcc -fmodule-map-file\=/Users/admin/builder/spi-builder-workspace/.derivedData/Build/Intermediates.noindex/GeneratedModuleMaps-watchos/CNIODarwin.modulemap -Xcc -fmodule-map-file\=/Users/admin/builder/spi-builder-workspace/.derivedData/Build/Intermediates.noindex/GeneratedModuleMaps-watchos/CNIOFreeBSD.modulemap -Xcc -fmodule-map-file\=/Users/admin/builder/spi-builder-workspace/.derivedData/Build/Intermediates.noindex/GeneratedModuleMaps-watchos/CNIOOpenBSD.modulemap -Xcc -fmodule-map-file\=/Users/admin/builder/spi-builder-workspace/.derivedData/Build/Intermediates.noindex/GeneratedModuleMaps-watchos/CNIOAtomics.modulemap -Xcc -fmodule-map-file\=/Users/admin/builder/spi-builder-workspace/.dependencies/checkouts/swift-crypto/Sources/CCryptoBoringSSL/include/module.modulemap -DXcode -enable-upcoming-feature MemberImportVisibility -enable-upcoming-feature InternalImportsByDefault -plugin-path /Applications/Xcode-27.0.0.app/Contents/Developer/Toolchains/XcodeDefault.xctoolchain/usr/lib/swift/host/plugins/testing -enable-experimental-feature DebugDescriptionMacro -sdk /Applications/Xcode-27.0.0.app/Contents/Developer/Platforms/WatchOS.platform/Developer/SDKs/WatchOS27.0.sdk -target arm64-apple-watchos9.0 -g -module-cache-path /Users/admin/builder/spi-builder-workspace/.derivedData/ModuleCache.noindex -Xfrontend -serialize-debugging-options -profile-coverage-mapping -profile-generate -enable-testing -index-store-path /Users/admin/builder/spi-builder-workspace/.derivedData/Index.noindex/DataStore -Xcc -D_LIBCPP_HARDENING_MODE\=_LIBCPP_HARDENING_MODE_DEBUG -swift-version 6 -I /Users/admin/builder/spi-builder-workspace/.derivedData/Build/Products/Debug-watchos -Isystem /Applications/Xcode-27.0.0.app/Contents/Developer/Platforms/WatchOS.platform/Developer/usr/lib -F /Users/admin/builder/spi-builder-workspace/.derivedData/Build/Products/Debug-watchos/PackageFrameworks -F /Users/admin/builder/spi-builder-workspace/.derivedData/Build/Products/Debug-watchos -F /Applications/Xcode-27.0.0.app/Contents/Developer/Platforms/WatchOS.platform/Developer/Library/Frameworks -F /Applications/Xcode-27.0.0.app/Contents/Developer/Platforms/WatchOS.platform/Developer/SDKs/WatchOS27.0.sdk/Developer/Library/Frameworks -Xfrontend -load-plugin-executable -Xfrontend /Users/admin/builder/spi-builder-workspace/.derivedData/Build/Products/Debug/OracleNIOMacrosPlugin\#OracleNIOMacrosPlugin -c -j10 -enable-batch-mode -incremental -Xcc -ivfsstatcache -Xcc /Users/admin/builder/spi-builder-workspace/.derivedData/SDKStatCaches.noindex/watchos27.0-24R360-e829b21a6f8c9b70876ba0858053c044b9db9bc9c079ee3c7b5f3373b13d10bc.sdkstatcache -output-file-map /Users/admin/builder/spi-builder-workspace/.derivedData/Build/Intermediates.noindex/oracle-nio.build/Debug-watchos/OracleNIOMacros-t.build/Objects-normal/arm64/OracleNIOMacros-OutputFileMap.json -save-temps -no-color-diagnostics -explicit-module-build -module-cache-path /Users/admin/builder/spi-builder-workspace/.derivedData/Build/Intermediates.noindex/SwiftExplicitPrecompiledModules -clang-scanner-module-cache-path /Users/admin/builder/spi-builder-workspace/.derivedData/ModuleCache.noindex -sdk-module-cache-path /Users/admin/builder/spi-builder-workspace/.derivedData/SDKExplicitPrecompiledModules -emit-dependencies -emit-module -emit-module-path /Users/admin/builder/spi-builder-workspace/.derivedData/Build/Intermediates.noindex/oracle-nio.build/Debug-watchos/OracleNIOMacros-t.build/Objects-normal/arm64/OracleNIOMacros.swiftmodule -serialize-diagnostics -dependency-scan-serialize-diagnostics-path /Users/admin/builder/spi-builder-workspace/.derivedData/Build/Intermediates.noindex/oracle-nio.build/Debug-watchos/OracleNIOMacros-t.build/Objects-normal/arm64/OracleNIOMacros-dependency-scan.dia -validate-clang-modules-once -clang-build-session-file /Users/admin/builder/spi-builder-workspace/.derivedData/ModuleCache.noindex/Session.modulevalidation -Xcc -fmodules-prune-interval\=86400 -Xcc -fmodules-prune-after\=345600 -package-name spi_builder_workspace -emit-const-values -const-gather-protocols-list /Users/admin/builder/spi-builder-workspace/.derivedData/Build/Intermediates.noindex/oracle-nio.build/Debug-watchos/OracleNIOMacros-t.build/Objects-normal/arm64/OracleNIOMacros_const_extract_protocols.json -Xcc -I/Users/admin/builder/spi-builder-workspace/.dependencies/checkouts/swift-atomics/Sources/_AtomicsShims/include -Xcc -I/Users/admin/builder/spi-builder-workspace/.dependencies/checkouts/swift-nio-ssl/Sources/CNIOBoringSSLShims/include -Xcc -I/Users/admin/builder/spi-builder-workspace/.dependencies/checkouts/swift-nio-ssl/Sources/CNIOBoringSSL/include -Xcc -I/Users/admin/builder/spi-builder-workspace/.dependencies/checkouts/swift-nio/Sources/CNIOPosix/include -Xcc -I/Users/admin/builder/spi-builder-workspace/.dependencies/checkouts/swift-nio/Sources/CNIOWASI/include -Xcc -I/Users/admin/builder/spi-builder-workspace/.dependencies/checkouts/swift-nio/Sources/CNIOWindows/include -Xcc -I/Users/admin/builder/spi-builder-workspace/.dependencies/checkouts/swift-nio/Sources/CNIOLinux/include -Xcc -I/Users/admin/builder/spi-builder-workspace/.dependencies/checkouts/swift-nio/Sources/CNIODarwin/include -Xcc -I/Users/admin/builder/spi-builder-workspace/.dependencies/checkouts/swift-nio/Sources/CNIOFreeBSD/include -Xcc -I/Users/admin/builder/spi-builder-workspace/.dependencies/checkouts/swift-nio/Sources/CNIOOpenBSD/include -Xcc -I/Users/admin/builder/spi-builder-workspace/.dependencies/checkouts/swift-nio/Sources/CNIOAtomics/include -Xcc -I/Users/admin/builder/spi-builder-workspace/.dependencies/checkouts/swift-crypto/Sources/CCryptoBoringSSL/include -Xcc -I/Users/admin/builder/spi-builder-workspace/.derivedData/Build/Products/Debug-watchos/include -Xcc -I/Users/admin/builder/spi-builder-workspace/.derivedData/Build/Intermediates.noindex/oracle-nio.build/Debug-watchos/OracleNIOMacros-t.build/DerivedSources-normal/arm64 -Xcc -I/Users/admin/builder/spi-builder-workspace/.derivedData/Build/Intermediates.noindex/oracle-nio.build/Debug-watchos/OracleNIOMacros-t.build/DerivedSources/arm64 -Xcc -I/Users/admin/builder/spi-builder-workspace/.derivedData/Build/Intermediates.noindex/oracle-nio.build/Debug-watchos/OracleNIOMacros-t.build/DerivedSources -Xcc -DSWIFT_PACKAGE -Xcc -DDEBUG\=1 -emit-objc-header -emit-objc-header-path /Users/admin/builder/spi-builder-workspace/.derivedData/Build/Intermediates.noindex/oracle-nio.build/Debug-watchos/OracleNIOMacros-t.build/Objects-normal/arm64/OracleNIOMacros-Swift.h -working-directory /Users/admin/builder/spi-builder-workspace/.swiftpm/xcode -experimental-emit-module-separately -disable-cmo
SwiftCompile normal arm64_32 Compiling\ ByteBuffer+OracleCodable.swift,\ Bytes+OracleCodable.swift,\ Cursor.swift,\ Data+OracleCodable.swift,\ Date+OracleCodable.swift /Users/admin/builder/spi-builder-workspace/Sources/OracleNIO/Data/ByteBuffer+OracleCodable.swift /Users/admin/builder/spi-builder-workspace/Sources/OracleNIO/Data/Bytes+OracleCodable.swift /Users/admin/builder/spi-builder-workspace/Sources/OracleNIO/Data/Cursor.swift /Users/admin/builder/spi-builder-workspace/Sources/OracleNIO/Data/Data+OracleCodable.swift /Users/admin/builder/spi-builder-workspace/Sources/OracleNIO/Data/Date+OracleCodable.swift (in target 'OracleNIO' from project 'oracle-nio')
SwiftCompile normal arm64_32 /Users/admin/builder/spi-builder-workspace/Sources/OracleNIO/Data/ByteBuffer+OracleCodable.swift (in target 'OracleNIO' from project 'oracle-nio')
cd /Users/admin/builder/spi-builder-workspace/.swiftpm/xcode
builtin-SwiftPerFileCompile ByteBuffer+OracleCodable.swift
SwiftCompile normal arm64_32 /Users/admin/builder/spi-builder-workspace/Sources/OracleNIO/Data/Bytes+OracleCodable.swift (in target 'OracleNIO' from project 'oracle-nio')
cd /Users/admin/builder/spi-builder-workspace/.swiftpm/xcode
builtin-SwiftPerFileCompile Bytes+OracleCodable.swift
SwiftCompile normal arm64_32 /Users/admin/builder/spi-builder-workspace/Sources/OracleNIO/Data/Cursor.swift (in target 'OracleNIO' from project 'oracle-nio')
cd /Users/admin/builder/spi-builder-workspace/.swiftpm/xcode
builtin-SwiftPerFileCompile Cursor.swift
SwiftCompile normal arm64_32 /Users/admin/builder/spi-builder-workspace/Sources/OracleNIO/Data/Data+OracleCodable.swift (in target 'OracleNIO' from project 'oracle-nio')
cd /Users/admin/builder/spi-builder-workspace/.swiftpm/xcode
builtin-SwiftPerFileCompile Data+OracleCodable.swift
SwiftCompile normal arm64_32 /Users/admin/builder/spi-builder-workspace/Sources/OracleNIO/Data/Date+OracleCodable.swift (in target 'OracleNIO' from project 'oracle-nio')
cd /Users/admin/builder/spi-builder-workspace/.swiftpm/xcode
builtin-SwiftPerFileCompile Date+OracleCodable.swift
SwiftCompile normal arm64_32 Compiling\ AuthenticationMode.swift,\ Capabilities.swift,\ OracleClient+PooledConnection.swift,\ OracleConnection+BatchExecution.swift,\ OracleConnection+Configuration.swift /Users/admin/builder/spi-builder-workspace/Sources/OracleNIO/AuthenticationMode.swift /Users/admin/builder/spi-builder-workspace/Sources/OracleNIO/Capabilities.swift /Users/admin/builder/spi-builder-workspace/Sources/OracleNIO/Connection/OracleClient+PooledConnection.swift /Users/admin/builder/spi-builder-workspace/Sources/OracleNIO/Connection/OracleConnection+BatchExecution.swift /Users/admin/builder/spi-builder-workspace/Sources/OracleNIO/Connection/OracleConnection+Configuration.swift (in target 'OracleNIO' from project 'oracle-nio')
SwiftCompile normal arm64_32 /Users/admin/builder/spi-builder-workspace/Sources/OracleNIO/AuthenticationMode.swift (in target 'OracleNIO' from project 'oracle-nio')
cd /Users/admin/builder/spi-builder-workspace/.swiftpm/xcode
builtin-SwiftPerFileCompile AuthenticationMode.swift
SwiftCompile normal arm64_32 /Users/admin/builder/spi-builder-workspace/Sources/OracleNIO/Capabilities.swift (in target 'OracleNIO' from project 'oracle-nio')
cd /Users/admin/builder/spi-builder-workspace/.swiftpm/xcode
builtin-SwiftPerFileCompile Capabilities.swift
SwiftCompile normal arm64_32 /Users/admin/builder/spi-builder-workspace/Sources/OracleNIO/Connection/OracleClient+PooledConnection.swift (in target 'OracleNIO' from project 'oracle-nio')
cd /Users/admin/builder/spi-builder-workspace/.swiftpm/xcode
builtin-SwiftPerFileCompile OracleClient+PooledConnection.swift
SwiftCompile normal arm64_32 /Users/admin/builder/spi-builder-workspace/Sources/OracleNIO/Connection/OracleConnection+BatchExecution.swift (in target 'OracleNIO' from project 'oracle-nio')
cd /Users/admin/builder/spi-builder-workspace/.swiftpm/xcode
builtin-SwiftPerFileCompile OracleConnection+BatchExecution.swift
SwiftCompile normal arm64_32 /Users/admin/builder/spi-builder-workspace/Sources/OracleNIO/Connection/OracleConnection+Configuration.swift (in target 'OracleNIO' from project 'oracle-nio')
cd /Users/admin/builder/spi-builder-workspace/.swiftpm/xcode
builtin-SwiftPerFileCompile OracleConnection+Configuration.swift
SwiftDriverJobDiscovery normal arm64_32 Compiling OracleEventsHandler.swift, OracleRow.swift, OracleRowSequence.swift, OracleRowStream.swift, OracleSQLError.swift, OracleTask.swift (in target 'OracleNIO' from project 'oracle-nio')
SwiftCompile normal arm64_32 Compiling\ ByteBuffer+throwingMoveReaderIndex.swift,\ ByteBuffer+throwingReadBytes.swift,\ ByteBuffer+throwingReadInteger.swift,\ ByteBuffer+throwingReadString.swift /Users/admin/builder/spi-builder-workspace/Sources/OracleNIO/Extensions/ByteBuffer/ByteBuffer+throwingMoveReaderIndex.swift /Users/admin/builder/spi-builder-workspace/Sources/OracleNIO/Extensions/ByteBuffer/ByteBuffer+throwingReadBytes.swift /Users/admin/builder/spi-builder-workspace/Sources/OracleNIO/Extensions/ByteBuffer/ByteBuffer+throwingReadInteger.swift /Users/admin/builder/spi-builder-workspace/Sources/OracleNIO/Extensions/ByteBuffer/ByteBuffer+throwingReadString.swift (in target 'OracleNIO' from project 'oracle-nio')
SwiftCompile normal arm64_32 /Users/admin/builder/spi-builder-workspace/Sources/OracleNIO/Extensions/ByteBuffer/ByteBuffer+throwingMoveReaderIndex.swift (in target 'OracleNIO' from project 'oracle-nio')
cd /Users/admin/builder/spi-builder-workspace/.swiftpm/xcode
builtin-SwiftPerFileCompile ByteBuffer+throwingMoveReaderIndex.swift
SwiftCompile normal arm64_32 /Users/admin/builder/spi-builder-workspace/Sources/OracleNIO/Extensions/ByteBuffer/ByteBuffer+throwingReadBytes.swift (in target 'OracleNIO' from project 'oracle-nio')
cd /Users/admin/builder/spi-builder-workspace/.swiftpm/xcode
builtin-SwiftPerFileCompile ByteBuffer+throwingReadBytes.swift
SwiftCompile normal arm64_32 /Users/admin/builder/spi-builder-workspace/Sources/OracleNIO/Extensions/ByteBuffer/ByteBuffer+throwingReadInteger.swift (in target 'OracleNIO' from project 'oracle-nio')
cd /Users/admin/builder/spi-builder-workspace/.swiftpm/xcode
builtin-SwiftPerFileCompile ByteBuffer+throwingReadInteger.swift
SwiftCompile normal arm64_32 /Users/admin/builder/spi-builder-workspace/Sources/OracleNIO/Extensions/ByteBuffer/ByteBuffer+throwingReadString.swift (in target 'OracleNIO' from project 'oracle-nio')
cd /Users/admin/builder/spi-builder-workspace/.swiftpm/xcode
builtin-SwiftPerFileCompile ByteBuffer+throwingReadString.swift
SwiftDriverJobDiscovery normal arm64_32 Compiling OracleHexDump.swift, SendOnceBox.swift, VariadicGenerics.swift, _TNSDataType.swift (in target 'OracleNIO' from project 'oracle-nio')
SwiftDriverJobDiscovery normal arm64_32 Compiling OraclePreparedStatement.swift, OracleStatement.swift, TLSConfiguration+Oracle.swift, AuthHeaderDateFormat.swift (in target 'OracleNIO' from project 'oracle-nio')
SwiftCompile normal arm64_32 Compiling\ OracleConnectionProtocol.swift /Users/admin/builder/spi-builder-workspace/Sources/OracleNIO/Connection/OracleConnectionProtocol.swift (in target 'OracleNIO' from project 'oracle-nio')
SwiftCompile normal arm64_32 /Users/admin/builder/spi-builder-workspace/Sources/OracleNIO/Connection/OracleConnectionProtocol.swift (in target 'OracleNIO' from project 'oracle-nio')
cd /Users/admin/builder/spi-builder-workspace/.swiftpm/xcode
builtin-SwiftPerFileCompile OracleConnectionProtocol.swift
SwiftDriverJobDiscovery normal arm64_32 Compiling OracleConnectionProtocol.swift (in target 'OracleNIO' from project 'oracle-nio')
SwiftCompile normal arm64_32 Compiling\ ByteBuffer+throwingSkipBytes.swift,\ Data+hexString.swift,\ Purity.swift,\ OracleBindings.swift /Users/admin/builder/spi-builder-workspace/Sources/OracleNIO/Extensions/ByteBuffer/ByteBuffer+throwingSkipBytes.swift /Users/admin/builder/spi-builder-workspace/Sources/OracleNIO/Extensions/Data+hexString.swift /Users/admin/builder/spi-builder-workspace/Sources/OracleNIO/Purity.swift /Users/admin/builder/spi-builder-workspace/Sources/OracleNIO/Statements/OracleBindings.swift (in target 'OracleNIO' from project 'oracle-nio')
SwiftCompile normal arm64_32 /Users/admin/builder/spi-builder-workspace/Sources/OracleNIO/Extensions/ByteBuffer/ByteBuffer+throwingSkipBytes.swift (in target 'OracleNIO' from project 'oracle-nio')
cd /Users/admin/builder/spi-builder-workspace/.swiftpm/xcode
builtin-SwiftPerFileCompile ByteBuffer+throwingSkipBytes.swift
SwiftCompile normal arm64_32 /Users/admin/builder/spi-builder-workspace/Sources/OracleNIO/Extensions/Data+hexString.swift (in target 'OracleNIO' from project 'oracle-nio')
cd /Users/admin/builder/spi-builder-workspace/.swiftpm/xcode
builtin-SwiftPerFileCompile Data+hexString.swift
SwiftCompile normal arm64_32 /Users/admin/builder/spi-builder-workspace/Sources/OracleNIO/Purity.swift (in target 'OracleNIO' from project 'oracle-nio')
cd /Users/admin/builder/spi-builder-workspace/.swiftpm/xcode
builtin-SwiftPerFileCompile Purity.swift
SwiftCompile normal arm64_32 /Users/admin/builder/spi-builder-workspace/Sources/OracleNIO/Statements/OracleBindings.swift (in target 'OracleNIO' from project 'oracle-nio')
cd /Users/admin/builder/spi-builder-workspace/.swiftpm/xcode
builtin-SwiftPerFileCompile OracleBindings.swift
SwiftCompile normal arm64_32 Compiling\ OracleTransactionError.swift,\ OracleVersion.swift,\ PacketType.swift,\ ConnectionFactory.swift,\ OracleClient.swift,\ OracleClientMetrics.swift /Users/admin/builder/spi-builder-workspace/Sources/OracleNIO/OracleTransactionError.swift /Users/admin/builder/spi-builder-workspace/Sources/OracleNIO/OracleVersion.swift /Users/admin/builder/spi-builder-workspace/Sources/OracleNIO/PacketType.swift /Users/admin/builder/spi-builder-workspace/Sources/OracleNIO/Pool/ConnectionFactory.swift /Users/admin/builder/spi-builder-workspace/Sources/OracleNIO/Pool/OracleClient.swift /Users/admin/builder/spi-builder-workspace/Sources/OracleNIO/Pool/OracleClientMetrics.swift (in target 'OracleNIO' from project 'oracle-nio')
SwiftCompile normal arm64_32 /Users/admin/builder/spi-builder-workspace/Sources/OracleNIO/OracleTransactionError.swift (in target 'OracleNIO' from project 'oracle-nio')
cd /Users/admin/builder/spi-builder-workspace/.swiftpm/xcode
builtin-SwiftPerFileCompile OracleTransactionError.swift
SwiftCompile normal arm64_32 /Users/admin/builder/spi-builder-workspace/Sources/OracleNIO/OracleVersion.swift (in target 'OracleNIO' from project 'oracle-nio')
cd /Users/admin/builder/spi-builder-workspace/.swiftpm/xcode
builtin-SwiftPerFileCompile OracleVersion.swift
SwiftCompile normal arm64_32 /Users/admin/builder/spi-builder-workspace/Sources/OracleNIO/PacketType.swift (in target 'OracleNIO' from project 'oracle-nio')
cd /Users/admin/builder/spi-builder-workspace/.swiftpm/xcode
builtin-SwiftPerFileCompile PacketType.swift
SwiftCompile normal arm64_32 /Users/admin/builder/spi-builder-workspace/Sources/OracleNIO/Pool/ConnectionFactory.swift (in target 'OracleNIO' from project 'oracle-nio')
cd /Users/admin/builder/spi-builder-workspace/.swiftpm/xcode
builtin-SwiftPerFileCompile ConnectionFactory.swift
SwiftCompile normal arm64_32 /Users/admin/builder/spi-builder-workspace/Sources/OracleNIO/Pool/OracleClient.swift (in target 'OracleNIO' from project 'oracle-nio')
cd /Users/admin/builder/spi-builder-workspace/.swiftpm/xcode
builtin-SwiftPerFileCompile OracleClient.swift
SwiftCompile normal arm64_32 /Users/admin/builder/spi-builder-workspace/Sources/OracleNIO/Pool/OracleClientMetrics.swift (in target 'OracleNIO' from project 'oracle-nio')
cd /Users/admin/builder/spi-builder-workspace/.swiftpm/xcode
builtin-SwiftPerFileCompile OracleClientMetrics.swift
SwiftDriverJobDiscovery normal arm64_32 Compiling ByteBuffer+throwingMoveReaderIndex.swift, ByteBuffer+throwingReadBytes.swift, ByteBuffer+throwingReadInteger.swift, ByteBuffer+throwingReadString.swift (in target 'OracleNIO' from project 'oracle-nio')
PruneExplicitPrecompiledModules /Users/admin/builder/spi-builder-workspace/.derivedData/SDKExplicitPrecompiledModules
PruneExplicitPrecompiledModules /Users/admin/builder/spi-builder-workspace/.derivedData/Build/Intermediates.noindex/SwiftExplicitPrecompiledModules
PruneExplicitPrecompiledModules /Users/admin/builder/spi-builder-workspace/.derivedData/Build/Intermediates.noindex/ExplicitPrecompiledModules
2026-10-27 11:04:58.404 xcodebuild[5891:17221] [MT] IDERunDestination: Supported platforms for the buildables in the current scheme is empty.
** BUILD FAILED **
The following build commands failed:
SwiftCompile normal arm64_32 /Users/admin/builder/spi-builder-workspace/Sources/OracleNIO/Data/JSON/OracleJSONWriter.swift (in target 'OracleNIO' from project 'oracle-nio')
SwiftCompile normal arm64_32 Compiling\ IntervalDS+OracleCodable.swift,\ OracleJSON+Decoding.swift,\ OracleJSON+Encoding.swift,\ OracleJSON.swift,\ OracleJSONParser.swift,\ OracleJSONStorage.swift,\ OracleJSONWriter.swift /Users/admin/builder/spi-builder-workspace/Sources/OracleNIO/Data/IntervalDS+OracleCodable.swift /Users/admin/builder/spi-builder-workspace/Sources/OracleNIO/Data/JSON/OracleJSON+Decoding.swift /Users/admin/builder/spi-builder-workspace/Sources/OracleNIO/Data/JSON/OracleJSON+Encoding.swift /Users/admin/builder/spi-builder-workspace/Sources/OracleNIO/Data/JSON/OracleJSON.swift /Users/admin/builder/spi-builder-workspace/Sources/OracleNIO/Data/JSON/OracleJSONParser.swift /Users/admin/builder/spi-builder-workspace/Sources/OracleNIO/Data/JSON/OracleJSONStorage.swift /Users/admin/builder/spi-builder-workspace/Sources/OracleNIO/Data/JSON/OracleJSONWriter.swift (in target 'OracleNIO' from project 'oracle-nio')
Building workspace oracle-nio with scheme oracle-nio-Package
(3 failures)
BUILD FAILURE 6.4 watchOS