Build Information
Failed to build TensorFlow, reference 0.0.9 (05bd91), with Swift 6.4 for watchOS using Xcode 27.0 on 16 Sep 2026 09:21:03 UTC.
Build Command
env DEVELOPER_DIR=/Applications/Xcode-27.0.0-Release.Candidate.app xcrun xcodebuild -IDEClonedSourcePackagesDirPathOverride=$PWD/.dependencies -skipMacroValidation -skipPackagePluginValidation -derivedDataPath $PWD/.derivedData build -scheme TensorFlow-Package -destination generic/platform=watchOSBuild Log
1912 |
1913 | extension Tensorflow_DecisionTrees_Leaf: SwiftProtobuf._MessageImplementationBase, SwiftProtobuf._ProtoNameProviding {
1914 | public static let _protobuf_nameMap: SwiftProtobuf._NameMap = [
| `- warning: 'init(dictionaryLiteral:)' is deprecated: Please regenerate your .pb.swift files with the current version of the SwiftProtobuf protoc plugin. [#DeprecatedDeclaration]
1915 | 1: .same(proto: "vector"),
1916 | 2: .standard(proto: "sparse_vector"),
/Users/admin/builder/spi-builder-workspace/Sources/Proto/contrib/decision_trees/proto/generic_tree_model.pb.swift:1958:65: warning: 'init(dictionaryLiteral:)' is deprecated: Please regenerate your .pb.swift files with the current version of the SwiftProtobuf protoc plugin. [#DeprecatedDeclaration]
1956 |
1957 | extension Tensorflow_DecisionTrees_FeatureId: SwiftProtobuf._MessageImplementationBase, SwiftProtobuf._ProtoNameProviding {
1958 | public static let _protobuf_nameMap: SwiftProtobuf._NameMap = [
| `- warning: 'init(dictionaryLiteral:)' is deprecated: Please regenerate your .pb.swift files with the current version of the SwiftProtobuf protoc plugin. [#DeprecatedDeclaration]
1959 | 1: .same(proto: "id"),
1960 | 2: .standard(proto: "additional_data"),
/Users/admin/builder/spi-builder-workspace/Sources/Proto/contrib/decision_trees/proto/generic_tree_model.pb.swift:2001:65: warning: 'init(dictionaryLiteral:)' is deprecated: Please regenerate your .pb.swift files with the current version of the SwiftProtobuf protoc plugin. [#DeprecatedDeclaration]
1999 |
2000 | extension Tensorflow_DecisionTrees_ObliqueFeatures: SwiftProtobuf._MessageImplementationBase, SwiftProtobuf._ProtoNameProviding {
2001 | public static let _protobuf_nameMap: SwiftProtobuf._NameMap = [
| `- warning: 'init(dictionaryLiteral:)' is deprecated: Please regenerate your .pb.swift files with the current version of the SwiftProtobuf protoc plugin. [#DeprecatedDeclaration]
2002 | 1: .same(proto: "features"),
2003 | 2: .same(proto: "weights"),
/Users/admin/builder/spi-builder-workspace/Sources/Proto/contrib/decision_trees/proto/generic_tree_model.pb.swift:2015:65: warning: 'init(dictionaryLiteral:)' is deprecated: Please regenerate your .pb.swift files with the current version of the SwiftProtobuf protoc plugin. [#DeprecatedDeclaration]
2013 |
2014 | extension Tensorflow_DecisionTrees_InequalityTest: SwiftProtobuf._MessageImplementationBase, SwiftProtobuf._ProtoNameProviding {
2015 | public static let _protobuf_nameMap: SwiftProtobuf._NameMap = [
| `- warning: 'init(dictionaryLiteral:)' is deprecated: Please regenerate your .pb.swift files with the current version of the SwiftProtobuf protoc plugin. [#DeprecatedDeclaration]
2016 | 1: .standard(proto: "feature_id"),
2017 | 4: .same(proto: "oblique"),
/Users/admin/builder/spi-builder-workspace/Sources/Proto/contrib/decision_trees/proto/generic_tree_model.pb.swift:2063:65: warning: 'init(dictionaryLiteral:)' is deprecated: Please regenerate your .pb.swift files with the current version of the SwiftProtobuf protoc plugin. [#DeprecatedDeclaration]
2061 |
2062 | extension Tensorflow_DecisionTrees_InequalityTest.TypeEnum: SwiftProtobuf._ProtoNameProviding {
2063 | public static let _protobuf_nameMap: SwiftProtobuf._NameMap = [
| `- warning: 'init(dictionaryLiteral:)' is deprecated: Please regenerate your .pb.swift files with the current version of the SwiftProtobuf protoc plugin. [#DeprecatedDeclaration]
2064 | 0: .same(proto: "LESS_OR_EQUAL"),
2065 | 1: .same(proto: "LESS_THAN"),
/Users/admin/builder/spi-builder-workspace/Sources/Proto/contrib/decision_trees/proto/generic_tree_model.pb.swift:2072:65: warning: 'init(dictionaryLiteral:)' is deprecated: Please regenerate your .pb.swift files with the current version of the SwiftProtobuf protoc plugin. [#DeprecatedDeclaration]
2070 |
2071 | extension Tensorflow_DecisionTrees_Value: SwiftProtobuf._MessageImplementationBase, SwiftProtobuf._ProtoNameProviding {
2072 | public static let _protobuf_nameMap: SwiftProtobuf._NameMap = [
| `- warning: 'init(dictionaryLiteral:)' is deprecated: Please regenerate your .pb.swift files with the current version of the SwiftProtobuf protoc plugin. [#DeprecatedDeclaration]
2073 | 1: .standard(proto: "float_value"),
2074 | 2: .standard(proto: "double_value"),
/Users/admin/builder/spi-builder-workspace/Sources/Proto/contrib/decision_trees/proto/generic_tree_model_extensions.pb.swift:100:65: warning: 'init(dictionaryLiteral:)' is deprecated: Please regenerate your .pb.swift files with the current version of the SwiftProtobuf protoc plugin. [#DeprecatedDeclaration]
98 |
99 | extension Tensorflow_DecisionTrees_MatchingValuesTest: SwiftProtobuf._MessageImplementationBase, SwiftProtobuf._ProtoNameProviding {
100 | public static let _protobuf_nameMap: SwiftProtobuf._NameMap = [
| `- warning: 'init(dictionaryLiteral:)' is deprecated: Please regenerate your .pb.swift files with the current version of the SwiftProtobuf protoc plugin. [#DeprecatedDeclaration]
101 | 1: .standard(proto: "feature_id"),
102 | 2: .same(proto: "value"),
/Users/admin/builder/spi-builder-workspace/Sources/Proto/contrib/gdr/gdr.pb.swift:91:65: warning: 'init(dictionaryLiteral:)' is deprecated: Please regenerate your .pb.swift files with the current version of the SwiftProtobuf protoc plugin. [#DeprecatedDeclaration]
89 |
90 | extension Tensorflow_RemoteMemoryRegion: SwiftProtobuf._MessageImplementationBase, SwiftProtobuf._ProtoNameProviding {
91 | public static let _protobuf_nameMap: SwiftProtobuf._NameMap = [
| `- warning: 'init(dictionaryLiteral:)' is deprecated: Please regenerate your .pb.swift files with the current version of the SwiftProtobuf protoc plugin. [#DeprecatedDeclaration]
92 | 1: .same(proto: "host"),
93 | 2: .same(proto: "port"),
/Users/admin/builder/spi-builder-workspace/Sources/Proto/contrib/mpi/mpi_msg.pb.swift:111:65: warning: 'init(dictionaryLiteral:)' is deprecated: Please regenerate your .pb.swift files with the current version of the SwiftProtobuf protoc plugin. [#DeprecatedDeclaration]
109 |
110 | extension Tensorflow_MPIRecvTensorResponse: SwiftProtobuf._MessageImplementationBase, SwiftProtobuf._ProtoNameProviding {
111 | public static let _protobuf_nameMap: SwiftProtobuf._NameMap = [
| `- warning: 'init(dictionaryLiteral:)' is deprecated: Please regenerate your .pb.swift files with the current version of the SwiftProtobuf protoc plugin. [#DeprecatedDeclaration]
112 | 1: .same(proto: "response"),
113 | 2: .same(proto: "singleSend"),
/Users/admin/builder/spi-builder-workspace/Sources/Proto/contrib/mpi_collectives/mpi_message.pb.swift:252:65: warning: 'init(dictionaryLiteral:)' is deprecated: Please regenerate your .pb.swift files with the current version of the SwiftProtobuf protoc plugin. [#DeprecatedDeclaration]
250 |
251 | extension Tensorflow_Contrib_Mpi_MPIRequest: SwiftProtobuf._MessageImplementationBase, SwiftProtobuf._ProtoNameProviding {
252 | public static let _protobuf_nameMap: SwiftProtobuf._NameMap = [
| `- warning: 'init(dictionaryLiteral:)' is deprecated: Please regenerate your .pb.swift files with the current version of the SwiftProtobuf protoc plugin. [#DeprecatedDeclaration]
253 | 1: .standard(proto: "request_rank"),
254 | 2: .standard(proto: "request_type"),
/Users/admin/builder/spi-builder-workspace/Sources/Proto/contrib/mpi_collectives/mpi_message.pb.swift:307:65: warning: 'init(dictionaryLiteral:)' is deprecated: Please regenerate your .pb.swift files with the current version of the SwiftProtobuf protoc plugin. [#DeprecatedDeclaration]
305 |
306 | extension Tensorflow_Contrib_Mpi_MPIRequest.RequestType: SwiftProtobuf._ProtoNameProviding {
307 | public static let _protobuf_nameMap: SwiftProtobuf._NameMap = [
| `- warning: 'init(dictionaryLiteral:)' is deprecated: Please regenerate your .pb.swift files with the current version of the SwiftProtobuf protoc plugin. [#DeprecatedDeclaration]
308 | 0: .same(proto: "ALLREDUCE"),
309 | 1: .same(proto: "ALLGATHER"),
/Users/admin/builder/spi-builder-workspace/Sources/Proto/contrib/mpi_collectives/mpi_message.pb.swift:314:65: warning: 'init(dictionaryLiteral:)' is deprecated: Please regenerate your .pb.swift files with the current version of the SwiftProtobuf protoc plugin. [#DeprecatedDeclaration]
312 |
313 | extension Tensorflow_Contrib_Mpi_MPIResponse: SwiftProtobuf._MessageImplementationBase, SwiftProtobuf._ProtoNameProviding {
314 | public static let _protobuf_nameMap: SwiftProtobuf._NameMap = [
| `- warning: 'init(dictionaryLiteral:)' is deprecated: Please regenerate your .pb.swift files with the current version of the SwiftProtobuf protoc plugin. [#DeprecatedDeclaration]
315 | 1: .standard(proto: "response_type"),
316 | 2: .standard(proto: "tensor_name"),
/Users/admin/builder/spi-builder-workspace/Sources/Proto/contrib/mpi_collectives/mpi_message.pb.swift:330:65: warning: 'init(dictionaryLiteral:)' is deprecated: Please regenerate your .pb.swift files with the current version of the SwiftProtobuf protoc plugin. [#DeprecatedDeclaration]
328 |
329 | extension Tensorflow_Contrib_Mpi_MPIResponse.ResponseType: SwiftProtobuf._ProtoNameProviding {
330 | public static let _protobuf_nameMap: SwiftProtobuf._NameMap = [
| `- warning: 'init(dictionaryLiteral:)' is deprecated: Please regenerate your .pb.swift files with the current version of the SwiftProtobuf protoc plugin. [#DeprecatedDeclaration]
331 | 0: .same(proto: "ALLREDUCE"),
332 | 1: .same(proto: "ALLGATHER"),
/Users/admin/builder/spi-builder-workspace/Sources/Proto/contrib/session_bundle/manifest.pb.swift:485:65: warning: 'init(dictionaryLiteral:)' is deprecated: Please regenerate your .pb.swift files with the current version of the SwiftProtobuf protoc plugin. [#DeprecatedDeclaration]
483 |
484 | extension Tensorflow_Serving_Signatures: SwiftProtobuf._MessageImplementationBase, SwiftProtobuf._ProtoNameProviding {
485 | public static let _protobuf_nameMap: SwiftProtobuf._NameMap = [
| `- warning: 'init(dictionaryLiteral:)' is deprecated: Please regenerate your .pb.swift files with the current version of the SwiftProtobuf protoc plugin. [#DeprecatedDeclaration]
486 | 1: .standard(proto: "default_signature"),
487 | 2: .standard(proto: "named_signatures"),
/Users/admin/builder/spi-builder-workspace/Sources/Proto/contrib/session_bundle/manifest.pb.swift:528:65: warning: 'init(dictionaryLiteral:)' is deprecated: Please regenerate your .pb.swift files with the current version of the SwiftProtobuf protoc plugin. [#DeprecatedDeclaration]
526 |
527 | extension Tensorflow_Serving_TensorBinding: SwiftProtobuf._MessageImplementationBase, SwiftProtobuf._ProtoNameProviding {
528 | public static let _protobuf_nameMap: SwiftProtobuf._NameMap = [
| `- warning: 'init(dictionaryLiteral:)' is deprecated: Please regenerate your .pb.swift files with the current version of the SwiftProtobuf protoc plugin. [#DeprecatedDeclaration]
529 | 1: .standard(proto: "tensor_name"),
530 | ]
/Users/admin/builder/spi-builder-workspace/Sources/Proto/contrib/session_bundle/manifest.pb.swift:540:65: warning: 'init(dictionaryLiteral:)' is deprecated: Please regenerate your .pb.swift files with the current version of the SwiftProtobuf protoc plugin. [#DeprecatedDeclaration]
538 |
539 | extension Tensorflow_Serving_AssetFile: SwiftProtobuf._MessageImplementationBase, SwiftProtobuf._ProtoNameProviding {
540 | public static let _protobuf_nameMap: SwiftProtobuf._NameMap = [
| `- warning: 'init(dictionaryLiteral:)' is deprecated: Please regenerate your .pb.swift files with the current version of the SwiftProtobuf protoc plugin. [#DeprecatedDeclaration]
541 | 1: .standard(proto: "tensor_binding"),
542 | 2: .same(proto: "filename"),
/Users/admin/builder/spi-builder-workspace/Sources/Proto/contrib/session_bundle/manifest.pb.swift:583:65: warning: 'init(dictionaryLiteral:)' is deprecated: Please regenerate your .pb.swift files with the current version of the SwiftProtobuf protoc plugin. [#DeprecatedDeclaration]
581 |
582 | extension Tensorflow_Serving_Signature: SwiftProtobuf._MessageImplementationBase, SwiftProtobuf._ProtoNameProviding {
583 | public static let _protobuf_nameMap: SwiftProtobuf._NameMap = [
| `- warning: 'init(dictionaryLiteral:)' is deprecated: Please regenerate your .pb.swift files with the current version of the SwiftProtobuf protoc plugin. [#DeprecatedDeclaration]
584 | 1: .standard(proto: "regression_signature"),
585 | 2: .standard(proto: "classification_signature"),
/Users/admin/builder/spi-builder-workspace/Sources/Proto/contrib/session_bundle/manifest.pb.swift:624:65: warning: 'init(dictionaryLiteral:)' is deprecated: Please regenerate your .pb.swift files with the current version of the SwiftProtobuf protoc plugin. [#DeprecatedDeclaration]
622 |
623 | extension Tensorflow_Serving_RegressionSignature: SwiftProtobuf._MessageImplementationBase, SwiftProtobuf._ProtoNameProviding {
624 | public static let _protobuf_nameMap: SwiftProtobuf._NameMap = [
| `- warning: 'init(dictionaryLiteral:)' is deprecated: Please regenerate your .pb.swift files with the current version of the SwiftProtobuf protoc plugin. [#DeprecatedDeclaration]
625 | 1: .same(proto: "input"),
626 | 2: .same(proto: "output"),
/Users/admin/builder/spi-builder-workspace/Sources/Proto/contrib/session_bundle/manifest.pb.swift:667:65: warning: 'init(dictionaryLiteral:)' is deprecated: Please regenerate your .pb.swift files with the current version of the SwiftProtobuf protoc plugin. [#DeprecatedDeclaration]
665 |
666 | extension Tensorflow_Serving_ClassificationSignature: SwiftProtobuf._MessageImplementationBase, SwiftProtobuf._ProtoNameProviding {
667 | public static let _protobuf_nameMap: SwiftProtobuf._NameMap = [
| `- warning: 'init(dictionaryLiteral:)' is deprecated: Please regenerate your .pb.swift files with the current version of the SwiftProtobuf protoc plugin. [#DeprecatedDeclaration]
668 | 1: .same(proto: "input"),
669 | 2: .same(proto: "classes"),
/Users/admin/builder/spi-builder-workspace/Sources/Proto/contrib/session_bundle/manifest.pb.swift:714:65: warning: 'init(dictionaryLiteral:)' is deprecated: Please regenerate your .pb.swift files with the current version of the SwiftProtobuf protoc plugin. [#DeprecatedDeclaration]
712 |
713 | extension Tensorflow_Serving_GenericSignature: SwiftProtobuf._MessageImplementationBase, SwiftProtobuf._ProtoNameProviding {
714 | public static let _protobuf_nameMap: SwiftProtobuf._NameMap = [
| `- warning: 'init(dictionaryLiteral:)' is deprecated: Please regenerate your .pb.swift files with the current version of the SwiftProtobuf protoc plugin. [#DeprecatedDeclaration]
715 | 1: .same(proto: "map"),
716 | ]
/Users/admin/builder/spi-builder-workspace/Sources/Proto/contrib/tensor_forest/proto/fertile_stats.pb.swift:604:65: warning: 'init(dictionaryLiteral:)' is deprecated: Please regenerate your .pb.swift files with the current version of the SwiftProtobuf protoc plugin. [#DeprecatedDeclaration]
602 |
603 | extension Tensorflow_Tensorforest_FertileStats: SwiftProtobuf._MessageImplementationBase, SwiftProtobuf._ProtoNameProviding {
604 | public static let _protobuf_nameMap: SwiftProtobuf._NameMap = [
| `- warning: 'init(dictionaryLiteral:)' is deprecated: Please regenerate your .pb.swift files with the current version of the SwiftProtobuf protoc plugin. [#DeprecatedDeclaration]
605 | 1: .standard(proto: "node_to_slot"),
606 | ]
/Users/admin/builder/spi-builder-workspace/Sources/Proto/contrib/tensor_forest/proto/fertile_stats.pb.swift:616:65: warning: 'init(dictionaryLiteral:)' is deprecated: Please regenerate your .pb.swift files with the current version of the SwiftProtobuf protoc plugin. [#DeprecatedDeclaration]
614 |
615 | extension Tensorflow_Tensorforest_GiniStats: SwiftProtobuf._MessageImplementationBase, SwiftProtobuf._ProtoNameProviding {
616 | public static let _protobuf_nameMap: SwiftProtobuf._NameMap = [
| `- warning: 'init(dictionaryLiteral:)' is deprecated: Please regenerate your .pb.swift files with the current version of the SwiftProtobuf protoc plugin. [#DeprecatedDeclaration]
617 | 2: .same(proto: "square"),
618 | ]
/Users/admin/builder/spi-builder-workspace/Sources/Proto/contrib/tensor_forest/proto/fertile_stats.pb.swift:628:65: warning: 'init(dictionaryLiteral:)' is deprecated: Please regenerate your .pb.swift files with the current version of the SwiftProtobuf protoc plugin. [#DeprecatedDeclaration]
626 |
627 | extension Tensorflow_Tensorforest_LeafStat: SwiftProtobuf._MessageImplementationBase, SwiftProtobuf._ProtoNameProviding {
628 | public static let _protobuf_nameMap: SwiftProtobuf._NameMap = [
| `- warning: 'init(dictionaryLiteral:)' is deprecated: Please regenerate your .pb.swift files with the current version of the SwiftProtobuf protoc plugin. [#DeprecatedDeclaration]
629 | 3: .standard(proto: "weight_sum"),
630 | 1: .same(proto: "classification"),
/Users/admin/builder/spi-builder-workspace/Sources/Proto/contrib/tensor_forest/proto/fertile_stats.pb.swift:672:65: warning: 'init(dictionaryLiteral:)' is deprecated: Please regenerate your .pb.swift files with the current version of the SwiftProtobuf protoc plugin. [#DeprecatedDeclaration]
670 |
671 | extension Tensorflow_Tensorforest_LeafStat.GiniImpurityClassificationStats: SwiftProtobuf._MessageImplementationBase, SwiftProtobuf._ProtoNameProviding {
672 | public static let _protobuf_nameMap: SwiftProtobuf._NameMap = [
| `- warning: 'init(dictionaryLiteral:)' is deprecated: Please regenerate your .pb.swift files with the current version of the SwiftProtobuf protoc plugin. [#DeprecatedDeclaration]
673 | 1: .standard(proto: "dense_counts"),
674 | 2: .standard(proto: "sparse_counts"),
/Users/admin/builder/spi-builder-workspace/Sources/Proto/contrib/tensor_forest/proto/fertile_stats.pb.swift:716:65: warning: 'init(dictionaryLiteral:)' is deprecated: Please regenerate your .pb.swift files with the current version of the SwiftProtobuf protoc plugin. [#DeprecatedDeclaration]
714 |
715 | extension Tensorflow_Tensorforest_LeafStat.LeastSquaresRegressionStats: SwiftProtobuf._MessageImplementationBase, SwiftProtobuf._ProtoNameProviding {
716 | public static let _protobuf_nameMap: SwiftProtobuf._NameMap = [
| `- warning: 'init(dictionaryLiteral:)' is deprecated: Please regenerate your .pb.swift files with the current version of the SwiftProtobuf protoc plugin. [#DeprecatedDeclaration]
717 | 1: .standard(proto: "mean_output"),
718 | 2: .standard(proto: "mean_output_squares"),
/Users/admin/builder/spi-builder-workspace/Sources/Proto/contrib/tensor_forest/proto/fertile_stats.pb.swift:759:65: warning: 'init(dictionaryLiteral:)' is deprecated: Please regenerate your .pb.swift files with the current version of the SwiftProtobuf protoc plugin. [#DeprecatedDeclaration]
757 |
758 | extension Tensorflow_Tensorforest_FertileSlot: SwiftProtobuf._MessageImplementationBase, SwiftProtobuf._ProtoNameProviding {
759 | public static let _protobuf_nameMap: SwiftProtobuf._NameMap = [
| `- warning: 'init(dictionaryLiteral:)' is deprecated: Please regenerate your .pb.swift files with the current version of the SwiftProtobuf protoc plugin. [#DeprecatedDeclaration]
760 | 4: .standard(proto: "leaf_stats"),
761 | 1: .same(proto: "candidates"),
/Users/admin/builder/spi-builder-workspace/Sources/Proto/contrib/tensor_forest/proto/fertile_stats.pb.swift:814:65: warning: 'init(dictionaryLiteral:)' is deprecated: Please regenerate your .pb.swift files with the current version of the SwiftProtobuf protoc plugin. [#DeprecatedDeclaration]
812 |
813 | extension Tensorflow_Tensorforest_SplitCandidate: SwiftProtobuf._MessageImplementationBase, SwiftProtobuf._ProtoNameProviding {
814 | public static let _protobuf_nameMap: SwiftProtobuf._NameMap = [
| `- warning: 'init(dictionaryLiteral:)' is deprecated: Please regenerate your .pb.swift files with the current version of the SwiftProtobuf protoc plugin. [#DeprecatedDeclaration]
815 | 1: .same(proto: "split"),
816 | 4: .standard(proto: "left_stats"),
/Users/admin/builder/spi-builder-workspace/Sources/Proto/contrib/tensor_forest/proto/fertile_stats.pb.swift:865:65: warning: 'init(dictionaryLiteral:)' is deprecated: Please regenerate your .pb.swift files with the current version of the SwiftProtobuf protoc plugin. [#DeprecatedDeclaration]
863 |
864 | extension Tensorflow_Tensorforest_TreePath: SwiftProtobuf._MessageImplementationBase, SwiftProtobuf._ProtoNameProviding {
865 | public static let _protobuf_nameMap: SwiftProtobuf._NameMap = [
| `- warning: 'init(dictionaryLiteral:)' is deprecated: Please regenerate your .pb.swift files with the current version of the SwiftProtobuf protoc plugin. [#DeprecatedDeclaration]
866 | 1: .standard(proto: "nodes_visited"),
867 | ]
/Users/admin/builder/spi-builder-workspace/Sources/Proto/contrib/tensor_forest/proto/tensor_forest_params.pb.swift:906:65: warning: 'init(dictionaryLiteral:)' is deprecated: Please regenerate your .pb.swift files with the current version of the SwiftProtobuf protoc plugin. [#DeprecatedDeclaration]
904 |
905 | extension Tensorflow_Tensorforest_LeafModelType: SwiftProtobuf._ProtoNameProviding {
906 | public static let _protobuf_nameMap: SwiftProtobuf._NameMap = [
| `- warning: 'init(dictionaryLiteral:)' is deprecated: Please regenerate your .pb.swift files with the current version of the SwiftProtobuf protoc plugin. [#DeprecatedDeclaration]
907 | 0: .same(proto: "MODEL_DENSE_CLASSIFICATION"),
908 | 1: .same(proto: "MODEL_SPARSE_CLASSIFICATION"),
/Users/admin/builder/spi-builder-workspace/Sources/Proto/contrib/tensor_forest/proto/tensor_forest_params.pb.swift:915:65: warning: 'init(dictionaryLiteral:)' is deprecated: Please regenerate your .pb.swift files with the current version of the SwiftProtobuf protoc plugin. [#DeprecatedDeclaration]
913 |
914 | extension Tensorflow_Tensorforest_StatsModelType: SwiftProtobuf._ProtoNameProviding {
915 | public static let _protobuf_nameMap: SwiftProtobuf._NameMap = [
| `- warning: 'init(dictionaryLiteral:)' is deprecated: Please regenerate your .pb.swift files with the current version of the SwiftProtobuf protoc plugin. [#DeprecatedDeclaration]
916 | 0: .same(proto: "STATS_DENSE_GINI"),
917 | 1: .same(proto: "STATS_SPARSE_GINI"),
/Users/admin/builder/spi-builder-workspace/Sources/Proto/contrib/tensor_forest/proto/tensor_forest_params.pb.swift:925:65: warning: 'init(dictionaryLiteral:)' is deprecated: Please regenerate your .pb.swift files with the current version of the SwiftProtobuf protoc plugin. [#DeprecatedDeclaration]
923 |
924 | extension Tensorflow_Tensorforest_SplitCollectionType: SwiftProtobuf._ProtoNameProviding {
925 | public static let _protobuf_nameMap: SwiftProtobuf._NameMap = [
| `- warning: 'init(dictionaryLiteral:)' is deprecated: Please regenerate your .pb.swift files with the current version of the SwiftProtobuf protoc plugin. [#DeprecatedDeclaration]
926 | 0: .same(proto: "COLLECTION_BASIC"),
927 | 1: .same(proto: "GRAPH_RUNNER_COLLECTION"),
/Users/admin/builder/spi-builder-workspace/Sources/Proto/contrib/tensor_forest/proto/tensor_forest_params.pb.swift:932:65: warning: 'init(dictionaryLiteral:)' is deprecated: Please regenerate your .pb.swift files with the current version of the SwiftProtobuf protoc plugin. [#DeprecatedDeclaration]
930 |
931 | extension Tensorflow_Tensorforest_SplitPruningStrategyType: SwiftProtobuf._ProtoNameProviding {
932 | public static let _protobuf_nameMap: SwiftProtobuf._NameMap = [
| `- warning: 'init(dictionaryLiteral:)' is deprecated: Please regenerate your .pb.swift files with the current version of the SwiftProtobuf protoc plugin. [#DeprecatedDeclaration]
933 | 0: .same(proto: "SPLIT_PRUNE_NONE"),
934 | 1: .same(proto: "SPLIT_PRUNE_HALF"),
SwiftCompile normal arm64 /Users/admin/builder/spi-builder-workspace/Sources/Proto/contrib/cloud/kernels/bigquery_table_partition.pb.swift (in target 'Proto' from project 'TensorFlow')
cd /Users/admin/builder/spi-builder-workspace/.swiftpm/xcode
builtin-SwiftPerFileCompile bigquery_table_partition.pb.swift
SwiftCompile normal arm64 /Users/admin/builder/spi-builder-workspace/Sources/Proto/contrib/decision_trees/proto/generic_tree_model.pb.swift (in target 'Proto' from project 'TensorFlow')
cd /Users/admin/builder/spi-builder-workspace/.swiftpm/xcode
builtin-SwiftPerFileCompile generic_tree_model.pb.swift
SwiftCompile normal arm64 /Users/admin/builder/spi-builder-workspace/Sources/Proto/contrib/decision_trees/proto/generic_tree_model_extensions.pb.swift (in target 'Proto' from project 'TensorFlow')
cd /Users/admin/builder/spi-builder-workspace/.swiftpm/xcode
builtin-SwiftPerFileCompile generic_tree_model_extensions.pb.swift
SwiftCompile normal arm64 /Users/admin/builder/spi-builder-workspace/Sources/Proto/contrib/gdr/gdr.pb.swift (in target 'Proto' from project 'TensorFlow')
cd /Users/admin/builder/spi-builder-workspace/.swiftpm/xcode
builtin-SwiftPerFileCompile gdr.pb.swift
SwiftCompile normal arm64 /Users/admin/builder/spi-builder-workspace/Sources/Proto/contrib/mpi/mpi_msg.pb.swift (in target 'Proto' from project 'TensorFlow')
cd /Users/admin/builder/spi-builder-workspace/.swiftpm/xcode
builtin-SwiftPerFileCompile mpi_msg.pb.swift
SwiftCompile normal arm64 /Users/admin/builder/spi-builder-workspace/Sources/Proto/contrib/mpi_collectives/mpi_message.pb.swift (in target 'Proto' from project 'TensorFlow')
cd /Users/admin/builder/spi-builder-workspace/.swiftpm/xcode
builtin-SwiftPerFileCompile mpi_message.pb.swift
SwiftCompile normal arm64 /Users/admin/builder/spi-builder-workspace/Sources/Proto/contrib/session_bundle/manifest.pb.swift (in target 'Proto' from project 'TensorFlow')
cd /Users/admin/builder/spi-builder-workspace/.swiftpm/xcode
builtin-SwiftPerFileCompile manifest.pb.swift
SwiftCompile normal arm64 /Users/admin/builder/spi-builder-workspace/Sources/Proto/contrib/tensor_forest/proto/fertile_stats.pb.swift (in target 'Proto' from project 'TensorFlow')
cd /Users/admin/builder/spi-builder-workspace/.swiftpm/xcode
builtin-SwiftPerFileCompile fertile_stats.pb.swift
SwiftCompile normal arm64 /Users/admin/builder/spi-builder-workspace/Sources/Proto/contrib/tensor_forest/proto/tensor_forest_params.pb.swift (in target 'Proto' from project 'TensorFlow')
cd /Users/admin/builder/spi-builder-workspace/.swiftpm/xcode
builtin-SwiftPerFileCompile tensor_forest_params.pb.swift
/Users/admin/builder/spi-builder-workspace/Sources/Proto/contrib/tensor_forest/proto/tensor_forest_params.pb.swift:942:65: warning: 'init(dictionaryLiteral:)' is deprecated: Please regenerate your .pb.swift files with the current version of the SwiftProtobuf protoc plugin. [#DeprecatedDeclaration]
940 |
941 | extension Tensorflow_Tensorforest_SplitFinishStrategyType: SwiftProtobuf._ProtoNameProviding {
942 | public static let _protobuf_nameMap: SwiftProtobuf._NameMap = [
| `- warning: 'init(dictionaryLiteral:)' is deprecated: Please regenerate your .pb.swift files with the current version of the SwiftProtobuf protoc plugin. [#DeprecatedDeclaration]
943 | 0: .same(proto: "SPLIT_FINISH_BASIC"),
944 | 2: .same(proto: "SPLIT_FINISH_DOMINATE_HOEFFDING"),
/Users/admin/builder/spi-builder-workspace/Sources/Proto/contrib/tensor_forest/proto/tensor_forest_params.pb.swift:950:65: warning: 'init(dictionaryLiteral:)' is deprecated: Please regenerate your .pb.swift files with the current version of the SwiftProtobuf protoc plugin. [#DeprecatedDeclaration]
948 |
949 | extension Tensorflow_Tensorforest_SplitPruningConfig: SwiftProtobuf._MessageImplementationBase, SwiftProtobuf._ProtoNameProviding {
950 | public static let _protobuf_nameMap: SwiftProtobuf._NameMap = [
| `- warning: 'init(dictionaryLiteral:)' is deprecated: Please regenerate your .pb.swift files with the current version of the SwiftProtobuf protoc plugin. [#DeprecatedDeclaration]
951 | 1: .standard(proto: "prune_every_samples"),
952 | 2: .same(proto: "type"),
/Users/admin/builder/spi-builder-workspace/Sources/Proto/contrib/tensor_forest/proto/tensor_forest_params.pb.swift:993:65: warning: 'init(dictionaryLiteral:)' is deprecated: Please regenerate your .pb.swift files with the current version of the SwiftProtobuf protoc plugin. [#DeprecatedDeclaration]
991 |
992 | extension Tensorflow_Tensorforest_SplitFinishConfig: SwiftProtobuf._MessageImplementationBase, SwiftProtobuf._ProtoNameProviding {
993 | public static let _protobuf_nameMap: SwiftProtobuf._NameMap = [
| `- warning: 'init(dictionaryLiteral:)' is deprecated: Please regenerate your .pb.swift files with the current version of the SwiftProtobuf protoc plugin. [#DeprecatedDeclaration]
994 | 1: .standard(proto: "check_every_steps"),
995 | 2: .same(proto: "type"),
/Users/admin/builder/spi-builder-workspace/Sources/Proto/contrib/tensor_forest/proto/tensor_forest_params.pb.swift:1036:65: warning: 'init(dictionaryLiteral:)' is deprecated: Please regenerate your .pb.swift files with the current version of the SwiftProtobuf protoc plugin. [#DeprecatedDeclaration]
1034 |
1035 | extension Tensorflow_Tensorforest_LinearParam: SwiftProtobuf._MessageImplementationBase, SwiftProtobuf._ProtoNameProviding {
1036 | public static let _protobuf_nameMap: SwiftProtobuf._NameMap = [
| `- warning: 'init(dictionaryLiteral:)' is deprecated: Please regenerate your .pb.swift files with the current version of the SwiftProtobuf protoc plugin. [#DeprecatedDeclaration]
1037 | 1: .same(proto: "slope"),
1038 | 2: .standard(proto: "y_intercept"),
/Users/admin/builder/spi-builder-workspace/Sources/Proto/contrib/tensor_forest/proto/tensor_forest_params.pb.swift:1054:65: warning: 'init(dictionaryLiteral:)' is deprecated: Please regenerate your .pb.swift files with the current version of the SwiftProtobuf protoc plugin. [#DeprecatedDeclaration]
1052 |
1053 | extension Tensorflow_Tensorforest_ExponentialParam: SwiftProtobuf._MessageImplementationBase, SwiftProtobuf._ProtoNameProviding {
1054 | public static let _protobuf_nameMap: SwiftProtobuf._NameMap = [
| `- warning: 'init(dictionaryLiteral:)' is deprecated: Please regenerate your .pb.swift files with the current version of the SwiftProtobuf protoc plugin. [#DeprecatedDeclaration]
1055 | 1: .same(proto: "bias"),
1056 | 2: .same(proto: "base"),
/Users/admin/builder/spi-builder-workspace/Sources/Proto/contrib/tensor_forest/proto/tensor_forest_params.pb.swift:1072:65: warning: 'init(dictionaryLiteral:)' is deprecated: Please regenerate your .pb.swift files with the current version of the SwiftProtobuf protoc plugin. [#DeprecatedDeclaration]
1070 |
1071 | extension Tensorflow_Tensorforest_ThresholdParam: SwiftProtobuf._MessageImplementationBase, SwiftProtobuf._ProtoNameProviding {
1072 | public static let _protobuf_nameMap: SwiftProtobuf._NameMap = [
| `- warning: 'init(dictionaryLiteral:)' is deprecated: Please regenerate your .pb.swift files with the current version of the SwiftProtobuf protoc plugin. [#DeprecatedDeclaration]
1073 | 1: .standard(proto: "on_value"),
1074 | 2: .standard(proto: "off_value"),
/Users/admin/builder/spi-builder-workspace/Sources/Proto/contrib/tensor_forest/proto/tensor_forest_params.pb.swift:1088:65: warning: 'init(dictionaryLiteral:)' is deprecated: Please regenerate your .pb.swift files with the current version of the SwiftProtobuf protoc plugin. [#DeprecatedDeclaration]
1086 |
1087 | extension Tensorflow_Tensorforest_DepthDependentParam: SwiftProtobuf._MessageImplementationBase, SwiftProtobuf._ProtoNameProviding {
1088 | public static let _protobuf_nameMap: SwiftProtobuf._NameMap = [
| `- warning: 'init(dictionaryLiteral:)' is deprecated: Please regenerate your .pb.swift files with the current version of the SwiftProtobuf protoc plugin. [#DeprecatedDeclaration]
1089 | 1: .standard(proto: "constant_value"),
1090 | 2: .same(proto: "linear"),
SwiftDriverJobDiscovery normal arm64_32 Compiling graph_explorer.pb.swift, projector_config.pb.swift, trace_info.pb.swift, op_profile.pb.swift, tpu_profiler.pb.swift, trace_events.pb.swift, hparam.pb.swift, verbs_service.pb.swift, debug_service.pb.swift (in target 'Proto' from project 'TensorFlow')
SwiftCompile normal arm64_32 Compiling\ debugger_event_metadata.pb.swift,\ example.pb.swift,\ example_parser_configuration.pb.swift,\ feature.pb.swift,\ allocation_description.pb.swift,\ api_def.pb.swift,\ attr_value.pb.swift,\ cost_graph.pb.swift,\ device_attributes.pb.swift /Users/admin/builder/spi-builder-workspace/Sources/Proto/core/debug/debugger_event_metadata.pb.swift /Users/admin/builder/spi-builder-workspace/Sources/Proto/core/example/example.pb.swift /Users/admin/builder/spi-builder-workspace/Sources/Proto/core/example/example_parser_configuration.pb.swift /Users/admin/builder/spi-builder-workspace/Sources/Proto/core/example/feature.pb.swift /Users/admin/builder/spi-builder-workspace/Sources/Proto/core/framework/allocation_description.pb.swift /Users/admin/builder/spi-builder-workspace/Sources/Proto/core/framework/api_def.pb.swift /Users/admin/builder/spi-builder-workspace/Sources/Proto/core/framework/attr_value.pb.swift /Users/admin/builder/spi-builder-workspace/Sources/Proto/core/framework/cost_graph.pb.swift /Users/admin/builder/spi-builder-workspace/Sources/Proto/core/framework/device_attributes.pb.swift (in target 'Proto' from project 'TensorFlow')
/Users/admin/builder/spi-builder-workspace/Sources/Proto/core/debug/debugger_event_metadata.pb.swift:80:65: warning: 'init(dictionaryLiteral:)' is deprecated: Please regenerate your .pb.swift files with the current version of the SwiftProtobuf protoc plugin. [#DeprecatedDeclaration]
78 |
79 | extension ThirdParty_Tensorflow_Core_Debug_DebuggerEventMetadata: SwiftProtobuf._MessageImplementationBase, SwiftProtobuf._ProtoNameProviding {
80 | public static let _protobuf_nameMap: SwiftProtobuf._NameMap = [
| `- warning: 'init(dictionaryLiteral:)' is deprecated: Please regenerate your .pb.swift files with the current version of the SwiftProtobuf protoc plugin. [#DeprecatedDeclaration]
81 | 1: .same(proto: "device"),
82 | 2: .standard(proto: "output_slot"),
/Users/admin/builder/spi-builder-workspace/Sources/Proto/core/example/example.pb.swift:139:65: warning: 'init(dictionaryLiteral:)' is deprecated: Please regenerate your .pb.swift files with the current version of the SwiftProtobuf protoc plugin. [#DeprecatedDeclaration]
137 |
138 | extension Tensorflow_Example: SwiftProtobuf._MessageImplementationBase, SwiftProtobuf._ProtoNameProviding {
139 | public static let _protobuf_nameMap: SwiftProtobuf._NameMap = [
| `- warning: 'init(dictionaryLiteral:)' is deprecated: Please regenerate your .pb.swift files with the current version of the SwiftProtobuf protoc plugin. [#DeprecatedDeclaration]
140 | 1: .same(proto: "features"),
141 | ]
/Users/admin/builder/spi-builder-workspace/Sources/Proto/core/example/example.pb.swift:178:65: warning: 'init(dictionaryLiteral:)' is deprecated: Please regenerate your .pb.swift files with the current version of the SwiftProtobuf protoc plugin. [#DeprecatedDeclaration]
176 |
177 | extension Tensorflow_SequenceExample: SwiftProtobuf._MessageImplementationBase, SwiftProtobuf._ProtoNameProviding {
178 | public static let _protobuf_nameMap: SwiftProtobuf._NameMap = [
| `- warning: 'init(dictionaryLiteral:)' is deprecated: Please regenerate your .pb.swift files with the current version of the SwiftProtobuf protoc plugin. [#DeprecatedDeclaration]
179 | 1: .same(proto: "context"),
180 | 2: .standard(proto: "feature_lists"),
/Users/admin/builder/spi-builder-workspace/Sources/Proto/core/example/example_parser_configuration.pb.swift:286:65: warning: 'init(dictionaryLiteral:)' is deprecated: Please regenerate your .pb.swift files with the current version of the SwiftProtobuf protoc plugin. [#DeprecatedDeclaration]
284 |
285 | extension Tensorflow_VarLenFeatureProto: SwiftProtobuf._MessageImplementationBase, SwiftProtobuf._ProtoNameProviding {
286 | public static let _protobuf_nameMap: SwiftProtobuf._NameMap = [
| `- warning: 'init(dictionaryLiteral:)' is deprecated: Please regenerate your .pb.swift files with the current version of the SwiftProtobuf protoc plugin. [#DeprecatedDeclaration]
287 | 1: .same(proto: "dtype"),
288 | 2: .standard(proto: "values_output_tensor_name"),
/Users/admin/builder/spi-builder-workspace/Sources/Proto/core/example/example_parser_configuration.pb.swift:304:65: warning: 'init(dictionaryLiteral:)' is deprecated: Please regenerate your .pb.swift files with the current version of the SwiftProtobuf protoc plugin. [#DeprecatedDeclaration]
302 |
303 | extension Tensorflow_FixedLenFeatureProto: SwiftProtobuf._MessageImplementationBase, SwiftProtobuf._ProtoNameProviding {
304 | public static let _protobuf_nameMap: SwiftProtobuf._NameMap = [
| `- warning: 'init(dictionaryLiteral:)' is deprecated: Please regenerate your .pb.swift files with the current version of the SwiftProtobuf protoc plugin. [#DeprecatedDeclaration]
305 | 1: .same(proto: "dtype"),
306 | 2: .same(proto: "shape"),
/Users/admin/builder/spi-builder-workspace/Sources/Proto/core/example/example_parser_configuration.pb.swift:355:65: warning: 'init(dictionaryLiteral:)' is deprecated: Please regenerate your .pb.swift files with the current version of the SwiftProtobuf protoc plugin. [#DeprecatedDeclaration]
353 |
354 | extension Tensorflow_FeatureConfiguration: SwiftProtobuf._MessageImplementationBase, SwiftProtobuf._ProtoNameProviding {
355 | public static let _protobuf_nameMap: SwiftProtobuf._NameMap = [
| `- warning: 'init(dictionaryLiteral:)' is deprecated: Please regenerate your .pb.swift files with the current version of the SwiftProtobuf protoc plugin. [#DeprecatedDeclaration]
356 | 1: .standard(proto: "fixed_len_feature"),
357 | 2: .standard(proto: "var_len_feature"),
/Users/admin/builder/spi-builder-workspace/Sources/Proto/core/example/example_parser_configuration.pb.swift:395:65: warning: 'init(dictionaryLiteral:)' is deprecated: Please regenerate your .pb.swift files with the current version of the SwiftProtobuf protoc plugin. [#DeprecatedDeclaration]
393 |
394 | extension Tensorflow_ExampleParserConfiguration: SwiftProtobuf._MessageImplementationBase, SwiftProtobuf._ProtoNameProviding {
395 | public static let _protobuf_nameMap: SwiftProtobuf._NameMap = [
| `- warning: 'init(dictionaryLiteral:)' is deprecated: Please regenerate your .pb.swift files with the current version of the SwiftProtobuf protoc plugin. [#DeprecatedDeclaration]
396 | 1: .standard(proto: "feature_map"),
397 | ]
/Users/admin/builder/spi-builder-workspace/Sources/Proto/core/example/feature.pb.swift:410:65: warning: 'init(dictionaryLiteral:)' is deprecated: Please regenerate your .pb.swift files with the current version of the SwiftProtobuf protoc plugin. [#DeprecatedDeclaration]
408 |
409 | extension Tensorflow_BytesList: SwiftProtobuf._MessageImplementationBase, SwiftProtobuf._ProtoNameProviding {
410 | public static let _protobuf_nameMap: SwiftProtobuf._NameMap = [
| `- warning: 'init(dictionaryLiteral:)' is deprecated: Please regenerate your .pb.swift files with the current version of the SwiftProtobuf protoc plugin. [#DeprecatedDeclaration]
411 | 1: .same(proto: "value"),
412 | ]
/Users/admin/builder/spi-builder-workspace/Sources/Proto/core/example/feature.pb.swift:422:65: warning: 'init(dictionaryLiteral:)' is deprecated: Please regenerate your .pb.swift files with the current version of the SwiftProtobuf protoc plugin. [#DeprecatedDeclaration]
420 |
421 | extension Tensorflow_FloatList: SwiftProtobuf._MessageImplementationBase, SwiftProtobuf._ProtoNameProviding {
422 | public static let _protobuf_nameMap: SwiftProtobuf._NameMap = [
| `- warning: 'init(dictionaryLiteral:)' is deprecated: Please regenerate your .pb.swift files with the current version of the SwiftProtobuf protoc plugin. [#DeprecatedDeclaration]
423 | 1: .same(proto: "value"),
424 | ]
/Users/admin/builder/spi-builder-workspace/Sources/Proto/core/example/feature.pb.swift:434:65: warning: 'init(dictionaryLiteral:)' is deprecated: Please regenerate your .pb.swift files with the current version of the SwiftProtobuf protoc plugin. [#DeprecatedDeclaration]
432 |
433 | extension Tensorflow_Int64List: SwiftProtobuf._MessageImplementationBase, SwiftProtobuf._ProtoNameProviding {
434 | public static let _protobuf_nameMap: SwiftProtobuf._NameMap = [
| `- warning: 'init(dictionaryLiteral:)' is deprecated: Please regenerate your .pb.swift files with the current version of the SwiftProtobuf protoc plugin. [#DeprecatedDeclaration]
435 | 1: .same(proto: "value"),
436 | ]
/Users/admin/builder/spi-builder-workspace/Sources/Proto/core/example/feature.pb.swift:446:65: warning: 'init(dictionaryLiteral:)' is deprecated: Please regenerate your .pb.swift files with the current version of the SwiftProtobuf protoc plugin. [#DeprecatedDeclaration]
444 |
445 | extension Tensorflow_Feature: SwiftProtobuf._MessageImplementationBase, SwiftProtobuf._ProtoNameProviding {
446 | public static let _protobuf_nameMap: SwiftProtobuf._NameMap = [
| `- warning: 'init(dictionaryLiteral:)' is deprecated: Please regenerate your .pb.swift files with the current version of the SwiftProtobuf protoc plugin. [#DeprecatedDeclaration]
447 | 1: .standard(proto: "bytes_list"),
448 | 2: .standard(proto: "float_list"),
/Users/admin/builder/spi-builder-workspace/Sources/Proto/core/example/feature.pb.swift:487:65: warning: 'init(dictionaryLiteral:)' is deprecated: Please regenerate your .pb.swift files with the current version of the SwiftProtobuf protoc plugin. [#DeprecatedDeclaration]
485 |
486 | extension Tensorflow_Features: SwiftProtobuf._MessageImplementationBase, SwiftProtobuf._ProtoNameProviding {
487 | public static let _protobuf_nameMap: SwiftProtobuf._NameMap = [
| `- warning: 'init(dictionaryLiteral:)' is deprecated: Please regenerate your .pb.swift files with the current version of the SwiftProtobuf protoc plugin. [#DeprecatedDeclaration]
488 | 1: .same(proto: "feature"),
489 | ]
/Users/admin/builder/spi-builder-workspace/Sources/Proto/core/example/feature.pb.swift:499:65: warning: 'init(dictionaryLiteral:)' is deprecated: Please regenerate your .pb.swift files with the current version of the SwiftProtobuf protoc plugin. [#DeprecatedDeclaration]
497 |
498 | extension Tensorflow_FeatureList: SwiftProtobuf._MessageImplementationBase, SwiftProtobuf._ProtoNameProviding {
499 | public static let _protobuf_nameMap: SwiftProtobuf._NameMap = [
| `- warning: 'init(dictionaryLiteral:)' is deprecated: Please regenerate your .pb.swift files with the current version of the SwiftProtobuf protoc plugin. [#DeprecatedDeclaration]
500 | 1: .same(proto: "feature"),
501 | ]
/Users/admin/builder/spi-builder-workspace/Sources/Proto/core/example/feature.pb.swift:511:65: warning: 'init(dictionaryLiteral:)' is deprecated: Please regenerate your .pb.swift files with the current version of the SwiftProtobuf protoc plugin. [#DeprecatedDeclaration]
509 |
510 | extension Tensorflow_FeatureLists: SwiftProtobuf._MessageImplementationBase, SwiftProtobuf._ProtoNameProviding {
511 | public static let _protobuf_nameMap: SwiftProtobuf._NameMap = [
| `- warning: 'init(dictionaryLiteral:)' is deprecated: Please regenerate your .pb.swift files with the current version of the SwiftProtobuf protoc plugin. [#DeprecatedDeclaration]
512 | 1: .standard(proto: "feature_list"),
513 | ]
/Users/admin/builder/spi-builder-workspace/Sources/Proto/core/framework/allocation_description.pb.swift:97:65: warning: 'init(dictionaryLiteral:)' is deprecated: Please regenerate your .pb.swift files with the current version of the SwiftProtobuf protoc plugin. [#DeprecatedDeclaration]
95 |
96 | extension Tensorflow_AllocationDescription: SwiftProtobuf._MessageImplementationBase, SwiftProtobuf._ProtoNameProviding {
97 | public static let _protobuf_nameMap: SwiftProtobuf._NameMap = [
| `- warning: 'init(dictionaryLiteral:)' is deprecated: Please regenerate your .pb.swift files with the current version of the SwiftProtobuf protoc plugin. [#DeprecatedDeclaration]
98 | 1: .standard(proto: "requested_bytes"),
99 | 2: .standard(proto: "allocated_bytes"),
/Users/admin/builder/spi-builder-workspace/Sources/Proto/core/framework/api_def.pb.swift:413:65: warning: 'init(dictionaryLiteral:)' is deprecated: Please regenerate your .pb.swift files with the current version of the SwiftProtobuf protoc plugin. [#DeprecatedDeclaration]
411 |
412 | extension Tensorflow_ApiDef: SwiftProtobuf._MessageImplementationBase, SwiftProtobuf._ProtoNameProviding {
413 | public static let _protobuf_nameMap: SwiftProtobuf._NameMap = [
| `- warning: 'init(dictionaryLiteral:)' is deprecated: Please regenerate your .pb.swift files with the current version of the SwiftProtobuf protoc plugin. [#DeprecatedDeclaration]
414 | 1: .standard(proto: "graph_op_name"),
415 | 2: .same(proto: "visibility"),
/Users/admin/builder/spi-builder-workspace/Sources/Proto/core/framework/api_def.pb.swift:445:65: warning: 'init(dictionaryLiteral:)' is deprecated: Please regenerate your .pb.swift files with the current version of the SwiftProtobuf protoc plugin. [#DeprecatedDeclaration]
443 |
444 | extension Tensorflow_ApiDef.Visibility: SwiftProtobuf._ProtoNameProviding {
445 | public static let _protobuf_nameMap: SwiftProtobuf._NameMap = [
| `- warning: 'init(dictionaryLiteral:)' is deprecated: Please regenerate your .pb.swift files with the current version of the SwiftProtobuf protoc plugin. [#DeprecatedDeclaration]
446 | 0: .same(proto: "DEFAULT_VISIBILITY"),
447 | 1: .same(proto: "VISIBLE"),
/Users/admin/builder/spi-builder-workspace/Sources/Proto/core/framework/api_def.pb.swift:454:65: warning: 'init(dictionaryLiteral:)' is deprecated: Please regenerate your .pb.swift files with the current version of the SwiftProtobuf protoc plugin. [#DeprecatedDeclaration]
452 |
453 | extension Tensorflow_ApiDef.Endpoint: SwiftProtobuf._MessageImplementationBase, SwiftProtobuf._ProtoNameProviding {
454 | public static let _protobuf_nameMap: SwiftProtobuf._NameMap = [
| `- warning: 'init(dictionaryLiteral:)' is deprecated: Please regenerate your .pb.swift files with the current version of the SwiftProtobuf protoc plugin. [#DeprecatedDeclaration]
455 | 1: .same(proto: "name"),
456 | 2: .standard(proto: "deprecation_version"),
/Users/admin/builder/spi-builder-workspace/Sources/Proto/core/framework/api_def.pb.swift:468:65: warning: 'init(dictionaryLiteral:)' is deprecated: Please regenerate your .pb.swift files with the current version of the SwiftProtobuf protoc plugin. [#DeprecatedDeclaration]
466 |
467 | extension Tensorflow_ApiDef.Arg: SwiftProtobuf._MessageImplementationBase, SwiftProtobuf._ProtoNameProviding {
468 | public static let _protobuf_nameMap: SwiftProtobuf._NameMap = [
| `- warning: 'init(dictionaryLiteral:)' is deprecated: Please regenerate your .pb.swift files with the current version of the SwiftProtobuf protoc plugin. [#DeprecatedDeclaration]
469 | 1: .same(proto: "name"),
470 | 2: .standard(proto: "rename_to"),
/Users/admin/builder/spi-builder-workspace/Sources/Proto/core/framework/api_def.pb.swift:484:65: warning: 'init(dictionaryLiteral:)' is deprecated: Please regenerate your .pb.swift files with the current version of the SwiftProtobuf protoc plugin. [#DeprecatedDeclaration]
482 |
483 | extension Tensorflow_ApiDef.Attr: SwiftProtobuf._MessageImplementationBase, SwiftProtobuf._ProtoNameProviding {
484 | public static let _protobuf_nameMap: SwiftProtobuf._NameMap = [
| `- warning: 'init(dictionaryLiteral:)' is deprecated: Please regenerate your .pb.swift files with the current version of the SwiftProtobuf protoc plugin. [#DeprecatedDeclaration]
485 | 1: .same(proto: "name"),
486 | 2: .standard(proto: "rename_to"),
/Users/admin/builder/spi-builder-workspace/Sources/Proto/core/framework/api_def.pb.swift:535:65: warning: 'init(dictionaryLiteral:)' is deprecated: Please regenerate your .pb.swift files with the current version of the SwiftProtobuf protoc plugin. [#DeprecatedDeclaration]
533 |
534 | extension Tensorflow_ApiDefs: SwiftProtobuf._MessageImplementationBase, SwiftProtobuf._ProtoNameProviding {
535 | public static let _protobuf_nameMap: SwiftProtobuf._NameMap = [
| `- warning: 'init(dictionaryLiteral:)' is deprecated: Please regenerate your .pb.swift files with the current version of the SwiftProtobuf protoc plugin. [#DeprecatedDeclaration]
536 | 1: .same(proto: "op"),
537 | ]
/Users/admin/builder/spi-builder-workspace/Sources/Proto/core/framework/attr_value.pb.swift:429:65: warning: 'init(dictionaryLiteral:)' is deprecated: Please regenerate your .pb.swift files with the current version of the SwiftProtobuf protoc plugin. [#DeprecatedDeclaration]
427 |
428 | extension Tensorflow_AttrValue: SwiftProtobuf._MessageImplementationBase, SwiftProtobuf._ProtoNameProviding {
429 | public static let _protobuf_nameMap: SwiftProtobuf._NameMap = [
| `- warning: 'init(dictionaryLiteral:)' is deprecated: Please regenerate your .pb.swift files with the current version of the SwiftProtobuf protoc plugin. [#DeprecatedDeclaration]
430 | 2: .same(proto: "s"),
431 | 3: .same(proto: "i"),
/Users/admin/builder/spi-builder-workspace/Sources/Proto/core/framework/attr_value.pb.swift:477:65: warning: 'init(dictionaryLiteral:)' is deprecated: Please regenerate your .pb.swift files with the current version of the SwiftProtobuf protoc plugin. [#DeprecatedDeclaration]
475 |
476 | extension Tensorflow_AttrValue.ListValue: SwiftProtobuf._MessageImplementationBase, SwiftProtobuf._ProtoNameProviding {
477 | public static let _protobuf_nameMap: SwiftProtobuf._NameMap = [
| `- warning: 'init(dictionaryLiteral:)' is deprecated: Please regenerate your .pb.swift files with the current version of the SwiftProtobuf protoc plugin. [#DeprecatedDeclaration]
478 | 2: .same(proto: "s"),
479 | 3: .same(proto: "i"),
/Users/admin/builder/spi-builder-workspace/Sources/Proto/core/framework/attr_value.pb.swift:503:65: warning: 'init(dictionaryLiteral:)' is deprecated: Please regenerate your .pb.swift files with the current version of the SwiftProtobuf protoc plugin. [#DeprecatedDeclaration]
501 |
502 | extension Tensorflow_NameAttrList: SwiftProtobuf._MessageImplementationBase, SwiftProtobuf._ProtoNameProviding {
503 | public static let _protobuf_nameMap: SwiftProtobuf._NameMap = [
| `- warning: 'init(dictionaryLiteral:)' is deprecated: Please regenerate your .pb.swift files with the current version of the SwiftProtobuf protoc plugin. [#DeprecatedDeclaration]
504 | 1: .same(proto: "name"),
505 | 2: .same(proto: "attr"),
/Users/admin/builder/spi-builder-workspace/Sources/Proto/core/framework/attr_value.pb.swift:37:37: warning: 'emptyData' is deprecated: Internal.emptyData isn't used any longer in newer versions of the generator. Generate code with a version later than 1.10.2 to get performance improvements. See https://github.com/apple/swift-protobuf/pull/1028 for more information. [#DeprecatedDeclaration]
35 | get {
36 | if case .s(let v)? = _storage._value {return v}
37 | return SwiftProtobuf.Internal.emptyData
| `- warning: 'emptyData' is deprecated: Internal.emptyData isn't used any longer in newer versions of the generator. Generate code with a version later than 1.10.2 to get performance improvements. See https://github.com/apple/swift-protobuf/pull/1028 for more information. [#DeprecatedDeclaration]
38 | }
39 | set {_uniqueStorage()._value = .s(newValue)}
/Users/admin/builder/spi-builder-workspace/Sources/Proto/core/framework/cost_graph.pb.swift:314:65: warning: 'init(dictionaryLiteral:)' is deprecated: Please regenerate your .pb.swift files with the current version of the SwiftProtobuf protoc plugin. [#DeprecatedDeclaration]
312 |
313 | extension Tensorflow_CostGraphDef: SwiftProtobuf._MessageImplementationBase, SwiftProtobuf._ProtoNameProviding {
314 | public static let _protobuf_nameMap: SwiftProtobuf._NameMap = [
| `- warning: 'init(dictionaryLiteral:)' is deprecated: Please regenerate your .pb.swift files with the current version of the SwiftProtobuf protoc plugin. [#DeprecatedDeclaration]
315 | 1: .same(proto: "node"),
316 | ]
/Users/admin/builder/spi-builder-workspace/Sources/Proto/core/framework/cost_graph.pb.swift:326:65: warning: 'init(dictionaryLiteral:)' is deprecated: Please regenerate your .pb.swift files with the current version of the SwiftProtobuf protoc plugin. [#DeprecatedDeclaration]
324 |
325 | extension Tensorflow_CostGraphDef.Node: SwiftProtobuf._MessageImplementationBase, SwiftProtobuf._ProtoNameProviding {
326 | public static let _protobuf_nameMap: SwiftProtobuf._NameMap = [
| `- warning: 'init(dictionaryLiteral:)' is deprecated: Please regenerate your .pb.swift files with the current version of the SwiftProtobuf protoc plugin. [#DeprecatedDeclaration]
327 | 1: .same(proto: "name"),
328 | 2: .same(proto: "device"),
/Users/admin/builder/spi-builder-workspace/Sources/Proto/core/framework/cost_graph.pb.swift:366:65: warning: 'init(dictionaryLiteral:)' is deprecated: Please regenerate your .pb.swift files with the current version of the SwiftProtobuf protoc plugin. [#DeprecatedDeclaration]
364 |
365 | extension Tensorflow_CostGraphDef.Node.InputInfo: SwiftProtobuf._MessageImplementationBase, SwiftProtobuf._ProtoNameProviding {
366 | public static let _protobuf_nameMap: SwiftProtobuf._NameMap = [
| `- warning: 'init(dictionaryLiteral:)' is deprecated: Please regenerate your .pb.swift files with the current version of the SwiftProtobuf protoc plugin. [#DeprecatedDeclaration]
367 | 1: .standard(proto: "preceding_node"),
368 | 2: .standard(proto: "preceding_port"),
/Users/admin/builder/spi-builder-workspace/Sources/Proto/core/framework/cost_graph.pb.swift:380:65: warning: 'init(dictionaryLiteral:)' is deprecated: Please regenerate your .pb.swift files with the current version of the SwiftProtobuf protoc plugin. [#DeprecatedDeclaration]
378 |
379 | extension Tensorflow_CostGraphDef.Node.OutputInfo: SwiftProtobuf._MessageImplementationBase, SwiftProtobuf._ProtoNameProviding {
380 | public static let _protobuf_nameMap: SwiftProtobuf._NameMap = [
| `- warning: 'init(dictionaryLiteral:)' is deprecated: Please regenerate your .pb.swift files with the current version of the SwiftProtobuf protoc plugin. [#DeprecatedDeclaration]
381 | 1: .same(proto: "size"),
382 | 2: .standard(proto: "alias_input_port"),
/Users/admin/builder/spi-builder-workspace/Sources/Proto/core/framework/device_attributes.pb.swift:164:65: warning: 'init(dictionaryLiteral:)' is deprecated: Please regenerate your .pb.swift files with the current version of the SwiftProtobuf protoc plugin. [#DeprecatedDeclaration]
162 |
163 | extension Tensorflow_DeviceLocality: SwiftProtobuf._MessageImplementationBase, SwiftProtobuf._ProtoNameProviding {
164 | public static let _protobuf_nameMap: SwiftProtobuf._NameMap = [
| `- warning: 'init(dictionaryLiteral:)' is deprecated: Please regenerate your .pb.swift files with the current version of the SwiftProtobuf protoc plugin. [#DeprecatedDeclaration]
165 | 1: .standard(proto: "bus_id"),
166 | ]
SwiftCompile normal arm64_32 /Users/admin/builder/spi-builder-workspace/Sources/Proto/core/debug/debugger_event_metadata.pb.swift (in target 'Proto' from project 'TensorFlow')
cd /Users/admin/builder/spi-builder-workspace/.swiftpm/xcode
builtin-SwiftPerFileCompile debugger_event_metadata.pb.swift
SwiftCompile normal arm64_32 /Users/admin/builder/spi-builder-workspace/Sources/Proto/core/example/example.pb.swift (in target 'Proto' from project 'TensorFlow')
cd /Users/admin/builder/spi-builder-workspace/.swiftpm/xcode
builtin-SwiftPerFileCompile example.pb.swift
SwiftCompile normal arm64_32 /Users/admin/builder/spi-builder-workspace/Sources/Proto/core/example/example_parser_configuration.pb.swift (in target 'Proto' from project 'TensorFlow')
cd /Users/admin/builder/spi-builder-workspace/.swiftpm/xcode
builtin-SwiftPerFileCompile example_parser_configuration.pb.swift
SwiftCompile normal arm64_32 /Users/admin/builder/spi-builder-workspace/Sources/Proto/core/example/feature.pb.swift (in target 'Proto' from project 'TensorFlow')
cd /Users/admin/builder/spi-builder-workspace/.swiftpm/xcode
builtin-SwiftPerFileCompile feature.pb.swift
SwiftCompile normal arm64_32 /Users/admin/builder/spi-builder-workspace/Sources/Proto/core/framework/allocation_description.pb.swift (in target 'Proto' from project 'TensorFlow')
cd /Users/admin/builder/spi-builder-workspace/.swiftpm/xcode
builtin-SwiftPerFileCompile allocation_description.pb.swift
SwiftCompile normal arm64_32 /Users/admin/builder/spi-builder-workspace/Sources/Proto/core/framework/api_def.pb.swift (in target 'Proto' from project 'TensorFlow')
cd /Users/admin/builder/spi-builder-workspace/.swiftpm/xcode
builtin-SwiftPerFileCompile api_def.pb.swift
SwiftCompile normal arm64_32 /Users/admin/builder/spi-builder-workspace/Sources/Proto/core/framework/attr_value.pb.swift (in target 'Proto' from project 'TensorFlow')
cd /Users/admin/builder/spi-builder-workspace/.swiftpm/xcode
builtin-SwiftPerFileCompile attr_value.pb.swift
SwiftCompile normal arm64_32 /Users/admin/builder/spi-builder-workspace/Sources/Proto/core/framework/cost_graph.pb.swift (in target 'Proto' from project 'TensorFlow')
cd /Users/admin/builder/spi-builder-workspace/.swiftpm/xcode
builtin-SwiftPerFileCompile cost_graph.pb.swift
SwiftCompile normal arm64_32 /Users/admin/builder/spi-builder-workspace/Sources/Proto/core/framework/device_attributes.pb.swift (in target 'Proto' from project 'TensorFlow')
cd /Users/admin/builder/spi-builder-workspace/.swiftpm/xcode
builtin-SwiftPerFileCompile device_attributes.pb.swift
SwiftDriverJobDiscovery normal arm64 Compiling function.pb.swift, graph.pb.swift, graph_transfer_info.pb.swift, kernel_def.pb.swift, log_memory.pb.swift, node_def.pb.swift, op_def.pb.swift, op_gen_overrides.pb.swift, reader_base.pb.swift (in target 'Proto' from project 'TensorFlow')
SwiftCompile normal arm64_32 Compiling\ bigquery_table_partition.pb.swift,\ generic_tree_model.pb.swift,\ generic_tree_model_extensions.pb.swift,\ gdr.pb.swift,\ mpi_msg.pb.swift,\ mpi_message.pb.swift,\ manifest.pb.swift,\ fertile_stats.pb.swift,\ tensor_forest_params.pb.swift /Users/admin/builder/spi-builder-workspace/Sources/Proto/contrib/cloud/kernels/bigquery_table_partition.pb.swift /Users/admin/builder/spi-builder-workspace/Sources/Proto/contrib/decision_trees/proto/generic_tree_model.pb.swift /Users/admin/builder/spi-builder-workspace/Sources/Proto/contrib/decision_trees/proto/generic_tree_model_extensions.pb.swift /Users/admin/builder/spi-builder-workspace/Sources/Proto/contrib/gdr/gdr.pb.swift /Users/admin/builder/spi-builder-workspace/Sources/Proto/contrib/mpi/mpi_msg.pb.swift /Users/admin/builder/spi-builder-workspace/Sources/Proto/contrib/mpi_collectives/mpi_message.pb.swift /Users/admin/builder/spi-builder-workspace/Sources/Proto/contrib/session_bundle/manifest.pb.swift /Users/admin/builder/spi-builder-workspace/Sources/Proto/contrib/tensor_forest/proto/fertile_stats.pb.swift /Users/admin/builder/spi-builder-workspace/Sources/Proto/contrib/tensor_forest/proto/tensor_forest_params.pb.swift (in target 'Proto' from project 'TensorFlow')
/Users/admin/builder/spi-builder-workspace/Sources/Proto/contrib/cloud/kernels/bigquery_table_partition.pb.swift:71:65: warning: 'init(dictionaryLiteral:)' is deprecated: Please regenerate your .pb.swift files with the current version of the SwiftProtobuf protoc plugin. [#DeprecatedDeclaration]
69 |
70 | extension Tensorflow_BigQueryTablePartition: SwiftProtobuf._MessageImplementationBase, SwiftProtobuf._ProtoNameProviding {
71 | public static let _protobuf_nameMap: SwiftProtobuf._NameMap = [
| `- warning: 'init(dictionaryLiteral:)' is deprecated: Please regenerate your .pb.swift files with the current version of the SwiftProtobuf protoc plugin. [#DeprecatedDeclaration]
72 | 1: .standard(proto: "start_index"),
73 | 2: .standard(proto: "end_index"),
/Users/admin/builder/spi-builder-workspace/Sources/Proto/contrib/decision_trees/proto/generic_tree_model.pb.swift:1505:65: warning: 'init(dictionaryLiteral:)' is deprecated: Please regenerate your .pb.swift files with the current version of the SwiftProtobuf protoc plugin. [#DeprecatedDeclaration]
1503 |
1504 | extension Tensorflow_DecisionTrees_Model: SwiftProtobuf._MessageImplementationBase, SwiftProtobuf._ProtoNameProviding {
1505 | public static let _protobuf_nameMap: SwiftProtobuf._NameMap = [
| `- warning: 'init(dictionaryLiteral:)' is deprecated: Please regenerate your .pb.swift files with the current version of the SwiftProtobuf protoc plugin. [#DeprecatedDeclaration]
1506 | 1: .standard(proto: "decision_tree"),
1507 | 2: .same(proto: "ensemble"),
/Users/admin/builder/spi-builder-workspace/Sources/Proto/contrib/decision_trees/proto/generic_tree_model.pb.swift:1550:65: warning: 'init(dictionaryLiteral:)' is deprecated: Please regenerate your .pb.swift files with the current version of the SwiftProtobuf protoc plugin. [#DeprecatedDeclaration]
1548 |
1549 | extension Tensorflow_DecisionTrees_ModelAndFeatures: SwiftProtobuf._MessageImplementationBase, SwiftProtobuf._ProtoNameProviding {
1550 | public static let _protobuf_nameMap: SwiftProtobuf._NameMap = [
| `- warning: 'init(dictionaryLiteral:)' is deprecated: Please regenerate your .pb.swift files with the current version of the SwiftProtobuf protoc plugin. [#DeprecatedDeclaration]
1551 | 1: .same(proto: "features"),
1552 | 2: .same(proto: "model"),
/Users/admin/builder/spi-builder-workspace/Sources/Proto/contrib/decision_trees/proto/generic_tree_model.pb.swift:1597:65: warning: 'init(dictionaryLiteral:)' is deprecated: Please regenerate your .pb.swift files with the current version of the SwiftProtobuf protoc plugin. [#DeprecatedDeclaration]
1595 |
1596 | extension Tensorflow_DecisionTrees_ModelAndFeatures.Feature: SwiftProtobuf._MessageImplementationBase, SwiftProtobuf._ProtoNameProviding {
1597 | public static let _protobuf_nameMap: SwiftProtobuf._NameMap = [
| `- warning: 'init(dictionaryLiteral:)' is deprecated: Please regenerate your .pb.swift files with the current version of the SwiftProtobuf protoc plugin. [#DeprecatedDeclaration]
1598 | 1: .standard(proto: "feature_id"),
1599 | 2: .standard(proto: "additional_data"),
/Users/admin/builder/spi-builder-workspace/Sources/Proto/contrib/decision_trees/proto/generic_tree_model.pb.swift:1640:65: warning: 'init(dictionaryLiteral:)' is deprecated: Please regenerate your .pb.swift files with the current version of the SwiftProtobuf protoc plugin. [#DeprecatedDeclaration]
1638 |
1639 | extension Tensorflow_DecisionTrees_Ensemble: SwiftProtobuf._MessageImplementationBase, SwiftProtobuf._ProtoNameProviding {
1640 | public static let _protobuf_nameMap: SwiftProtobuf._NameMap = [
| `- warning: 'init(dictionaryLiteral:)' is deprecated: Please regenerate your .pb.swift files with the current version of the SwiftProtobuf protoc plugin. [#DeprecatedDeclaration]
1641 | 100: .same(proto: "members"),
1642 | 1: .standard(proto: "summation_combination_technique"),
/Users/admin/builder/spi-builder-workspace/Sources/Proto/contrib/decision_trees/proto/generic_tree_model.pb.swift:1689:65: warning: 'init(dictionaryLiteral:)' is deprecated: Please regenerate your .pb.swift files with the current version of the SwiftProtobuf protoc plugin. [#DeprecatedDeclaration]
1687 |
1688 | extension Tensorflow_DecisionTrees_Ensemble.Member: SwiftProtobuf._MessageImplementationBase, SwiftProtobuf._ProtoNameProviding {
1689 | public static let _protobuf_nameMap: SwiftProtobuf._NameMap = [
| `- warning: 'init(dictionaryLiteral:)' is deprecated: Please regenerate your .pb.swift files with the current version of the SwiftProtobuf protoc plugin. [#DeprecatedDeclaration]
1690 | 1: .same(proto: "submodel"),
1691 | 2: .standard(proto: "submodel_id"),
/Users/admin/builder/spi-builder-workspace/Sources/Proto/contrib/decision_trees/proto/generic_tree_model.pb.swift:1736:65: warning: 'init(dictionaryLiteral:)' is deprecated: Please regenerate your .pb.swift files with the current version of the SwiftProtobuf protoc plugin. [#DeprecatedDeclaration]
1734 |
1735 | extension Tensorflow_DecisionTrees_Summation: SwiftProtobuf._MessageImplementationBase, SwiftProtobuf._ProtoNameProviding {
1736 | public static let _protobuf_nameMap: SwiftProtobuf._NameMap = [
| `- warning: 'init(dictionaryLiteral:)' is deprecated: Please regenerate your .pb.swift files with the current version of the SwiftProtobuf protoc plugin. [#DeprecatedDeclaration]
1737 | 1: .standard(proto: "additional_data"),
1738 | ]
/Users/admin/builder/spi-builder-workspace/Sources/Proto/contrib/decision_trees/proto/generic_tree_model.pb.swift:1748:65: warning: 'init(dictionaryLiteral:)' is deprecated: Please regenerate your .pb.swift files with the current version of the SwiftProtobuf protoc plugin. [#DeprecatedDeclaration]
1746 |
1747 | extension Tensorflow_DecisionTrees_Averaging: SwiftProtobuf._MessageImplementationBase, SwiftProtobuf._ProtoNameProviding {
1748 | public static let _protobuf_nameMap: SwiftProtobuf._NameMap = [
| `- warning: 'init(dictionaryLiteral:)' is deprecated: Please regenerate your .pb.swift files with the current version of the SwiftProtobuf protoc plugin. [#DeprecatedDeclaration]
1749 | 1: .standard(proto: "additional_data"),
1750 | ]
/Users/admin/builder/spi-builder-workspace/Sources/Proto/contrib/decision_trees/proto/generic_tree_model.pb.swift:1760:65: warning: 'init(dictionaryLiteral:)' is deprecated: Please regenerate your .pb.swift files with the current version of the SwiftProtobuf protoc plugin. [#DeprecatedDeclaration]
1758 |
1759 | extension Tensorflow_DecisionTrees_DecisionTree: SwiftProtobuf._MessageImplementationBase, SwiftProtobuf._ProtoNameProviding {
1760 | public static let _protobuf_nameMap: SwiftProtobuf._NameMap = [
| `- warning: 'init(dictionaryLiteral:)' is deprecated: Please regenerate your .pb.swift files with the current version of the SwiftProtobuf protoc plugin. [#DeprecatedDeclaration]
1761 | 1: .same(proto: "nodes"),
1762 | 2: .standard(proto: "additional_data"),
/Users/admin/builder/spi-builder-workspace/Sources/Proto/contrib/decision_trees/proto/generic_tree_model.pb.swift:1774:65: warning: 'init(dictionaryLiteral:)' is deprecated: Please regenerate your .pb.swift files with the current version of the SwiftProtobuf protoc plugin. [#DeprecatedDeclaration]
1772 |
1773 | extension Tensorflow_DecisionTrees_TreeNode: SwiftProtobuf._MessageImplementationBase, SwiftProtobuf._ProtoNameProviding {
1774 | public static let _protobuf_nameMap: SwiftProtobuf._NameMap = [
| `- warning: 'init(dictionaryLiteral:)' is deprecated: Please regenerate your .pb.swift files with the current version of the SwiftProtobuf protoc plugin. [#DeprecatedDeclaration]
1775 | 1: .standard(proto: "node_id"),
1776 | 2: .same(proto: "depth"),
/Users/admin/builder/spi-builder-workspace/Sources/Proto/contrib/decision_trees/proto/generic_tree_model.pb.swift:1831:65: warning: 'init(dictionaryLiteral:)' is deprecated: Please regenerate your .pb.swift files with the current version of the SwiftProtobuf protoc plugin. [#DeprecatedDeclaration]
1829 |
1830 | extension Tensorflow_DecisionTrees_BinaryNode: SwiftProtobuf._MessageImplementationBase, SwiftProtobuf._ProtoNameProviding {
1831 | public static let _protobuf_nameMap: SwiftProtobuf._NameMap = [
| `- warning: 'init(dictionaryLiteral:)' is deprecated: Please regenerate your .pb.swift files with the current version of the SwiftProtobuf protoc plugin. [#DeprecatedDeclaration]
1832 | 1: .standard(proto: "left_child_id"),
1833 | 2: .standard(proto: "right_child_id"),
/Users/admin/builder/spi-builder-workspace/Sources/Proto/contrib/decision_trees/proto/generic_tree_model.pb.swift:1883:65: warning: 'init(dictionaryLiteral:)' is deprecated: Please regenerate your .pb.swift files with the current version of the SwiftProtobuf protoc plugin. [#DeprecatedDeclaration]
1881 |
1882 | extension Tensorflow_DecisionTrees_BinaryNode.Direction: SwiftProtobuf._ProtoNameProviding {
1883 | public static let _protobuf_nameMap: SwiftProtobuf._NameMap = [
| `- warning: 'init(dictionaryLiteral:)' is deprecated: Please regenerate your .pb.swift files with the current version of the SwiftProtobuf protoc plugin. [#DeprecatedDeclaration]
1884 | 0: .same(proto: "LEFT"),
1885 | 1: .same(proto: "RIGHT"),
/Users/admin/builder/spi-builder-workspace/Sources/Proto/contrib/decision_trees/proto/generic_tree_model.pb.swift:1890:65: warning: 'init(dictionaryLiteral:)' is deprecated: Please regenerate your .pb.swift files with the current version of the SwiftProtobuf protoc plugin. [#DeprecatedDeclaration]
1888 |
1889 | extension Tensorflow_DecisionTrees_SparseVector: SwiftProtobuf._MessageImplementationBase, SwiftProtobuf._ProtoNameProviding {
1890 | public static let _protobuf_nameMap: SwiftProtobuf._NameMap = [
| `- warning: 'init(dictionaryLiteral:)' is deprecated: Please regenerate your .pb.swift files with the current version of the SwiftProtobuf protoc plugin. [#DeprecatedDeclaration]
1891 | 1: .standard(proto: "sparse_value"),
1892 | ]
/Users/admin/builder/spi-builder-workspace/Sources/Proto/contrib/decision_trees/proto/generic_tree_model.pb.swift:1902:65: warning: 'init(dictionaryLiteral:)' is deprecated: Please regenerate your .pb.swift files with the current version of the SwiftProtobuf protoc plugin. [#DeprecatedDeclaration]
1900 |
1901 | extension Tensorflow_DecisionTrees_Vector: SwiftProtobuf._MessageImplementationBase, SwiftProtobuf._ProtoNameProviding {
1902 | public static let _protobuf_nameMap: SwiftProtobuf._NameMap = [
| `- warning: 'init(dictionaryLiteral:)' is deprecated: Please regenerate your .pb.swift files with the current version of the SwiftProtobuf protoc plugin. [#DeprecatedDeclaration]
1903 | 1: .same(proto: "value"),
1904 | ]
/Users/admin/builder/spi-builder-workspace/Sources/Proto/contrib/decision_trees/proto/generic_tree_model.pb.swift:1914:65: warning: 'init(dictionaryLiteral:)' is deprecated: Please regenerate your .pb.swift files with the current version of the SwiftProtobuf protoc plugin. [#DeprecatedDeclaration]
1912 |
1913 | extension Tensorflow_DecisionTrees_Leaf: SwiftProtobuf._MessageImplementationBase, SwiftProtobuf._ProtoNameProviding {
1914 | public static let _protobuf_nameMap: SwiftProtobuf._NameMap = [
| `- warning: 'init(dictionaryLiteral:)' is deprecated: Please regenerate your .pb.swift files with the current version of the SwiftProtobuf protoc plugin. [#DeprecatedDeclaration]
1915 | 1: .same(proto: "vector"),
1916 | 2: .standard(proto: "sparse_vector"),
/Users/admin/builder/spi-builder-workspace/Sources/Proto/contrib/decision_trees/proto/generic_tree_model.pb.swift:1958:65: warning: 'init(dictionaryLiteral:)' is deprecated: Please regenerate your .pb.swift files with the current version of the SwiftProtobuf protoc plugin. [#DeprecatedDeclaration]
1956 |
1957 | extension Tensorflow_DecisionTrees_FeatureId: SwiftProtobuf._MessageImplementationBase, SwiftProtobuf._ProtoNameProviding {
1958 | public static let _protobuf_nameMap: SwiftProtobuf._NameMap = [
| `- warning: 'init(dictionaryLiteral:)' is deprecated: Please regenerate your .pb.swift files with the current version of the SwiftProtobuf protoc plugin. [#DeprecatedDeclaration]
1959 | 1: .same(proto: "id"),
1960 | 2: .standard(proto: "additional_data"),
/Users/admin/builder/spi-builder-workspace/Sources/Proto/contrib/decision_trees/proto/generic_tree_model.pb.swift:2001:65: warning: 'init(dictionaryLiteral:)' is deprecated: Please regenerate your .pb.swift files with the current version of the SwiftProtobuf protoc plugin. [#DeprecatedDeclaration]
1999 |
2000 | extension Tensorflow_DecisionTrees_ObliqueFeatures: SwiftProtobuf._MessageImplementationBase, SwiftProtobuf._ProtoNameProviding {
2001 | public static let _protobuf_nameMap: SwiftProtobuf._NameMap = [
| `- warning: 'init(dictionaryLiteral:)' is deprecated: Please regenerate your .pb.swift files with the current version of the SwiftProtobuf protoc plugin. [#DeprecatedDeclaration]
2002 | 1: .same(proto: "features"),
2003 | 2: .same(proto: "weights"),
/Users/admin/builder/spi-builder-workspace/Sources/Proto/contrib/decision_trees/proto/generic_tree_model.pb.swift:2015:65: warning: 'init(dictionaryLiteral:)' is deprecated: Please regenerate your .pb.swift files with the current version of the SwiftProtobuf protoc plugin. [#DeprecatedDeclaration]
2013 |
2014 | extension Tensorflow_DecisionTrees_InequalityTest: SwiftProtobuf._MessageImplementationBase, SwiftProtobuf._ProtoNameProviding {
2015 | public static let _protobuf_nameMap: SwiftProtobuf._NameMap = [
| `- warning: 'init(dictionaryLiteral:)' is deprecated: Please regenerate your .pb.swift files with the current version of the SwiftProtobuf protoc plugin. [#DeprecatedDeclaration]
2016 | 1: .standard(proto: "feature_id"),
2017 | 4: .same(proto: "oblique"),
/Users/admin/builder/spi-builder-workspace/Sources/Proto/contrib/decision_trees/proto/generic_tree_model.pb.swift:2063:65: warning: 'init(dictionaryLiteral:)' is deprecated: Please regenerate your .pb.swift files with the current version of the SwiftProtobuf protoc plugin. [#DeprecatedDeclaration]
2061 |
2062 | extension Tensorflow_DecisionTrees_InequalityTest.TypeEnum: SwiftProtobuf._ProtoNameProviding {
2063 | public static let _protobuf_nameMap: SwiftProtobuf._NameMap = [
| `- warning: 'init(dictionaryLiteral:)' is deprecated: Please regenerate your .pb.swift files with the current version of the SwiftProtobuf protoc plugin. [#DeprecatedDeclaration]
2064 | 0: .same(proto: "LESS_OR_EQUAL"),
2065 | 1: .same(proto: "LESS_THAN"),
/Users/admin/builder/spi-builder-workspace/Sources/Proto/contrib/decision_trees/proto/generic_tree_model.pb.swift:2072:65: warning: 'init(dictionaryLiteral:)' is deprecated: Please regenerate your .pb.swift files with the current version of the SwiftProtobuf protoc plugin. [#DeprecatedDeclaration]
2070 |
2071 | extension Tensorflow_DecisionTrees_Value: SwiftProtobuf._MessageImplementationBase, SwiftProtobuf._ProtoNameProviding {
2072 | public static let _protobuf_nameMap: SwiftProtobuf._NameMap = [
| `- warning: 'init(dictionaryLiteral:)' is deprecated: Please regenerate your .pb.swift files with the current version of the SwiftProtobuf protoc plugin. [#DeprecatedDeclaration]
2073 | 1: .standard(proto: "float_value"),
2074 | 2: .standard(proto: "double_value"),
/Users/admin/builder/spi-builder-workspace/Sources/Proto/contrib/decision_trees/proto/generic_tree_model_extensions.pb.swift:100:65: warning: 'init(dictionaryLiteral:)' is deprecated: Please regenerate your .pb.swift files with the current version of the SwiftProtobuf protoc plugin. [#DeprecatedDeclaration]
98 |
99 | extension Tensorflow_DecisionTrees_MatchingValuesTest: SwiftProtobuf._MessageImplementationBase, SwiftProtobuf._ProtoNameProviding {
100 | public static let _protobuf_nameMap: SwiftProtobuf._NameMap = [
| `- warning: 'init(dictionaryLiteral:)' is deprecated: Please regenerate your .pb.swift files with the current version of the SwiftProtobuf protoc plugin. [#DeprecatedDeclaration]
101 | 1: .standard(proto: "feature_id"),
102 | 2: .same(proto: "value"),
/Users/admin/builder/spi-builder-workspace/Sources/Proto/contrib/gdr/gdr.pb.swift:91:65: warning: 'init(dictionaryLiteral:)' is deprecated: Please regenerate your .pb.swift files with the current version of the SwiftProtobuf protoc plugin. [#DeprecatedDeclaration]
89 |
90 | extension Tensorflow_RemoteMemoryRegion: SwiftProtobuf._MessageImplementationBase, SwiftProtobuf._ProtoNameProviding {
91 | public static let _protobuf_nameMap: SwiftProtobuf._NameMap = [
| `- warning: 'init(dictionaryLiteral:)' is deprecated: Please regenerate your .pb.swift files with the current version of the SwiftProtobuf protoc plugin. [#DeprecatedDeclaration]
92 | 1: .same(proto: "host"),
93 | 2: .same(proto: "port"),
/Users/admin/builder/spi-builder-workspace/Sources/Proto/contrib/mpi/mpi_msg.pb.swift:111:65: warning: 'init(dictionaryLiteral:)' is deprecated: Please regenerate your .pb.swift files with the current version of the SwiftProtobuf protoc plugin. [#DeprecatedDeclaration]
109 |
110 | extension Tensorflow_MPIRecvTensorResponse: SwiftProtobuf._MessageImplementationBase, SwiftProtobuf._ProtoNameProviding {
111 | public static let _protobuf_nameMap: SwiftProtobuf._NameMap = [
| `- warning: 'init(dictionaryLiteral:)' is deprecated: Please regenerate your .pb.swift files with the current version of the SwiftProtobuf protoc plugin. [#DeprecatedDeclaration]
112 | 1: .same(proto: "response"),
113 | 2: .same(proto: "singleSend"),
/Users/admin/builder/spi-builder-workspace/Sources/Proto/contrib/mpi_collectives/mpi_message.pb.swift:252:65: warning: 'init(dictionaryLiteral:)' is deprecated: Please regenerate your .pb.swift files with the current version of the SwiftProtobuf protoc plugin. [#DeprecatedDeclaration]
250 |
251 | extension Tensorflow_Contrib_Mpi_MPIRequest: SwiftProtobuf._MessageImplementationBase, SwiftProtobuf._ProtoNameProviding {
252 | public static let _protobuf_nameMap: SwiftProtobuf._NameMap = [
| `- warning: 'init(dictionaryLiteral:)' is deprecated: Please regenerate your .pb.swift files with the current version of the SwiftProtobuf protoc plugin. [#DeprecatedDeclaration]
253 | 1: .standard(proto: "request_rank"),
254 | 2: .standard(proto: "request_type"),
/Users/admin/builder/spi-builder-workspace/Sources/Proto/contrib/mpi_collectives/mpi_message.pb.swift:307:65: warning: 'init(dictionaryLiteral:)' is deprecated: Please regenerate your .pb.swift files with the current version of the SwiftProtobuf protoc plugin. [#DeprecatedDeclaration]
305 |
306 | extension Tensorflow_Contrib_Mpi_MPIRequest.RequestType: SwiftProtobuf._ProtoNameProviding {
307 | public static let _protobuf_nameMap: SwiftProtobuf._NameMap = [
| `- warning: 'init(dictionaryLiteral:)' is deprecated: Please regenerate your .pb.swift files with the current version of the SwiftProtobuf protoc plugin. [#DeprecatedDeclaration]
308 | 0: .same(proto: "ALLREDUCE"),
309 | 1: .same(proto: "ALLGATHER"),
/Users/admin/builder/spi-builder-workspace/Sources/Proto/contrib/mpi_collectives/mpi_message.pb.swift:314:65: warning: 'init(dictionaryLiteral:)' is deprecated: Please regenerate your .pb.swift files with the current version of the SwiftProtobuf protoc plugin. [#DeprecatedDeclaration]
312 |
313 | extension Tensorflow_Contrib_Mpi_MPIResponse: SwiftProtobuf._MessageImplementationBase, SwiftProtobuf._ProtoNameProviding {
314 | public static let _protobuf_nameMap: SwiftProtobuf._NameMap = [
| `- warning: 'init(dictionaryLiteral:)' is deprecated: Please regenerate your .pb.swift files with the current version of the SwiftProtobuf protoc plugin. [#DeprecatedDeclaration]
315 | 1: .standard(proto: "response_type"),
316 | 2: .standard(proto: "tensor_name"),
/Users/admin/builder/spi-builder-workspace/Sources/Proto/contrib/mpi_collectives/mpi_message.pb.swift:330:65: warning: 'init(dictionaryLiteral:)' is deprecated: Please regenerate your .pb.swift files with the current version of the SwiftProtobuf protoc plugin. [#DeprecatedDeclaration]
328 |
329 | extension Tensorflow_Contrib_Mpi_MPIResponse.ResponseType: SwiftProtobuf._ProtoNameProviding {
330 | public static let _protobuf_nameMap: SwiftProtobuf._NameMap = [
| `- warning: 'init(dictionaryLiteral:)' is deprecated: Please regenerate your .pb.swift files with the current version of the SwiftProtobuf protoc plugin. [#DeprecatedDeclaration]
331 | 0: .same(proto: "ALLREDUCE"),
332 | 1: .same(proto: "ALLGATHER"),
/Users/admin/builder/spi-builder-workspace/Sources/Proto/contrib/session_bundle/manifest.pb.swift:485:65: warning: 'init(dictionaryLiteral:)' is deprecated: Please regenerate your .pb.swift files with the current version of the SwiftProtobuf protoc plugin. [#DeprecatedDeclaration]
483 |
484 | extension Tensorflow_Serving_Signatures: SwiftProtobuf._MessageImplementationBase, SwiftProtobuf._ProtoNameProviding {
485 | public static let _protobuf_nameMap: SwiftProtobuf._NameMap = [
| `- warning: 'init(dictionaryLiteral:)' is deprecated: Please regenerate your .pb.swift files with the current version of the SwiftProtobuf protoc plugin. [#DeprecatedDeclaration]
486 | 1: .standard(proto: "default_signature"),
487 | 2: .standard(proto: "named_signatures"),
/Users/admin/builder/spi-builder-workspace/Sources/Proto/contrib/session_bundle/manifest.pb.swift:528:65: warning: 'init(dictionaryLiteral:)' is deprecated: Please regenerate your .pb.swift files with the current version of the SwiftProtobuf protoc plugin. [#DeprecatedDeclaration]
526 |
527 | extension Tensorflow_Serving_TensorBinding: SwiftProtobuf._MessageImplementationBase, SwiftProtobuf._ProtoNameProviding {
528 | public static let _protobuf_nameMap: SwiftProtobuf._NameMap = [
| `- warning: 'init(dictionaryLiteral:)' is deprecated: Please regenerate your .pb.swift files with the current version of the SwiftProtobuf protoc plugin. [#DeprecatedDeclaration]
529 | 1: .standard(proto: "tensor_name"),
530 | ]
/Users/admin/builder/spi-builder-workspace/Sources/Proto/contrib/session_bundle/manifest.pb.swift:540:65: warning: 'init(dictionaryLiteral:)' is deprecated: Please regenerate your .pb.swift files with the current version of the SwiftProtobuf protoc plugin. [#DeprecatedDeclaration]
538 |
539 | extension Tensorflow_Serving_AssetFile: SwiftProtobuf._MessageImplementationBase, SwiftProtobuf._ProtoNameProviding {
540 | public static let _protobuf_nameMap: SwiftProtobuf._NameMap = [
| `- warning: 'init(dictionaryLiteral:)' is deprecated: Please regenerate your .pb.swift files with the current version of the SwiftProtobuf protoc plugin. [#DeprecatedDeclaration]
541 | 1: .standard(proto: "tensor_binding"),
542 | 2: .same(proto: "filename"),
/Users/admin/builder/spi-builder-workspace/Sources/Proto/contrib/session_bundle/manifest.pb.swift:583:65: warning: 'init(dictionaryLiteral:)' is deprecated: Please regenerate your .pb.swift files with the current version of the SwiftProtobuf protoc plugin. [#DeprecatedDeclaration]
581 |
582 | extension Tensorflow_Serving_Signature: SwiftProtobuf._MessageImplementationBase, SwiftProtobuf._ProtoNameProviding {
583 | public static let _protobuf_nameMap: SwiftProtobuf._NameMap = [
| `- warning: 'init(dictionaryLiteral:)' is deprecated: Please regenerate your .pb.swift files with the current version of the SwiftProtobuf protoc plugin. [#DeprecatedDeclaration]
584 | 1: .standard(proto: "regression_signature"),
585 | 2: .standard(proto: "classification_signature"),
/Users/admin/builder/spi-builder-workspace/Sources/Proto/contrib/session_bundle/manifest.pb.swift:624:65: warning: 'init(dictionaryLiteral:)' is deprecated: Please regenerate your .pb.swift files with the current version of the SwiftProtobuf protoc plugin. [#DeprecatedDeclaration]
622 |
623 | extension Tensorflow_Serving_RegressionSignature: SwiftProtobuf._MessageImplementationBase, SwiftProtobuf._ProtoNameProviding {
624 | public static let _protobuf_nameMap: SwiftProtobuf._NameMap = [
| `- warning: 'init(dictionaryLiteral:)' is deprecated: Please regenerate your .pb.swift files with the current version of the SwiftProtobuf protoc plugin. [#DeprecatedDeclaration]
625 | 1: .same(proto: "input"),
626 | 2: .same(proto: "output"),
/Users/admin/builder/spi-builder-workspace/Sources/Proto/contrib/session_bundle/manifest.pb.swift:667:65: warning: 'init(dictionaryLiteral:)' is deprecated: Please regenerate your .pb.swift files with the current version of the SwiftProtobuf protoc plugin. [#DeprecatedDeclaration]
665 |
666 | extension Tensorflow_Serving_ClassificationSignature: SwiftProtobuf._MessageImplementationBase, SwiftProtobuf._ProtoNameProviding {
667 | public static let _protobuf_nameMap: SwiftProtobuf._NameMap = [
| `- warning: 'init(dictionaryLiteral:)' is deprecated: Please regenerate your .pb.swift files with the current version of the SwiftProtobuf protoc plugin. [#DeprecatedDeclaration]
668 | 1: .same(proto: "input"),
669 | 2: .same(proto: "classes"),
/Users/admin/builder/spi-builder-workspace/Sources/Proto/contrib/session_bundle/manifest.pb.swift:714:65: warning: 'init(dictionaryLiteral:)' is deprecated: Please regenerate your .pb.swift files with the current version of the SwiftProtobuf protoc plugin. [#DeprecatedDeclaration]
712 |
713 | extension Tensorflow_Serving_GenericSignature: SwiftProtobuf._MessageImplementationBase, SwiftProtobuf._ProtoNameProviding {
714 | public static let _protobuf_nameMap: SwiftProtobuf._NameMap = [
| `- warning: 'init(dictionaryLiteral:)' is deprecated: Please regenerate your .pb.swift files with the current version of the SwiftProtobuf protoc plugin. [#DeprecatedDeclaration]
715 | 1: .same(proto: "map"),
716 | ]
/Users/admin/builder/spi-builder-workspace/Sources/Proto/contrib/tensor_forest/proto/fertile_stats.pb.swift:604:65: warning: 'init(dictionaryLiteral:)' is deprecated: Please regenerate your .pb.swift files with the current version of the SwiftProtobuf protoc plugin. [#DeprecatedDeclaration]
602 |
603 | extension Tensorflow_Tensorforest_FertileStats: SwiftProtobuf._MessageImplementationBase, SwiftProtobuf._ProtoNameProviding {
604 | public static let _protobuf_nameMap: SwiftProtobuf._NameMap = [
| `- warning: 'init(dictionaryLiteral:)' is deprecated: Please regenerate your .pb.swift files with the current version of the SwiftProtobuf protoc plugin. [#DeprecatedDeclaration]
605 | 1: .standard(proto: "node_to_slot"),
606 | ]
/Users/admin/builder/spi-builder-workspace/Sources/Proto/contrib/tensor_forest/proto/fertile_stats.pb.swift:616:65: warning: 'init(dictionaryLiteral:)' is deprecated: Please regenerate your .pb.swift files with the current version of the SwiftProtobuf protoc plugin. [#DeprecatedDeclaration]
614 |
615 | extension Tensorflow_Tensorforest_GiniStats: SwiftProtobuf._MessageImplementationBase, SwiftProtobuf._ProtoNameProviding {
616 | public static let _protobuf_nameMap: SwiftProtobuf._NameMap = [
| `- warning: 'init(dictionaryLiteral:)' is deprecated: Please regenerate your .pb.swift files with the current version of the SwiftProtobuf protoc plugin. [#DeprecatedDeclaration]
617 | 2: .same(proto: "square"),
618 | ]
/Users/admin/builder/spi-builder-workspace/Sources/Proto/contrib/tensor_forest/proto/fertile_stats.pb.swift:628:65: warning: 'init(dictionaryLiteral:)' is deprecated: Please regenerate your .pb.swift files with the current version of the SwiftProtobuf protoc plugin. [#DeprecatedDeclaration]
626 |
627 | extension Tensorflow_Tensorforest_LeafStat: SwiftProtobuf._MessageImplementationBase, SwiftProtobuf._ProtoNameProviding {
628 | public static let _protobuf_nameMap: SwiftProtobuf._NameMap = [
| `- warning: 'init(dictionaryLiteral:)' is deprecated: Please regenerate your .pb.swift files with the current version of the SwiftProtobuf protoc plugin. [#DeprecatedDeclaration]
629 | 3: .standard(proto: "weight_sum"),
630 | 1: .same(proto: "classification"),
/Users/admin/builder/spi-builder-workspace/Sources/Proto/contrib/tensor_forest/proto/fertile_stats.pb.swift:672:65: warning: 'init(dictionaryLiteral:)' is deprecated: Please regenerate your .pb.swift files with the current version of the SwiftProtobuf protoc plugin. [#DeprecatedDeclaration]
670 |
671 | extension Tensorflow_Tensorforest_LeafStat.GiniImpurityClassificationStats: SwiftProtobuf._MessageImplementationBase, SwiftProtobuf._ProtoNameProviding {
672 | public static let _protobuf_nameMap: SwiftProtobuf._NameMap = [
| `- warning: 'init(dictionaryLiteral:)' is deprecated: Please regenerate your .pb.swift files with the current version of the SwiftProtobuf protoc plugin. [#DeprecatedDeclaration]
673 | 1: .standard(proto: "dense_counts"),
674 | 2: .standard(proto: "sparse_counts"),
/Users/admin/builder/spi-builder-workspace/Sources/Proto/contrib/tensor_forest/proto/fertile_stats.pb.swift:716:65: warning: 'init(dictionaryLiteral:)' is deprecated: Please regenerate your .pb.swift files with the current version of the SwiftProtobuf protoc plugin. [#DeprecatedDeclaration]
714 |
715 | extension Tensorflow_Tensorforest_LeafStat.LeastSquaresRegressionStats: SwiftProtobuf._MessageImplementationBase, SwiftProtobuf._ProtoNameProviding {
716 | public static let _protobuf_nameMap: SwiftProtobuf._NameMap = [
| `- warning: 'init(dictionaryLiteral:)' is deprecated: Please regenerate your .pb.swift files with the current version of the SwiftProtobuf protoc plugin. [#DeprecatedDeclaration]
717 | 1: .standard(proto: "mean_output"),
718 | 2: .standard(proto: "mean_output_squares"),
/Users/admin/builder/spi-builder-workspace/Sources/Proto/contrib/tensor_forest/proto/fertile_stats.pb.swift:759:65: warning: 'init(dictionaryLiteral:)' is deprecated: Please regenerate your .pb.swift files with the current version of the SwiftProtobuf protoc plugin. [#DeprecatedDeclaration]
757 |
758 | extension Tensorflow_Tensorforest_FertileSlot: SwiftProtobuf._MessageImplementationBase, SwiftProtobuf._ProtoNameProviding {
759 | public static let _protobuf_nameMap: SwiftProtobuf._NameMap = [
| `- warning: 'init(dictionaryLiteral:)' is deprecated: Please regenerate your .pb.swift files with the current version of the SwiftProtobuf protoc plugin. [#DeprecatedDeclaration]
760 | 4: .standard(proto: "leaf_stats"),
761 | 1: .same(proto: "candidates"),
/Users/admin/builder/spi-builder-workspace/Sources/Proto/contrib/tensor_forest/proto/fertile_stats.pb.swift:814:65: warning: 'init(dictionaryLiteral:)' is deprecated: Please regenerate your .pb.swift files with the current version of the SwiftProtobuf protoc plugin. [#DeprecatedDeclaration]
812 |
813 | extension Tensorflow_Tensorforest_SplitCandidate: SwiftProtobuf._MessageImplementationBase, SwiftProtobuf._ProtoNameProviding {
814 | public static let _protobuf_nameMap: SwiftProtobuf._NameMap = [
| `- warning: 'init(dictionaryLiteral:)' is deprecated: Please regenerate your .pb.swift files with the current version of the SwiftProtobuf protoc plugin. [#DeprecatedDeclaration]
815 | 1: .same(proto: "split"),
816 | 4: .standard(proto: "left_stats"),
SwiftCompile normal arm64_32 /Users/admin/builder/spi-builder-workspace/Sources/Proto/contrib/cloud/kernels/bigquery_table_partition.pb.swift (in target 'Proto' from project 'TensorFlow')
cd /Users/admin/builder/spi-builder-workspace/.swiftpm/xcode
builtin-SwiftPerFileCompile bigquery_table_partition.pb.swift
SwiftCompile normal arm64_32 /Users/admin/builder/spi-builder-workspace/Sources/Proto/contrib/decision_trees/proto/generic_tree_model.pb.swift (in target 'Proto' from project 'TensorFlow')
cd /Users/admin/builder/spi-builder-workspace/.swiftpm/xcode
builtin-SwiftPerFileCompile generic_tree_model.pb.swift
SwiftCompile normal arm64_32 /Users/admin/builder/spi-builder-workspace/Sources/Proto/contrib/decision_trees/proto/generic_tree_model_extensions.pb.swift (in target 'Proto' from project 'TensorFlow')
cd /Users/admin/builder/spi-builder-workspace/.swiftpm/xcode
builtin-SwiftPerFileCompile generic_tree_model_extensions.pb.swift
SwiftCompile normal arm64_32 /Users/admin/builder/spi-builder-workspace/Sources/Proto/contrib/gdr/gdr.pb.swift (in target 'Proto' from project 'TensorFlow')
cd /Users/admin/builder/spi-builder-workspace/.swiftpm/xcode
builtin-SwiftPerFileCompile gdr.pb.swift
SwiftCompile normal arm64_32 /Users/admin/builder/spi-builder-workspace/Sources/Proto/contrib/mpi/mpi_msg.pb.swift (in target 'Proto' from project 'TensorFlow')
cd /Users/admin/builder/spi-builder-workspace/.swiftpm/xcode
builtin-SwiftPerFileCompile mpi_msg.pb.swift
SwiftCompile normal arm64_32 /Users/admin/builder/spi-builder-workspace/Sources/Proto/contrib/mpi_collectives/mpi_message.pb.swift (in target 'Proto' from project 'TensorFlow')
cd /Users/admin/builder/spi-builder-workspace/.swiftpm/xcode
builtin-SwiftPerFileCompile mpi_message.pb.swift
SwiftCompile normal arm64_32 /Users/admin/builder/spi-builder-workspace/Sources/Proto/contrib/session_bundle/manifest.pb.swift (in target 'Proto' from project 'TensorFlow')
cd /Users/admin/builder/spi-builder-workspace/.swiftpm/xcode
builtin-SwiftPerFileCompile manifest.pb.swift
SwiftCompile normal arm64_32 /Users/admin/builder/spi-builder-workspace/Sources/Proto/contrib/tensor_forest/proto/fertile_stats.pb.swift (in target 'Proto' from project 'TensorFlow')
cd /Users/admin/builder/spi-builder-workspace/.swiftpm/xcode
builtin-SwiftPerFileCompile fertile_stats.pb.swift
SwiftCompile normal arm64_32 /Users/admin/builder/spi-builder-workspace/Sources/Proto/contrib/tensor_forest/proto/tensor_forest_params.pb.swift (in target 'Proto' from project 'TensorFlow')
cd /Users/admin/builder/spi-builder-workspace/.swiftpm/xcode
builtin-SwiftPerFileCompile tensor_forest_params.pb.swift
SwiftDriverJobDiscovery normal arm64 Compiling variable.pb.swift, versions.pb.swift, op_performance_data.pb.swift, error_codes.pb.swift, profile.pb.swift, tfprof_log.pb.swift, tfprof_options.pb.swift, tfprof_output.pb.swift, cluster.pb.swift (in target 'Proto' from project 'TensorFlow')
SwiftDriverJobDiscovery normal arm64_32 Compiling config.pb.swift, control_flow.pb.swift, debug.pb.swift, device_properties.pb.swift, master.pb.swift, master_service.pb.swift, meta_graph.pb.swift, named_tensor.pb.swift, queue_runner.pb.swift (in target 'Proto' from project 'TensorFlow')
ExtractAppIntentsMetadata (in target 'SwiftProtobuf' from project 'SwiftProtobuf')
cd /Users/admin/builder/spi-builder-workspace/.dependencies/checkouts/swift-protobuf
/Applications/Xcode-27.0.0-Release.Candidate.app/Contents/Developer/Toolchains/XcodeDefault.xctoolchain/usr/bin/appintentsmetadataprocessor --toolchain-dir /var/run/com.apple.security.cryptexd/mnt/com.apple.MobileAsset.MetalToolchain-v27.1.266.1.BJsdCb/Metal.xctoolchain --module-name SwiftProtobuf --sdk-root /Applications/Xcode-27.0.0-Release.Candidate.app/Contents/Developer/Platforms/WatchOS.platform/Developer/SDKs/WatchOS27.0.sdk --xcode-version 27A266a --platform-family watchOS --deployment-target 9.0 --bundle-identifier swift-protobuf.SwiftProtobuf --output /Users/admin/builder/spi-builder-workspace/.derivedData/Build/Products/Debug-watchos/SwiftProtobuf.appintents --target-triple arm64-apple-watchos9.0 --target-triple arm64_32-apple-watchos9.0 --binary-file /Users/admin/builder/spi-builder-workspace/.derivedData/Build/Products/Debug-watchos/SwiftProtobuf.o --dependency-file /Users/admin/builder/spi-builder-workspace/.derivedData/Build/Intermediates.noindex/SwiftProtobuf.build/Debug-watchos/SwiftProtobuf-t.build/Objects-normal/arm64/SwiftProtobuf_dependency_info.dat --dependency-file /Users/admin/builder/spi-builder-workspace/.derivedData/Build/Intermediates.noindex/SwiftProtobuf.build/Debug-watchos/SwiftProtobuf-t.build/Objects-normal/arm64_32/SwiftProtobuf_dependency_info.dat --stringsdata-file /Users/admin/builder/spi-builder-workspace/.derivedData/Build/Intermediates.noindex/SwiftProtobuf.build/Debug-watchos/SwiftProtobuf-t.build/Objects-normal/arm64/ExtractedAppShortcutsMetadata.stringsdata --stringsdata-file /Users/admin/builder/spi-builder-workspace/.derivedData/Build/Intermediates.noindex/SwiftProtobuf.build/Debug-watchos/SwiftProtobuf-t.build/Objects-normal/arm64_32/ExtractedAppShortcutsMetadata.stringsdata --source-file-list /Users/admin/builder/spi-builder-workspace/.derivedData/Build/Intermediates.noindex/SwiftProtobuf.build/Debug-watchos/SwiftProtobuf-t.build/Objects-normal/arm64/SwiftProtobuf.SwiftFileList --source-file-list /Users/admin/builder/spi-builder-workspace/.derivedData/Build/Intermediates.noindex/SwiftProtobuf.build/Debug-watchos/SwiftProtobuf-t.build/Objects-normal/arm64_32/SwiftProtobuf.SwiftFileList --metadata-file-list /Users/admin/builder/spi-builder-workspace/.derivedData/Build/Intermediates.noindex/SwiftProtobuf.build/Debug-watchos/SwiftProtobuf-t.build/SwiftProtobuf.DependencyMetadataFileList --static-metadata-file-list /Users/admin/builder/spi-builder-workspace/.derivedData/Build/Intermediates.noindex/SwiftProtobuf.build/Debug-watchos/SwiftProtobuf-t.build/SwiftProtobuf.DependencyStaticMetadataFileList --swift-const-vals-list /Users/admin/builder/spi-builder-workspace/.derivedData/Build/Intermediates.noindex/SwiftProtobuf.build/Debug-watchos/SwiftProtobuf-t.build/Objects-normal/arm64/SwiftProtobuf.SwiftConstValuesFileList --swift-const-vals-list /Users/admin/builder/spi-builder-workspace/.derivedData/Build/Intermediates.noindex/SwiftProtobuf.build/Debug-watchos/SwiftProtobuf-t.build/Objects-normal/arm64_32/SwiftProtobuf.SwiftConstValuesFileList --force --compile-time-extraction --deployment-aware-processing --no-app-shortcuts-localization
2026-09-16 05:20:53.941 appintentsmetadataprocessor[1101:6626] Starting appintentsmetadataprocessor export
2026-09-16 05:20:54.028 appintentsmetadataprocessor[1101:6626] Extracted no relevant App Intents symbols, skipping writing output
SwiftDriverJobDiscovery normal arm64 Emitting module for Proto (in target 'Proto' from project 'TensorFlow')
SwiftDriver\ Compilation\ Requirements Proto normal arm64 com.apple.xcode.tools.swift.compiler (in target 'Proto' from project 'TensorFlow')
cd /Users/admin/builder/spi-builder-workspace/.swiftpm/xcode
builtin-Swift-Compilation-Requirements -- /Applications/Xcode-27.0.0-Release.Candidate.app/Contents/Developer/Toolchains/XcodeDefault.xctoolchain/usr/bin/swiftc -parse-as-library -module-name Proto -Onone @/Users/admin/builder/spi-builder-workspace/.derivedData/Build/Intermediates.noindex/TensorFlow.build/Debug-watchos/Proto-t.build/Objects-normal/arm64/Proto.SwiftFileList -DSWIFT_PACKAGE -DDEBUG -DSWIFT_MODULE_RESOURCE_BUNDLE_UNAVAILABLE -Xcc -fmodule-map-file\=/Users/admin/builder/spi-builder-workspace/.dependencies/checkouts/CTensorFlow/module.modulemap -DXcode -plugin-path /Applications/Xcode-27.0.0-Release.Candidate.app/Contents/Developer/Toolchains/XcodeDefault.xctoolchain/usr/lib/swift/host/plugins/testing -enable-experimental-feature DebugDescriptionMacro -sdk /Applications/Xcode-27.0.0-Release.Candidate.app/Contents/Developer/Platforms/WatchOS.platform/Developer/SDKs/WatchOS27.0.sdk -target arm64-apple-watchos9.0 -g -module-cache-path /Users/admin/builder/spi-builder-workspace/.derivedData/ModuleCache.noindex -Xfrontend -serialize-debugging-options -profile-coverage-mapping -profile-generate -enable-testing -index-store-path /Users/admin/builder/spi-builder-workspace/.derivedData/Index.noindex/DataStore -Xcc -D_LIBCPP_HARDENING_MODE\=_LIBCPP_HARDENING_MODE_DEBUG -swift-version 4 -I /Users/admin/builder/spi-builder-workspace/.derivedData/Build/Products/Debug-watchos -Isystem /Applications/Xcode-27.0.0-Release.Candidate.app/Contents/Developer/Platforms/WatchOS.platform/Developer/usr/lib -F /Users/admin/builder/spi-builder-workspace/.derivedData/Build/Products/Debug-watchos/PackageFrameworks -F /Users/admin/builder/spi-builder-workspace/.derivedData/Build/Products/Debug-watchos -F /Applications/Xcode-27.0.0-Release.Candidate.app/Contents/Developer/Platforms/WatchOS.platform/Developer/Library/Frameworks -F /Applications/Xcode-27.0.0-Release.Candidate.app/Contents/Developer/Platforms/WatchOS.platform/Developer/SDKs/WatchOS27.0.sdk/Developer/Library/Frameworks -c -j10 -enable-batch-mode -incremental -Xcc -ivfsstatcache -Xcc /Users/admin/builder/spi-builder-workspace/.derivedData/SDKStatCaches.noindex/watchos27.0-24R360-e829b21a6f8c9b70876ba0858053c04477534ef55a1706bf4c1112bbb242f0a2.sdkstatcache -output-file-map /Users/admin/builder/spi-builder-workspace/.derivedData/Build/Intermediates.noindex/TensorFlow.build/Debug-watchos/Proto-t.build/Objects-normal/arm64/Proto-OutputFileMap.json -save-temps -no-color-diagnostics -emit-dependencies -emit-module -emit-module-path /Users/admin/builder/spi-builder-workspace/.derivedData/Build/Intermediates.noindex/TensorFlow.build/Debug-watchos/Proto-t.build/Objects-normal/arm64/Proto.swiftmodule -serialize-diagnostics -validate-clang-modules-once -clang-build-session-file /Users/admin/builder/spi-builder-workspace/.derivedData/ModuleCache.noindex/Session.modulevalidation -Xcc -fmodules-prune-interval\=86400 -Xcc -fmodules-prune-after\=345600 -emit-const-values -const-gather-protocols-list /Users/admin/builder/spi-builder-workspace/.derivedData/Build/Intermediates.noindex/TensorFlow.build/Debug-watchos/Proto-t.build/Objects-normal/arm64/Proto_const_extract_protocols.json -Xcc -I/Users/admin/builder/spi-builder-workspace/.derivedData/Build/Products/Debug-watchos/include -Xcc -I/Users/admin/builder/spi-builder-workspace/.derivedData/Build/Intermediates.noindex/TensorFlow.build/Debug-watchos/Proto-t.build/DerivedSources-normal/arm64 -Xcc -I/Users/admin/builder/spi-builder-workspace/.derivedData/Build/Intermediates.noindex/TensorFlow.build/Debug-watchos/Proto-t.build/DerivedSources/arm64 -Xcc -I/Users/admin/builder/spi-builder-workspace/.derivedData/Build/Intermediates.noindex/TensorFlow.build/Debug-watchos/Proto-t.build/DerivedSources -Xcc -DSWIFT_PACKAGE -Xcc -DDEBUG\=1 -emit-objc-header -emit-objc-header-path /Users/admin/builder/spi-builder-workspace/.derivedData/Build/Intermediates.noindex/TensorFlow.build/Debug-watchos/Proto-t.build/Objects-normal/arm64/Proto-Swift.h -working-directory /Users/admin/builder/spi-builder-workspace/.swiftpm/xcode -experimental-emit-module-separately -disable-cmo
Copy /Users/admin/builder/spi-builder-workspace/.derivedData/Build/Products/Debug-watchos/Proto.swiftmodule/arm64-apple-watchos.swiftmodule /Users/admin/builder/spi-builder-workspace/.derivedData/Build/Intermediates.noindex/TensorFlow.build/Debug-watchos/Proto-t.build/Objects-normal/arm64/Proto.swiftmodule (in target 'Proto' from project 'TensorFlow')
cd /Users/admin/builder/spi-builder-workspace
builtin-copy -exclude .DS_Store -exclude CVS -exclude .svn -exclude .git -exclude .hg -resolve-src-symlinks -rename /Users/admin/builder/spi-builder-workspace/.derivedData/Build/Intermediates.noindex/TensorFlow.build/Debug-watchos/Proto-t.build/Objects-normal/arm64/Proto.swiftmodule /Users/admin/builder/spi-builder-workspace/.derivedData/Build/Products/Debug-watchos/Proto.swiftmodule/arm64-apple-watchos.swiftmodule
Copy /Users/admin/builder/spi-builder-workspace/.derivedData/Build/Products/Debug-watchos/Proto.swiftmodule/arm64-apple-watchos.swiftdoc /Users/admin/builder/spi-builder-workspace/.derivedData/Build/Intermediates.noindex/TensorFlow.build/Debug-watchos/Proto-t.build/Objects-normal/arm64/Proto.swiftdoc (in target 'Proto' from project 'TensorFlow')
cd /Users/admin/builder/spi-builder-workspace
builtin-copy -exclude .DS_Store -exclude CVS -exclude .svn -exclude .git -exclude .hg -resolve-src-symlinks -rename /Users/admin/builder/spi-builder-workspace/.derivedData/Build/Intermediates.noindex/TensorFlow.build/Debug-watchos/Proto-t.build/Objects-normal/arm64/Proto.swiftdoc /Users/admin/builder/spi-builder-workspace/.derivedData/Build/Products/Debug-watchos/Proto.swiftmodule/arm64-apple-watchos.swiftdoc
Copy /Users/admin/builder/spi-builder-workspace/.derivedData/Build/Products/Debug-watchos/Proto.swiftmodule/arm64-apple-watchos.abi.json /Users/admin/builder/spi-builder-workspace/.derivedData/Build/Intermediates.noindex/TensorFlow.build/Debug-watchos/Proto-t.build/Objects-normal/arm64/Proto.abi.json (in target 'Proto' from project 'TensorFlow')
cd /Users/admin/builder/spi-builder-workspace
builtin-copy -exclude .DS_Store -exclude CVS -exclude .svn -exclude .git -exclude .hg -resolve-src-symlinks -rename /Users/admin/builder/spi-builder-workspace/.derivedData/Build/Intermediates.noindex/TensorFlow.build/Debug-watchos/Proto-t.build/Objects-normal/arm64/Proto.abi.json /Users/admin/builder/spi-builder-workspace/.derivedData/Build/Products/Debug-watchos/Proto.swiftmodule/arm64-apple-watchos.abi.json
Copy /Users/admin/builder/spi-builder-workspace/.derivedData/Build/Products/Debug-watchos/Proto.swiftmodule/Project/arm64-apple-watchos.swiftsourceinfo /Users/admin/builder/spi-builder-workspace/.derivedData/Build/Intermediates.noindex/TensorFlow.build/Debug-watchos/Proto-t.build/Objects-normal/arm64/Proto.swiftsourceinfo (in target 'Proto' from project 'TensorFlow')
cd /Users/admin/builder/spi-builder-workspace
builtin-copy -exclude .DS_Store -exclude CVS -exclude .svn -exclude .git -exclude .hg -resolve-src-symlinks -rename /Users/admin/builder/spi-builder-workspace/.derivedData/Build/Intermediates.noindex/TensorFlow.build/Debug-watchos/Proto-t.build/Objects-normal/arm64/Proto.swiftsourceinfo /Users/admin/builder/spi-builder-workspace/.derivedData/Build/Products/Debug-watchos/Proto.swiftmodule/Project/arm64-apple-watchos.swiftsourceinfo
SwiftDriverJobDiscovery normal arm64_32 Emitting module for Proto (in target 'Proto' from project 'TensorFlow')
SwiftDriver\ Compilation\ Requirements Proto normal arm64_32 com.apple.xcode.tools.swift.compiler (in target 'Proto' from project 'TensorFlow')
cd /Users/admin/builder/spi-builder-workspace/.swiftpm/xcode
builtin-Swift-Compilation-Requirements -- /Applications/Xcode-27.0.0-Release.Candidate.app/Contents/Developer/Toolchains/XcodeDefault.xctoolchain/usr/bin/swiftc -parse-as-library -module-name Proto -Onone @/Users/admin/builder/spi-builder-workspace/.derivedData/Build/Intermediates.noindex/TensorFlow.build/Debug-watchos/Proto-t.build/Objects-normal/arm64_32/Proto.SwiftFileList -DSWIFT_PACKAGE -DDEBUG -DSWIFT_MODULE_RESOURCE_BUNDLE_UNAVAILABLE -Xcc -fmodule-map-file\=/Users/admin/builder/spi-builder-workspace/.dependencies/checkouts/CTensorFlow/module.modulemap -DXcode -plugin-path /Applications/Xcode-27.0.0-Release.Candidate.app/Contents/Developer/Toolchains/XcodeDefault.xctoolchain/usr/lib/swift/host/plugins/testing -enable-experimental-feature DebugDescriptionMacro -sdk /Applications/Xcode-27.0.0-Release.Candidate.app/Contents/Developer/Platforms/WatchOS.platform/Developer/SDKs/WatchOS27.0.sdk -target arm64_32-apple-watchos9.0 -g -module-cache-path /Users/admin/builder/spi-builder-workspace/.derivedData/ModuleCache.noindex -Xfrontend -serialize-debugging-options -profile-coverage-mapping -profile-generate -enable-testing -index-store-path /Users/admin/builder/spi-builder-workspace/.derivedData/Index.noindex/DataStore -Xcc -D_LIBCPP_HARDENING_MODE\=_LIBCPP_HARDENING_MODE_DEBUG -swift-version 4 -I /Users/admin/builder/spi-builder-workspace/.derivedData/Build/Products/Debug-watchos -Isystem /Applications/Xcode-27.0.0-Release.Candidate.app/Contents/Developer/Platforms/WatchOS.platform/Developer/usr/lib -F /Users/admin/builder/spi-builder-workspace/.derivedData/Build/Products/Debug-watchos/PackageFrameworks -F /Users/admin/builder/spi-builder-workspace/.derivedData/Build/Products/Debug-watchos -F /Applications/Xcode-27.0.0-Release.Candidate.app/Contents/Developer/Platforms/WatchOS.platform/Developer/Library/Frameworks -F /Applications/Xcode-27.0.0-Release.Candidate.app/Contents/Developer/Platforms/WatchOS.platform/Developer/SDKs/WatchOS27.0.sdk/Developer/Library/Frameworks -c -j10 -enable-batch-mode -incremental -Xcc -ivfsstatcache -Xcc /Users/admin/builder/spi-builder-workspace/.derivedData/SDKStatCaches.noindex/watchos27.0-24R360-e829b21a6f8c9b70876ba0858053c04477534ef55a1706bf4c1112bbb242f0a2.sdkstatcache -output-file-map /Users/admin/builder/spi-builder-workspace/.derivedData/Build/Intermediates.noindex/TensorFlow.build/Debug-watchos/Proto-t.build/Objects-normal/arm64_32/Proto-OutputFileMap.json -save-temps -no-color-diagnostics -emit-dependencies -emit-module -emit-module-path /Users/admin/builder/spi-builder-workspace/.derivedData/Build/Intermediates.noindex/TensorFlow.build/Debug-watchos/Proto-t.build/Objects-normal/arm64_32/Proto.swiftmodule -serialize-diagnostics -validate-clang-modules-once -clang-build-session-file /Users/admin/builder/spi-builder-workspace/.derivedData/ModuleCache.noindex/Session.modulevalidation -Xcc -fmodules-prune-interval\=86400 -Xcc -fmodules-prune-after\=345600 -emit-const-values -const-gather-protocols-list /Users/admin/builder/spi-builder-workspace/.derivedData/Build/Intermediates.noindex/TensorFlow.build/Debug-watchos/Proto-t.build/Objects-normal/arm64_32/Proto_const_extract_protocols.json -Xcc -I/Users/admin/builder/spi-builder-workspace/.derivedData/Build/Products/Debug-watchos/include -Xcc -I/Users/admin/builder/spi-builder-workspace/.derivedData/Build/Intermediates.noindex/TensorFlow.build/Debug-watchos/Proto-t.build/DerivedSources-normal/arm64_32 -Xcc -I/Users/admin/builder/spi-builder-workspace/.derivedData/Build/Intermediates.noindex/TensorFlow.build/Debug-watchos/Proto-t.build/DerivedSources/arm64_32 -Xcc -I/Users/admin/builder/spi-builder-workspace/.derivedData/Build/Intermediates.noindex/TensorFlow.build/Debug-watchos/Proto-t.build/DerivedSources -Xcc -DSWIFT_PACKAGE -Xcc -DDEBUG\=1 -emit-objc-header -emit-objc-header-path /Users/admin/builder/spi-builder-workspace/.derivedData/Build/Intermediates.noindex/TensorFlow.build/Debug-watchos/Proto-t.build/Objects-normal/arm64_32/Proto-Swift.h -working-directory /Users/admin/builder/spi-builder-workspace/.swiftpm/xcode -experimental-emit-module-separately -disable-cmo
SwiftDriverJobDiscovery normal arm64_32 Compiling memmapped_file_system.pb.swift, saved_tensor_slice.pb.swift, test_log.pb.swift, cpp_shape_inference.pb.swift, checkpoint_state.pb.swift, compare_test.pb.swift, api_objects.pb.swift, test.pb.swift (in target 'Proto' from project 'TensorFlow')
SwiftMergeGeneratedHeaders /Users/admin/builder/spi-builder-workspace/.derivedData/Build/Intermediates.noindex/GeneratedModuleMaps-watchos/Proto-Swift.h /Users/admin/builder/spi-builder-workspace/.derivedData/Build/Intermediates.noindex/TensorFlow.build/Debug-watchos/Proto-t.build/Objects-normal/arm64/Proto-Swift.h /Users/admin/builder/spi-builder-workspace/.derivedData/Build/Intermediates.noindex/TensorFlow.build/Debug-watchos/Proto-t.build/Objects-normal/arm64_32/Proto-Swift.h (in target 'Proto' from project 'TensorFlow')
cd /Users/admin/builder/spi-builder-workspace
builtin-swiftHeaderTool -arch arm64 /Users/admin/builder/spi-builder-workspace/.derivedData/Build/Intermediates.noindex/TensorFlow.build/Debug-watchos/Proto-t.build/Objects-normal/arm64/Proto-Swift.h -arch arm64_32 /Users/admin/builder/spi-builder-workspace/.derivedData/Build/Intermediates.noindex/TensorFlow.build/Debug-watchos/Proto-t.build/Objects-normal/arm64_32/Proto-Swift.h -o /Users/admin/builder/spi-builder-workspace/.derivedData/Build/Intermediates.noindex/GeneratedModuleMaps-watchos/Proto-Swift.h
Copy /Users/admin/builder/spi-builder-workspace/.derivedData/Build/Products/Debug-watchos/Proto.swiftmodule/arm64_32-apple-watchos.swiftdoc /Users/admin/builder/spi-builder-workspace/.derivedData/Build/Intermediates.noindex/TensorFlow.build/Debug-watchos/Proto-t.build/Objects-normal/arm64_32/Proto.swiftdoc (in target 'Proto' from project 'TensorFlow')
cd /Users/admin/builder/spi-builder-workspace
builtin-copy -exclude .DS_Store -exclude CVS -exclude .svn -exclude .git -exclude .hg -resolve-src-symlinks -rename /Users/admin/builder/spi-builder-workspace/.derivedData/Build/Intermediates.noindex/TensorFlow.build/Debug-watchos/Proto-t.build/Objects-normal/arm64_32/Proto.swiftdoc /Users/admin/builder/spi-builder-workspace/.derivedData/Build/Products/Debug-watchos/Proto.swiftmodule/arm64_32-apple-watchos.swiftdoc
Copy /Users/admin/builder/spi-builder-workspace/.derivedData/Build/Products/Debug-watchos/Proto.swiftmodule/arm64_32-apple-watchos.swiftmodule /Users/admin/builder/spi-builder-workspace/.derivedData/Build/Intermediates.noindex/TensorFlow.build/Debug-watchos/Proto-t.build/Objects-normal/arm64_32/Proto.swiftmodule (in target 'Proto' from project 'TensorFlow')
cd /Users/admin/builder/spi-builder-workspace
builtin-copy -exclude .DS_Store -exclude CVS -exclude .svn -exclude .git -exclude .hg -resolve-src-symlinks -rename /Users/admin/builder/spi-builder-workspace/.derivedData/Build/Intermediates.noindex/TensorFlow.build/Debug-watchos/Proto-t.build/Objects-normal/arm64_32/Proto.swiftmodule /Users/admin/builder/spi-builder-workspace/.derivedData/Build/Products/Debug-watchos/Proto.swiftmodule/arm64_32-apple-watchos.swiftmodule
Copy /Users/admin/builder/spi-builder-workspace/.derivedData/Build/Products/Debug-watchos/Proto.swiftmodule/arm64_32-apple-watchos.abi.json /Users/admin/builder/spi-builder-workspace/.derivedData/Build/Intermediates.noindex/TensorFlow.build/Debug-watchos/Proto-t.build/Objects-normal/arm64_32/Proto.abi.json (in target 'Proto' from project 'TensorFlow')
cd /Users/admin/builder/spi-builder-workspace
builtin-copy -exclude .DS_Store -exclude CVS -exclude .svn -exclude .git -exclude .hg -resolve-src-symlinks -rename /Users/admin/builder/spi-builder-workspace/.derivedData/Build/Intermediates.noindex/TensorFlow.build/Debug-watchos/Proto-t.build/Objects-normal/arm64_32/Proto.abi.json /Users/admin/builder/spi-builder-workspace/.derivedData/Build/Products/Debug-watchos/Proto.swiftmodule/arm64_32-apple-watchos.abi.json
Copy /Users/admin/builder/spi-builder-workspace/.derivedData/Build/Products/Debug-watchos/Proto.swiftmodule/Project/arm64_32-apple-watchos.swiftsourceinfo /Users/admin/builder/spi-builder-workspace/.derivedData/Build/Intermediates.noindex/TensorFlow.build/Debug-watchos/Proto-t.build/Objects-normal/arm64_32/Proto.swiftsourceinfo (in target 'Proto' from project 'TensorFlow')
cd /Users/admin/builder/spi-builder-workspace
builtin-copy -exclude .DS_Store -exclude CVS -exclude .svn -exclude .git -exclude .hg -resolve-src-symlinks -rename /Users/admin/builder/spi-builder-workspace/.derivedData/Build/Intermediates.noindex/TensorFlow.build/Debug-watchos/Proto-t.build/Objects-normal/arm64_32/Proto.swiftsourceinfo /Users/admin/builder/spi-builder-workspace/.derivedData/Build/Products/Debug-watchos/Proto.swiftmodule/Project/arm64_32-apple-watchos.swiftsourceinfo
SwiftDriver CAPI normal arm64 com.apple.xcode.tools.swift.compiler (in target 'CAPI' from project 'TensorFlow')
cd /Users/admin/builder/spi-builder-workspace/.swiftpm/xcode
builtin-SwiftDriver -- /Applications/Xcode-27.0.0-Release.Candidate.app/Contents/Developer/Toolchains/XcodeDefault.xctoolchain/usr/bin/swiftc -parse-as-library -module-name CAPI -Onone @/Users/admin/builder/spi-builder-workspace/.derivedData/Build/Intermediates.noindex/TensorFlow.build/Debug-watchos/CAPI-t.build/Objects-normal/arm64/CAPI.SwiftFileList -DSWIFT_PACKAGE -DDEBUG -DSWIFT_MODULE_RESOURCE_BUNDLE_UNAVAILABLE -Xcc -fmodule-map-file\=/Users/admin/builder/spi-builder-workspace/.dependencies/checkouts/CTensorFlow/module.modulemap -DXcode -plugin-path /Applications/Xcode-27.0.0-Release.Candidate.app/Contents/Developer/Toolchains/XcodeDefault.xctoolchain/usr/lib/swift/host/plugins/testing -enable-experimental-feature DebugDescriptionMacro -sdk /Applications/Xcode-27.0.0-Release.Candidate.app/Contents/Developer/Platforms/WatchOS.platform/Developer/SDKs/WatchOS27.0.sdk -target arm64-apple-watchos9.0 -g -module-cache-path /Users/admin/builder/spi-builder-workspace/.derivedData/ModuleCache.noindex -Xfrontend -serialize-debugging-options -profile-coverage-mapping -profile-generate -enable-testing -index-store-path /Users/admin/builder/spi-builder-workspace/.derivedData/Index.noindex/DataStore -Xcc -D_LIBCPP_HARDENING_MODE\=_LIBCPP_HARDENING_MODE_DEBUG -swift-version 4 -I /Users/admin/builder/spi-builder-workspace/.derivedData/Build/Products/Debug-watchos -Isystem /Applications/Xcode-27.0.0-Release.Candidate.app/Contents/Developer/Platforms/WatchOS.platform/Developer/usr/lib -F /Users/admin/builder/spi-builder-workspace/.derivedData/Build/Products/Debug-watchos/PackageFrameworks -F /Users/admin/builder/spi-builder-workspace/.derivedData/Build/Products/Debug-watchos -F /Applications/Xcode-27.0.0-Release.Candidate.app/Contents/Developer/Platforms/WatchOS.platform/Developer/Library/Frameworks -F /Applications/Xcode-27.0.0-Release.Candidate.app/Contents/Developer/Platforms/WatchOS.platform/Developer/SDKs/WatchOS27.0.sdk/Developer/Library/Frameworks -c -j10 -enable-batch-mode -incremental -Xcc -ivfsstatcache -Xcc /Users/admin/builder/spi-builder-workspace/.derivedData/SDKStatCaches.noindex/watchos27.0-24R360-e829b21a6f8c9b70876ba0858053c04477534ef55a1706bf4c1112bbb242f0a2.sdkstatcache -output-file-map /Users/admin/builder/spi-builder-workspace/.derivedData/Build/Intermediates.noindex/TensorFlow.build/Debug-watchos/CAPI-t.build/Objects-normal/arm64/CAPI-OutputFileMap.json -save-temps -no-color-diagnostics -emit-dependencies -emit-module -emit-module-path /Users/admin/builder/spi-builder-workspace/.derivedData/Build/Intermediates.noindex/TensorFlow.build/Debug-watchos/CAPI-t.build/Objects-normal/arm64/CAPI.swiftmodule -serialize-diagnostics -validate-clang-modules-once -clang-build-session-file /Users/admin/builder/spi-builder-workspace/.derivedData/ModuleCache.noindex/Session.modulevalidation -Xcc -fmodules-prune-interval\=86400 -Xcc -fmodules-prune-after\=345600 -emit-const-values -const-gather-protocols-list /Users/admin/builder/spi-builder-workspace/.derivedData/Build/Intermediates.noindex/TensorFlow.build/Debug-watchos/CAPI-t.build/Objects-normal/arm64/CAPI_const_extract_protocols.json -Xcc -I/Users/admin/builder/spi-builder-workspace/.derivedData/Build/Products/Debug-watchos/include -Xcc -I/Users/admin/builder/spi-builder-workspace/.derivedData/Build/Intermediates.noindex/TensorFlow.build/Debug-watchos/CAPI-t.build/DerivedSources-normal/arm64 -Xcc -I/Users/admin/builder/spi-builder-workspace/.derivedData/Build/Intermediates.noindex/TensorFlow.build/Debug-watchos/CAPI-t.build/DerivedSources/arm64 -Xcc -I/Users/admin/builder/spi-builder-workspace/.derivedData/Build/Intermediates.noindex/TensorFlow.build/Debug-watchos/CAPI-t.build/DerivedSources -Xcc -DSWIFT_PACKAGE -Xcc -DDEBUG\=1 -emit-objc-header -emit-objc-header-path /Users/admin/builder/spi-builder-workspace/.derivedData/Build/Intermediates.noindex/TensorFlow.build/Debug-watchos/CAPI-t.build/Objects-normal/arm64/CAPI-Swift.h -working-directory /Users/admin/builder/spi-builder-workspace/.swiftpm/xcode -experimental-emit-module-separately -disable-cmo
SwiftDriver CAPI normal arm64_32 com.apple.xcode.tools.swift.compiler (in target 'CAPI' from project 'TensorFlow')
cd /Users/admin/builder/spi-builder-workspace/.swiftpm/xcode
builtin-SwiftDriver -- /Applications/Xcode-27.0.0-Release.Candidate.app/Contents/Developer/Toolchains/XcodeDefault.xctoolchain/usr/bin/swiftc -parse-as-library -module-name CAPI -Onone @/Users/admin/builder/spi-builder-workspace/.derivedData/Build/Intermediates.noindex/TensorFlow.build/Debug-watchos/CAPI-t.build/Objects-normal/arm64_32/CAPI.SwiftFileList -DSWIFT_PACKAGE -DDEBUG -DSWIFT_MODULE_RESOURCE_BUNDLE_UNAVAILABLE -Xcc -fmodule-map-file\=/Users/admin/builder/spi-builder-workspace/.dependencies/checkouts/CTensorFlow/module.modulemap -DXcode -plugin-path /Applications/Xcode-27.0.0-Release.Candidate.app/Contents/Developer/Toolchains/XcodeDefault.xctoolchain/usr/lib/swift/host/plugins/testing -enable-experimental-feature DebugDescriptionMacro -sdk /Applications/Xcode-27.0.0-Release.Candidate.app/Contents/Developer/Platforms/WatchOS.platform/Developer/SDKs/WatchOS27.0.sdk -target arm64_32-apple-watchos9.0 -g -module-cache-path /Users/admin/builder/spi-builder-workspace/.derivedData/ModuleCache.noindex -Xfrontend -serialize-debugging-options -profile-coverage-mapping -profile-generate -enable-testing -index-store-path /Users/admin/builder/spi-builder-workspace/.derivedData/Index.noindex/DataStore -Xcc -D_LIBCPP_HARDENING_MODE\=_LIBCPP_HARDENING_MODE_DEBUG -swift-version 4 -I /Users/admin/builder/spi-builder-workspace/.derivedData/Build/Products/Debug-watchos -Isystem /Applications/Xcode-27.0.0-Release.Candidate.app/Contents/Developer/Platforms/WatchOS.platform/Developer/usr/lib -F /Users/admin/builder/spi-builder-workspace/.derivedData/Build/Products/Debug-watchos/PackageFrameworks -F /Users/admin/builder/spi-builder-workspace/.derivedData/Build/Products/Debug-watchos -F /Applications/Xcode-27.0.0-Release.Candidate.app/Contents/Developer/Platforms/WatchOS.platform/Developer/Library/Frameworks -F /Applications/Xcode-27.0.0-Release.Candidate.app/Contents/Developer/Platforms/WatchOS.platform/Developer/SDKs/WatchOS27.0.sdk/Developer/Library/Frameworks -c -j10 -enable-batch-mode -incremental -Xcc -ivfsstatcache -Xcc /Users/admin/builder/spi-builder-workspace/.derivedData/SDKStatCaches.noindex/watchos27.0-24R360-e829b21a6f8c9b70876ba0858053c04477534ef55a1706bf4c1112bbb242f0a2.sdkstatcache -output-file-map /Users/admin/builder/spi-builder-workspace/.derivedData/Build/Intermediates.noindex/TensorFlow.build/Debug-watchos/CAPI-t.build/Objects-normal/arm64_32/CAPI-OutputFileMap.json -save-temps -no-color-diagnostics -emit-dependencies -emit-module -emit-module-path /Users/admin/builder/spi-builder-workspace/.derivedData/Build/Intermediates.noindex/TensorFlow.build/Debug-watchos/CAPI-t.build/Objects-normal/arm64_32/CAPI.swiftmodule -serialize-diagnostics -validate-clang-modules-once -clang-build-session-file /Users/admin/builder/spi-builder-workspace/.derivedData/ModuleCache.noindex/Session.modulevalidation -Xcc -fmodules-prune-interval\=86400 -Xcc -fmodules-prune-after\=345600 -emit-const-values -const-gather-protocols-list /Users/admin/builder/spi-builder-workspace/.derivedData/Build/Intermediates.noindex/TensorFlow.build/Debug-watchos/CAPI-t.build/Objects-normal/arm64_32/CAPI_const_extract_protocols.json -Xcc -I/Users/admin/builder/spi-builder-workspace/.derivedData/Build/Products/Debug-watchos/include -Xcc -I/Users/admin/builder/spi-builder-workspace/.derivedData/Build/Intermediates.noindex/TensorFlow.build/Debug-watchos/CAPI-t.build/DerivedSources-normal/arm64_32 -Xcc -I/Users/admin/builder/spi-builder-workspace/.derivedData/Build/Intermediates.noindex/TensorFlow.build/Debug-watchos/CAPI-t.build/DerivedSources/arm64_32 -Xcc -I/Users/admin/builder/spi-builder-workspace/.derivedData/Build/Intermediates.noindex/TensorFlow.build/Debug-watchos/CAPI-t.build/DerivedSources -Xcc -DSWIFT_PACKAGE -Xcc -DDEBUG\=1 -emit-objc-header -emit-objc-header-path /Users/admin/builder/spi-builder-workspace/.derivedData/Build/Intermediates.noindex/TensorFlow.build/Debug-watchos/CAPI-t.build/Objects-normal/arm64_32/CAPI-Swift.h -working-directory /Users/admin/builder/spi-builder-workspace/.swiftpm/xcode -experimental-emit-module-separately -disable-cmo
SwiftEmitModule normal arm64_32 Emitting\ module\ for\ CAPI (in target 'CAPI' from project 'TensorFlow')
<module-includes>:1:9: note: in file included from <module-includes>:1:
1 | #import "CTensorFlow.h"
| `- note: in file included from <module-includes>:1:
2 |
/Users/admin/builder/spi-builder-workspace/.dependencies/checkouts/CTensorFlow/CTensorFlow.h:4:10: error: 'tensorflow/c/c_api.h' file not found
2 | #define _SWIFT_CTENSORFLOW_H_
3 |
4 | #include <tensorflow/c/c_api.h>
| `- error: 'tensorflow/c/c_api.h' file not found
5 |
6 | #endif
/Users/admin/builder/spi-builder-workspace/Sources/CAPI/Buffer.swift:16:8: error: could not build Objective-C module 'CTensorFlow'
14 | limitations under the License.
15 | */
16 | import CTensorFlow
| `- error: could not build Objective-C module 'CTensorFlow'
17 | import Foundation
18 |
Failed frontend command:
/Applications/Xcode-27.0.0-Release.Candidate.app/Contents/Developer/Toolchains/XcodeDefault.xctoolchain/usr/bin/swift-frontend -frontend -emit-module -experimental-skip-non-inlinable-function-bodies-without-types /Users/admin/builder/spi-builder-workspace/Sources/CAPI/Buffer.swift /Users/admin/builder/spi-builder-workspace/Sources/CAPI/CAPI.swift /Users/admin/builder/spi-builder-workspace/Sources/CAPI/Extensions.swift /Users/admin/builder/spi-builder-workspace/Sources/CAPI/Gradients.swift /Users/admin/builder/spi-builder-workspace/Sources/CAPI/Graph.swift /Users/admin/builder/spi-builder-workspace/Sources/CAPI/Library.swift /Users/admin/builder/spi-builder-workspace/Sources/CAPI/Session.swift /Users/admin/builder/spi-builder-workspace/Sources/CAPI/Status.swift /Users/admin/builder/spi-builder-workspace/Sources/CAPI/String.swift /Users/admin/builder/spi-builder-workspace/Sources/CAPI/Tensor.swift -target arm64_32-apple-watchos9.0 -enable-objc-interop -sdk /Applications/Xcode-27.0.0-Release.Candidate.app/Contents/Developer/Platforms/WatchOS.platform/Developer/SDKs/WatchOS27.0.sdk -I /Users/admin/builder/spi-builder-workspace/.derivedData/Build/Products/Debug-watchos -Isystem /Applications/Xcode-27.0.0-Release.Candidate.app/Contents/Developer/Platforms/WatchOS.platform/Developer/usr/lib -F /Users/admin/builder/spi-builder-workspace/.derivedData/Build/Products/Debug-watchos/PackageFrameworks -F /Users/admin/builder/spi-builder-workspace/.derivedData/Build/Products/Debug-watchos -F /Applications/Xcode-27.0.0-Release.Candidate.app/Contents/Developer/Platforms/WatchOS.platform/Developer/Library/Frameworks -F /Applications/Xcode-27.0.0-Release.Candidate.app/Contents/Developer/Platforms/WatchOS.platform/Developer/SDKs/WatchOS27.0.sdk/Developer/Library/Frameworks -module-cache-path /Users/admin/builder/spi-builder-workspace/.derivedData/ModuleCache.noindex -no-color-diagnostics -Xcc -fno-color-diagnostics -enable-testing -g -debug-info-format\=dwarf -dwarf-version\=4 -profile-generate -profile-coverage-mapping -swift-version 4 -Onone -D SWIFT_PACKAGE -D DEBUG -D SWIFT_MODULE_RESOURCE_BUNDLE_UNAVAILABLE -D Xcode -serialize-debugging-options -enable-experimental-feature DebugDescriptionMacro -empty-abi-descriptor -plugin-path /Applications/Xcode-27.0.0-Release.Candidate.app/Contents/Developer/Toolchains/XcodeDefault.xctoolchain/usr/lib/swift/host/plugins/testing -validate-clang-modules-once -clang-build-session-file /Users/admin/builder/spi-builder-workspace/.derivedData/ModuleCache.noindex/Session.modulevalidation -Xcc -working-directory -Xcc /Users/admin/builder/spi-builder-workspace/.swiftpm/xcode -enable-anonymous-context-mangled-names -file-compilation-dir /Users/admin/builder/spi-builder-workspace/.swiftpm/xcode -Xcc -fmodule-map-file\=/Users/admin/builder/spi-builder-workspace/.dependencies/checkouts/CTensorFlow/module.modulemap -Xcc -D_LIBCPP_HARDENING_MODE\=_LIBCPP_HARDENING_MODE_DEBUG -Xcc -ivfsstatcache -Xcc /Users/admin/builder/spi-builder-workspace/.derivedData/SDKStatCaches.noindex/watchos27.0-24R360-e829b21a6f8c9b70876ba0858053c04477534ef55a1706bf4c1112bbb242f0a2.sdkstatcache -Xcc -fmodules-prune-interval\=86400 -Xcc -fmodules-prune-after\=345600 -Xcc -I/Users/admin/builder/spi-builder-workspace/.derivedData/Build/Products/Debug-watchos/include -Xcc -I/Users/admin/builder/spi-builder-workspace/.derivedData/Build/Intermediates.noindex/TensorFlow.build/Debug-watchos/CAPI-t.build/DerivedSources-normal/arm64_32 -Xcc -I/Users/admin/builder/spi-builder-workspace/.derivedData/Build/Intermediates.noindex/TensorFlow.build/Debug-watchos/CAPI-t.build/DerivedSources/arm64_32 -Xcc -I/Users/admin/builder/spi-builder-workspace/.derivedData/Build/Intermediates.noindex/TensorFlow.build/Debug-watchos/CAPI-t.build/DerivedSources -Xcc -DSWIFT_PACKAGE -Xcc -DDEBUG\=1 -no-auto-bridging-header-chaining -module-name CAPI -const-gather-protocols-file /Users/admin/builder/spi-builder-workspace/.derivedData/Build/Intermediates.noindex/TensorFlow.build/Debug-watchos/CAPI-t.build/Objects-normal/arm64_32/CAPI_const_extract_protocols.json -disable-clang-spi -target-sdk-version 27.0 -target-sdk-name watchos27.0 -external-plugin-path /Applications/Xcode-27.0.0-Release.Candidate.app/Contents/Developer/Platforms/WatchOS.platform/Developer/usr/lib/swift/host/plugins\#/Applications/Xcode-27.0.0-Release.Candidate.app/Contents/Developer/Platforms/WatchOS.platform/Developer/usr/bin/swift-plugin-server -external-plugin-path /Applications/Xcode-27.0.0-Release.Candidate.app/Contents/Developer/Platforms/WatchOS.platform/Developer/usr/local/lib/swift/host/plugins\#/Applications/Xcode-27.0.0-Release.Candidate.app/Contents/Developer/Platforms/WatchOS.platform/Developer/usr/bin/swift-plugin-server -in-process-plugin-server-path /Applications/Xcode-27.0.0-Release.Candidate.app/Contents/Developer/Toolchains/XcodeDefault.xctoolchain/usr/lib/swift/host/libSwiftInProcPluginServer.dylib -plugin-path /Applications/Xcode-27.0.0-Release.Candidate.app/Contents/Developer/Toolchains/XcodeDefault.xctoolchain/usr/lib/swift/host/plugins -plugin-path /Applications/Xcode-27.0.0-Release.Candidate.app/Contents/Developer/Toolchains/XcodeDefault.xctoolchain/usr/local/lib/swift/host/plugins -emit-module-doc-path /Users/admin/builder/spi-builder-workspace/.derivedData/Build/Intermediates.noindex/TensorFlow.build/Debug-watchos/CAPI-t.build/Objects-normal/arm64_32/CAPI.swiftdoc -emit-module-source-info-path /Users/admin/builder/spi-builder-workspace/.derivedData/Build/Intermediates.noindex/TensorFlow.build/Debug-watchos/CAPI-t.build/Objects-normal/arm64_32/CAPI.swiftsourceinfo -emit-objc-header-path /Users/admin/builder/spi-builder-workspace/.derivedData/Build/Intermediates.noindex/TensorFlow.build/Debug-watchos/CAPI-t.build/Objects-normal/arm64_32/CAPI-Swift.h -serialize-diagnostics-path /Users/admin/builder/spi-builder-workspace/.derivedData/Build/Intermediates.noindex/TensorFlow.build/Debug-watchos/CAPI-t.build/Objects-normal/arm64_32/CAPI-primary-emit-module.dia -emit-dependencies-path /Users/admin/builder/spi-builder-workspace/.derivedData/Build/Intermediates.noindex/TensorFlow.build/Debug-watchos/CAPI-t.build/Objects-normal/arm64_32/CAPI-primary-emit-module.d -parse-as-library -o /Users/admin/builder/spi-builder-workspace/.derivedData/Build/Intermediates.noindex/TensorFlow.build/Debug-watchos/CAPI-t.build/Objects-normal/arm64_32/CAPI.swiftmodule -emit-abi-descriptor-path /Users/admin/builder/spi-builder-workspace/.derivedData/Build/Intermediates.noindex/TensorFlow.build/Debug-watchos/CAPI-t.build/Objects-normal/arm64_32/CAPI.abi.json
SwiftCompile normal arm64_32 (in target 'CAPI' from project 'TensorFlow')
cd /Users/admin/builder/spi-builder-workspace/.swiftpm/xcode
SwiftCompile normal arm64_32 Compiling\ Extensions.swift /Users/admin/builder/spi-builder-workspace/Sources/CAPI/Extensions.swift (in target 'CAPI' from project 'TensorFlow')
<module-includes>:1:9: note: in file included from <module-includes>:1:
1 | #import "CTensorFlow.h"
| `- note: in file included from <module-includes>:1:
2 |
/Users/admin/builder/spi-builder-workspace/.dependencies/checkouts/CTensorFlow/CTensorFlow.h:4:10: error: 'tensorflow/c/c_api.h' file not found
2 | #define _SWIFT_CTENSORFLOW_H_
3 |
4 | #include <tensorflow/c/c_api.h>
| `- error: 'tensorflow/c/c_api.h' file not found
5 |
6 | #endif
SwiftCompile normal arm64_32 /Users/admin/builder/spi-builder-workspace/Sources/CAPI/Extensions.swift (in target 'CAPI' from project 'TensorFlow')
cd /Users/admin/builder/spi-builder-workspace/.swiftpm/xcode
builtin-SwiftPerFileCompile Extensions.swift
SwiftCompile normal arm64_32 Compiling\ Session.swift /Users/admin/builder/spi-builder-workspace/Sources/CAPI/Session.swift (in target 'CAPI' from project 'TensorFlow')
<module-includes>:1:9: note: in file included from <module-includes>:1:
1 | #import "CTensorFlow.h"
| `- note: in file included from <module-includes>:1:
2 |
/Users/admin/builder/spi-builder-workspace/.dependencies/checkouts/CTensorFlow/CTensorFlow.h:4:10: error: 'tensorflow/c/c_api.h' file not found
2 | #define _SWIFT_CTENSORFLOW_H_
3 |
4 | #include <tensorflow/c/c_api.h>
| `- error: 'tensorflow/c/c_api.h' file not found
5 |
6 | #endif
SwiftCompile normal arm64_32 /Users/admin/builder/spi-builder-workspace/Sources/CAPI/Session.swift (in target 'CAPI' from project 'TensorFlow')
cd /Users/admin/builder/spi-builder-workspace/.swiftpm/xcode
builtin-SwiftPerFileCompile Session.swift
SwiftCompile normal arm64_32 Compiling\ String.swift /Users/admin/builder/spi-builder-workspace/Sources/CAPI/String.swift (in target 'CAPI' from project 'TensorFlow')
<module-includes>:1:9: note: in file included from <module-includes>:1:
1 | #import "CTensorFlow.h"
| `- note: in file included from <module-includes>:1:
2 |
/Users/admin/builder/spi-builder-workspace/.dependencies/checkouts/CTensorFlow/CTensorFlow.h:4:10: error: 'tensorflow/c/c_api.h' file not found
2 | #define _SWIFT_CTENSORFLOW_H_
3 |
4 | #include <tensorflow/c/c_api.h>
| `- error: 'tensorflow/c/c_api.h' file not found
5 |
6 | #endif
SwiftCompile normal arm64_32 /Users/admin/builder/spi-builder-workspace/Sources/CAPI/String.swift (in target 'CAPI' from project 'TensorFlow')
cd /Users/admin/builder/spi-builder-workspace/.swiftpm/xcode
builtin-SwiftPerFileCompile String.swift
SwiftEmitModule normal arm64 Emitting\ module\ for\ CAPI (in target 'CAPI' from project 'TensorFlow')
<module-includes>:1:9: note: in file included from <module-includes>:1:
1 | #import "CTensorFlow.h"
| `- note: in file included from <module-includes>:1:
2 |
/Users/admin/builder/spi-builder-workspace/.dependencies/checkouts/CTensorFlow/CTensorFlow.h:4:10: error: 'tensorflow/c/c_api.h' file not found
2 | #define _SWIFT_CTENSORFLOW_H_
3 |
4 | #include <tensorflow/c/c_api.h>
| `- error: 'tensorflow/c/c_api.h' file not found
5 |
6 | #endif
SwiftCompile normal arm64 (in target 'CAPI' from project 'TensorFlow')
cd /Users/admin/builder/spi-builder-workspace/.swiftpm/xcode
SwiftDriverJobDiscovery normal arm64 Compiling config.pb.swift, control_flow.pb.swift, debug.pb.swift, device_properties.pb.swift, master.pb.swift, master_service.pb.swift, meta_graph.pb.swift, named_tensor.pb.swift, queue_runner.pb.swift (in target 'Proto' from project 'TensorFlow')
PruneExplicitPrecompiledModules /Users/admin/builder/spi-builder-workspace/.derivedData/Build/Intermediates.noindex/ExplicitPrecompiledModules
PruneExplicitPrecompiledModules /Users/admin/builder/spi-builder-workspace/.derivedData/Build/Intermediates.noindex/SwiftExplicitPrecompiledModules
PruneExplicitPrecompiledModules /Users/admin/builder/spi-builder-workspace/.derivedData/SDKExplicitPrecompiledModules
2026-09-16 05:20:38.679 xcodebuild[909:5423] [MT] IDERunDestination: Supported platforms for the buildables in the current scheme is empty.
** BUILD FAILED **
The following build commands failed:
SwiftEmitModule normal arm64_32 Emitting\ module\ for\ CAPI (in target 'CAPI' from project 'TensorFlow')
SwiftCompile normal arm64_32 (in target 'CAPI' from project 'TensorFlow')
Building workspace TensorFlow with scheme TensorFlow-Package
(3 failures)
Command line invocation:
/Applications/Xcode-27.0.0-Release.Candidate.app/Contents/Developer/usr/bin/xcodebuild -IDEClonedSourcePackagesDirPathOverride=/Users/admin/builder/spi-builder-workspace/.dependencies -resolvePackageDependencies
Resolve Package Graph
ignoring declared target(s) 'CZlib' in the system packageignoring declared target(s) 'CTensorFlow' in the system packagedependency 'ctensorflow' is not used by any targetcouldn't find pc file for tensorflowcouldn't find pc file for libz
Resolved source packages:
Unarchiver: https://github.com/Octadero/Unarchiver.git @ 0.0.5
CZlib: https://github.com/Octadero/CZlib.git @ 0.0.5
CTensorFlow: https://github.com/Octadero/CTensorFlow.git @ 0.1.6
MemoryLayoutKit: https://github.com/Octadero/MemoryLayoutKit.git @ 0.0.4
MNISTKit: https://github.com/Octadero/MNISTKit.git @ 0.0.7
SwiftProtobuf: https://github.com/apple/swift-protobuf.git @ 1.38.1
TensorFlow: /Users/admin/builder/spi-builder-workspace
resolved source packages: Unarchiver, CZlib, CTensorFlow, MemoryLayoutKit, MNISTKit, SwiftProtobuf, TensorFlow
2026-09-16 05:20:56.705 xcodebuild[1107:6688] [MT] IDERunDestination: Supported platforms for the buildables in the current scheme is empty.
{
"dependencies" : [
{
"identity" : "ctensorflow",
"requirement" : {
"range" : [
{
"lower_bound" : "0.1.6",
"upper_bound" : "1.0.0"
}
]
},
"type" : "sourceControl",
"url" : "https://github.com/Octadero/CTensorFlow.git"
},
{
"identity" : "mnistkit",
"requirement" : {
"range" : [
{
"lower_bound" : "0.0.7",
"upper_bound" : "1.0.0"
}
]
},
"type" : "sourceControl",
"url" : "https://github.com/Octadero/MNISTKit.git"
},
{
"identity" : "memorylayoutkit",
"requirement" : {
"range" : [
{
"lower_bound" : "0.0.3",
"upper_bound" : "1.0.0"
}
]
},
"type" : "sourceControl",
"url" : "https://github.com/Octadero/MemoryLayoutKit.git"
},
{
"identity" : "swift-protobuf",
"requirement" : {
"range" : [
{
"lower_bound" : "1.0.0",
"upper_bound" : "2.0.0"
}
]
},
"type" : "sourceControl",
"url" : "https://github.com/apple/swift-protobuf.git"
}
],
"manifest_display_name" : "TensorFlow",
"name" : "TensorFlow",
"path" : "/Users/admin/builder/spi-builder-workspace",
"platforms" : [
],
"products" : [
{
"name" : "OpProducer",
"targets" : [
"OpProducer"
],
"type" : {
"executable" : null
}
},
{
"name" : "Proto",
"targets" : [
"Proto"
],
"type" : {
"library" : [
"static"
]
}
},
{
"name" : "CAPI",
"targets" : [
"CAPI"
],
"type" : {
"library" : [
"static"
]
}
},
{
"name" : "TensorFlowKit",
"targets" : [
"TensorFlowKit"
],
"type" : {
"library" : [
"static"
]
}
}
],
"targets" : [
{
"c99name" : "TensorFlowKitTests",
"module_type" : "SwiftTarget",
"name" : "TensorFlowKitTests",
"path" : "Tests/TensorFlowKitTests",
"product_dependencies" : [
"MNISTKit"
],
"sources" : [
"TensorFlowKitTests.swift"
],
"target_dependencies" : [
"Proto",
"TensorFlowKit",
"CAPI"
],
"type" : "test"
},
{
"c99name" : "TensorFlowKit",
"module_type" : "SwiftTarget",
"name" : "TensorFlowKit",
"path" : "Sources/TensorFlowKit",
"product_dependencies" : [
"MemoryLayoutKit"
],
"product_memberships" : [
"TensorFlowKit"
],
"sources" : [
"FileWriter.swift",
"Graph.swift",
"OpWrapper.swift",
"Operation.swift",
"OperationSpecification.swift",
"OperationsGraph.swift",
"Output.swift",
"Record.swift",
"SavedModel.swift",
"Scope.swift",
"ScopeTool.swift",
"Session.swift",
"SessionOptions.swift",
"Shape.swift",
"Status.swift",
"Summary.swift",
"Tensor.swift",
"TensorFlowKit.swift"
],
"target_dependencies" : [
"Proto",
"CAPI"
],
"type" : "library"
},
{
"c99name" : "Proto",
"module_type" : "SwiftTarget",
"name" : "Proto",
"path" : "Sources/Proto",
"product_dependencies" : [
"SwiftProtobuf"
],
"product_memberships" : [
"OpProducer",
"Proto",
"CAPI",
"TensorFlowKit"
],
"sources" : [
"compiler/tf2xla/tf2xla.pb.swift",
"compiler/xla/service/hlo.pb.swift",
"compiler/xla/service/session.pb.swift",
"compiler/xla/xla.pb.swift",
"compiler/xla/xla_data.pb.swift",
"contrib/boosted_trees/proto/learner.pb.swift",
"contrib/boosted_trees/proto/quantiles.pb.swift",
"contrib/boosted_trees/proto/split_info.pb.swift",
"contrib/boosted_trees/proto/tree_config.pb.swift",
"contrib/cloud/kernels/bigquery_table_partition.pb.swift",
"contrib/decision_trees/proto/generic_tree_model.pb.swift",
"contrib/decision_trees/proto/generic_tree_model_extensions.pb.swift",
"contrib/gdr/gdr.pb.swift",
"contrib/mpi/mpi_msg.pb.swift",
"contrib/mpi_collectives/mpi_message.pb.swift",
"contrib/session_bundle/manifest.pb.swift",
"contrib/tensor_forest/proto/fertile_stats.pb.swift",
"contrib/tensor_forest/proto/tensor_forest_params.pb.swift",
"contrib/tensorboard/graph_explorer/proto/graph_explorer.pb.swift",
"contrib/tensorboard/plugins/projector/projector_config.pb.swift",
"contrib/tensorboard/plugins/trace/trace_info.pb.swift",
"contrib/tpu/profiler/op_profile.pb.swift",
"contrib/tpu/profiler/tpu_profiler.pb.swift",
"contrib/tpu/profiler/trace_events.pb.swift",
"contrib/training/python/training/hparam.pb.swift",
"contrib/verbs/verbs_service.pb.swift",
"core/debug/debug_service.pb.swift",
"core/debug/debugger_event_metadata.pb.swift",
"core/example/example.pb.swift",
"core/example/example_parser_configuration.pb.swift",
"core/example/feature.pb.swift",
"core/framework/allocation_description.pb.swift",
"core/framework/api_def.pb.swift",
"core/framework/attr_value.pb.swift",
"core/framework/cost_graph.pb.swift",
"core/framework/device_attributes.pb.swift",
"core/framework/function.pb.swift",
"core/framework/graph.pb.swift",
"core/framework/graph_transfer_info.pb.swift",
"core/framework/kernel_def.pb.swift",
"core/framework/log_memory.pb.swift",
"core/framework/node_def.pb.swift",
"core/framework/op_def.pb.swift",
"core/framework/op_gen_overrides.pb.swift",
"core/framework/reader_base.pb.swift",
"core/framework/remote_fused_graph_execute_info.pb.swift",
"core/framework/resource_handle.pb.swift",
"core/framework/step_stats.pb.swift",
"core/framework/summary.pb.swift",
"core/framework/tensor.pb.swift",
"core/framework/tensor_description.pb.swift",
"core/framework/tensor_shape.pb.swift",
"core/framework/tensor_slice.pb.swift",
"core/framework/types.pb.swift",
"core/framework/variable.pb.swift",
"core/framework/versions.pb.swift",
"core/grappler/costs/op_performance_data.pb.swift",
"core/lib/core/error_codes.pb.swift",
"core/profiler/profile.pb.swift",
"core/profiler/tfprof_log.pb.swift",
"core/profiler/tfprof_options.pb.swift",
"core/profiler/tfprof_output.pb.swift",
"core/protobuf/cluster.pb.swift",
"core/protobuf/config.pb.swift",
"core/protobuf/control_flow.pb.swift",
"core/protobuf/debug.pb.swift",
"core/protobuf/device_properties.pb.swift",
"core/protobuf/master.pb.swift",
"core/protobuf/master_service.pb.swift",
"core/protobuf/meta_graph.pb.swift",
"core/protobuf/named_tensor.pb.swift",
"core/protobuf/queue_runner.pb.swift",
"core/protobuf/rewriter_config.pb.swift",
"core/protobuf/saved_model.pb.swift",
"core/protobuf/saver.pb.swift",
"core/protobuf/tensor_bundle.pb.swift",
"core/protobuf/tensorflow_server.pb.swift",
"core/protobuf/worker.pb.swift",
"core/protobuf/worker_service.pb.swift",
"core/util/event.pb.swift",
"core/util/example_proto_fast_parsing_test.pb.swift",
"core/util/memmapped_file_system.pb.swift",
"core/util/saved_tensor_slice.pb.swift",
"core/util/test_log.pb.swift",
"python/framework/cpp_shape_inference.pb.swift",
"python/training/checkpoint_state.pb.swift",
"python/util/protobuf/compare_test.pb.swift",
"tools/api/lib/api_objects.pb.swift",
"tools/proto_text/test.pb.swift"
],
"type" : "library"
},
{
"c99name" : "OptimizerTests",
"module_type" : "SwiftTarget",
"name" : "OptimizerTests",
"path" : "Tests/OptimizerTests",
"product_dependencies" : [
"MNISTKit"
],
"sources" : [
"OptimizerTests.swift"
],
"target_dependencies" : [
"Proto",
"CAPI",
"TensorFlowKit"
],
"type" : "test"
},
{
"c99name" : "OpProducer",
"module_type" : "SwiftTarget",
"name" : "OpProducer",
"path" : "Sources/OpProducer",
"product_memberships" : [
"OpProducer"
],
"sources" : [
"Containers.swift",
"SourceCodeProducer.swift",
"String.swift",
"main.swift"
],
"target_dependencies" : [
"Proto",
"CAPI"
],
"type" : "executable"
},
{
"c99name" : "MNISTTests",
"module_type" : "SwiftTarget",
"name" : "MNISTTests",
"path" : "Tests/MNISTTests",
"product_dependencies" : [
"MNISTKit"
],
"sources" : [
"MNISTTests.swift"
],
"target_dependencies" : [
"Proto",
"CAPI",
"TensorFlowKit"
],
"type" : "test"
},
{
"c99name" : "CAPITests",
"module_type" : "SwiftTarget",
"name" : "CAPITests",
"path" : "Tests/CAPITests",
"sources" : [
"CAPITests.swift"
],
"target_dependencies" : [
"Proto",
"CAPI"
],
"type" : "test"
},
{
"c99name" : "CAPIOperationsTests",
"module_type" : "SwiftTarget",
"name" : "CAPIOperationsTests",
"path" : "Tests/CAPIOperationsTests",
"sources" : [
"CAPIOperationsTests.swift"
],
"target_dependencies" : [
"Proto",
"CAPI"
],
"type" : "test"
},
{
"c99name" : "CAPI",
"module_type" : "SwiftTarget",
"name" : "CAPI",
"path" : "Sources/CAPI",
"product_dependencies" : [
"MemoryLayoutKit"
],
"product_memberships" : [
"OpProducer",
"CAPI",
"TensorFlowKit"
],
"sources" : [
"Buffer.swift",
"CAPI.swift",
"Extensions.swift",
"Gradients.swift",
"Graph.swift",
"Library.swift",
"Session.swift",
"Status.swift",
"String.swift",
"Tensor.swift"
],
"target_dependencies" : [
"Proto"
],
"type" : "library"
}
],
"tools_version" : "4.0"
}
{
"workspace" : {
"name" : "TensorFlow",
"schemes" : [
"CAPI",
"OpProducer",
"Proto",
"TensorFlow-Package",
"TensorFlowKit"
]
}
}
2026-09-16 05:20:59.119 xcodebuild[1123:6767] [MT] IDERunDestination: Supported platforms for the buildables in the current scheme is empty.
Running build ...
env DEVELOPER_DIR=/Applications/Xcode-27.0.0-Release.Candidate.app xcrun xcodebuild -IDEClonedSourcePackagesDirPathOverride=$PWD/.dependencies -skipMacroValidation -skipPackagePluginValidation -derivedDataPath $PWD/.derivedData build -scheme TensorFlow-Package -destination generic/platform=watchOS
Command line invocation:
/Applications/Xcode-27.0.0-Release.Candidate.app/Contents/Developer/usr/bin/xcodebuild -IDEClonedSourcePackagesDirPathOverride=/Users/admin/builder/spi-builder-workspace/.dependencies -skipMacroValidation -skipPackagePluginValidation -derivedDataPath /Users/admin/builder/spi-builder-workspace/.derivedData build -scheme TensorFlow-Package -destination generic/platform=watchOS
Resolve Package Graph
ignoring declared target(s) 'CZlib' in the system packageignoring declared target(s) 'CTensorFlow' in the system packagedependency 'ctensorflow' is not used by any targetcouldn't find pc file for tensorflowcouldn't find pc file for libz
Resolved source packages:
CTensorFlow: https://github.com/Octadero/CTensorFlow.git @ 0.1.6
CZlib: https://github.com/Octadero/CZlib.git @ 0.0.5
MNISTKit: https://github.com/Octadero/MNISTKit.git @ 0.0.7
SwiftProtobuf: https://github.com/apple/swift-protobuf.git @ 1.38.1
TensorFlow: /Users/admin/builder/spi-builder-workspace
Unarchiver: https://github.com/Octadero/Unarchiver.git @ 0.0.5
MemoryLayoutKit: https://github.com/Octadero/MemoryLayoutKit.git @ 0.0.4
ComputePackagePrebuildTargetDependencyGraph
Prepare packages
CreateBuildRequest
SendProjectDescription
CreateBuildOperation
ComputeTargetDependencyGraph
note: Building targets in dependency order
note: Target dependency graph (13 targets)
Target 'OpProducer-product' in project 'TensorFlow'
➜ Explicit dependency on target 'CTensorFlow' in project 'CTensorFlow'
➜ Explicit dependency on target 'Proto' in project 'TensorFlow'
➜ Explicit dependency on target 'CAPI' in project 'TensorFlow'
➜ Explicit dependency on target 'SwiftProtobuf-product' in project 'SwiftProtobuf'
➜ Explicit dependency on target 'MemoryLayoutKit-product' in project 'MemoryLayoutKit'
Target 'TensorFlowKit-product' in project 'TensorFlow'
➜ Explicit dependency on target 'TensorFlowKit' in project 'TensorFlow'
➜ Explicit dependency on target 'Proto' in project 'TensorFlow'
➜ Explicit dependency on target 'CAPI' in project 'TensorFlow'
➜ Explicit dependency on target 'SwiftProtobuf-product' in project 'SwiftProtobuf'
➜ Explicit dependency on target 'MemoryLayoutKit-product' in project 'MemoryLayoutKit'
Target 'TensorFlowKit' in project 'TensorFlow'
➜ Explicit dependency on target 'CTensorFlow' in project 'CTensorFlow'
➜ Explicit dependency on target 'Proto' in project 'TensorFlow'
➜ Explicit dependency on target 'CAPI' in project 'TensorFlow'
➜ Explicit dependency on target 'SwiftProtobuf-product' in project 'SwiftProtobuf'
➜ Explicit dependency on target 'MemoryLayoutKit-product' in project 'MemoryLayoutKit'
Target 'CAPI-product' in project 'TensorFlow'
➜ Explicit dependency on target 'CAPI' in project 'TensorFlow'
➜ Explicit dependency on target 'Proto' in project 'TensorFlow'
➜ Explicit dependency on target 'SwiftProtobuf-product' in project 'SwiftProtobuf'
➜ Explicit dependency on target 'MemoryLayoutKit-product' in project 'MemoryLayoutKit'
Target 'CAPI' in project 'TensorFlow'
➜ Explicit dependency on target 'CTensorFlow' in project 'CTensorFlow'
➜ Explicit dependency on target 'Proto' in project 'TensorFlow'
➜ Explicit dependency on target 'SwiftProtobuf-product' in project 'SwiftProtobuf'
➜ Explicit dependency on target 'MemoryLayoutKit-product' in project 'MemoryLayoutKit'
Target 'MemoryLayoutKit-product' in project 'MemoryLayoutKit'
➜ Explicit dependency on target 'MemoryLayoutKit' in project 'MemoryLayoutKit'
Target 'MemoryLayoutKit' in project 'MemoryLayoutKit' (no dependencies)
Target 'Proto-product' in project 'TensorFlow'
➜ Explicit dependency on target 'Proto' in project 'TensorFlow'
➜ Explicit dependency on target 'SwiftProtobuf-product' in project 'SwiftProtobuf'
Target 'Proto' in project 'TensorFlow'
➜ Explicit dependency on target 'CTensorFlow' in project 'CTensorFlow'
➜ Explicit dependency on target 'SwiftProtobuf-product' in project 'SwiftProtobuf'
Target 'SwiftProtobuf-product' in project 'SwiftProtobuf'
➜ Explicit dependency on target 'SwiftProtobuf' in project 'SwiftProtobuf'
➜ Explicit dependency on target 'SwiftProtobuf_SwiftProtobuf' in project 'SwiftProtobuf'
Target 'SwiftProtobuf' in project 'SwiftProtobuf'
➜ Explicit dependency on target 'SwiftProtobuf_SwiftProtobuf' in project 'SwiftProtobuf'
Target 'SwiftProtobuf_SwiftProtobuf' in project 'SwiftProtobuf' (no dependencies)
Target 'CTensorFlow' in project 'CTensorFlow' (no dependencies)
GatherProvisioningInputs
CreateBuildDescription
ClangStatCache /Applications/Xcode-27.0.0-Release.Candidate.app/Contents/Developer/Toolchains/XcodeDefault.xctoolchain/usr/bin/clang-stat-cache /Applications/Xcode-27.0.0-Release.Candidate.app/Contents/Developer/Platforms/WatchOS.platform/Developer/SDKs/WatchOS27.0.sdk /Users/admin/builder/spi-builder-workspace/.derivedData/SDKStatCaches.noindex/watchos27.0-24R360-e829b21a6f8c9b70876ba0858053c04477534ef55a1706bf4c1112bbb242f0a2.sdkstatcache
cd /Users/admin/builder/spi-builder-workspace/.swiftpm/xcode
/Applications/Xcode-27.0.0-Release.Candidate.app/Contents/Developer/Toolchains/XcodeDefault.xctoolchain/usr/bin/clang-stat-cache /Applications/Xcode-27.0.0-Release.Candidate.app/Contents/Developer/Platforms/WatchOS.platform/Developer/SDKs/WatchOS27.0.sdk -o /Users/admin/builder/spi-builder-workspace/.derivedData/SDKStatCaches.noindex/watchos27.0-24R360-e829b21a6f8c9b70876ba0858053c04477534ef55a1706bf4c1112bbb242f0a2.sdkstatcache
SwiftDriver CAPI normal arm64 com.apple.xcode.tools.swift.compiler (in target 'CAPI' from project 'TensorFlow')
cd /Users/admin/builder/spi-builder-workspace/.swiftpm/xcode
builtin-SwiftDriver -- /Applications/Xcode-27.0.0-Release.Candidate.app/Contents/Developer/Toolchains/XcodeDefault.xctoolchain/usr/bin/swiftc -parse-as-library -module-name CAPI -Onone @/Users/admin/builder/spi-builder-workspace/.derivedData/Build/Intermediates.noindex/TensorFlow.build/Debug-watchos/CAPI-t.build/Objects-normal/arm64/CAPI.SwiftFileList -DSWIFT_PACKAGE -DDEBUG -DSWIFT_MODULE_RESOURCE_BUNDLE_UNAVAILABLE -Xcc -fmodule-map-file\=/Users/admin/builder/spi-builder-workspace/.dependencies/checkouts/CTensorFlow/module.modulemap -DXcode -plugin-path /Applications/Xcode-27.0.0-Release.Candidate.app/Contents/Developer/Toolchains/XcodeDefault.xctoolchain/usr/lib/swift/host/plugins/testing -enable-experimental-feature DebugDescriptionMacro -sdk /Applications/Xcode-27.0.0-Release.Candidate.app/Contents/Developer/Platforms/WatchOS.platform/Developer/SDKs/WatchOS27.0.sdk -target arm64-apple-watchos9.0 -g -module-cache-path /Users/admin/builder/spi-builder-workspace/.derivedData/ModuleCache.noindex -Xfrontend -serialize-debugging-options -profile-coverage-mapping -profile-generate -enable-testing -index-store-path /Users/admin/builder/spi-builder-workspace/.derivedData/Index.noindex/DataStore -Xcc -D_LIBCPP_HARDENING_MODE\=_LIBCPP_HARDENING_MODE_DEBUG -swift-version 4 -I /Users/admin/builder/spi-builder-workspace/.derivedData/Build/Products/Debug-watchos -Isystem /Applications/Xcode-27.0.0-Release.Candidate.app/Contents/Developer/Platforms/WatchOS.platform/Developer/usr/lib -F /Users/admin/builder/spi-builder-workspace/.derivedData/Build/Products/Debug-watchos/PackageFrameworks -F /Users/admin/builder/spi-builder-workspace/.derivedData/Build/Products/Debug-watchos -F /Applications/Xcode-27.0.0-Release.Candidate.app/Contents/Developer/Platforms/WatchOS.platform/Developer/Library/Frameworks -F /Applications/Xcode-27.0.0-Release.Candidate.app/Contents/Developer/Platforms/WatchOS.platform/Developer/SDKs/WatchOS27.0.sdk/Developer/Library/Frameworks -c -j10 -enable-batch-mode -incremental -Xcc -ivfsstatcache -Xcc /Users/admin/builder/spi-builder-workspace/.derivedData/SDKStatCaches.noindex/watchos27.0-24R360-e829b21a6f8c9b70876ba0858053c04477534ef55a1706bf4c1112bbb242f0a2.sdkstatcache -output-file-map /Users/admin/builder/spi-builder-workspace/.derivedData/Build/Intermediates.noindex/TensorFlow.build/Debug-watchos/CAPI-t.build/Objects-normal/arm64/CAPI-OutputFileMap.json -save-temps -no-color-diagnostics -emit-dependencies -emit-module -emit-module-path /Users/admin/builder/spi-builder-workspace/.derivedData/Build/Intermediates.noindex/TensorFlow.build/Debug-watchos/CAPI-t.build/Objects-normal/arm64/CAPI.swiftmodule -serialize-diagnostics -validate-clang-modules-once -clang-build-session-file /Users/admin/builder/spi-builder-workspace/.derivedData/ModuleCache.noindex/Session.modulevalidation -Xcc -fmodules-prune-interval\=86400 -Xcc -fmodules-prune-after\=345600 -emit-const-values -const-gather-protocols-list /Users/admin/builder/spi-builder-workspace/.derivedData/Build/Intermediates.noindex/TensorFlow.build/Debug-watchos/CAPI-t.build/Objects-normal/arm64/CAPI_const_extract_protocols.json -Xcc -I/Users/admin/builder/spi-builder-workspace/.derivedData/Build/Products/Debug-watchos/include -Xcc -I/Users/admin/builder/spi-builder-workspace/.derivedData/Build/Intermediates.noindex/TensorFlow.build/Debug-watchos/CAPI-t.build/DerivedSources-normal/arm64 -Xcc -I/Users/admin/builder/spi-builder-workspace/.derivedData/Build/Intermediates.noindex/TensorFlow.build/Debug-watchos/CAPI-t.build/DerivedSources/arm64 -Xcc -I/Users/admin/builder/spi-builder-workspace/.derivedData/Build/Intermediates.noindex/TensorFlow.build/Debug-watchos/CAPI-t.build/DerivedSources -Xcc -DSWIFT_PACKAGE -Xcc -DDEBUG\=1 -emit-objc-header -emit-objc-header-path /Users/admin/builder/spi-builder-workspace/.derivedData/Build/Intermediates.noindex/TensorFlow.build/Debug-watchos/CAPI-t.build/Objects-normal/arm64/CAPI-Swift.h -working-directory /Users/admin/builder/spi-builder-workspace/.swiftpm/xcode -experimental-emit-module-separately -disable-cmo
SwiftDriver Proto normal arm64_32 com.apple.xcode.tools.swift.compiler (in target 'Proto' from project 'TensorFlow')
cd /Users/admin/builder/spi-builder-workspace/.swiftpm/xcode
builtin-SwiftDriver -- /Applications/Xcode-27.0.0-Release.Candidate.app/Contents/Developer/Toolchains/XcodeDefault.xctoolchain/usr/bin/swiftc -parse-as-library -module-name Proto -Onone @/Users/admin/builder/spi-builder-workspace/.derivedData/Build/Intermediates.noindex/TensorFlow.build/Debug-watchos/Proto-t.build/Objects-normal/arm64_32/Proto.SwiftFileList -DSWIFT_PACKAGE -DDEBUG -DSWIFT_MODULE_RESOURCE_BUNDLE_UNAVAILABLE -Xcc -fmodule-map-file\=/Users/admin/builder/spi-builder-workspace/.dependencies/checkouts/CTensorFlow/module.modulemap -DXcode -plugin-path /Applications/Xcode-27.0.0-Release.Candidate.app/Contents/Developer/Toolchains/XcodeDefault.xctoolchain/usr/lib/swift/host/plugins/testing -enable-experimental-feature DebugDescriptionMacro -sdk /Applications/Xcode-27.0.0-Release.Candidate.app/Contents/Developer/Platforms/WatchOS.platform/Developer/SDKs/WatchOS27.0.sdk -target arm64_32-apple-watchos9.0 -g -module-cache-path /Users/admin/builder/spi-builder-workspace/.derivedData/ModuleCache.noindex -Xfrontend -serialize-debugging-options -profile-coverage-mapping -profile-generate -enable-testing -index-store-path /Users/admin/builder/spi-builder-workspace/.derivedData/Index.noindex/DataStore -Xcc -D_LIBCPP_HARDENING_MODE\=_LIBCPP_HARDENING_MODE_DEBUG -swift-version 4 -I /Users/admin/builder/spi-builder-workspace/.derivedData/Build/Products/Debug-watchos -Isystem /Applications/Xcode-27.0.0-Release.Candidate.app/Contents/Developer/Platforms/WatchOS.platform/Developer/usr/lib -F /Users/admin/builder/spi-builder-workspace/.derivedData/Build/Products/Debug-watchos/PackageFrameworks -F /Users/admin/builder/spi-builder-workspace/.derivedData/Build/Products/Debug-watchos -F /Applications/Xcode-27.0.0-Release.Candidate.app/Contents/Developer/Platforms/WatchOS.platform/Developer/Library/Frameworks -F /Applications/Xcode-27.0.0-Release.Candidate.app/Contents/Developer/Platforms/WatchOS.platform/Developer/SDKs/WatchOS27.0.sdk/Developer/Library/Frameworks -c -j10 -enable-batch-mode -incremental -Xcc -ivfsstatcache -Xcc /Users/admin/builder/spi-builder-workspace/.derivedData/SDKStatCaches.noindex/watchos27.0-24R360-e829b21a6f8c9b70876ba0858053c04477534ef55a1706bf4c1112bbb242f0a2.sdkstatcache -output-file-map /Users/admin/builder/spi-builder-workspace/.derivedData/Build/Intermediates.noindex/TensorFlow.build/Debug-watchos/Proto-t.build/Objects-normal/arm64_32/Proto-OutputFileMap.json -save-temps -no-color-diagnostics -emit-dependencies -emit-module -emit-module-path /Users/admin/builder/spi-builder-workspace/.derivedData/Build/Intermediates.noindex/TensorFlow.build/Debug-watchos/Proto-t.build/Objects-normal/arm64_32/Proto.swiftmodule -serialize-diagnostics -validate-clang-modules-once -clang-build-session-file /Users/admin/builder/spi-builder-workspace/.derivedData/ModuleCache.noindex/Session.modulevalidation -Xcc -fmodules-prune-interval\=86400 -Xcc -fmodules-prune-after\=345600 -emit-const-values -const-gather-protocols-list /Users/admin/builder/spi-builder-workspace/.derivedData/Build/Intermediates.noindex/TensorFlow.build/Debug-watchos/Proto-t.build/Objects-normal/arm64_32/Proto_const_extract_protocols.json -Xcc -I/Users/admin/builder/spi-builder-workspace/.derivedData/Build/Products/Debug-watchos/include -Xcc -I/Users/admin/builder/spi-builder-workspace/.derivedData/Build/Intermediates.noindex/TensorFlow.build/Debug-watchos/Proto-t.build/DerivedSources-normal/arm64_32 -Xcc -I/Users/admin/builder/spi-builder-workspace/.derivedData/Build/Intermediates.noindex/TensorFlow.build/Debug-watchos/Proto-t.build/DerivedSources/arm64_32 -Xcc -I/Users/admin/builder/spi-builder-workspace/.derivedData/Build/Intermediates.noindex/TensorFlow.build/Debug-watchos/Proto-t.build/DerivedSources -Xcc -DSWIFT_PACKAGE -Xcc -DDEBUG\=1 -emit-objc-header -emit-objc-header-path /Users/admin/builder/spi-builder-workspace/.derivedData/Build/Intermediates.noindex/TensorFlow.build/Debug-watchos/Proto-t.build/Objects-normal/arm64_32/Proto-Swift.h -working-directory /Users/admin/builder/spi-builder-workspace/.swiftpm/xcode -experimental-emit-module-separately -disable-cmo
SwiftDriver CAPI normal arm64_32 com.apple.xcode.tools.swift.compiler (in target 'CAPI' from project 'TensorFlow')
cd /Users/admin/builder/spi-builder-workspace/.swiftpm/xcode
builtin-SwiftDriver -- /Applications/Xcode-27.0.0-Release.Candidate.app/Contents/Developer/Toolchains/XcodeDefault.xctoolchain/usr/bin/swiftc -parse-as-library -module-name CAPI -Onone @/Users/admin/builder/spi-builder-workspace/.derivedData/Build/Intermediates.noindex/TensorFlow.build/Debug-watchos/CAPI-t.build/Objects-normal/arm64_32/CAPI.SwiftFileList -DSWIFT_PACKAGE -DDEBUG -DSWIFT_MODULE_RESOURCE_BUNDLE_UNAVAILABLE -Xcc -fmodule-map-file\=/Users/admin/builder/spi-builder-workspace/.dependencies/checkouts/CTensorFlow/module.modulemap -DXcode -plugin-path /Applications/Xcode-27.0.0-Release.Candidate.app/Contents/Developer/Toolchains/XcodeDefault.xctoolchain/usr/lib/swift/host/plugins/testing -enable-experimental-feature DebugDescriptionMacro -sdk /Applications/Xcode-27.0.0-Release.Candidate.app/Contents/Developer/Platforms/WatchOS.platform/Developer/SDKs/WatchOS27.0.sdk -target arm64_32-apple-watchos9.0 -g -module-cache-path /Users/admin/builder/spi-builder-workspace/.derivedData/ModuleCache.noindex -Xfrontend -serialize-debugging-options -profile-coverage-mapping -profile-generate -enable-testing -index-store-path /Users/admin/builder/spi-builder-workspace/.derivedData/Index.noindex/DataStore -Xcc -D_LIBCPP_HARDENING_MODE\=_LIBCPP_HARDENING_MODE_DEBUG -swift-version 4 -I /Users/admin/builder/spi-builder-workspace/.derivedData/Build/Products/Debug-watchos -Isystem /Applications/Xcode-27.0.0-Release.Candidate.app/Contents/Developer/Platforms/WatchOS.platform/Developer/usr/lib -F /Users/admin/builder/spi-builder-workspace/.derivedData/Build/Products/Debug-watchos/PackageFrameworks -F /Users/admin/builder/spi-builder-workspace/.derivedData/Build/Products/Debug-watchos -F /Applications/Xcode-27.0.0-Release.Candidate.app/Contents/Developer/Platforms/WatchOS.platform/Developer/Library/Frameworks -F /Applications/Xcode-27.0.0-Release.Candidate.app/Contents/Developer/Platforms/WatchOS.platform/Developer/SDKs/WatchOS27.0.sdk/Developer/Library/Frameworks -c -j10 -enable-batch-mode -incremental -Xcc -ivfsstatcache -Xcc /Users/admin/builder/spi-builder-workspace/.derivedData/SDKStatCaches.noindex/watchos27.0-24R360-e829b21a6f8c9b70876ba0858053c04477534ef55a1706bf4c1112bbb242f0a2.sdkstatcache -output-file-map /Users/admin/builder/spi-builder-workspace/.derivedData/Build/Intermediates.noindex/TensorFlow.build/Debug-watchos/CAPI-t.build/Objects-normal/arm64_32/CAPI-OutputFileMap.json -save-temps -no-color-diagnostics -emit-dependencies -emit-module -emit-module-path /Users/admin/builder/spi-builder-workspace/.derivedData/Build/Intermediates.noindex/TensorFlow.build/Debug-watchos/CAPI-t.build/Objects-normal/arm64_32/CAPI.swiftmodule -serialize-diagnostics -validate-clang-modules-once -clang-build-session-file /Users/admin/builder/spi-builder-workspace/.derivedData/ModuleCache.noindex/Session.modulevalidation -Xcc -fmodules-prune-interval\=86400 -Xcc -fmodules-prune-after\=345600 -emit-const-values -const-gather-protocols-list /Users/admin/builder/spi-builder-workspace/.derivedData/Build/Intermediates.noindex/TensorFlow.build/Debug-watchos/CAPI-t.build/Objects-normal/arm64_32/CAPI_const_extract_protocols.json -Xcc -I/Users/admin/builder/spi-builder-workspace/.derivedData/Build/Products/Debug-watchos/include -Xcc -I/Users/admin/builder/spi-builder-workspace/.derivedData/Build/Intermediates.noindex/TensorFlow.build/Debug-watchos/CAPI-t.build/DerivedSources-normal/arm64_32 -Xcc -I/Users/admin/builder/spi-builder-workspace/.derivedData/Build/Intermediates.noindex/TensorFlow.build/Debug-watchos/CAPI-t.build/DerivedSources/arm64_32 -Xcc -I/Users/admin/builder/spi-builder-workspace/.derivedData/Build/Intermediates.noindex/TensorFlow.build/Debug-watchos/CAPI-t.build/DerivedSources -Xcc -DSWIFT_PACKAGE -Xcc -DDEBUG\=1 -emit-objc-header -emit-objc-header-path /Users/admin/builder/spi-builder-workspace/.derivedData/Build/Intermediates.noindex/TensorFlow.build/Debug-watchos/CAPI-t.build/Objects-normal/arm64_32/CAPI-Swift.h -working-directory /Users/admin/builder/spi-builder-workspace/.swiftpm/xcode -experimental-emit-module-separately -disable-cmo
SwiftDriver Proto normal arm64 com.apple.xcode.tools.swift.compiler (in target 'Proto' from project 'TensorFlow')
cd /Users/admin/builder/spi-builder-workspace/.swiftpm/xcode
builtin-SwiftDriver -- /Applications/Xcode-27.0.0-Release.Candidate.app/Contents/Developer/Toolchains/XcodeDefault.xctoolchain/usr/bin/swiftc -parse-as-library -module-name Proto -Onone @/Users/admin/builder/spi-builder-workspace/.derivedData/Build/Intermediates.noindex/TensorFlow.build/Debug-watchos/Proto-t.build/Objects-normal/arm64/Proto.SwiftFileList -DSWIFT_PACKAGE -DDEBUG -DSWIFT_MODULE_RESOURCE_BUNDLE_UNAVAILABLE -Xcc -fmodule-map-file\=/Users/admin/builder/spi-builder-workspace/.dependencies/checkouts/CTensorFlow/module.modulemap -DXcode -plugin-path /Applications/Xcode-27.0.0-Release.Candidate.app/Contents/Developer/Toolchains/XcodeDefault.xctoolchain/usr/lib/swift/host/plugins/testing -enable-experimental-feature DebugDescriptionMacro -sdk /Applications/Xcode-27.0.0-Release.Candidate.app/Contents/Developer/Platforms/WatchOS.platform/Developer/SDKs/WatchOS27.0.sdk -target arm64-apple-watchos9.0 -g -module-cache-path /Users/admin/builder/spi-builder-workspace/.derivedData/ModuleCache.noindex -Xfrontend -serialize-debugging-options -profile-coverage-mapping -profile-generate -enable-testing -index-store-path /Users/admin/builder/spi-builder-workspace/.derivedData/Index.noindex/DataStore -Xcc -D_LIBCPP_HARDENING_MODE\=_LIBCPP_HARDENING_MODE_DEBUG -swift-version 4 -I /Users/admin/builder/spi-builder-workspace/.derivedData/Build/Products/Debug-watchos -Isystem /Applications/Xcode-27.0.0-Release.Candidate.app/Contents/Developer/Platforms/WatchOS.platform/Developer/usr/lib -F /Users/admin/builder/spi-builder-workspace/.derivedData/Build/Products/Debug-watchos/PackageFrameworks -F /Users/admin/builder/spi-builder-workspace/.derivedData/Build/Products/Debug-watchos -F /Applications/Xcode-27.0.0-Release.Candidate.app/Contents/Developer/Platforms/WatchOS.platform/Developer/Library/Frameworks -F /Applications/Xcode-27.0.0-Release.Candidate.app/Contents/Developer/Platforms/WatchOS.platform/Developer/SDKs/WatchOS27.0.sdk/Developer/Library/Frameworks -c -j10 -enable-batch-mode -incremental -Xcc -ivfsstatcache -Xcc /Users/admin/builder/spi-builder-workspace/.derivedData/SDKStatCaches.noindex/watchos27.0-24R360-e829b21a6f8c9b70876ba0858053c04477534ef55a1706bf4c1112bbb242f0a2.sdkstatcache -output-file-map /Users/admin/builder/spi-builder-workspace/.derivedData/Build/Intermediates.noindex/TensorFlow.build/Debug-watchos/Proto-t.build/Objects-normal/arm64/Proto-OutputFileMap.json -save-temps -no-color-diagnostics -emit-dependencies -emit-module -emit-module-path /Users/admin/builder/spi-builder-workspace/.derivedData/Build/Intermediates.noindex/TensorFlow.build/Debug-watchos/Proto-t.build/Objects-normal/arm64/Proto.swiftmodule -serialize-diagnostics -validate-clang-modules-once -clang-build-session-file /Users/admin/builder/spi-builder-workspace/.derivedData/ModuleCache.noindex/Session.modulevalidation -Xcc -fmodules-prune-interval\=86400 -Xcc -fmodules-prune-after\=345600 -emit-const-values -const-gather-protocols-list /Users/admin/builder/spi-builder-workspace/.derivedData/Build/Intermediates.noindex/TensorFlow.build/Debug-watchos/Proto-t.build/Objects-normal/arm64/Proto_const_extract_protocols.json -Xcc -I/Users/admin/builder/spi-builder-workspace/.derivedData/Build/Products/Debug-watchos/include -Xcc -I/Users/admin/builder/spi-builder-workspace/.derivedData/Build/Intermediates.noindex/TensorFlow.build/Debug-watchos/Proto-t.build/DerivedSources-normal/arm64 -Xcc -I/Users/admin/builder/spi-builder-workspace/.derivedData/Build/Intermediates.noindex/TensorFlow.build/Debug-watchos/Proto-t.build/DerivedSources/arm64 -Xcc -I/Users/admin/builder/spi-builder-workspace/.derivedData/Build/Intermediates.noindex/TensorFlow.build/Debug-watchos/Proto-t.build/DerivedSources -Xcc -DSWIFT_PACKAGE -Xcc -DDEBUG\=1 -emit-objc-header -emit-objc-header-path /Users/admin/builder/spi-builder-workspace/.derivedData/Build/Intermediates.noindex/TensorFlow.build/Debug-watchos/Proto-t.build/Objects-normal/arm64/Proto-Swift.h -working-directory /Users/admin/builder/spi-builder-workspace/.swiftpm/xcode -experimental-emit-module-separately -disable-cmo
SwiftCompile normal arm64 Compiling\ CAPI.swift /Users/admin/builder/spi-builder-workspace/Sources/CAPI/CAPI.swift (in target 'CAPI' from project 'TensorFlow')
<module-includes>:1:9: note: in file included from <module-includes>:1:
1 | #import "CTensorFlow.h"
| `- note: in file included from <module-includes>:1:
2 |
/Users/admin/builder/spi-builder-workspace/.dependencies/checkouts/CTensorFlow/CTensorFlow.h:4:10: error: 'tensorflow/c/c_api.h' file not found
2 | #define _SWIFT_CTENSORFLOW_H_
3 |
4 | #include <tensorflow/c/c_api.h>
| `- error: 'tensorflow/c/c_api.h' file not found
5 |
6 | #endif
/Users/admin/builder/spi-builder-workspace/Sources/CAPI/Buffer.swift:16:8: error: could not build Objective-C module 'CTensorFlow'
14 | limitations under the License.
15 | */
16 | import CTensorFlow
| `- error: could not build Objective-C module 'CTensorFlow'
17 | import Foundation
18 |
Failed frontend command:
/Applications/Xcode-27.0.0-Release.Candidate.app/Contents/Developer/Toolchains/XcodeDefault.xctoolchain/usr/bin/swift-frontend -frontend -c /Users/admin/builder/spi-builder-workspace/Sources/CAPI/Buffer.swift -primary-file /Users/admin/builder/spi-builder-workspace/Sources/CAPI/CAPI.swift /Users/admin/builder/spi-builder-workspace/Sources/CAPI/Extensions.swift /Users/admin/builder/spi-builder-workspace/Sources/CAPI/Gradients.swift /Users/admin/builder/spi-builder-workspace/Sources/CAPI/Graph.swift /Users/admin/builder/spi-builder-workspace/Sources/CAPI/Library.swift /Users/admin/builder/spi-builder-workspace/Sources/CAPI/Session.swift /Users/admin/builder/spi-builder-workspace/Sources/CAPI/Status.swift /Users/admin/builder/spi-builder-workspace/Sources/CAPI/String.swift /Users/admin/builder/spi-builder-workspace/Sources/CAPI/Tensor.swift -emit-dependencies-path /Users/admin/builder/spi-builder-workspace/.derivedData/Build/Intermediates.noindex/TensorFlow.build/Debug-watchos/CAPI-t.build/Objects-normal/arm64/CAPI.d -emit-const-values-path /Users/admin/builder/spi-builder-workspace/.derivedData/Build/Intermediates.noindex/TensorFlow.build/Debug-watchos/CAPI-t.build/Objects-normal/arm64/CAPI.swiftconstvalues -emit-reference-dependencies-path /Users/admin/builder/spi-builder-workspace/.derivedData/Build/Intermediates.noindex/TensorFlow.build/Debug-watchos/CAPI-t.build/Objects-normal/arm64/CAPI.swiftdeps -serialize-diagnostics-path /Users/admin/builder/spi-builder-workspace/.derivedData/Build/Intermediates.noindex/TensorFlow.build/Debug-watchos/CAPI-t.build/Objects-normal/arm64/CAPI.dia -target arm64-apple-watchos9.0 -Xllvm -aarch64-use-tbi -enable-objc-interop -stack-check -sdk /Applications/Xcode-27.0.0-Release.Candidate.app/Contents/Developer/Platforms/WatchOS.platform/Developer/SDKs/WatchOS27.0.sdk -I /Users/admin/builder/spi-builder-workspace/.derivedData/Build/Products/Debug-watchos -Isystem /Applications/Xcode-27.0.0-Release.Candidate.app/Contents/Developer/Platforms/WatchOS.platform/Developer/usr/lib -F /Users/admin/builder/spi-builder-workspace/.derivedData/Build/Products/Debug-watchos/PackageFrameworks -F /Users/admin/builder/spi-builder-workspace/.derivedData/Build/Products/Debug-watchos -F /Applications/Xcode-27.0.0-Release.Candidate.app/Contents/Developer/Platforms/WatchOS.platform/Developer/Library/Frameworks -F /Applications/Xcode-27.0.0-Release.Candidate.app/Contents/Developer/Platforms/WatchOS.platform/Developer/SDKs/WatchOS27.0.sdk/Developer/Library/Frameworks -module-cache-path /Users/admin/builder/spi-builder-workspace/.derivedData/ModuleCache.noindex -no-color-diagnostics -Xcc -fno-color-diagnostics -enable-testing -g -debug-info-format\=dwarf -dwarf-version\=4 -profile-generate -profile-coverage-mapping -swift-version 4 -Onone -D SWIFT_PACKAGE -D DEBUG -D SWIFT_MODULE_RESOURCE_BUNDLE_UNAVAILABLE -D Xcode -serialize-debugging-options -enable-experimental-feature DebugDescriptionMacro -empty-abi-descriptor -plugin-path /Applications/Xcode-27.0.0-Release.Candidate.app/Contents/Developer/Toolchains/XcodeDefault.xctoolchain/usr/lib/swift/host/plugins/testing -validate-clang-modules-once -clang-build-session-file /Users/admin/builder/spi-builder-workspace/.derivedData/ModuleCache.noindex/Session.modulevalidation -Xcc -working-directory -Xcc /Users/admin/builder/spi-builder-workspace/.swiftpm/xcode -enable-anonymous-context-mangled-names -file-compilation-dir /Users/admin/builder/spi-builder-workspace/.swiftpm/xcode -Xcc -fmodule-map-file\=/Users/admin/builder/spi-builder-workspace/.dependencies/checkouts/CTensorFlow/module.modulemap -Xcc -D_LIBCPP_HARDENING_MODE\=_LIBCPP_HARDENING_MODE_DEBUG -Xcc -ivfsstatcache -Xcc /Users/admin/builder/spi-builder-workspace/.derivedData/SDKStatCaches.noindex/watchos27.0-24R360-e829b21a6f8c9b70876ba0858053c04477534ef55a1706bf4c1112bbb242f0a2.sdkstatcache -Xcc -fmodules-prune-interval\=86400 -Xcc -fmodules-prune-after\=345600 -Xcc -I/Users/admin/builder/spi-builder-workspace/.derivedData/Build/Products/Debug-watchos/include -Xcc -I/Users/admin/builder/spi-builder-workspace/.derivedData/Build/Intermediates.noindex/TensorFlow.build/Debug-watchos/CAPI-t.build/DerivedSources-normal/arm64 -Xcc -I/Users/admin/builder/spi-builder-workspace/.derivedData/Build/Intermediates.noindex/TensorFlow.build/Debug-watchos/CAPI-t.build/DerivedSources/arm64 -Xcc -I/Users/admin/builder/spi-builder-workspace/.derivedData/Build/Intermediates.noindex/TensorFlow.build/Debug-watchos/CAPI-t.build/DerivedSources -Xcc -DSWIFT_PACKAGE -Xcc -DDEBUG\=1 -no-auto-bridging-header-chaining -module-name CAPI -const-gather-protocols-file /Users/admin/builder/spi-builder-workspace/.derivedData/Build/Intermediates.noindex/TensorFlow.build/Debug-watchos/CAPI-t.build/Objects-normal/arm64/CAPI_const_extract_protocols.json -disable-clang-spi -target-sdk-version 27.0 -target-sdk-name watchos27.0 -external-plugin-path /Applications/Xcode-27.0.0-Release.Candidate.app/Contents/Developer/Platforms/WatchOS.platform/Developer/usr/lib/swift/host/plugins\#/Applications/Xcode-27.0.0-Release.Candidate.app/Contents/Developer/Platforms/WatchOS.platform/Developer/usr/bin/swift-plugin-server -external-plugin-path /Applications/Xcode-27.0.0-Release.Candidate.app/Contents/Developer/Platforms/WatchOS.platform/Developer/usr/local/lib/swift/host/plugins\#/Applications/Xcode-27.0.0-Release.Candidate.app/Contents/Developer/Platforms/WatchOS.platform/Developer/usr/bin/swift-plugin-server -in-process-plugin-server-path /Applications/Xcode-27.0.0-Release.Candidate.app/Contents/Developer/Toolchains/XcodeDefault.xctoolchain/usr/lib/swift/host/libSwiftInProcPluginServer.dylib -plugin-path /Applications/Xcode-27.0.0-Release.Candidate.app/Contents/Developer/Toolchains/XcodeDefault.xctoolchain/usr/lib/swift/host/plugins -plugin-path /Applications/Xcode-27.0.0-Release.Candidate.app/Contents/Developer/Toolchains/XcodeDefault.xctoolchain/usr/local/lib/swift/host/plugins -parse-as-library -o /Users/admin/builder/spi-builder-workspace/.derivedData/Build/Intermediates.noindex/TensorFlow.build/Debug-watchos/CAPI-t.build/Objects-normal/arm64/CAPI.o -index-unit-output-path /TensorFlow.build/Debug-watchos/CAPI-t.build/Objects-normal/arm64/CAPI.o -index-store-path /Users/admin/builder/spi-builder-workspace/.derivedData/Index.noindex/DataStore -index-system-modules
SwiftCompile normal arm64 /Users/admin/builder/spi-builder-workspace/Sources/CAPI/CAPI.swift (in target 'CAPI' from project 'TensorFlow')
cd /Users/admin/builder/spi-builder-workspace/.swiftpm/xcode
builtin-SwiftPerFileCompile CAPI.swift
SwiftCompile normal arm64 Compiling\ Library.swift /Users/admin/builder/spi-builder-workspace/Sources/CAPI/Library.swift (in target 'CAPI' from project 'TensorFlow')
<module-includes>:1:9: note: in file included from <module-includes>:1:
1 | #import "CTensorFlow.h"
| `- note: in file included from <module-includes>:1:
2 |
/Users/admin/builder/spi-builder-workspace/.dependencies/checkouts/CTensorFlow/CTensorFlow.h:4:10: error: 'tensorflow/c/c_api.h' file not found
2 | #define _SWIFT_CTENSORFLOW_H_
3 |
4 | #include <tensorflow/c/c_api.h>
| `- error: 'tensorflow/c/c_api.h' file not found
5 |
6 | #endif
SwiftCompile normal arm64 /Users/admin/builder/spi-builder-workspace/Sources/CAPI/Library.swift (in target 'CAPI' from project 'TensorFlow')
cd /Users/admin/builder/spi-builder-workspace/.swiftpm/xcode
builtin-SwiftPerFileCompile Library.swift
SwiftCompile normal arm64 Compiling\ Buffer.swift /Users/admin/builder/spi-builder-workspace/Sources/CAPI/Buffer.swift (in target 'CAPI' from project 'TensorFlow')
<module-includes>:1:9: note: in file included from <module-includes>:1:
1 | #import "CTensorFlow.h"
| `- note: in file included from <module-includes>:1:
2 |
/Users/admin/builder/spi-builder-workspace/.dependencies/checkouts/CTensorFlow/CTensorFlow.h:4:10: error: 'tensorflow/c/c_api.h' file not found
2 | #define _SWIFT_CTENSORFLOW_H_
3 |
4 | #include <tensorflow/c/c_api.h>
| `- error: 'tensorflow/c/c_api.h' file not found
5 |
6 | #endif
SwiftCompile normal arm64 /Users/admin/builder/spi-builder-workspace/Sources/CAPI/Buffer.swift (in target 'CAPI' from project 'TensorFlow')
cd /Users/admin/builder/spi-builder-workspace/.swiftpm/xcode
builtin-SwiftPerFileCompile Buffer.swift
SwiftCompile normal arm64 Compiling\ Extensions.swift /Users/admin/builder/spi-builder-workspace/Sources/CAPI/Extensions.swift (in target 'CAPI' from project 'TensorFlow')
<module-includes>:1:9: note: in file included from <module-includes>:1:
1 | #import "CTensorFlow.h"
| `- note: in file included from <module-includes>:1:
2 |
/Users/admin/builder/spi-builder-workspace/.dependencies/checkouts/CTensorFlow/CTensorFlow.h:4:10: error: 'tensorflow/c/c_api.h' file not found
2 | #define _SWIFT_CTENSORFLOW_H_
3 |
4 | #include <tensorflow/c/c_api.h>
| `- error: 'tensorflow/c/c_api.h' file not found
5 |
6 | #endif
/Users/admin/builder/spi-builder-workspace/Sources/CAPI/Buffer.swift:16:8: error: could not build Objective-C module 'CTensorFlow'
14 | limitations under the License.
15 | */
16 | import CTensorFlow
| `- error: could not build Objective-C module 'CTensorFlow'
17 | import Foundation
18 |
Failed frontend command:
/Applications/Xcode-27.0.0-Release.Candidate.app/Contents/Developer/Toolchains/XcodeDefault.xctoolchain/usr/bin/swift-frontend -frontend -c /Users/admin/builder/spi-builder-workspace/Sources/CAPI/Buffer.swift /Users/admin/builder/spi-builder-workspace/Sources/CAPI/CAPI.swift -primary-file /Users/admin/builder/spi-builder-workspace/Sources/CAPI/Extensions.swift /Users/admin/builder/spi-builder-workspace/Sources/CAPI/Gradients.swift /Users/admin/builder/spi-builder-workspace/Sources/CAPI/Graph.swift /Users/admin/builder/spi-builder-workspace/Sources/CAPI/Library.swift /Users/admin/builder/spi-builder-workspace/Sources/CAPI/Session.swift /Users/admin/builder/spi-builder-workspace/Sources/CAPI/Status.swift /Users/admin/builder/spi-builder-workspace/Sources/CAPI/String.swift /Users/admin/builder/spi-builder-workspace/Sources/CAPI/Tensor.swift -emit-dependencies-path /Users/admin/builder/spi-builder-workspace/.derivedData/Build/Intermediates.noindex/TensorFlow.build/Debug-watchos/CAPI-t.build/Objects-normal/arm64/Extensions.d -emit-const-values-path /Users/admin/builder/spi-builder-workspace/.derivedData/Build/Intermediates.noindex/TensorFlow.build/Debug-watchos/CAPI-t.build/Objects-normal/arm64/Extensions.swiftconstvalues -emit-reference-dependencies-path /Users/admin/builder/spi-builder-workspace/.derivedData/Build/Intermediates.noindex/TensorFlow.build/Debug-watchos/CAPI-t.build/Objects-normal/arm64/Extensions.swiftdeps -serialize-diagnostics-path /Users/admin/builder/spi-builder-workspace/.derivedData/Build/Intermediates.noindex/TensorFlow.build/Debug-watchos/CAPI-t.build/Objects-normal/arm64/Extensions.dia -target arm64-apple-watchos9.0 -Xllvm -aarch64-use-tbi -enable-objc-interop -stack-check -sdk /Applications/Xcode-27.0.0-Release.Candidate.app/Contents/Developer/Platforms/WatchOS.platform/Developer/SDKs/WatchOS27.0.sdk -I /Users/admin/builder/spi-builder-workspace/.derivedData/Build/Products/Debug-watchos -Isystem /Applications/Xcode-27.0.0-Release.Candidate.app/Contents/Developer/Platforms/WatchOS.platform/Developer/usr/lib -F /Users/admin/builder/spi-builder-workspace/.derivedData/Build/Products/Debug-watchos/PackageFrameworks -F /Users/admin/builder/spi-builder-workspace/.derivedData/Build/Products/Debug-watchos -F /Applications/Xcode-27.0.0-Release.Candidate.app/Contents/Developer/Platforms/WatchOS.platform/Developer/Library/Frameworks -F /Applications/Xcode-27.0.0-Release.Candidate.app/Contents/Developer/Platforms/WatchOS.platform/Developer/SDKs/WatchOS27.0.sdk/Developer/Library/Frameworks -module-cache-path /Users/admin/builder/spi-builder-workspace/.derivedData/ModuleCache.noindex -no-color-diagnostics -Xcc -fno-color-diagnostics -enable-testing -g -debug-info-format\=dwarf -dwarf-version\=4 -profile-generate -profile-coverage-mapping -swift-version 4 -Onone -D SWIFT_PACKAGE -D DEBUG -D SWIFT_MODULE_RESOURCE_BUNDLE_UNAVAILABLE -D Xcode -serialize-debugging-options -enable-experimental-feature DebugDescriptionMacro -empty-abi-descriptor -plugin-path /Applications/Xcode-27.0.0-Release.Candidate.app/Contents/Developer/Toolchains/XcodeDefault.xctoolchain/usr/lib/swift/host/plugins/testing -validate-clang-modules-once -clang-build-session-file /Users/admin/builder/spi-builder-workspace/.derivedData/ModuleCache.noindex/Session.modulevalidation -Xcc -working-directory -Xcc /Users/admin/builder/spi-builder-workspace/.swiftpm/xcode -enable-anonymous-context-mangled-names -file-compilation-dir /Users/admin/builder/spi-builder-workspace/.swiftpm/xcode -Xcc -fmodule-map-file\=/Users/admin/builder/spi-builder-workspace/.dependencies/checkouts/CTensorFlow/module.modulemap -Xcc -D_LIBCPP_HARDENING_MODE\=_LIBCPP_HARDENING_MODE_DEBUG -Xcc -ivfsstatcache -Xcc /Users/admin/builder/spi-builder-workspace/.derivedData/SDKStatCaches.noindex/watchos27.0-24R360-e829b21a6f8c9b70876ba0858053c04477534ef55a1706bf4c1112bbb242f0a2.sdkstatcache -Xcc -fmodules-prune-interval\=86400 -Xcc -fmodules-prune-after\=345600 -Xcc -I/Users/admin/builder/spi-builder-workspace/.derivedData/Build/Products/Debug-watchos/include -Xcc -I/Users/admin/builder/spi-builder-workspace/.derivedData/Build/Intermediates.noindex/TensorFlow.build/Debug-watchos/CAPI-t.build/DerivedSources-normal/arm64 -Xcc -I/Users/admin/builder/spi-builder-workspace/.derivedData/Build/Intermediates.noindex/TensorFlow.build/Debug-watchos/CAPI-t.build/DerivedSources/arm64 -Xcc -I/Users/admin/builder/spi-builder-workspace/.derivedData/Build/Intermediates.noindex/TensorFlow.build/Debug-watchos/CAPI-t.build/DerivedSources -Xcc -DSWIFT_PACKAGE -Xcc -DDEBUG\=1 -no-auto-bridging-header-chaining -module-name CAPI -const-gather-protocols-file /Users/admin/builder/spi-builder-workspace/.derivedData/Build/Intermediates.noindex/TensorFlow.build/Debug-watchos/CAPI-t.build/Objects-normal/arm64/CAPI_const_extract_protocols.json -disable-clang-spi -target-sdk-version 27.0 -target-sdk-name watchos27.0 -external-plugin-path /Applications/Xcode-27.0.0-Release.Candidate.app/Contents/Developer/Platforms/WatchOS.platform/Developer/usr/lib/swift/host/plugins\#/Applications/Xcode-27.0.0-Release.Candidate.app/Contents/Developer/Platforms/WatchOS.platform/Developer/usr/bin/swift-plugin-server -external-plugin-path /Applications/Xcode-27.0.0-Release.Candidate.app/Contents/Developer/Platforms/WatchOS.platform/Developer/usr/local/lib/swift/host/plugins\#/Applications/Xcode-27.0.0-Release.Candidate.app/Contents/Developer/Platforms/WatchOS.platform/Developer/usr/bin/swift-plugin-server -in-process-plugin-server-path /Applications/Xcode-27.0.0-Release.Candidate.app/Contents/Developer/Toolchains/XcodeDefault.xctoolchain/usr/lib/swift/host/libSwiftInProcPluginServer.dylib -plugin-path /Applications/Xcode-27.0.0-Release.Candidate.app/Contents/Developer/Toolchains/XcodeDefault.xctoolchain/usr/lib/swift/host/plugins -plugin-path /Applications/Xcode-27.0.0-Release.Candidate.app/Contents/Developer/Toolchains/XcodeDefault.xctoolchain/usr/local/lib/swift/host/plugins -parse-as-library -o /Users/admin/builder/spi-builder-workspace/.derivedData/Build/Intermediates.noindex/TensorFlow.build/Debug-watchos/CAPI-t.build/Objects-normal/arm64/Extensions.o -index-unit-output-path /TensorFlow.build/Debug-watchos/CAPI-t.build/Objects-normal/arm64/Extensions.o -index-store-path /Users/admin/builder/spi-builder-workspace/.derivedData/Index.noindex/DataStore -index-system-modules
SwiftCompile normal arm64 /Users/admin/builder/spi-builder-workspace/Sources/CAPI/Extensions.swift (in target 'CAPI' from project 'TensorFlow')
cd /Users/admin/builder/spi-builder-workspace/.swiftpm/xcode
builtin-SwiftPerFileCompile Extensions.swift
SwiftCompile normal arm64 Compiling\ Graph.swift /Users/admin/builder/spi-builder-workspace/Sources/CAPI/Graph.swift (in target 'CAPI' from project 'TensorFlow')
<module-includes>:1:9: note: in file included from <module-includes>:1:
1 | #import "CTensorFlow.h"
| `- note: in file included from <module-includes>:1:
2 |
/Users/admin/builder/spi-builder-workspace/.dependencies/checkouts/CTensorFlow/CTensorFlow.h:4:10: error: 'tensorflow/c/c_api.h' file not found
2 | #define _SWIFT_CTENSORFLOW_H_
3 |
4 | #include <tensorflow/c/c_api.h>
| `- error: 'tensorflow/c/c_api.h' file not found
5 |
6 | #endif
SwiftCompile normal arm64 /Users/admin/builder/spi-builder-workspace/Sources/CAPI/Graph.swift (in target 'CAPI' from project 'TensorFlow')
cd /Users/admin/builder/spi-builder-workspace/.swiftpm/xcode
builtin-SwiftPerFileCompile Graph.swift
SwiftCompile normal arm64 Compiling\ Session.swift /Users/admin/builder/spi-builder-workspace/Sources/CAPI/Session.swift (in target 'CAPI' from project 'TensorFlow')
<module-includes>:1:9: note: in file included from <module-includes>:1:
1 | #import "CTensorFlow.h"
| `- note: in file included from <module-includes>:1:
2 |
/Users/admin/builder/spi-builder-workspace/.dependencies/checkouts/CTensorFlow/CTensorFlow.h:4:10: error: 'tensorflow/c/c_api.h' file not found
2 | #define _SWIFT_CTENSORFLOW_H_
3 |
4 | #include <tensorflow/c/c_api.h>
| `- error: 'tensorflow/c/c_api.h' file not found
5 |
6 | #endif
SwiftCompile normal arm64 /Users/admin/builder/spi-builder-workspace/Sources/CAPI/Session.swift (in target 'CAPI' from project 'TensorFlow')
cd /Users/admin/builder/spi-builder-workspace/.swiftpm/xcode
builtin-SwiftPerFileCompile Session.swift
SwiftCompile normal arm64 Compiling\ Tensor.swift /Users/admin/builder/spi-builder-workspace/Sources/CAPI/Tensor.swift (in target 'CAPI' from project 'TensorFlow')
<module-includes>:1:9: note: in file included from <module-includes>:1:
1 | #import "CTensorFlow.h"
| `- note: in file included from <module-includes>:1:
2 |
/Users/admin/builder/spi-builder-workspace/.dependencies/checkouts/CTensorFlow/CTensorFlow.h:4:10: error: 'tensorflow/c/c_api.h' file not found
2 | #define _SWIFT_CTENSORFLOW_H_
3 |
4 | #include <tensorflow/c/c_api.h>
| `- error: 'tensorflow/c/c_api.h' file not found
5 |
6 | #endif
SwiftCompile normal arm64 /Users/admin/builder/spi-builder-workspace/Sources/CAPI/Tensor.swift (in target 'CAPI' from project 'TensorFlow')
cd /Users/admin/builder/spi-builder-workspace/.swiftpm/xcode
builtin-SwiftPerFileCompile Tensor.swift
SwiftEmitModule normal arm64 Emitting\ module\ for\ CAPI (in target 'CAPI' from project 'TensorFlow')
SwiftCompile normal arm64 (in target 'CAPI' from project 'TensorFlow')
cd /Users/admin/builder/spi-builder-workspace/.swiftpm/xcode
SwiftEmitModule normal arm64_32 Emitting\ module\ for\ CAPI (in target 'CAPI' from project 'TensorFlow')
SwiftCompile normal arm64_32 (in target 'CAPI' from project 'TensorFlow')
cd /Users/admin/builder/spi-builder-workspace/.swiftpm/xcode
PruneExplicitPrecompiledModules /Users/admin/builder/spi-builder-workspace/.derivedData/Build/Intermediates.noindex/SwiftExplicitPrecompiledModules
PruneExplicitPrecompiledModules /Users/admin/builder/spi-builder-workspace/.derivedData/SDKExplicitPrecompiledModules
PruneExplicitPrecompiledModules /Users/admin/builder/spi-builder-workspace/.derivedData/Build/Intermediates.noindex/ExplicitPrecompiledModules
2026-09-16 05:21:01.276 xcodebuild[1132:6811] [MT] IDERunDestination: Supported platforms for the buildables in the current scheme is empty.
** BUILD FAILED **
The following build commands failed:
SwiftCompile normal arm64 Compiling\ CAPI.swift /Users/admin/builder/spi-builder-workspace/Sources/CAPI/CAPI.swift (in target 'CAPI' from project 'TensorFlow')
SwiftCompile normal arm64 /Users/admin/builder/spi-builder-workspace/Sources/CAPI/CAPI.swift (in target 'CAPI' from project 'TensorFlow')
SwiftCompile normal arm64 Compiling\ Extensions.swift /Users/admin/builder/spi-builder-workspace/Sources/CAPI/Extensions.swift (in target 'CAPI' from project 'TensorFlow')
SwiftCompile normal arm64 /Users/admin/builder/spi-builder-workspace/Sources/CAPI/Extensions.swift (in target 'CAPI' from project 'TensorFlow')
Building workspace TensorFlow with scheme TensorFlow-Package
(5 failures)
BUILD FAILURE 6.4 watchOS