The Swift Package Index logo.Swift Package Index

Build Information

Failed to build foundation-dependencies, reference 7.0.0 (fe575e), with Swift 6.3 for Android on 19 Aug 2026 14:45:37 UTC.

Build Command

bash -c docker run --pull=always --rm -v "checkouts-54344844-0":/host -w "$PWD" -e JAVA_HOME="/root/.sdkman/candidates/java/current" -e SPI_BUILD="1" -e SPI_PROCESSING="1" registry.gitlab.com/saguaro1/spi-images:android-6.3-latest swift build --swift-sdk aarch64-unknown-linux-android28 2>&1

Build Log

========================================
RunAll
========================================
Builder version: 5.0.2
Interrupt handler set up.
========================================
Checkout
========================================
Clone URL: https://github.com/nashysolutions/foundation-dependencies.git
Reference: 7.0.0
Initialized empty Git repository in /host/spi-builder-workspace/.git/
hint: Using 'master' as the name for the initial branch. This default branch name
hint: is subject to change. To configure the initial branch name to use in all
hint: of your new repositories, which will suppress this warning, call:
hint:
hint: 	git config --global init.defaultBranch <name>
hint:
hint: Names commonly chosen instead of 'master' are 'main', 'trunk' and
hint: 'development'. The just-created branch can be renamed via this command:
hint:
hint: 	git branch -m <name>
From https://github.com/nashysolutions/foundation-dependencies
 * tag               7.0.0      -> FETCH_HEAD
HEAD is now at fe575e1 Drop @MainActor from the UserDefaults endpoints (#37)
Cloned https://github.com/nashysolutions/foundation-dependencies.git
Revision (git rev-parse @):
fe575e1e238e7d5cf02ff8a3ce37d8adefbf4fd8
SPI manifest file found: $PWD/.spi.yml
SUCCESS checkout https://github.com/nashysolutions/foundation-dependencies.git at 7.0.0
========================================
Build
========================================
Selected platform:         android
Swift version:             6.3
Building package at path:  $PWD
https://github.com/nashysolutions/foundation-dependencies.git
Running build ...
bash -c docker run --pull=always --rm -v "checkouts-54344844-0":/host -w "$PWD" -e JAVA_HOME="/root/.sdkman/candidates/java/current" -e SPI_BUILD="1" -e SPI_PROCESSING="1" registry.gitlab.com/saguaro1/spi-images:android-6.3-latest swift build --swift-sdk aarch64-unknown-linux-android28 2>&1
android-6.3-latest: Pulling from saguaro1/spi-images
Digest: sha256:2b782c87e0bdf114eb0da12f6379a346f06569d6991407581da7dc03d1813adf
Status: Image is up to date for registry.gitlab.com/saguaro1/spi-images:android-6.3-latest
Fetching https://github.com/pointfreeco/swift-dependencies.git
Fetching https://github.com/nashysolutions/files.git
Fetching https://github.com/nashysolutions/versioning.git
[1/7471] Fetching swift-dependencies
[2392/7551] Fetching swift-dependencies, versioning
[6432/7756] Fetching swift-dependencies, versioning, files
Fetched https://github.com/nashysolutions/versioning.git from cache (0.66s)
Fetched https://github.com/nashysolutions/files.git from cache (0.66s)
Fetched https://github.com/pointfreeco/swift-dependencies.git from cache (0.67s)
Computing version for https://github.com/nashysolutions/files.git
Computed https://github.com/nashysolutions/files.git at 3.0.0 (0.85s)
Computing version for https://github.com/nashysolutions/versioning.git
Computed https://github.com/nashysolutions/versioning.git at 2.1.0 (0.18s)
Computing version for https://github.com/pointfreeco/swift-dependencies.git
Computed https://github.com/pointfreeco/swift-dependencies.git at 1.8.1 (0.18s)
Fetching https://github.com/swiftlang/swift-syntax
Fetching https://github.com/pointfreeco/swift-clocks
Fetching https://github.com/pointfreeco/combine-schedulers
Fetching https://github.com/pointfreeco/xctest-dynamic-overlay
Fetching https://github.com/pointfreeco/swift-concurrency-extras
[1/1058] Fetching swift-concurrency-extras
[1059/3723] Fetching swift-concurrency-extras, combine-schedulers
[1193/5157] Fetching swift-concurrency-extras, combine-schedulers, swift-clocks
[3347/7735] Fetching swift-concurrency-extras, combine-schedulers, swift-clocks, xctest-dynamic-overlay
Fetched https://github.com/pointfreeco/combine-schedulers from cache (0.76s)
[2828/5070] Fetching swift-concurrency-extras, swift-clocks, xctest-dynamic-overlay
Fetched https://github.com/pointfreeco/swift-concurrency-extras from cache (0.90s)
Fetched https://github.com/pointfreeco/swift-clocks from cache (0.90s)
Fetched https://github.com/pointfreeco/xctest-dynamic-overlay from cache (0.90s)
[1/76524] Fetching swift-syntax
Fetched https://github.com/swiftlang/swift-syntax from cache (3.25s)
Computing version for https://github.com/pointfreeco/swift-clocks
Computed https://github.com/pointfreeco/swift-clocks at 1.1.0 (3.42s)
Computing version for https://github.com/pointfreeco/combine-schedulers
Computed https://github.com/pointfreeco/combine-schedulers at 1.2.0 (0.16s)
Fetching https://github.com/OpenCombine/OpenCombine.git
[1/8284] Fetching opencombine
Fetched https://github.com/OpenCombine/OpenCombine.git from cache (1.15s)
Computing version for https://github.com/OpenCombine/OpenCombine.git
Computed https://github.com/OpenCombine/OpenCombine.git at 0.14.0 (1.36s)
Computing version for https://github.com/pointfreeco/swift-concurrency-extras
Computed https://github.com/pointfreeco/swift-concurrency-extras at 1.4.1 (0.16s)
Computing version for https://github.com/swiftlang/swift-syntax
Computed https://github.com/swiftlang/swift-syntax at 601.0.1 (0.26s)
Computing version for https://github.com/pointfreeco/xctest-dynamic-overlay
Computed https://github.com/pointfreeco/xctest-dynamic-overlay at 1.11.0 (0.92s)
Creating working copy for https://github.com/pointfreeco/xctest-dynamic-overlay
Working copy of https://github.com/pointfreeco/xctest-dynamic-overlay resolved at 1.11.0
Creating working copy for https://github.com/nashysolutions/files.git
Working copy of https://github.com/nashysolutions/files.git resolved at 3.0.0
Creating working copy for https://github.com/OpenCombine/OpenCombine.git
Working copy of https://github.com/OpenCombine/OpenCombine.git resolved at 0.14.0
Creating working copy for https://github.com/pointfreeco/swift-clocks
Working copy of https://github.com/pointfreeco/swift-clocks resolved at 1.1.0
Creating working copy for https://github.com/pointfreeco/swift-concurrency-extras
Working copy of https://github.com/pointfreeco/swift-concurrency-extras resolved at 1.4.1
Creating working copy for https://github.com/pointfreeco/swift-dependencies.git
Working copy of https://github.com/pointfreeco/swift-dependencies.git resolved at 1.8.1
Creating working copy for https://github.com/pointfreeco/combine-schedulers
Working copy of https://github.com/pointfreeco/combine-schedulers resolved at 1.2.0
Creating working copy for https://github.com/swiftlang/swift-syntax
Working copy of https://github.com/swiftlang/swift-syntax resolved at 601.0.1
Creating working copy for https://github.com/nashysolutions/versioning.git
Working copy of https://github.com/nashysolutions/versioning.git resolved at 2.1.0
Building for debugging...
[0/17] Write sources
[3/17] Copying Info.plist
[3/17] Copying Localizable.xcstrings
[5/17] Write sources
[15/17] Write swift-version-272D24FF697CF451.txt
[16/66] Compiling COpenCombineHelpers COpenCombineHelpers.cpp
[18/158] Emitting module OpenCombine
[19/170] Emitting module IssueReporting
[20/172] Compiling OpenCombine ConduitBase.swift
[21/172] Compiling OpenCombine ConduitList.swift
[22/172] Compiling OpenCombine DebugHook.swift
[23/172] Compiling OpenCombine FilterProducer.swift
[24/172] Compiling OpenCombine Locking.swift
[25/172] Compiling OpenCombine PartialCompletion.swift
[26/172] Compiling OpenCombine PublishedSubject.swift
[27/172] Compiling IssueReporting WithExpectedIssue.swift
[28/172] Compiling IssueReporting WithIssueContext.swift
[29/172] Compiling OpenCombine SubjectSubscriber.swift
[30/172] Compiling OpenCombine SubscriberTap.swift
[31/172] Compiling OpenCombine SubscriptionStatus.swift
[32/172] Compiling OpenCombine SubscriptionTap.swift
[33/172] Compiling OpenCombine Result.swift
[34/172] Compiling OpenCombine Scheduler.swift
[35/172] Compiling OpenCombine Subject+Void.swift
[36/172] Compiling OpenCombine Subscriber+Void.swift
[37/172] Compiling OpenCombine Subscribers.Assign.swift
[38/172] Compiling OpenCombine Subscribers.Completion.swift
[39/172] Compiling OpenCombine Subscribers.Demand.swift
[40/172] Compiling OpenCombine Subscribers.Sink.swift
[41/172] Compiling OpenCombine Subscribers.swift
[42/172] Compiling OpenCombine Subscription.swift
[43/172] Compiling OpenCombine Subscriptions.swift
[44/172] Compiling OpenCombine _Introspection.swift
[45/172] Compiling OpenCombine Utils.swift
[46/172] Compiling OpenCombine Violations.swift
[47/172] Compiling OpenCombine ImmediateScheduler.swift
[48/172] Compiling OpenCombine ObservableObject.swift
[49/172] Compiling OpenCombine PassthroughSubject.swift
[50/172] Compiling OpenCombine Published.swift
[51/172] Compiling OpenCombine Publisher+Subscribe.swift
[52/172] Compiling OpenCombine Deferred.swift
[53/172] Compiling OpenCombine Empty.swift
[54/172] Compiling OpenCombine Fail.swift
[55/172] Compiling OpenCombine GENERATED-Publishers.Catch.swift
[56/172] Compiling OpenCombine GENERATED-Publishers.Encode.swift
[57/172] Compiling OpenCombine GENERATED-Publishers.MapKeyPath.swift
[60/172] Compiling ConcurrencyExtras MainSerialExecutor.swift
[61/173] Compiling OpenCombine AnyCancellable.swift
[62/173] Compiling OpenCombine AnyPublisher.swift
[65/173] Compiling OpenCombine AnySubscriber.swift
[66/173] Compiling OpenCombine Cancellable.swift
[67/173] Compiling OpenCombine Codable.swift
[68/173] Compiling OpenCombine CombineIdentifier.swift
[69/173] Compiling OpenCombine ConcurrencyHelpers.swift
[70/173] Compiling OpenCombine Future+Concurrency.swift
[71/173] Compiling OpenCombine GENERATED-Publisher+Concurrency.swift
[72/173] Compiling OpenCombine CurrentValueSubject.swift
[73/173] Compiling OpenCombine CustomCombineIdentifierConvertible.swift
[74/173] Compiling OpenCombine Future.swift
[75/173] Compiling OpenCombine GENERATED-RootProtocols.swift
[76/173] Compiling OpenCombine Publishers.Count.swift
[77/173] Compiling OpenCombine Publishers.Debounce.swift
[78/173] Compiling OpenCombine Publishers.Delay.swift
[79/173] Compiling OpenCombine Publishers.Drop.swift
[80/173] Compiling OpenCombine Publishers.DropUntilOutput.swift
[81/173] Compiling OpenCombine Publishers.DropWhile.swift
[82/173] Compiling OpenCombine Publishers.Filter.swift
[83/173] Compiling OpenCombine Publishers.First.swift
[84/173] Compiling OpenCombine Publishers.FlatMap.swift
[85/173] Compiling OpenCombine Publishers.HandleEvents.swift
[86/173] Compiling OpenCombine Publishers.IgnoreOutput.swift
[87/173] Compiling OpenCombine Publishers.Last.swift
[88/173] Compiling OpenCombine Publishers.MakeConnectable.swift
[89/173] Compiling OpenCombine Publishers.Map.swift
[90/173] Compiling OpenCombine Publishers.MapError.swift
[91/173] Compiling OpenCombine Publishers.MeasureInterval.swift
[92/173] Compiling OpenCombine Publishers.Multicast.swift
[93/173] Compiling OpenCombine Publishers.Output.swift
[94/173] Compiling OpenCombine Publishers.PrefixUntilOutput.swift
[95/173] Compiling OpenCombine Publishers.PrefixWhile.swift
[96/173] Compiling OpenCombine Publishers.Print.swift
[97/173] Compiling OpenCombine Publishers.ReceiveOn.swift
[98/173] Compiling OpenCombine Publishers.Reduce.swift
[99/173] Compiling OpenCombine Publishers.RemoveDuplicates.swift
[100/173] Compiling OpenCombine Publishers.ReplaceEmpty.swift
[101/173] Compiling OpenCombine Publishers.ReplaceError.swift
[102/173] Compiling OpenCombine Publishers.Retry.swift
[103/173] Compiling OpenCombine Publishers.Scan.swift
[104/173] Compiling OpenCombine Publishers.Sequence.swift
[105/173] Compiling OpenCombine Publishers.SetFailureType.swift
[106/173] Compiling OpenCombine Publishers.Share.swift
[107/173] Compiling OpenCombine Publishers.SubscribeOn.swift
[108/173] Compiling OpenCombine Publishers.SwitchToLatest.swift
[109/173] Compiling OpenCombine Publishers.Throttle.swift
[110/173] Compiling OpenCombine Publishers.Timeout.swift
[111/173] Compiling OpenCombine Publishers.Zip.swift
[112/173] Compiling OpenCombine Publishers.swift
[113/173] Compiling OpenCombine Record.swift
[114/173] Compiling OpenCombine Result.Publisher.swift
[115/173] Compiling OpenCombine Just.swift
[116/173] Compiling OpenCombine Optional.Publisher.swift
[117/173] Compiling OpenCombine Publishers.AllSatisfy.swift
[118/173] Compiling OpenCombine Publishers.AssertNoFailure.swift
[119/173] Compiling OpenCombine Publishers.Autoconnect.swift
[120/173] Compiling OpenCombine Publishers.Breakpoint.swift
[121/173] Compiling OpenCombine Publishers.Buffer.swift
[122/173] Compiling OpenCombine Publishers.Collect.swift
[123/173] Compiling OpenCombine Publishers.CollectByCount.swift
[124/173] Compiling OpenCombine Publishers.CompactMap.swift
[125/173] Compiling OpenCombine Publishers.Comparison.swift
[126/173] Compiling OpenCombine Publishers.Concatenate.swift
[127/173] Compiling OpenCombine Publishers.Contains.swift
[129/174] Compiling ConcurrencyExtras UncheckedSendable.swift
[130/187] Compiling OpenCombineDispatch DispatchQueue+Scheduler.swift
[131/187] Emitting module OpenCombineDispatch
[133/188] Compiling OpenCombineFoundation Utils.swift
[134/188] Compiling OpenCombineFoundation Violations.swift
[135/188] Compiling OpenCombineFoundation JSONEncoder.swift
[136/188] Compiling OpenCombineFoundation PropertyListEncoder.swift
[137/189] Compiling OpenCombineFoundation Timer+Publisher.swift
[143/189] Compiling OpenCombineFoundation Locking.swift
/host/spi-builder-workspace/.build/checkouts/files/Sources/Files/Operations/LoadResource.swift:128:26: error: extra arguments at positions #3, #4 in call
126 |         switch self {
127 |         case .emptyFile(let storageKey):
128 |             return String(
    |                          `- error: extra arguments at positions #3, #4 in call
129 |                 localized: "load.file.error.empty",
130 |                 defaultValue: "The file \(storageKey) is empty.",
Foundation.String.init:2:8: note: 'init(format:locale:_:)' declared here
1 | struct String {
2 | public init(format: __shared String, locale: __shared Locale?, _ args: any CVarArg...)}
  |        `- note: 'init(format:locale:_:)' declared here
3 |
/host/spi-builder-workspace/.build/checkouts/files/Sources/Files/Operations/LoadResource.swift:129:17: error: missing argument for parameter 'format' in call
127 |         case .emptyFile(let storageKey):
128 |             return String(
129 |                 localized: "load.file.error.empty",
    |                 `- error: missing argument for parameter 'format' in call
130 |                 defaultValue: "The file \(storageKey) is empty.",
131 |                 bundle: .module,
Foundation.String.init:2:8: note: 'init(format:locale:_:)' declared here
1 | struct String {
2 | public init(format: __shared String, locale: __shared Locale?, _ args: any CVarArg...)}
  |        `- note: 'init(format:locale:_:)' declared here
3 |
/host/spi-builder-workspace/.build/checkouts/files/Sources/Files/Operations/LoadResource.swift:129:28: error: cannot convert value of type 'String' to expected argument type 'Locale'
127 |         case .emptyFile(let storageKey):
128 |             return String(
129 |                 localized: "load.file.error.empty",
    |                            `- error: cannot convert value of type 'String' to expected argument type 'Locale'
130 |                 defaultValue: "The file \(storageKey) is empty.",
131 |                 bundle: .module,
/host/spi-builder-workspace/.build/checkouts/files/Sources/Files/Operations/LoadResource.swift:131:26: error: cannot infer contextual base in reference to member 'module'
129 |                 localized: "load.file.error.empty",
130 |                 defaultValue: "The file \(storageKey) is empty.",
131 |                 bundle: .module,
    |                          `- error: cannot infer contextual base in reference to member 'module'
132 |                 comment: "Shown when a file exists but contains no data."
133 |             )
/host/spi-builder-workspace/.build/checkouts/files/Sources/Files/Operations/LoadResource.swift:136:26: error: extra arguments at positions #3, #4 in call
134 |
135 |         case .decodingFailed(let storageKey):
136 |             return String(
    |                          `- error: extra arguments at positions #3, #4 in call
137 |                 localized: "load.file.error.decoding",
138 |                 defaultValue: "Failed to decode the contents of the file \(storageKey).",
Foundation.String.init:2:8: note: 'init(format:locale:_:)' declared here
1 | struct String {
2 | public init(format: __shared String, locale: __shared Locale?, _ args: any CVarArg...)}
  |        `- note: 'init(format:locale:_:)' declared here
3 |
/host/spi-builder-workspace/.build/checkouts/files/Sources/Files/Operations/LoadResource.swift:137:17: error: missing argument for parameter 'format' in call
135 |         case .decodingFailed(let storageKey):
136 |             return String(
137 |                 localized: "load.file.error.decoding",
    |                 `- error: missing argument for parameter 'format' in call
138 |                 defaultValue: "Failed to decode the contents of the file \(storageKey).",
139 |                 bundle: .module,
Foundation.String.init:2:8: note: 'init(format:locale:_:)' declared here
1 | struct String {
2 | public init(format: __shared String, locale: __shared Locale?, _ args: any CVarArg...)}
  |        `- note: 'init(format:locale:_:)' declared here
3 |
/host/spi-builder-workspace/.build/checkouts/files/Sources/Files/Operations/LoadResource.swift:137:28: error: cannot convert value of type 'String' to expected argument type 'Locale'
135 |         case .decodingFailed(let storageKey):
136 |             return String(
137 |                 localized: "load.file.error.decoding",
    |                            `- error: cannot convert value of type 'String' to expected argument type 'Locale'
138 |                 defaultValue: "Failed to decode the contents of the file \(storageKey).",
139 |                 bundle: .module,
/host/spi-builder-workspace/.build/checkouts/files/Sources/Files/Operations/LoadResource.swift:139:26: error: cannot infer contextual base in reference to member 'module'
137 |                 localized: "load.file.error.decoding",
138 |                 defaultValue: "Failed to decode the contents of the file \(storageKey).",
139 |                 bundle: .module,
    |                          `- error: cannot infer contextual base in reference to member 'module'
140 |                 comment: "Shown when decoding a file into a resource fails."
141 |             )
/host/spi-builder-workspace/.build/checkouts/files/Sources/Files/Operations/LoadResource.swift:144:26: error: extra arguments at positions #3, #4 in call
142 |
143 |         case .fileReadFailed(let storageKey, let error):
144 |             return String(
    |                          `- error: extra arguments at positions #3, #4 in call
145 |                 localized: "load.file.error.reading",
146 |                 defaultValue: "Failed to read the file \(storageKey): \(error.localizedDescription).",
Foundation.String.init:2:8: note: 'init(format:locale:_:)' declared here
1 | struct String {
2 | public init(format: __shared String, locale: __shared Locale?, _ args: any CVarArg...)}
  |        `- note: 'init(format:locale:_:)' declared here
3 |
/host/spi-builder-workspace/.build/checkouts/files/Sources/Files/Operations/LoadResource.swift:145:17: error: missing argument for parameter 'format' in call
143 |         case .fileReadFailed(let storageKey, let error):
144 |             return String(
145 |                 localized: "load.file.error.reading",
    |                 `- error: missing argument for parameter 'format' in call
146 |                 defaultValue: "Failed to read the file \(storageKey): \(error.localizedDescription).",
147 |                 bundle: .module,
Foundation.String.init:2:8: note: 'init(format:locale:_:)' declared here
1 | struct String {
2 | public init(format: __shared String, locale: __shared Locale?, _ args: any CVarArg...)}
  |        `- note: 'init(format:locale:_:)' declared here
3 |
/host/spi-builder-workspace/.build/checkouts/files/Sources/Files/Operations/LoadResource.swift:145:28: error: cannot convert value of type 'String' to expected argument type 'Locale'
143 |         case .fileReadFailed(let storageKey, let error):
144 |             return String(
145 |                 localized: "load.file.error.reading",
    |                            `- error: cannot convert value of type 'String' to expected argument type 'Locale'
146 |                 defaultValue: "Failed to read the file \(storageKey): \(error.localizedDescription).",
147 |                 bundle: .module,
/host/spi-builder-workspace/.build/checkouts/files/Sources/Files/Operations/LoadResource.swift:147:26: error: cannot infer contextual base in reference to member 'module'
145 |                 localized: "load.file.error.reading",
146 |                 defaultValue: "Failed to read the file \(storageKey): \(error.localizedDescription).",
147 |                 bundle: .module,
    |                          `- error: cannot infer contextual base in reference to member 'module'
148 |                 comment: "Shown when a file cannot be read. First is the file name, second is the system error."
149 |             )
[144/189] Compiling OpenCombineFoundation Portability.swift
/host/spi-builder-workspace/.build/checkouts/files/Sources/Files/Operations/LoadResource.swift:128:26: error: extra arguments at positions #3, #4 in call
126 |         switch self {
127 |         case .emptyFile(let storageKey):
128 |             return String(
    |                          `- error: extra arguments at positions #3, #4 in call
129 |                 localized: "load.file.error.empty",
130 |                 defaultValue: "The file \(storageKey) is empty.",
Foundation.String.init:2:8: note: 'init(format:locale:_:)' declared here
1 | struct String {
2 | public init(format: __shared String, locale: __shared Locale?, _ args: any CVarArg...)}
  |        `- note: 'init(format:locale:_:)' declared here
3 |
/host/spi-builder-workspace/.build/checkouts/files/Sources/Files/Operations/LoadResource.swift:129:17: error: missing argument for parameter 'format' in call
127 |         case .emptyFile(let storageKey):
128 |             return String(
129 |                 localized: "load.file.error.empty",
    |                 `- error: missing argument for parameter 'format' in call
130 |                 defaultValue: "The file \(storageKey) is empty.",
131 |                 bundle: .module,
Foundation.String.init:2:8: note: 'init(format:locale:_:)' declared here
1 | struct String {
2 | public init(format: __shared String, locale: __shared Locale?, _ args: any CVarArg...)}
  |        `- note: 'init(format:locale:_:)' declared here
3 |
/host/spi-builder-workspace/.build/checkouts/files/Sources/Files/Operations/LoadResource.swift:129:28: error: cannot convert value of type 'String' to expected argument type 'Locale'
127 |         case .emptyFile(let storageKey):
128 |             return String(
129 |                 localized: "load.file.error.empty",
    |                            `- error: cannot convert value of type 'String' to expected argument type 'Locale'
130 |                 defaultValue: "The file \(storageKey) is empty.",
131 |                 bundle: .module,
/host/spi-builder-workspace/.build/checkouts/files/Sources/Files/Operations/LoadResource.swift:131:26: error: cannot infer contextual base in reference to member 'module'
129 |                 localized: "load.file.error.empty",
130 |                 defaultValue: "The file \(storageKey) is empty.",
131 |                 bundle: .module,
    |                          `- error: cannot infer contextual base in reference to member 'module'
132 |                 comment: "Shown when a file exists but contains no data."
133 |             )
/host/spi-builder-workspace/.build/checkouts/files/Sources/Files/Operations/LoadResource.swift:136:26: error: extra arguments at positions #3, #4 in call
134 |
135 |         case .decodingFailed(let storageKey):
136 |             return String(
    |                          `- error: extra arguments at positions #3, #4 in call
137 |                 localized: "load.file.error.decoding",
138 |                 defaultValue: "Failed to decode the contents of the file \(storageKey).",
Foundation.String.init:2:8: note: 'init(format:locale:_:)' declared here
1 | struct String {
2 | public init(format: __shared String, locale: __shared Locale?, _ args: any CVarArg...)}
  |        `- note: 'init(format:locale:_:)' declared here
3 |
/host/spi-builder-workspace/.build/checkouts/files/Sources/Files/Operations/LoadResource.swift:137:17: error: missing argument for parameter 'format' in call
135 |         case .decodingFailed(let storageKey):
136 |             return String(
137 |                 localized: "load.file.error.decoding",
    |                 `- error: missing argument for parameter 'format' in call
138 |                 defaultValue: "Failed to decode the contents of the file \(storageKey).",
139 |                 bundle: .module,
Foundation.String.init:2:8: note: 'init(format:locale:_:)' declared here
1 | struct String {
2 | public init(format: __shared String, locale: __shared Locale?, _ args: any CVarArg...)}
  |        `- note: 'init(format:locale:_:)' declared here
3 |
/host/spi-builder-workspace/.build/checkouts/files/Sources/Files/Operations/LoadResource.swift:137:28: error: cannot convert value of type 'String' to expected argument type 'Locale'
135 |         case .decodingFailed(let storageKey):
136 |             return String(
137 |                 localized: "load.file.error.decoding",
    |                            `- error: cannot convert value of type 'String' to expected argument type 'Locale'
138 |                 defaultValue: "Failed to decode the contents of the file \(storageKey).",
139 |                 bundle: .module,
/host/spi-builder-workspace/.build/checkouts/files/Sources/Files/Operations/LoadResource.swift:139:26: error: cannot infer contextual base in reference to member 'module'
137 |                 localized: "load.file.error.decoding",
138 |                 defaultValue: "Failed to decode the contents of the file \(storageKey).",
139 |                 bundle: .module,
    |                          `- error: cannot infer contextual base in reference to member 'module'
140 |                 comment: "Shown when decoding a file into a resource fails."
141 |             )
/host/spi-builder-workspace/.build/checkouts/files/Sources/Files/Operations/LoadResource.swift:144:26: error: extra arguments at positions #3, #4 in call
142 |
143 |         case .fileReadFailed(let storageKey, let error):
144 |             return String(
    |                          `- error: extra arguments at positions #3, #4 in call
145 |                 localized: "load.file.error.reading",
146 |                 defaultValue: "Failed to read the file \(storageKey): \(error.localizedDescription).",
Foundation.String.init:2:8: note: 'init(format:locale:_:)' declared here
1 | struct String {
2 | public init(format: __shared String, locale: __shared Locale?, _ args: any CVarArg...)}
  |        `- note: 'init(format:locale:_:)' declared here
3 |
/host/spi-builder-workspace/.build/checkouts/files/Sources/Files/Operations/LoadResource.swift:145:17: error: missing argument for parameter 'format' in call
143 |         case .fileReadFailed(let storageKey, let error):
144 |             return String(
145 |                 localized: "load.file.error.reading",
    |                 `- error: missing argument for parameter 'format' in call
146 |                 defaultValue: "Failed to read the file \(storageKey): \(error.localizedDescription).",
147 |                 bundle: .module,
Foundation.String.init:2:8: note: 'init(format:locale:_:)' declared here
1 | struct String {
2 | public init(format: __shared String, locale: __shared Locale?, _ args: any CVarArg...)}
  |        `- note: 'init(format:locale:_:)' declared here
3 |
/host/spi-builder-workspace/.build/checkouts/files/Sources/Files/Operations/LoadResource.swift:145:28: error: cannot convert value of type 'String' to expected argument type 'Locale'
143 |         case .fileReadFailed(let storageKey, let error):
144 |             return String(
145 |                 localized: "load.file.error.reading",
    |                            `- error: cannot convert value of type 'String' to expected argument type 'Locale'
146 |                 defaultValue: "Failed to read the file \(storageKey): \(error.localizedDescription).",
147 |                 bundle: .module,
/host/spi-builder-workspace/.build/checkouts/files/Sources/Files/Operations/LoadResource.swift:147:26: error: cannot infer contextual base in reference to member 'module'
145 |                 localized: "load.file.error.reading",
146 |                 defaultValue: "Failed to read the file \(storageKey): \(error.localizedDescription).",
147 |                 bundle: .module,
    |                          `- error: cannot infer contextual base in reference to member 'module'
148 |                 comment: "Shown when a file cannot be read. First is the file name, second is the system error."
149 |             )
[150/191] Compiling OpenCombineFoundation NotificationCenter.swift
[151/191] Emitting module OpenCombineFoundation
[152/191] Compiling Versioning SemanticVersion.swift
[153/191] Emitting module Versioning
[154/191] Compiling ConcurrencyExtras Task.swift
[155/191] Compiling ConcurrencyExtras Result.swift
/host/spi-builder-workspace/.build/checkouts/files/Sources/Files/Operations/SaveResource.swift:122:26: error: extra arguments at positions #3, #4 in call
120 |         switch self {
121 |         case .encodingFailed:
122 |             return String(
    |                          `- error: extra arguments at positions #3, #4 in call
123 |                 localized: "save.file.error.encoding",
124 |                 defaultValue: "We couldn’t save your data. Please try again.",
Foundation.String.init:2:8: note: 'init(format:locale:_:)' declared here
1 | struct String {
2 | public init(format: __shared String, locale: __shared Locale?, _ args: any CVarArg...)}
  |        `- note: 'init(format:locale:_:)' declared here
3 |
/host/spi-builder-workspace/.build/checkouts/files/Sources/Files/Operations/SaveResource.swift:123:17: error: missing argument for parameter 'format' in call
121 |         case .encodingFailed:
122 |             return String(
123 |                 localized: "save.file.error.encoding",
    |                 `- error: missing argument for parameter 'format' in call
124 |                 defaultValue: "We couldn’t save your data. Please try again.",
125 |                 bundle: .module,
Foundation.String.init:2:8: note: 'init(format:locale:_:)' declared here
1 | struct String {
2 | public init(format: __shared String, locale: __shared Locale?, _ args: any CVarArg...)}
  |        `- note: 'init(format:locale:_:)' declared here
3 |
/host/spi-builder-workspace/.build/checkouts/files/Sources/Files/Operations/SaveResource.swift:123:28: error: cannot convert value of type 'String' to expected argument type 'Locale'
121 |         case .encodingFailed:
122 |             return String(
123 |                 localized: "save.file.error.encoding",
    |                            `- error: cannot convert value of type 'String' to expected argument type 'Locale'
124 |                 defaultValue: "We couldn’t save your data. Please try again.",
125 |                 bundle: .module,
/host/spi-builder-workspace/.build/checkouts/files/Sources/Files/Operations/SaveResource.swift:125:26: error: cannot infer contextual base in reference to member 'module'
123 |                 localized: "save.file.error.encoding",
124 |                 defaultValue: "We couldn’t save your data. Please try again.",
125 |                 bundle: .module,
    |                          `- error: cannot infer contextual base in reference to member 'module'
126 |                 comment: "Shown when encoding a resource fails. Avoids exposing internal keys or file names."
127 |             )
/host/spi-builder-workspace/.build/checkouts/files/Sources/Files/Operations/SaveResource.swift:130:26: error: extra arguments at positions #3, #4 in call
128 |
129 |         case .fileSaveFailed:
130 |             return String(
    |                          `- error: extra arguments at positions #3, #4 in call
131 |                 localized: "save.file.error.saving",
132 |                 defaultValue: "Saving the file didn’t work. Please try again.",
Foundation.String.init:2:8: note: 'init(format:locale:_:)' declared here
1 | struct String {
2 | public init(format: __shared String, locale: __shared Locale?, _ args: any CVarArg...)}
  |        `- note: 'init(format:locale:_:)' declared here
3 |
/host/spi-builder-workspace/.build/checkouts/files/Sources/Files/Operations/SaveResource.swift:131:17: error: missing argument for parameter 'format' in call
129 |         case .fileSaveFailed:
130 |             return String(
131 |                 localized: "save.file.error.saving",
    |                 `- error: missing argument for parameter 'format' in call
132 |                 defaultValue: "Saving the file didn’t work. Please try again.",
133 |                 bundle: .module,
Foundation.String.init:2:8: note: 'init(format:locale:_:)' declared here
1 | struct String {
2 | public init(format: __shared String, locale: __shared Locale?, _ args: any CVarArg...)}
  |        `- note: 'init(format:locale:_:)' declared here
3 |
/host/spi-builder-workspace/.build/checkouts/files/Sources/Files/Operations/SaveResource.swift:131:28: error: cannot convert value of type 'String' to expected argument type 'Locale'
129 |         case .fileSaveFailed:
130 |             return String(
131 |                 localized: "save.file.error.saving",
    |                            `- error: cannot convert value of type 'String' to expected argument type 'Locale'
132 |                 defaultValue: "Saving the file didn’t work. Please try again.",
133 |                 bundle: .module,
/host/spi-builder-workspace/.build/checkouts/files/Sources/Files/Operations/SaveResource.swift:133:26: error: cannot infer contextual base in reference to member 'module'
131 |                 localized: "save.file.error.saving",
132 |                 defaultValue: "Saving the file didn’t work. Please try again.",
133 |                 bundle: .module,
    |                          `- error: cannot infer contextual base in reference to member 'module'
134 |                 comment: "Shown when saving a file fails. General message, hides technical detail."
135 |             )
/host/spi-builder-workspace/.build/checkouts/files/Sources/Files/Operations/UpdateResource.swift:106:26: error: extra arguments at positions #3, #4 in call
104 |
105 |         case .unexpected:
106 |             return String(
    |                          `- error: extra arguments at positions #3, #4 in call
107 |                 localized: "update.resource.error.generic",
108 |                 defaultValue: "Something went wrong while updating your data. Please try again.",
Foundation.String.init:2:8: note: 'init(format:locale:_:)' declared here
1 | struct String {
2 | public init(format: __shared String, locale: __shared Locale?, _ args: any CVarArg...)}
  |        `- note: 'init(format:locale:_:)' declared here
3 |
/host/spi-builder-workspace/.build/checkouts/files/Sources/Files/Operations/UpdateResource.swift:107:17: error: missing argument for parameter 'format' in call
105 |         case .unexpected:
106 |             return String(
107 |                 localized: "update.resource.error.generic",
    |                 `- error: missing argument for parameter 'format' in call
108 |                 defaultValue: "Something went wrong while updating your data. Please try again.",
109 |                 bundle: .module,
Foundation.String.init:2:8: note: 'init(format:locale:_:)' declared here
1 | struct String {
2 | public init(format: __shared String, locale: __shared Locale?, _ args: any CVarArg...)}
  |        `- note: 'init(format:locale:_:)' declared here
3 |
/host/spi-builder-workspace/.build/checkouts/files/Sources/Files/Operations/UpdateResource.swift:107:28: error: cannot convert value of type 'String' to expected argument type 'Locale'
105 |         case .unexpected:
106 |             return String(
107 |                 localized: "update.resource.error.generic",
    |                            `- error: cannot convert value of type 'String' to expected argument type 'Locale'
108 |                 defaultValue: "Something went wrong while updating your data. Please try again.",
109 |                 bundle: .module,
/host/spi-builder-workspace/.build/checkouts/files/Sources/Files/Operations/UpdateResource.swift:109:26: error: cannot infer contextual base in reference to member 'module'
107 |                 localized: "update.resource.error.generic",
108 |                 defaultValue: "Something went wrong while updating your data. Please try again.",
109 |                 bundle: .module,
    |                          `- error: cannot infer contextual base in reference to member 'module'
110 |                 comment: "Shown when an unexpected error occurs during a resource update."
111 |             )
/host/spi-builder-workspace/.build/checkouts/files/Sources/Files/Operations/SaveResource.swift:122:26: error: extra arguments at positions #3, #4 in call
120 |         switch self {
121 |         case .encodingFailed:
122 |             return String(
    |                          `- error: extra arguments at positions #3, #4 in call
123 |                 localized: "save.file.error.encoding",
124 |                 defaultValue: "We couldn’t save your data. Please try again.",
Foundation.String.init:2:8: note: 'init(format:locale:_:)' declared here
1 | struct String {
2 | public init(format: __shared String, locale: __shared Locale?, _ args: any CVarArg...)}
  |        `- note: 'init(format:locale:_:)' declared here
3 |
/host/spi-builder-workspace/.build/checkouts/files/Sources/Files/Operations/SaveResource.swift:123:17: error: missing argument for parameter 'format' in call
121 |         case .encodingFailed:
122 |             return String(
123 |                 localized: "save.file.error.encoding",
    |                 `- error: missing argument for parameter 'format' in call
124 |                 defaultValue: "We couldn’t save your data. Please try again.",
125 |                 bundle: .module,
Foundation.String.init:2:8: note: 'init(format:locale:_:)' declared here
1 | struct String {
2 | public init(format: __shared String, locale: __shared Locale?, _ args: any CVarArg...)}
  |        `- note: 'init(format:locale:_:)' declared here
3 |
/host/spi-builder-workspace/.build/checkouts/files/Sources/Files/Operations/SaveResource.swift:123:28: error: cannot convert value of type 'String' to expected argument type 'Locale'
121 |         case .encodingFailed:
122 |             return String(
123 |                 localized: "save.file.error.encoding",
    |                            `- error: cannot convert value of type 'String' to expected argument type 'Locale'
124 |                 defaultValue: "We couldn’t save your data. Please try again.",
125 |                 bundle: .module,
/host/spi-builder-workspace/.build/checkouts/files/Sources/Files/Operations/SaveResource.swift:125:26: error: cannot infer contextual base in reference to member 'module'
123 |                 localized: "save.file.error.encoding",
124 |                 defaultValue: "We couldn’t save your data. Please try again.",
125 |                 bundle: .module,
    |                          `- error: cannot infer contextual base in reference to member 'module'
126 |                 comment: "Shown when encoding a resource fails. Avoids exposing internal keys or file names."
127 |             )
/host/spi-builder-workspace/.build/checkouts/files/Sources/Files/Operations/SaveResource.swift:130:26: error: extra arguments at positions #3, #4 in call
128 |
129 |         case .fileSaveFailed:
130 |             return String(
    |                          `- error: extra arguments at positions #3, #4 in call
131 |                 localized: "save.file.error.saving",
132 |                 defaultValue: "Saving the file didn’t work. Please try again.",
Foundation.String.init:2:8: note: 'init(format:locale:_:)' declared here
1 | struct String {
2 | public init(format: __shared String, locale: __shared Locale?, _ args: any CVarArg...)}
  |        `- note: 'init(format:locale:_:)' declared here
3 |
/host/spi-builder-workspace/.build/checkouts/files/Sources/Files/Operations/SaveResource.swift:131:17: error: missing argument for parameter 'format' in call
129 |         case .fileSaveFailed:
130 |             return String(
131 |                 localized: "save.file.error.saving",
    |                 `- error: missing argument for parameter 'format' in call
132 |                 defaultValue: "Saving the file didn’t work. Please try again.",
133 |                 bundle: .module,
Foundation.String.init:2:8: note: 'init(format:locale:_:)' declared here
1 | struct String {
2 | public init(format: __shared String, locale: __shared Locale?, _ args: any CVarArg...)}
  |        `- note: 'init(format:locale:_:)' declared here
3 |
/host/spi-builder-workspace/.build/checkouts/files/Sources/Files/Operations/SaveResource.swift:131:28: error: cannot convert value of type 'String' to expected argument type 'Locale'
129 |         case .fileSaveFailed:
130 |             return String(
131 |                 localized: "save.file.error.saving",
    |                            `- error: cannot convert value of type 'String' to expected argument type 'Locale'
132 |                 defaultValue: "Saving the file didn’t work. Please try again.",
133 |                 bundle: .module,
/host/spi-builder-workspace/.build/checkouts/files/Sources/Files/Operations/SaveResource.swift:133:26: error: cannot infer contextual base in reference to member 'module'
131 |                 localized: "save.file.error.saving",
132 |                 defaultValue: "Saving the file didn’t work. Please try again.",
133 |                 bundle: .module,
    |                          `- error: cannot infer contextual base in reference to member 'module'
134 |                 comment: "Shown when saving a file fails. General message, hides technical detail."
135 |             )
/host/spi-builder-workspace/.build/checkouts/files/Sources/Files/Operations/UpdateResource.swift:106:26: error: extra arguments at positions #3, #4 in call
104 |
105 |         case .unexpected:
106 |             return String(
    |                          `- error: extra arguments at positions #3, #4 in call
107 |                 localized: "update.resource.error.generic",
108 |                 defaultValue: "Something went wrong while updating your data. Please try again.",
Foundation.String.init:2:8: note: 'init(format:locale:_:)' declared here
1 | struct String {
2 | public init(format: __shared String, locale: __shared Locale?, _ args: any CVarArg...)}
  |        `- note: 'init(format:locale:_:)' declared here
3 |
/host/spi-builder-workspace/.build/checkouts/files/Sources/Files/Operations/UpdateResource.swift:107:17: error: missing argument for parameter 'format' in call
105 |         case .unexpected:
106 |             return String(
107 |                 localized: "update.resource.error.generic",
    |                 `- error: missing argument for parameter 'format' in call
108 |                 defaultValue: "Something went wrong while updating your data. Please try again.",
109 |                 bundle: .module,
Foundation.String.init:2:8: note: 'init(format:locale:_:)' declared here
1 | struct String {
2 | public init(format: __shared String, locale: __shared Locale?, _ args: any CVarArg...)}
  |        `- note: 'init(format:locale:_:)' declared here
3 |
/host/spi-builder-workspace/.build/checkouts/files/Sources/Files/Operations/UpdateResource.swift:107:28: error: cannot convert value of type 'String' to expected argument type 'Locale'
105 |         case .unexpected:
106 |             return String(
107 |                 localized: "update.resource.error.generic",
    |                            `- error: cannot convert value of type 'String' to expected argument type 'Locale'
108 |                 defaultValue: "Something went wrong while updating your data. Please try again.",
109 |                 bundle: .module,
/host/spi-builder-workspace/.build/checkouts/files/Sources/Files/Operations/UpdateResource.swift:109:26: error: cannot infer contextual base in reference to member 'module'
107 |                 localized: "update.resource.error.generic",
108 |                 defaultValue: "Something went wrong while updating your data. Please try again.",
109 |                 bundle: .module,
    |                          `- error: cannot infer contextual base in reference to member 'module'
110 |                 comment: "Shown when an unexpected error occurs during a resource update."
111 |             )
/host/spi-builder-workspace/.build/checkouts/files/Sources/Files/Operations/DeleteResource.swift:71:26: error: extra arguments at positions #3, #4 in call
 69 |         switch self {
 70 |         case .fileDeleteFailed:
 71 |             return String(
    |                          `- error: extra arguments at positions #3, #4 in call
 72 |                 localized: "delete.file.error.generic",
 73 |                 defaultValue: "Something went wrong while removing a file. Please try again.",
Foundation.String.init:2:8: note: 'init(format:locale:_:)' declared here
1 | struct String {
2 | public init(format: __shared String, locale: __shared Locale?, _ args: any CVarArg...)}
  |        `- note: 'init(format:locale:_:)' declared here
3 |
/host/spi-builder-workspace/.build/checkouts/files/Sources/Files/Operations/DeleteResource.swift:72:17: error: missing argument for parameter 'format' in call
 70 |         case .fileDeleteFailed:
 71 |             return String(
 72 |                 localized: "delete.file.error.generic",
    |                 `- error: missing argument for parameter 'format' in call
 73 |                 defaultValue: "Something went wrong while removing a file. Please try again.",
 74 |                 bundle: .module,
Foundation.String.init:2:8: note: 'init(format:locale:_:)' declared here
1 | struct String {
2 | public init(format: __shared String, locale: __shared Locale?, _ args: any CVarArg...)}
  |        `- note: 'init(format:locale:_:)' declared here
3 |
/host/spi-builder-workspace/.build/checkouts/files/Sources/Files/Operations/DeleteResource.swift:72:28: error: cannot convert value of type 'String' to expected argument type 'Locale'
 70 |         case .fileDeleteFailed:
 71 |             return String(
 72 |                 localized: "delete.file.error.generic",
    |                            `- error: cannot convert value of type 'String' to expected argument type 'Locale'
 73 |                 defaultValue: "Something went wrong while removing a file. Please try again.",
 74 |                 bundle: .module,
/host/spi-builder-workspace/.build/checkouts/files/Sources/Files/Operations/DeleteResource.swift:74:26: error: cannot infer contextual base in reference to member 'module'
 72 |                 localized: "delete.file.error.generic",
 73 |                 defaultValue: "Something went wrong while removing a file. Please try again.",
 74 |                 bundle: .module,
    |                          `- error: cannot infer contextual base in reference to member 'module'
 75 |                 comment: "Generic user-facing error when file deletion fails. No technical detail included."
 76 |             )
/host/spi-builder-workspace/.build/checkouts/files/Sources/Files/Operations/DeleteResource.swift:71:26: error: extra arguments at positions #3, #4 in call
 69 |         switch self {
 70 |         case .fileDeleteFailed:
 71 |             return String(
    |                          `- error: extra arguments at positions #3, #4 in call
 72 |                 localized: "delete.file.error.generic",
 73 |                 defaultValue: "Something went wrong while removing a file. Please try again.",
Foundation.String.init:2:8: note: 'init(format:locale:_:)' declared here
1 | struct String {
2 | public init(format: __shared String, locale: __shared Locale?, _ args: any CVarArg...)}
  |        `- note: 'init(format:locale:_:)' declared here
3 |
/host/spi-builder-workspace/.build/checkouts/files/Sources/Files/Operations/DeleteResource.swift:72:17: error: missing argument for parameter 'format' in call
 70 |         case .fileDeleteFailed:
 71 |             return String(
 72 |                 localized: "delete.file.error.generic",
    |                 `- error: missing argument for parameter 'format' in call
 73 |                 defaultValue: "Something went wrong while removing a file. Please try again.",
 74 |                 bundle: .module,
Foundation.String.init:2:8: note: 'init(format:locale:_:)' declared here
1 | struct String {
2 | public init(format: __shared String, locale: __shared Locale?, _ args: any CVarArg...)}
  |        `- note: 'init(format:locale:_:)' declared here
3 |
/host/spi-builder-workspace/.build/checkouts/files/Sources/Files/Operations/DeleteResource.swift:72:28: error: cannot convert value of type 'String' to expected argument type 'Locale'
 70 |         case .fileDeleteFailed:
 71 |             return String(
 72 |                 localized: "delete.file.error.generic",
    |                            `- error: cannot convert value of type 'String' to expected argument type 'Locale'
 73 |                 defaultValue: "Something went wrong while removing a file. Please try again.",
 74 |                 bundle: .module,
/host/spi-builder-workspace/.build/checkouts/files/Sources/Files/Operations/DeleteResource.swift:74:26: error: cannot infer contextual base in reference to member 'module'
 72 |                 localized: "delete.file.error.generic",
 73 |                 defaultValue: "Something went wrong while removing a file. Please try again.",
 74 |                 bundle: .module,
    |                          `- error: cannot infer contextual base in reference to member 'module'
 75 |                 comment: "Generic user-facing error when file deletion fails. No technical detail included."
 76 |             )
[169/192] Emitting module Files
[170/192] Compiling ConcurrencyExtras LockIsolated.swift
[173/192] Emitting module ConcurrencyExtras
[186/193] Compiling Files StoredItem.swift
[187/193] Compiling Files resource_bundle_accessor.swift
[192/194] Compiling OpenCombineFoundation RunLoop+Scheduler.swift
[193/194] Compiling OpenCombineFoundation OperationQueue+Scheduler.swift
error: cancelled
error: cancelled
error: cancelled
error: cancelled
error: cancelled
error: cancelled
error: cancelled
error: cancelled
error: cancelled
error: cancelled
error: cancelled
error: cancelled
BUILD FAILURE 6.3 android