Build Information
Failed to build Wave, reference 0.3.4 (72f468), with Swift 6.4 for watchOS using Xcode 27.0 on 20 Sep 2026 19:26:09 UTC.
Build Command
env DEVELOPER_DIR=/Applications/Xcode-27.0.0-Release.Candidate.app xcrun xcodebuild -IDEClonedSourcePackagesDirPathOverride=$PWD/.dependencies -skipMacroValidation -skipPackagePluginValidation -derivedDataPath $PWD/.derivedData build -scheme Wave -destination generic/platform=watchOSBuild Log
========================================
RunAll
========================================
Builder version: 5.1.0
Interrupt handler set up.
========================================
Checkout
========================================
Clone URL: https://github.com/jtrivedi/Wave.git
Reference: 0.3.4
Initialized empty Git repository in /Users/admin/builder/spi-builder-workspace/.git/
From https://github.com/jtrivedi/Wave
* tag 0.3.4 -> FETCH_HEAD
HEAD is now at 72f4688 Update generate_docs.sh
Cloned https://github.com/jtrivedi/Wave.git
Revision (git rev-parse @):
72f4688be3cfd3b56fcc76f51bf2a59dfece017e
SUCCESS checkout https://github.com/jtrivedi/Wave.git at 0.3.4
========================================
Build
========================================
Selected platform: watchOS
Swift version: 6.4
Building package at path: $PWD
https://github.com/jtrivedi/Wave.git
Command line invocation:
/Applications/Xcode-27.0.0-Release.Candidate.app/Contents/Developer/usr/bin/xcodebuild -IDEClonedSourcePackagesDirPathOverride=/Users/admin/builder/spi-builder-workspace/.dependencies -resolvePackageDependencies
Resolve Package Graph
Resolve Package Graph
Resolved source packages:
Wave: /Users/admin/builder/spi-builder-workspace
resolved source packages: Wave
2026-09-20 15:25:17.200 xcodebuild[529:3028] [MT] IDERunDestination: Supported platforms for the buildables in the current scheme is empty.
{
"dependencies" : [
],
"manifest_display_name" : "Wave",
"name" : "Wave",
"path" : "/Users/admin/builder/spi-builder-workspace",
"platforms" : [
{
"name" : "ios",
"version" : "13.0"
},
{
"name" : "macos",
"version" : "10.12"
}
],
"products" : [
{
"name" : "Wave",
"targets" : [
"Wave"
],
"type" : {
"library" : [
"automatic"
]
}
}
],
"targets" : [
{
"c99name" : "WaveTests",
"module_type" : "SwiftTarget",
"name" : "WaveTests",
"path" : "Tests/WaveTests",
"sources" : [
"AnimatableCALayerPropertyTests.swift",
"AnimatableUIViewPropertyTests.swift",
"SpringTests.swift",
"TestUtilities.swift"
],
"target_dependencies" : [
"Wave"
],
"type" : "test"
},
{
"c99name" : "Wave",
"module_type" : "SwiftTarget",
"name" : "Wave",
"path" : "Sources/Wave",
"product_memberships" : [
"Wave"
],
"sources" : [
"AnimatableCALayerProperties.swift",
"AnimatableUIViewProperties.swift",
"AnimationMode.swift",
"AnimatorState.swift",
"Extensions/CGFloat+Extensions.swift",
"Extensions/CGPoint+Extensions.swift",
"Extensions/CGRect+Extensions.swift",
"Extensions/CGSize+Extensions.swift",
"Extensions/Color+Extensions.swift",
"Internal/AnimationController.swift",
"Internal/AnimatorProviding.swift",
"Internal/CALayer+LayerAnimator.swift",
"Internal/DisplayLinkProviding.swift",
"Internal/LayerAnimator+Implementation.swift",
"Internal/SpringInterpolatable.swift",
"Internal/UIView+ViewAnimator.swift",
"Internal/ViewAnimator+Implementation.swift",
"Spring.swift",
"SpringAnimator.swift",
"UIMathUtilities.swift",
"Wave.swift"
],
"type" : "library"
}
],
"tools_version" : "5.6"
}
{
"workspace" : {
"name" : "Wave",
"schemes" : [
"Wave"
]
}
}
2026-09-20 15:25:58.407 xcodebuild[672:4285] [MT] IDERunDestination: Supported platforms for the buildables in the current scheme is empty.
Running build ...
env DEVELOPER_DIR=/Applications/Xcode-27.0.0-Release.Candidate.app xcrun xcodebuild -IDEClonedSourcePackagesDirPathOverride=$PWD/.dependencies -skipMacroValidation -skipPackagePluginValidation -derivedDataPath $PWD/.derivedData build -scheme Wave -destination generic/platform=watchOS
Command line invocation:
/Applications/Xcode-27.0.0-Release.Candidate.app/Contents/Developer/usr/bin/xcodebuild -IDEClonedSourcePackagesDirPathOverride=/Users/admin/builder/spi-builder-workspace/.dependencies -skipMacroValidation -skipPackagePluginValidation -derivedDataPath /Users/admin/builder/spi-builder-workspace/.derivedData build -scheme Wave -destination generic/platform=watchOS
Resolve Package Graph
Resolved source packages:
Wave: /Users/admin/builder/spi-builder-workspace
ComputePackagePrebuildTargetDependencyGraph
Prepare packages
CreateBuildRequest
SendProjectDescription
CreateBuildOperation
ComputeTargetDependencyGraph
note: Building targets in dependency order
note: Target dependency graph (2 targets)
Target 'Wave-product' in project 'Wave'
➜ Explicit dependency on target 'Wave' in project 'Wave'
Target 'Wave' in project 'Wave' (no dependencies)
GatherProvisioningInputs
CreateBuildDescription
ExecuteExternalTool /Applications/Xcode-27.0.0-Release.Candidate.app/Contents/Developer/Toolchains/XcodeDefault.xctoolchain/usr/bin/clang -v -E -dM -isysroot /Applications/Xcode-27.0.0-Release.Candidate.app/Contents/Developer/Platforms/WatchOS.platform/Developer/SDKs/WatchOS27.0.sdk -x c -c /dev/null
ExecuteExternalTool /Applications/Xcode-27.0.0-Release.Candidate.app/Contents/Developer/Toolchains/XcodeDefault.xctoolchain/usr/bin/swiftc --version
ExecuteExternalTool /Applications/Xcode-27.0.0-Release.Candidate.app/Contents/Developer/Toolchains/XcodeDefault.xctoolchain/usr/bin/ld -version_details
ReadFileContents /Applications/Xcode-27.0.0-Release.Candidate.app/Contents/Developer/Toolchains/XcodeDefault.xctoolchain/usr/share/docc/features.json
Build description signature: 36b7b77fde834c8a4a15414a3037fccd
Build description path: /Users/admin/builder/spi-builder-workspace/.derivedData/Build/Intermediates.noindex/XCBuildData/36b7b77fde834c8a4a15414a3037fccd.xcbuilddata
CreateBuildDirectory /Users/admin/builder/spi-builder-workspace/.derivedData/SDKExplicitPrecompiledModules
cd /Users/admin/builder/spi-builder-workspace/.swiftpm/xcode
builtin-create-build-directory /Users/admin/builder/spi-builder-workspace/.derivedData/SDKExplicitPrecompiledModules
CreateBuildDirectory /Users/admin/builder/spi-builder-workspace/.derivedData/ModuleCache.noindex
cd /Users/admin/builder/spi-builder-workspace/.swiftpm/xcode
builtin-create-build-directory /Users/admin/builder/spi-builder-workspace/.derivedData/ModuleCache.noindex
CreateBuildDirectory /Users/admin/builder/spi-builder-workspace/.derivedData/CompilationCache.noindex
cd /Users/admin/builder/spi-builder-workspace/.swiftpm/xcode
builtin-create-build-directory /Users/admin/builder/spi-builder-workspace/.derivedData/CompilationCache.noindex
CreateBuildDirectory /Users/admin/builder/spi-builder-workspace/.derivedData/Build/Products
cd /Users/admin/builder/spi-builder-workspace/.swiftpm/xcode
builtin-create-build-directory /Users/admin/builder/spi-builder-workspace/.derivedData/Build/Products
CreateBuildDirectory /Users/admin/builder/spi-builder-workspace/.derivedData/Build/Intermediates.noindex
cd /Users/admin/builder/spi-builder-workspace/.swiftpm/xcode
builtin-create-build-directory /Users/admin/builder/spi-builder-workspace/.derivedData/Build/Intermediates.noindex
ClangStatCache /Applications/Xcode-27.0.0-Release.Candidate.app/Contents/Developer/Toolchains/XcodeDefault.xctoolchain/usr/bin/clang-stat-cache /Applications/Xcode-27.0.0-Release.Candidate.app/Contents/Developer/Platforms/WatchOS.platform/Developer/SDKs/WatchOS27.0.sdk /Users/admin/builder/spi-builder-workspace/.derivedData/SDKStatCaches.noindex/watchos27.0-24R360-e829b21a6f8c9b70876ba0858053c04477534ef55a1706bf4c1112bbb242f0a2.sdkstatcache
cd /Users/admin/builder/spi-builder-workspace/.swiftpm/xcode
/Applications/Xcode-27.0.0-Release.Candidate.app/Contents/Developer/Toolchains/XcodeDefault.xctoolchain/usr/bin/clang-stat-cache /Applications/Xcode-27.0.0-Release.Candidate.app/Contents/Developer/Platforms/WatchOS.platform/Developer/SDKs/WatchOS27.0.sdk -o /Users/admin/builder/spi-builder-workspace/.derivedData/SDKStatCaches.noindex/watchos27.0-24R360-e829b21a6f8c9b70876ba0858053c04477534ef55a1706bf4c1112bbb242f0a2.sdkstatcache
CreateBuildDirectory /Users/admin/builder/spi-builder-workspace/.derivedData/Build/Intermediates.noindex/SwiftExplicitPrecompiledModules
cd /Users/admin/builder/spi-builder-workspace/.swiftpm/xcode
builtin-create-build-directory /Users/admin/builder/spi-builder-workspace/.derivedData/Build/Intermediates.noindex/SwiftExplicitPrecompiledModules
CreateBuildDirectory /Users/admin/builder/spi-builder-workspace/.derivedData/Build/Intermediates.noindex/PrecompiledHeaders
cd /Users/admin/builder/spi-builder-workspace/.swiftpm/xcode
builtin-create-build-directory /Users/admin/builder/spi-builder-workspace/.derivedData/Build/Intermediates.noindex/PrecompiledHeaders
CreateBuildDirectory /Users/admin/builder/spi-builder-workspace/.derivedData/Build/Intermediates.noindex/ExplicitPrecompiledModules
cd /Users/admin/builder/spi-builder-workspace/.swiftpm/xcode
builtin-create-build-directory /Users/admin/builder/spi-builder-workspace/.derivedData/Build/Intermediates.noindex/ExplicitPrecompiledModules
CreateBuildDirectory /Users/admin/builder/spi-builder-workspace/.derivedData/Build/Intermediates.noindex/EagerLinkingTBDs/Debug-watchos
cd /Users/admin/builder/spi-builder-workspace/.swiftpm/xcode
builtin-create-build-directory /Users/admin/builder/spi-builder-workspace/.derivedData/Build/Intermediates.noindex/EagerLinkingTBDs/Debug-watchos
CreateBuildDirectory /Users/admin/builder/spi-builder-workspace/.derivedData/Build/Products/Debug-watchos
cd /Users/admin/builder/spi-builder-workspace/.swiftpm/xcode
builtin-create-build-directory /Users/admin/builder/spi-builder-workspace/.derivedData/Build/Products/Debug-watchos
CreateBuildDirectory /Users/admin/builder/spi-builder-workspace/.derivedData/Build/Products/Debug-watchos/PackageFrameworks
cd /Users/admin/builder/spi-builder-workspace/.swiftpm/xcode
builtin-create-build-directory /Users/admin/builder/spi-builder-workspace/.derivedData/Build/Products/Debug-watchos/PackageFrameworks
WriteAuxiliaryFile /Users/admin/builder/spi-builder-workspace/.derivedData/Build/Intermediates.noindex/Wave.build/Debug-watchos/Wave-t.build/Wave.modulemap (in target 'Wave' from project 'Wave')
cd /Users/admin/builder/spi-builder-workspace
write-file /Users/admin/builder/spi-builder-workspace/.derivedData/Build/Intermediates.noindex/Wave.build/Debug-watchos/Wave-t.build/Wave.modulemap
WriteAuxiliaryFile /Users/admin/builder/spi-builder-workspace/.derivedData/Build/Intermediates.noindex/Wave.build/Debug-watchos/Wave-t.build/Wave.DependencyMetadataFileList (in target 'Wave' from project 'Wave')
cd /Users/admin/builder/spi-builder-workspace
write-file /Users/admin/builder/spi-builder-workspace/.derivedData/Build/Intermediates.noindex/Wave.build/Debug-watchos/Wave-t.build/Wave.DependencyMetadataFileList
WriteAuxiliaryFile /Users/admin/builder/spi-builder-workspace/.derivedData/Build/Intermediates.noindex/Wave.build/Debug-watchos/Wave-t.build/Wave.DependencyStaticMetadataFileList (in target 'Wave' from project 'Wave')
cd /Users/admin/builder/spi-builder-workspace
write-file /Users/admin/builder/spi-builder-workspace/.derivedData/Build/Intermediates.noindex/Wave.build/Debug-watchos/Wave-t.build/Wave.DependencyStaticMetadataFileList
WriteAuxiliaryFile /Users/admin/builder/spi-builder-workspace/.derivedData/Build/Intermediates.noindex/Wave.build/Debug-watchos/Wave-t.build/Objects-normal/arm64_32/Wave-OutputFileMap.json (in target 'Wave' from project 'Wave')
cd /Users/admin/builder/spi-builder-workspace
write-file /Users/admin/builder/spi-builder-workspace/.derivedData/Build/Intermediates.noindex/Wave.build/Debug-watchos/Wave-t.build/Objects-normal/arm64_32/Wave-OutputFileMap.json
WriteAuxiliaryFile /Users/admin/builder/spi-builder-workspace/.derivedData/Build/Intermediates.noindex/Wave.build/Debug-watchos/Wave-t.build/Objects-normal/arm64_32/Wave.LinkFileList (in target 'Wave' from project 'Wave')
cd /Users/admin/builder/spi-builder-workspace
write-file /Users/admin/builder/spi-builder-workspace/.derivedData/Build/Intermediates.noindex/Wave.build/Debug-watchos/Wave-t.build/Objects-normal/arm64_32/Wave.LinkFileList
WriteAuxiliaryFile /Users/admin/builder/spi-builder-workspace/.derivedData/Build/Intermediates.noindex/Wave.build/Debug-watchos/Wave-t.build/Objects-normal/arm64_32/Wave_const_extract_protocols.json (in target 'Wave' from project 'Wave')
cd /Users/admin/builder/spi-builder-workspace
write-file /Users/admin/builder/spi-builder-workspace/.derivedData/Build/Intermediates.noindex/Wave.build/Debug-watchos/Wave-t.build/Objects-normal/arm64_32/Wave_const_extract_protocols.json
WriteAuxiliaryFile /Users/admin/builder/spi-builder-workspace/.derivedData/Build/Intermediates.noindex/Wave.build/Debug-watchos/Wave-t.build/Objects-normal/arm64_32/Wave.SwiftConstValuesFileList (in target 'Wave' from project 'Wave')
cd /Users/admin/builder/spi-builder-workspace
write-file /Users/admin/builder/spi-builder-workspace/.derivedData/Build/Intermediates.noindex/Wave.build/Debug-watchos/Wave-t.build/Objects-normal/arm64_32/Wave.SwiftConstValuesFileList
WriteAuxiliaryFile /Users/admin/builder/spi-builder-workspace/.derivedData/Build/Intermediates.noindex/Wave.build/Debug-watchos/Wave-t.build/Objects-normal/arm64_32/Wave.SwiftFileList (in target 'Wave' from project 'Wave')
cd /Users/admin/builder/spi-builder-workspace
write-file /Users/admin/builder/spi-builder-workspace/.derivedData/Build/Intermediates.noindex/Wave.build/Debug-watchos/Wave-t.build/Objects-normal/arm64_32/Wave.SwiftFileList
WriteAuxiliaryFile /Users/admin/builder/spi-builder-workspace/.derivedData/Build/Intermediates.noindex/Wave.build/Debug-watchos/Wave-t.build/Objects-normal/arm64/Wave_const_extract_protocols.json (in target 'Wave' from project 'Wave')
cd /Users/admin/builder/spi-builder-workspace
write-file /Users/admin/builder/spi-builder-workspace/.derivedData/Build/Intermediates.noindex/Wave.build/Debug-watchos/Wave-t.build/Objects-normal/arm64/Wave_const_extract_protocols.json
WriteAuxiliaryFile /Users/admin/builder/spi-builder-workspace/.derivedData/Build/Intermediates.noindex/Wave.build/Debug-watchos/Wave-t.build/Objects-normal/arm64/Wave.SwiftFileList (in target 'Wave' from project 'Wave')
cd /Users/admin/builder/spi-builder-workspace
write-file /Users/admin/builder/spi-builder-workspace/.derivedData/Build/Intermediates.noindex/Wave.build/Debug-watchos/Wave-t.build/Objects-normal/arm64/Wave.SwiftFileList
WriteAuxiliaryFile /Users/admin/builder/spi-builder-workspace/.derivedData/Build/Intermediates.noindex/Wave.build/Debug-watchos/Wave-t.build/Objects-normal/arm64/Wave.SwiftConstValuesFileList (in target 'Wave' from project 'Wave')
cd /Users/admin/builder/spi-builder-workspace
write-file /Users/admin/builder/spi-builder-workspace/.derivedData/Build/Intermediates.noindex/Wave.build/Debug-watchos/Wave-t.build/Objects-normal/arm64/Wave.SwiftConstValuesFileList
WriteAuxiliaryFile /Users/admin/builder/spi-builder-workspace/.derivedData/Build/Intermediates.noindex/Wave.build/Debug-watchos/Wave-t.build/Objects-normal/arm64/Wave.LinkFileList (in target 'Wave' from project 'Wave')
cd /Users/admin/builder/spi-builder-workspace
write-file /Users/admin/builder/spi-builder-workspace/.derivedData/Build/Intermediates.noindex/Wave.build/Debug-watchos/Wave-t.build/Objects-normal/arm64/Wave.LinkFileList
WriteAuxiliaryFile /Users/admin/builder/spi-builder-workspace/.derivedData/Build/Intermediates.noindex/Wave.build/Debug-watchos/Wave-t.build/Objects-normal/arm64/Wave-OutputFileMap.json (in target 'Wave' from project 'Wave')
cd /Users/admin/builder/spi-builder-workspace
write-file /Users/admin/builder/spi-builder-workspace/.derivedData/Build/Intermediates.noindex/Wave.build/Debug-watchos/Wave-t.build/Objects-normal/arm64/Wave-OutputFileMap.json
Copy /Users/admin/builder/spi-builder-workspace/.derivedData/Build/Intermediates.noindex/GeneratedModuleMaps-watchos/Wave.modulemap /Users/admin/builder/spi-builder-workspace/.derivedData/Build/Intermediates.noindex/Wave.build/Debug-watchos/Wave-t.build/Wave.modulemap (in target 'Wave' from project 'Wave')
cd /Users/admin/builder/spi-builder-workspace
builtin-copy -exclude .DS_Store -exclude CVS -exclude .svn -exclude .git -exclude .hg -resolve-src-symlinks /Users/admin/builder/spi-builder-workspace/.derivedData/Build/Intermediates.noindex/Wave.build/Debug-watchos/Wave-t.build/Wave.modulemap /Users/admin/builder/spi-builder-workspace/.derivedData/Build/Intermediates.noindex/GeneratedModuleMaps-watchos
SwiftDriver Wave normal arm64_32 com.apple.xcode.tools.swift.compiler (in target 'Wave' from project 'Wave')
cd /Users/admin/builder/spi-builder-workspace/.swiftpm/xcode
builtin-SwiftDriver -- /Applications/Xcode-27.0.0-Release.Candidate.app/Contents/Developer/Toolchains/XcodeDefault.xctoolchain/usr/bin/swiftc -parse-as-library -module-name Wave -Onone @/Users/admin/builder/spi-builder-workspace/.derivedData/Build/Intermediates.noindex/Wave.build/Debug-watchos/Wave-t.build/Objects-normal/arm64_32/Wave.SwiftFileList -DSWIFT_PACKAGE -DDEBUG -DSWIFT_MODULE_RESOURCE_BUNDLE_UNAVAILABLE -DXcode -plugin-path /Applications/Xcode-27.0.0-Release.Candidate.app/Contents/Developer/Toolchains/XcodeDefault.xctoolchain/usr/lib/swift/host/plugins/testing -enable-experimental-feature DebugDescriptionMacro -sdk /Applications/Xcode-27.0.0-Release.Candidate.app/Contents/Developer/Platforms/WatchOS.platform/Developer/SDKs/WatchOS27.0.sdk -target arm64_32-apple-watchos9.0 -g -module-cache-path /Users/admin/builder/spi-builder-workspace/.derivedData/ModuleCache.noindex -Xfrontend -serialize-debugging-options -profile-coverage-mapping -profile-generate -enable-testing -index-store-path /Users/admin/builder/spi-builder-workspace/.derivedData/Index.noindex/DataStore -Xcc -D_LIBCPP_HARDENING_MODE\=_LIBCPP_HARDENING_MODE_DEBUG -swift-version 5 -I /Users/admin/builder/spi-builder-workspace/.derivedData/Build/Products/Debug-watchos -Isystem /Applications/Xcode-27.0.0-Release.Candidate.app/Contents/Developer/Platforms/WatchOS.platform/Developer/usr/lib -F /Users/admin/builder/spi-builder-workspace/.derivedData/Build/Products/Debug-watchos -F /Applications/Xcode-27.0.0-Release.Candidate.app/Contents/Developer/Platforms/WatchOS.platform/Developer/Library/Frameworks -F /Applications/Xcode-27.0.0-Release.Candidate.app/Contents/Developer/Platforms/WatchOS.platform/Developer/SDKs/WatchOS27.0.sdk/Developer/Library/Frameworks -c -j10 -enable-batch-mode -incremental -Xcc -ivfsstatcache -Xcc /Users/admin/builder/spi-builder-workspace/.derivedData/SDKStatCaches.noindex/watchos27.0-24R360-e829b21a6f8c9b70876ba0858053c04477534ef55a1706bf4c1112bbb242f0a2.sdkstatcache -output-file-map /Users/admin/builder/spi-builder-workspace/.derivedData/Build/Intermediates.noindex/Wave.build/Debug-watchos/Wave-t.build/Objects-normal/arm64_32/Wave-OutputFileMap.json -save-temps -no-color-diagnostics -explicit-module-build -module-cache-path /Users/admin/builder/spi-builder-workspace/.derivedData/Build/Intermediates.noindex/SwiftExplicitPrecompiledModules -clang-scanner-module-cache-path /Users/admin/builder/spi-builder-workspace/.derivedData/ModuleCache.noindex -sdk-module-cache-path /Users/admin/builder/spi-builder-workspace/.derivedData/SDKExplicitPrecompiledModules -emit-dependencies -emit-module -emit-module-path /Users/admin/builder/spi-builder-workspace/.derivedData/Build/Intermediates.noindex/Wave.build/Debug-watchos/Wave-t.build/Objects-normal/arm64_32/Wave.swiftmodule -serialize-diagnostics -dependency-scan-serialize-diagnostics-path /Users/admin/builder/spi-builder-workspace/.derivedData/Build/Intermediates.noindex/Wave.build/Debug-watchos/Wave-t.build/Objects-normal/arm64_32/Wave-dependency-scan.dia -validate-clang-modules-once -clang-build-session-file /Users/admin/builder/spi-builder-workspace/.derivedData/ModuleCache.noindex/Session.modulevalidation -Xcc -fmodules-prune-interval\=86400 -Xcc -fmodules-prune-after\=345600 -emit-const-values -const-gather-protocols-list /Users/admin/builder/spi-builder-workspace/.derivedData/Build/Intermediates.noindex/Wave.build/Debug-watchos/Wave-t.build/Objects-normal/arm64_32/Wave_const_extract_protocols.json -Xcc -I/Users/admin/builder/spi-builder-workspace/.derivedData/Build/Products/Debug-watchos/include -Xcc -I/Users/admin/builder/spi-builder-workspace/.derivedData/Build/Intermediates.noindex/Wave.build/Debug-watchos/Wave-t.build/DerivedSources-normal/arm64_32 -Xcc -I/Users/admin/builder/spi-builder-workspace/.derivedData/Build/Intermediates.noindex/Wave.build/Debug-watchos/Wave-t.build/DerivedSources/arm64_32 -Xcc -I/Users/admin/builder/spi-builder-workspace/.derivedData/Build/Intermediates.noindex/Wave.build/Debug-watchos/Wave-t.build/DerivedSources -Xcc -DSWIFT_PACKAGE -Xcc -DDEBUG\=1 -emit-objc-header -emit-objc-header-path /Users/admin/builder/spi-builder-workspace/.derivedData/Build/Intermediates.noindex/Wave.build/Debug-watchos/Wave-t.build/Objects-normal/arm64_32/Wave-Swift.h -working-directory /Users/admin/builder/spi-builder-workspace/.swiftpm/xcode -experimental-emit-module-separately -disable-cmo
SwiftDriver Wave normal arm64 com.apple.xcode.tools.swift.compiler (in target 'Wave' from project 'Wave')
cd /Users/admin/builder/spi-builder-workspace/.swiftpm/xcode
builtin-SwiftDriver -- /Applications/Xcode-27.0.0-Release.Candidate.app/Contents/Developer/Toolchains/XcodeDefault.xctoolchain/usr/bin/swiftc -parse-as-library -module-name Wave -Onone @/Users/admin/builder/spi-builder-workspace/.derivedData/Build/Intermediates.noindex/Wave.build/Debug-watchos/Wave-t.build/Objects-normal/arm64/Wave.SwiftFileList -DSWIFT_PACKAGE -DDEBUG -DSWIFT_MODULE_RESOURCE_BUNDLE_UNAVAILABLE -DXcode -plugin-path /Applications/Xcode-27.0.0-Release.Candidate.app/Contents/Developer/Toolchains/XcodeDefault.xctoolchain/usr/lib/swift/host/plugins/testing -enable-experimental-feature DebugDescriptionMacro -sdk /Applications/Xcode-27.0.0-Release.Candidate.app/Contents/Developer/Platforms/WatchOS.platform/Developer/SDKs/WatchOS27.0.sdk -target arm64-apple-watchos9.0 -g -module-cache-path /Users/admin/builder/spi-builder-workspace/.derivedData/ModuleCache.noindex -Xfrontend -serialize-debugging-options -profile-coverage-mapping -profile-generate -enable-testing -index-store-path /Users/admin/builder/spi-builder-workspace/.derivedData/Index.noindex/DataStore -Xcc -D_LIBCPP_HARDENING_MODE\=_LIBCPP_HARDENING_MODE_DEBUG -swift-version 5 -I /Users/admin/builder/spi-builder-workspace/.derivedData/Build/Products/Debug-watchos -Isystem /Applications/Xcode-27.0.0-Release.Candidate.app/Contents/Developer/Platforms/WatchOS.platform/Developer/usr/lib -F /Users/admin/builder/spi-builder-workspace/.derivedData/Build/Products/Debug-watchos -F /Applications/Xcode-27.0.0-Release.Candidate.app/Contents/Developer/Platforms/WatchOS.platform/Developer/Library/Frameworks -F /Applications/Xcode-27.0.0-Release.Candidate.app/Contents/Developer/Platforms/WatchOS.platform/Developer/SDKs/WatchOS27.0.sdk/Developer/Library/Frameworks -c -j10 -enable-batch-mode -incremental -Xcc -ivfsstatcache -Xcc /Users/admin/builder/spi-builder-workspace/.derivedData/SDKStatCaches.noindex/watchos27.0-24R360-e829b21a6f8c9b70876ba0858053c04477534ef55a1706bf4c1112bbb242f0a2.sdkstatcache -output-file-map /Users/admin/builder/spi-builder-workspace/.derivedData/Build/Intermediates.noindex/Wave.build/Debug-watchos/Wave-t.build/Objects-normal/arm64/Wave-OutputFileMap.json -save-temps -no-color-diagnostics -explicit-module-build -module-cache-path /Users/admin/builder/spi-builder-workspace/.derivedData/Build/Intermediates.noindex/SwiftExplicitPrecompiledModules -clang-scanner-module-cache-path /Users/admin/builder/spi-builder-workspace/.derivedData/ModuleCache.noindex -sdk-module-cache-path /Users/admin/builder/spi-builder-workspace/.derivedData/SDKExplicitPrecompiledModules -emit-dependencies -emit-module -emit-module-path /Users/admin/builder/spi-builder-workspace/.derivedData/Build/Intermediates.noindex/Wave.build/Debug-watchos/Wave-t.build/Objects-normal/arm64/Wave.swiftmodule -serialize-diagnostics -dependency-scan-serialize-diagnostics-path /Users/admin/builder/spi-builder-workspace/.derivedData/Build/Intermediates.noindex/Wave.build/Debug-watchos/Wave-t.build/Objects-normal/arm64/Wave-dependency-scan.dia -validate-clang-modules-once -clang-build-session-file /Users/admin/builder/spi-builder-workspace/.derivedData/ModuleCache.noindex/Session.modulevalidation -Xcc -fmodules-prune-interval\=86400 -Xcc -fmodules-prune-after\=345600 -emit-const-values -const-gather-protocols-list /Users/admin/builder/spi-builder-workspace/.derivedData/Build/Intermediates.noindex/Wave.build/Debug-watchos/Wave-t.build/Objects-normal/arm64/Wave_const_extract_protocols.json -Xcc -I/Users/admin/builder/spi-builder-workspace/.derivedData/Build/Products/Debug-watchos/include -Xcc -I/Users/admin/builder/spi-builder-workspace/.derivedData/Build/Intermediates.noindex/Wave.build/Debug-watchos/Wave-t.build/DerivedSources-normal/arm64 -Xcc -I/Users/admin/builder/spi-builder-workspace/.derivedData/Build/Intermediates.noindex/Wave.build/Debug-watchos/Wave-t.build/DerivedSources/arm64 -Xcc -I/Users/admin/builder/spi-builder-workspace/.derivedData/Build/Intermediates.noindex/Wave.build/Debug-watchos/Wave-t.build/DerivedSources -Xcc -DSWIFT_PACKAGE -Xcc -DDEBUG\=1 -emit-objc-header -emit-objc-header-path /Users/admin/builder/spi-builder-workspace/.derivedData/Build/Intermediates.noindex/Wave.build/Debug-watchos/Wave-t.build/Objects-normal/arm64/Wave-Swift.h -working-directory /Users/admin/builder/spi-builder-workspace/.swiftpm/xcode -experimental-emit-module-separately -disable-cmo
SwiftExplicitDependencyGeneratePcm arm64_32 /Users/admin/builder/spi-builder-workspace/.derivedData/SDKExplicitPrecompiledModules/_AvailabilityInternal-244WAN3Z1QBT7PIA64EZEFY1R.pcm
SwiftExplicitDependencyGeneratePcm arm64 /Users/admin/builder/spi-builder-workspace/.derivedData/SDKExplicitPrecompiledModules/ptrauth-3TZ9WJCGLYD25HQPWH4968ONX.pcm
SwiftExplicitDependencyGeneratePcm arm64 /Users/admin/builder/spi-builder-workspace/.derivedData/SDKExplicitPrecompiledModules/_Builtin_stddef-1FU30Y8SWFB7OUUHMJQH5J6FM.pcm
SwiftExplicitDependencyGeneratePcm arm64 /Users/admin/builder/spi-builder-workspace/.derivedData/SDKExplicitPrecompiledModules/_Builtin_stdbool-83J96QSOFE9VX04AAS6310UAE.pcm
SwiftExplicitDependencyGeneratePcm arm64 /Users/admin/builder/spi-builder-workspace/.derivedData/SDKExplicitPrecompiledModules/_Builtin_stdarg-A7UU8LE6MP85SM26YO7PBZNUQ.pcm
SwiftExplicitDependencyGeneratePcm arm64 /Users/admin/builder/spi-builder-workspace/.derivedData/SDKExplicitPrecompiledModules/_SwiftConcurrencyShims-659N52XSKR5F0QSB880BH2FJR.pcm
SwiftExplicitDependencyGeneratePcm arm64 /Users/admin/builder/spi-builder-workspace/.derivedData/SDKExplicitPrecompiledModules/_AvailabilityInternal-BUNV3UXM65NT37THI4W1AM0SF.pcm
SwiftExplicitDependencyGeneratePcm arm64 /Users/admin/builder/spi-builder-workspace/.derivedData/SDKExplicitPrecompiledModules/ptrcheck-AIF0NDOYZ8ORBNHQAQR5NNB8M.pcm
SwiftExplicitDependencyGeneratePcm arm64 /Users/admin/builder/spi-builder-workspace/.derivedData/SDKExplicitPrecompiledModules/SwiftShims-4MXFZPV6FEB0XBYXCGPWAMQGL.pcm
SwiftExplicitDependencyGeneratePcm arm64_32 /Users/admin/builder/spi-builder-workspace/.derivedData/SDKExplicitPrecompiledModules/_Builtin_float-6KO8O3PEWRCA4WC6PPLOYO6WJ.pcm
SwiftExplicitDependencyGeneratePcm arm64_32 /Users/admin/builder/spi-builder-workspace/.derivedData/SDKExplicitPrecompiledModules/_Builtin_stdarg-D305JG44A2WPI6CJY37X3QJE8.pcm
SwiftExplicitDependencyGeneratePcm arm64_32 /Users/admin/builder/spi-builder-workspace/.derivedData/SDKExplicitPrecompiledModules/_Builtin_stdbool-A967K8W8YUYEC9SN52KJ7OO88.pcm
SwiftExplicitDependencyGeneratePcm arm64_32 /Users/admin/builder/spi-builder-workspace/.derivedData/SDKExplicitPrecompiledModules/ptrauth-BFXF358ME5AK535N5A9Z766WU.pcm
SwiftExplicitDependencyGeneratePcm arm64_32 /Users/admin/builder/spi-builder-workspace/.derivedData/SDKExplicitPrecompiledModules/ptrcheck-7ELIH9BTIGVKX3UBITM9N72WD.pcm
SwiftExplicitDependencyGeneratePcm arm64_32 /Users/admin/builder/spi-builder-workspace/.derivedData/SDKExplicitPrecompiledModules/SwiftShims-9CQQGWTSNTN9EB5NSHDWUJICH.pcm
SwiftExplicitDependencyGeneratePcm arm64_32 /Users/admin/builder/spi-builder-workspace/.derivedData/SDKExplicitPrecompiledModules/_SwiftConcurrencyShims-6RTBPQ03V7BM9SPRK8SUE055H.pcm
SwiftExplicitDependencyGeneratePcm arm64 /Users/admin/builder/spi-builder-workspace/.derivedData/SDKExplicitPrecompiledModules/_Builtin_float-C0CW5Q4HGBQYKE77TC42IAFB5.pcm
SwiftExplicitDependencyGeneratePcm arm64_32 /Users/admin/builder/spi-builder-workspace/.derivedData/SDKExplicitPrecompiledModules/_Builtin_stddef-H44EFHQX6XSS5MZ7QP6YJZ76.pcm
SwiftExplicitDependencyGeneratePcm arm64_32 /Users/admin/builder/spi-builder-workspace/.derivedData/SDKExplicitPrecompiledModules/_DarwinFoundation1-2GWF9RFMPLQW4PDHS3NARVI3G.pcm
SwiftExplicitDependencyGeneratePcm arm64 /Users/admin/builder/spi-builder-workspace/.derivedData/SDKExplicitPrecompiledModules/_DarwinFoundation1-7SPX3MD0HMP55E4OLNCPNDQ53.pcm
SwiftExplicitDependencyGeneratePcm arm64_32 /Users/admin/builder/spi-builder-workspace/.derivedData/SDKExplicitPrecompiledModules/_Builtin_limits-3VKBU2AFTD65PAJZ5CJ3LHFM2.pcm
SwiftExplicitDependencyGeneratePcm arm64 /Users/admin/builder/spi-builder-workspace/.derivedData/SDKExplicitPrecompiledModules/_DarwinFoundation2-D0XAPJU49S5E9XMKYOFGSTB1Q.pcm
SwiftExplicitDependencyGeneratePcm arm64 /Users/admin/builder/spi-builder-workspace/.derivedData/SDKExplicitPrecompiledModules/_Builtin_limits-9GWPA2B0H20DYUNYHYCWKABJG.pcm
SwiftExplicitDependencyGeneratePcm arm64_32 /Users/admin/builder/spi-builder-workspace/.derivedData/SDKExplicitPrecompiledModules/_DarwinFoundation2-9MY8GOSYRO0M9MKNXF6D3MBNK.pcm
SwiftExplicitDependencyGeneratePcm arm64_32 /Users/admin/builder/spi-builder-workspace/.derivedData/SDKExplicitPrecompiledModules/_Builtin_stdint-1HMXWI3V0V4TXHRWZOMZGZ80Y.pcm
SwiftExplicitDependencyGeneratePcm arm64_32 /Users/admin/builder/spi-builder-workspace/.derivedData/SDKExplicitPrecompiledModules/sys_types-8TLLMW08ZJWDGIIPKOYFGHHZW.pcm
SwiftExplicitDependencyGeneratePcm arm64 /Users/admin/builder/spi-builder-workspace/.derivedData/SDKExplicitPrecompiledModules/string_h-E6PRXK75PHIPCZFWOFCQ3QBMK.pcm
SwiftExplicitDependencyGeneratePcm arm64_32 /Users/admin/builder/spi-builder-workspace/.derivedData/SDKExplicitPrecompiledModules/string_h-BFVLUQUSBZWYMLCU9QI7VZALW.pcm
SwiftExplicitDependencyGeneratePcm arm64 /Users/admin/builder/spi-builder-workspace/.derivedData/SDKExplicitPrecompiledModules/_Builtin_stdint-8XMILLJZEGRN2XG7XZUXZ5RLX.pcm
SwiftExplicitDependencyGeneratePcm arm64 /Users/admin/builder/spi-builder-workspace/.derivedData/SDKExplicitPrecompiledModules/sys_types-2KXQLI78OUCDP779AE68GZJ2.pcm
SwiftExplicitDependencyGeneratePcm arm64_32 /Users/admin/builder/spi-builder-workspace/.derivedData/SDKExplicitPrecompiledModules/_DarwinFoundation3-3DUTYQDQSD9HUAAVY947NMWOI.pcm
SwiftExplicitDependencyGeneratePcm arm64 /Users/admin/builder/spi-builder-workspace/.derivedData/SDKExplicitPrecompiledModules/_DarwinFoundation3-B97LRG0E9GON2NUE65TVG81HU.pcm
SwiftExplicitDependencyGeneratePcm arm64_32 /Users/admin/builder/spi-builder-workspace/.derivedData/SDKExplicitPrecompiledModules/_Builtin_inttypes-D2KPCR4PEX9AQA33NGLUT5SBR.pcm
SwiftExplicitDependencyGeneratePcm arm64 /Users/admin/builder/spi-builder-workspace/.derivedData/SDKExplicitPrecompiledModules/_Builtin_inttypes-3UQSCM7WNM9EK4HZML8TY5J3D.pcm
SwiftExplicitDependencyGeneratePcm arm64 /Users/admin/builder/spi-builder-workspace/.derivedData/SDKExplicitPrecompiledModules/Darwin-3984OXKFNSPE77NT743WK8SEX.pcm
SwiftExplicitDependencyGeneratePcm arm64_32 /Users/admin/builder/spi-builder-workspace/.derivedData/SDKExplicitPrecompiledModules/Darwin-3FVT1SKLN2ZQ5RVOABMTQBB34.pcm
SwiftExplicitDependencyGeneratePcm arm64_32 /Users/admin/builder/spi-builder-workspace/.derivedData/SDKExplicitPrecompiledModules/ObjectiveC-6IJNELR2E80E7LUKESVCP2KET.pcm
SwiftExplicitDependencyGeneratePcm arm64 /Users/admin/builder/spi-builder-workspace/.derivedData/SDKExplicitPrecompiledModules/ObjectiveC-72IVD3VS2RS8Q28D9PIMY0KQP.pcm
SwiftExplicitDependencyGeneratePcm arm64 /Users/admin/builder/spi-builder-workspace/.derivedData/SDKExplicitPrecompiledModules/os_object-3SDKD7F87FTZ26OON37DRYT6O.pcm
SwiftExplicitDependencyGeneratePcm arm64_32 /Users/admin/builder/spi-builder-workspace/.derivedData/SDKExplicitPrecompiledModules/os_object-5YWTC6L4756IWSTPGXS5NM0D0.pcm
SwiftExplicitDependencyGeneratePcm arm64 /Users/admin/builder/spi-builder-workspace/.derivedData/SDKExplicitPrecompiledModules/os_workgroup-89GG5G7YC2D0ZTK6AZXXQ20DH.pcm
SwiftExplicitDependencyGeneratePcm arm64_32 /Users/admin/builder/spi-builder-workspace/.derivedData/SDKExplicitPrecompiledModules/os_workgroup-5JHTPDMNBUNHLJI8LPHKQK1JK.pcm
SwiftExplicitDependencyGeneratePcm arm64 /Users/admin/builder/spi-builder-workspace/.derivedData/SDKExplicitPrecompiledModules/Dispatch-1NLJOVAK60XP0DUB05XA59EIM.pcm
SwiftExplicitDependencyGeneratePcm arm64_32 /Users/admin/builder/spi-builder-workspace/.derivedData/SDKExplicitPrecompiledModules/Dispatch-2P62F1T4XV63S4P99TUDTOK2Q.pcm
SwiftExplicitDependencyGeneratePcm arm64 /Users/admin/builder/spi-builder-workspace/.derivedData/SDKExplicitPrecompiledModules/CoreFoundation-8T2L24YC5NU7WO6WQJWRY7W08.pcm
SwiftExplicitDependencyGeneratePcm arm64 /Users/admin/builder/spi-builder-workspace/.derivedData/SDKExplicitPrecompiledModules/XPC-40DR0X1DHKGCV4J1IOLFS8MOU.pcm
SwiftExplicitDependencyGeneratePcm arm64_32 /Users/admin/builder/spi-builder-workspace/.derivedData/SDKExplicitPrecompiledModules/CoreFoundation-8E6Y4BA3EXYKUGJ24GT9LGV3N.pcm
SwiftExplicitDependencyGeneratePcm arm64_32 /Users/admin/builder/spi-builder-workspace/.derivedData/SDKExplicitPrecompiledModules/XPC-81Y45QFY96XYYFCW2GT6FY8S4.pcm
SwiftExplicitDependencyGeneratePcm arm64 /Users/admin/builder/spi-builder-workspace/.derivedData/SDKExplicitPrecompiledModules/Security-6RZ6YBRU8WCUHRFFRVUK5WKMM.pcm
SwiftExplicitDependencyGeneratePcm arm64_32 /Users/admin/builder/spi-builder-workspace/.derivedData/SDKExplicitPrecompiledModules/CoreGraphics-9FDXYX6BKBUT6TJ2VF819E7T5.pcm
SwiftExplicitDependencyGeneratePcm arm64_32 /Users/admin/builder/spi-builder-workspace/.derivedData/SDKExplicitPrecompiledModules/Security-D7TOWF88VWF67TB9HAFP5UWB1.pcm
SwiftExplicitDependencyGeneratePcm arm64 /Users/admin/builder/spi-builder-workspace/.derivedData/SDKExplicitPrecompiledModules/CoreGraphics-DWNZ73GEH98SBJXZ7DEXB420K.pcm
SwiftExplicitDependencyGeneratePcm arm64 /Users/admin/builder/spi-builder-workspace/.derivedData/SDKExplicitPrecompiledModules/Foundation-DLBKUSGXN8QHAT8W0OARR9S8A.pcm
SwiftExplicitDependencyGeneratePcm arm64_32 /Users/admin/builder/spi-builder-workspace/.derivedData/SDKExplicitPrecompiledModules/Foundation-BJ2VQGI3OGR34500MEQ1VKHPH.pcm
SwiftExplicitDependencyGeneratePcm arm64 /Users/admin/builder/spi-builder-workspace/.derivedData/SDKExplicitPrecompiledModules/CoreVideo-8MRR5MNWUOAW2DBPGUQ8FKK4.pcm
SwiftExplicitDependencyGeneratePcm arm64_32 /Users/admin/builder/spi-builder-workspace/.derivedData/SDKExplicitPrecompiledModules/CoreVideo-2P8HI0403J99LBDPKNFJ5D4DL.pcm
SwiftExplicitDependencyGeneratePcm arm64_32 /Users/admin/builder/spi-builder-workspace/.derivedData/SDKExplicitPrecompiledModules/QuartzCore-6375NPYACK5NYVHPMC1QQ8MC2.pcm
SwiftExplicitDependencyGeneratePcm arm64 /Users/admin/builder/spi-builder-workspace/.derivedData/SDKExplicitPrecompiledModules/QuartzCore-94KFMWNOU7ZLUZNB4T5DLZC9D.pcm
SwiftCompile normal arm64_32 Compiling\ CALayer+LayerAnimator.swift,\ DisplayLinkProviding.swift /Users/admin/builder/spi-builder-workspace/Sources/Wave/Internal/CALayer+LayerAnimator.swift /Users/admin/builder/spi-builder-workspace/Sources/Wave/Internal/DisplayLinkProviding.swift (in target 'Wave' from project 'Wave')
SwiftCompile normal arm64_32 /Users/admin/builder/spi-builder-workspace/Sources/Wave/Internal/CALayer+LayerAnimator.swift (in target 'Wave' from project 'Wave')
cd /Users/admin/builder/spi-builder-workspace/.swiftpm/xcode
builtin-SwiftPerFileCompile CALayer+LayerAnimator.swift
SwiftCompile normal arm64_32 /Users/admin/builder/spi-builder-workspace/Sources/Wave/Internal/DisplayLinkProviding.swift (in target 'Wave' from project 'Wave')
cd /Users/admin/builder/spi-builder-workspace/.swiftpm/xcode
builtin-SwiftPerFileCompile DisplayLinkProviding.swift
SwiftCompile normal arm64_32 Compiling\ Spring.swift,\ SpringAnimator.swift /Users/admin/builder/spi-builder-workspace/Sources/Wave/Spring.swift /Users/admin/builder/spi-builder-workspace/Sources/Wave/SpringAnimator.swift (in target 'Wave' from project 'Wave')
/Users/admin/builder/spi-builder-workspace/Sources/Wave/SpringAnimator.swift:39:34: error: 'CACurrentMediaTime()' is unavailable in watchOS
37 | switch (oldValue, state) {
38 | case (.inactive, .running):
39 | self.startTime = CACurrentMediaTime()
| `- error: 'CACurrentMediaTime()' is unavailable in watchOS
40 |
41 | default:
/Applications/Xcode-27.0.0-Release.Candidate.app/Contents/Developer/Platforms/WatchOS.platform/Developer/SDKs/WatchOS27.0.sdk/System/Library/Frameworks/QuartzCore.framework/Headers/CABase.h:127:26: note: 'CACurrentMediaTime()' has been explicitly marked unavailable here
125 | * calling mach_absolute_time () and converting the units to seconds. */
126 |
127 | CA_EXTERN CFTimeInterval CACurrentMediaTime (void)
| `- note: 'CACurrentMediaTime()' has been explicitly marked unavailable here
128 | API_AVAILABLE(macos(10.5), ios(2.0)) API_UNAVAILABLE(watchos);
129 |
/Users/admin/builder/spi-builder-workspace/Sources/Wave/SpringAnimator.swift:75:34: error: 'CACurrentMediaTime()' is unavailable in watchOS
73 |
74 | if state == .running {
75 | self.startTime = CACurrentMediaTime()
| `- error: 'CACurrentMediaTime()' is unavailable in watchOS
76 |
77 | let event = Event.retargeted(from: oldValue, to: newValue)
/Applications/Xcode-27.0.0-Release.Candidate.app/Contents/Developer/Platforms/WatchOS.platform/Developer/SDKs/WatchOS27.0.sdk/System/Library/Frameworks/QuartzCore.framework/Headers/CABase.h:127:26: note: 'CACurrentMediaTime()' has been explicitly marked unavailable here
125 | * calling mach_absolute_time () and converting the units to seconds. */
126 |
127 | CA_EXTERN CFTimeInterval CACurrentMediaTime (void)
| `- note: 'CACurrentMediaTime()' has been explicitly marked unavailable here
128 | API_AVAILABLE(macos(10.5), ios(2.0)) API_UNAVAILABLE(watchos);
129 |
SwiftCompile normal arm64_32 /Users/admin/builder/spi-builder-workspace/Sources/Wave/Spring.swift (in target 'Wave' from project 'Wave')
cd /Users/admin/builder/spi-builder-workspace/.swiftpm/xcode
builtin-SwiftPerFileCompile Spring.swift
SwiftCompile normal arm64_32 /Users/admin/builder/spi-builder-workspace/Sources/Wave/SpringAnimator.swift (in target 'Wave' from project 'Wave')
cd /Users/admin/builder/spi-builder-workspace/.swiftpm/xcode
builtin-SwiftPerFileCompile SpringAnimator.swift
SwiftCompile normal arm64_32 Compiling\ AnimationController.swift,\ AnimatorProviding.swift /Users/admin/builder/spi-builder-workspace/Sources/Wave/Internal/AnimationController.swift /Users/admin/builder/spi-builder-workspace/Sources/Wave/Internal/AnimatorProviding.swift (in target 'Wave' from project 'Wave')
/Users/admin/builder/spi-builder-workspace/Sources/Wave/Internal/AnimationController.swift:24:43: error: cannot find type 'DisplayLinkProvider' in scope
22 | static let shared = AnimationController()
23 |
24 | private lazy var displayLinkProvider: DisplayLinkProvider = {
| `- error: cannot find type 'DisplayLinkProvider' in scope
25 | DisplayLinkProvider { [weak self] dt in
26 | guard let strongSelf = self else { return }
/Users/admin/builder/spi-builder-workspace/Sources/Wave/Internal/AnimationController.swift:25:9: error: cannot find 'DisplayLinkProvider' in scope
23 |
24 | private lazy var displayLinkProvider: DisplayLinkProvider = {
25 | DisplayLinkProvider { [weak self] dt in
| `- error: cannot find 'DisplayLinkProvider' in scope
26 | guard let strongSelf = self else { return }
27 |
/Users/admin/builder/spi-builder-workspace/Sources/Wave/Internal/AnimationController.swift:131:9: error: 'CATransaction' is unavailable in watchOS
129 |
130 | func withoutImplicitAnimations(_ updates: () -> Void) {
131 | CATransaction.begin()
| `- error: 'CATransaction' is unavailable in watchOS
132 | CATransaction.setDisableActions(true)
133 | updates()
/Applications/Xcode-27.0.0-Release.Candidate.app/Contents/Developer/Platforms/WatchOS.platform/Developer/SDKs/WatchOS27.0.sdk/System/Library/Frameworks/QuartzCore.framework/Headers/CATransaction.h:34:12: note: 'CATransaction' has been explicitly marked unavailable here
32 |
33 | API_AVAILABLE(macos(10.5), ios(2.0), tvos(9.0)) API_UNAVAILABLE(watchos)
34 | @interface CATransaction : NSObject
| `- note: 'CATransaction' has been explicitly marked unavailable here
35 |
36 | /* Begin a new transaction for the current thread; nests. */
/Users/admin/builder/spi-builder-workspace/Sources/Wave/Internal/AnimationController.swift:132:9: error: 'CATransaction' is unavailable in watchOS
130 | func withoutImplicitAnimations(_ updates: () -> Void) {
131 | CATransaction.begin()
132 | CATransaction.setDisableActions(true)
| `- error: 'CATransaction' is unavailable in watchOS
133 | updates()
134 | CATransaction.commit()
/Applications/Xcode-27.0.0-Release.Candidate.app/Contents/Developer/Platforms/WatchOS.platform/Developer/SDKs/WatchOS27.0.sdk/System/Library/Frameworks/QuartzCore.framework/Headers/CATransaction.h:34:12: note: 'CATransaction' has been explicitly marked unavailable here
32 |
33 | API_AVAILABLE(macos(10.5), ios(2.0), tvos(9.0)) API_UNAVAILABLE(watchos)
34 | @interface CATransaction : NSObject
| `- note: 'CATransaction' has been explicitly marked unavailable here
35 |
36 | /* Begin a new transaction for the current thread; nests. */
SwiftCompile normal arm64_32 /Users/admin/builder/spi-builder-workspace/Sources/Wave/Internal/AnimationController.swift (in target 'Wave' from project 'Wave')
cd /Users/admin/builder/spi-builder-workspace/.swiftpm/xcode
builtin-SwiftPerFileCompile AnimationController.swift
SwiftCompile normal arm64_32 /Users/admin/builder/spi-builder-workspace/Sources/Wave/Internal/AnimatorProviding.swift (in target 'Wave' from project 'Wave')
cd /Users/admin/builder/spi-builder-workspace/.swiftpm/xcode
builtin-SwiftPerFileCompile AnimatorProviding.swift
SwiftCompile normal arm64_32 Compiling\ UIMathUtilities.swift,\ Wave.swift /Users/admin/builder/spi-builder-workspace/Sources/Wave/UIMathUtilities.swift /Users/admin/builder/spi-builder-workspace/Sources/Wave/Wave.swift (in target 'Wave' from project 'Wave')
SwiftCompile normal arm64_32 /Users/admin/builder/spi-builder-workspace/Sources/Wave/UIMathUtilities.swift (in target 'Wave' from project 'Wave')
cd /Users/admin/builder/spi-builder-workspace/.swiftpm/xcode
builtin-SwiftPerFileCompile UIMathUtilities.swift
SwiftCompile normal arm64_32 /Users/admin/builder/spi-builder-workspace/Sources/Wave/Wave.swift (in target 'Wave' from project 'Wave')
cd /Users/admin/builder/spi-builder-workspace/.swiftpm/xcode
builtin-SwiftPerFileCompile Wave.swift
SwiftCompile normal arm64_32 Compiling\ LayerAnimator+Implementation.swift,\ SpringInterpolatable.swift /Users/admin/builder/spi-builder-workspace/Sources/Wave/Internal/LayerAnimator+Implementation.swift /Users/admin/builder/spi-builder-workspace/Sources/Wave/Internal/SpringInterpolatable.swift (in target 'Wave' from project 'Wave')
/Users/admin/builder/spi-builder-workspace/Sources/Wave/Extensions/Color+Extensions.swift:54:18: error: cannot find type 'WaveColor' in scope
52 | }
53 |
54 | var uiColor: WaveColor {
| `- error: cannot find type 'WaveColor' in scope
55 | WaveColor(red: r, green: g, blue: b, alpha: a)
56 | }
/Users/admin/builder/spi-builder-workspace/Sources/Wave/Internal/LayerAnimator+Implementation.swift:129:49: error: cannot find 'WaveColor' in scope
127 | return targetComponents.uiColor.cgColor
128 | } else {
129 | return layer.backgroundColor ?? WaveColor.clear.cgColor
| `- error: cannot find 'WaveColor' in scope
130 | }
131 | }
/Users/admin/builder/spi-builder-workspace/Sources/Wave/Internal/LayerAnimator+Implementation.swift:141:31: error: cannot find type 'WaveColor' in scope
139 |
140 | // `nil` and `.clear` are the same -- they both are represented by `.white` with an alpha of zero
141 | let initialValue: WaveColor
| `- error: cannot find type 'WaveColor' in scope
142 | if let backgroundColor = layer.backgroundColor {
143 | initialValue = WaveColor(_cgColor: backgroundColor)
/Users/admin/builder/spi-builder-workspace/Sources/Wave/Internal/LayerAnimator+Implementation.swift:143:32: error: cannot find 'WaveColor' in scope
141 | let initialValue: WaveColor
142 | if let backgroundColor = layer.backgroundColor {
143 | initialValue = WaveColor(_cgColor: backgroundColor)
| `- error: cannot find 'WaveColor' in scope
144 | } else {
145 | initialValue = WaveColor.clear
/Users/admin/builder/spi-builder-workspace/Sources/Wave/Internal/LayerAnimator+Implementation.swift:145:32: error: cannot find 'WaveColor' in scope
143 | initialValue = WaveColor(_cgColor: backgroundColor)
144 | } else {
145 | initialValue = WaveColor.clear
| `- error: cannot find 'WaveColor' in scope
146 | }
147 |
/Users/admin/builder/spi-builder-workspace/Sources/Wave/Internal/LayerAnimator+Implementation.swift:149:30: error: cannot find type 'WaveColor' in scope
147 |
148 | // Animating to `clear` or `nil` really just animates the alpha component down to zero. Retain the other color components.
149 | let targetValue: WaveColor
| `- error: cannot find type 'WaveColor' in scope
150 | if WaveColor(cgColor: newValue) == .clear {
151 | targetValue = WaveColor(_cgColor: backgroundColor).withAlphaComponent(0)
/Users/admin/builder/spi-builder-workspace/Sources/Wave/Internal/LayerAnimator+Implementation.swift:150:16: error: cannot find 'WaveColor' in scope
148 | // Animating to `clear` or `nil` really just animates the alpha component down to zero. Retain the other color components.
149 | let targetValue: WaveColor
150 | if WaveColor(cgColor: newValue) == .clear {
| `- error: cannot find 'WaveColor' in scope
151 | targetValue = WaveColor(_cgColor: backgroundColor).withAlphaComponent(0)
152 | } else {
/Users/admin/builder/spi-builder-workspace/Sources/Wave/Internal/LayerAnimator+Implementation.swift:151:31: error: cannot find 'WaveColor' in scope
149 | let targetValue: WaveColor
150 | if WaveColor(cgColor: newValue) == .clear {
151 | targetValue = WaveColor(_cgColor: backgroundColor).withAlphaComponent(0)
| `- error: cannot find 'WaveColor' in scope
152 | } else {
153 | targetValue = WaveColor(_cgColor: newValue)
/Users/admin/builder/spi-builder-workspace/Sources/Wave/Internal/LayerAnimator+Implementation.swift:153:31: error: cannot find 'WaveColor' in scope
151 | targetValue = WaveColor(_cgColor: backgroundColor).withAlphaComponent(0)
152 | } else {
153 | targetValue = WaveColor(_cgColor: newValue)
| `- error: cannot find 'WaveColor' in scope
154 | }
155 |
/Users/admin/builder/spi-builder-workspace/Sources/Wave/Extensions/Color+Extensions.swift:45:17: error: cannot find type 'WaveColor' in scope
43 | }
44 |
45 | init(color: WaveColor) {
| `- error: cannot find type 'WaveColor' in scope
46 | var r: CGFloat = 0
47 | var g: CGFloat = 0
/Users/admin/builder/spi-builder-workspace/Sources/Wave/Internal/LayerAnimator+Implementation.swift:167:64: error: extra argument 'color' in call
165 | AnimationController.shared.executeHandler(uuid: runningBackgroundColorAnimator?.groupUUID, finished: false, retargeted: true)
166 |
167 | let initialValueComponents = RGBAComponents(color: initialValue)
| `- error: extra argument 'color' in call
168 | let targetValueComponents = RGBAComponents(color: targetValue)
169 |
/Users/admin/builder/spi-builder-workspace/Sources/Wave/Internal/LayerAnimator+Implementation.swift:167:56: error: missing arguments for parameters 'r', 'g', 'b', 'a' in call
165 | AnimationController.shared.executeHandler(uuid: runningBackgroundColorAnimator?.groupUUID, finished: false, retargeted: true)
166 |
167 | let initialValueComponents = RGBAComponents(color: initialValue)
| `- error: missing arguments for parameters 'r', 'g', 'b', 'a' in call
168 | let targetValueComponents = RGBAComponents(color: targetValue)
169 |
/Users/admin/builder/spi-builder-workspace/Sources/Wave/Extensions/Color+Extensions.swift:38:5: note: 'init(r:g:b:a:)' declared here
36 | let a: CGFloat
37 |
38 | init(r: CGFloat, g: CGFloat, b: CGFloat, a: CGFloat) {
| `- note: 'init(r:g:b:a:)' declared here
39 | self.r = r
40 | self.g = g
/Users/admin/builder/spi-builder-workspace/Sources/Wave/Internal/LayerAnimator+Implementation.swift:168:63: error: extra argument 'color' in call
166 |
167 | let initialValueComponents = RGBAComponents(color: initialValue)
168 | let targetValueComponents = RGBAComponents(color: targetValue)
| `- error: extra argument 'color' in call
169 |
170 | let animation = (runningBackgroundColorAnimator ??
/Users/admin/builder/spi-builder-workspace/Sources/Wave/Internal/LayerAnimator+Implementation.swift:168:55: error: missing arguments for parameters 'r', 'g', 'b', 'a' in call
166 |
167 | let initialValueComponents = RGBAComponents(color: initialValue)
168 | let targetValueComponents = RGBAComponents(color: targetValue)
| `- error: missing arguments for parameters 'r', 'g', 'b', 'a' in call
169 |
170 | let animation = (runningBackgroundColorAnimator ??
/Users/admin/builder/spi-builder-workspace/Sources/Wave/Extensions/Color+Extensions.swift:38:5: note: 'init(r:g:b:a:)' declared here
36 | let a: CGFloat
37 |
38 | init(r: CGFloat, g: CGFloat, b: CGFloat, a: CGFloat) {
| `- note: 'init(r:g:b:a:)' declared here
39 | self.r = r
40 | self.g = g
/Users/admin/builder/spi-builder-workspace/Sources/Wave/Internal/LayerAnimator+Implementation.swift:181:52: error: cannot infer type of closure parameter 'components' without a type annotation
179 |
180 | animation.target = targetValueComponents
181 | animation.valueChanged = { [weak self] components in
| `- error: cannot infer type of closure parameter 'components' without a type annotation
182 | self?.layer.backgroundColor = components.uiColor.cgColor
183 | }
/Users/admin/builder/spi-builder-workspace/Sources/Wave/Internal/LayerAnimator+Implementation.swift:186:50: error: cannot infer type of closure parameter 'event' without a type annotation
184 |
185 | let groupUUID = animation.groupUUID
186 | animation.completion = { [weak self] event in
| `- error: cannot infer type of closure parameter 'event' without a type annotation
187 | switch event {
188 | case .finished(at: _):
/Users/admin/builder/spi-builder-workspace/Sources/Wave/Internal/LayerAnimator+Implementation.swift:205:45: error: cannot find 'WaveColor' in scope
203 | return targetComponents.uiColor.cgColor
204 | } else {
205 | return layer.borderColor ?? WaveColor.black.cgColor
| `- error: cannot find 'WaveColor' in scope
206 | }
207 | }
SwiftCompile normal arm64_32 /Users/admin/builder/spi-builder-workspace/Sources/Wave/Internal/LayerAnimator+Implementation.swift (in target 'Wave' from project 'Wave')
cd /Users/admin/builder/spi-builder-workspace/.swiftpm/xcode
builtin-SwiftPerFileCompile LayerAnimator+Implementation.swift
SwiftCompile normal arm64_32 /Users/admin/builder/spi-builder-workspace/Sources/Wave/Internal/SpringInterpolatable.swift (in target 'Wave' from project 'Wave')
cd /Users/admin/builder/spi-builder-workspace/.swiftpm/xcode
builtin-SwiftPerFileCompile SpringInterpolatable.swift
SwiftCompile normal arm64_32 Compiling\ CGPoint+Extensions.swift,\ CGRect+Extensions.swift /Users/admin/builder/spi-builder-workspace/Sources/Wave/Extensions/CGPoint+Extensions.swift /Users/admin/builder/spi-builder-workspace/Sources/Wave/Extensions/CGRect+Extensions.swift (in target 'Wave' from project 'Wave')
SwiftCompile normal arm64_32 /Users/admin/builder/spi-builder-workspace/Sources/Wave/Extensions/CGPoint+Extensions.swift (in target 'Wave' from project 'Wave')
cd /Users/admin/builder/spi-builder-workspace/.swiftpm/xcode
builtin-SwiftPerFileCompile CGPoint+Extensions.swift
SwiftCompile normal arm64_32 /Users/admin/builder/spi-builder-workspace/Sources/Wave/Extensions/CGRect+Extensions.swift (in target 'Wave' from project 'Wave')
cd /Users/admin/builder/spi-builder-workspace/.swiftpm/xcode
builtin-SwiftPerFileCompile CGRect+Extensions.swift
SwiftCompile normal arm64_32 Compiling\ CGSize+Extensions.swift,\ Color+Extensions.swift /Users/admin/builder/spi-builder-workspace/Sources/Wave/Extensions/CGSize+Extensions.swift /Users/admin/builder/spi-builder-workspace/Sources/Wave/Extensions/Color+Extensions.swift (in target 'Wave' from project 'Wave')
/Users/admin/builder/spi-builder-workspace/Sources/Wave/Extensions/Color+Extensions.swift:45:17: error: cannot find type 'WaveColor' in scope
43 | }
44 |
45 | init(color: WaveColor) {
| `- error: cannot find type 'WaveColor' in scope
46 | var r: CGFloat = 0
47 | var g: CGFloat = 0
/Users/admin/builder/spi-builder-workspace/Sources/Wave/Extensions/Color+Extensions.swift:54:18: error: cannot find type 'WaveColor' in scope
52 | }
53 |
54 | var uiColor: WaveColor {
| `- error: cannot find type 'WaveColor' in scope
55 | WaveColor(red: r, green: g, blue: b, alpha: a)
56 | }
/Users/admin/builder/spi-builder-workspace/Sources/Wave/Extensions/Color+Extensions.swift:59:11: error: cannot find type 'WaveColor' in scope
57 | }
58 |
59 | extension WaveColor {
| `- error: cannot find type 'WaveColor' in scope
60 |
61 | /**
SwiftCompile normal arm64_32 /Users/admin/builder/spi-builder-workspace/Sources/Wave/Extensions/CGSize+Extensions.swift (in target 'Wave' from project 'Wave')
cd /Users/admin/builder/spi-builder-workspace/.swiftpm/xcode
builtin-SwiftPerFileCompile CGSize+Extensions.swift
SwiftCompile normal arm64_32 /Users/admin/builder/spi-builder-workspace/Sources/Wave/Extensions/Color+Extensions.swift (in target 'Wave' from project 'Wave')
cd /Users/admin/builder/spi-builder-workspace/.swiftpm/xcode
builtin-SwiftPerFileCompile Color+Extensions.swift
SwiftEmitModule normal arm64_32 Emitting\ module\ for\ Wave (in target 'Wave' from project 'Wave')
/Users/admin/builder/spi-builder-workspace/Sources/Wave/AnimatableCALayerProperties.swift:11:18: error: 'CALayer' is unavailable in watchOS
9 | import QuartzCore
10 |
11 | public extension CALayer {
| `- error: 'CALayer' is unavailable in watchOS
12 |
13 | /**
/Applications/Xcode-27.0.0-Release.Candidate.app/Contents/Developer/Platforms/WatchOS.platform/Developer/SDKs/WatchOS27.0.sdk/System/Library/Frameworks/QuartzCore.framework/Headers/CALayer.h:117:12: note: 'CALayer' has been explicitly marked unavailable here
115 |
116 | API_AVAILABLE(macos(10.5), ios(2.0), tvos(9.0)) API_UNAVAILABLE(watchos)
117 | @interface CALayer : NSObject <NSSecureCoding, CAMediaTiming>
| `- note: 'CALayer' has been explicitly marked unavailable here
118 |
119 | /** Layer creation and initialization. **/
/Users/admin/builder/spi-builder-workspace/Sources/Wave/AnimatableCALayerProperties.swift:105:21: error: 'CALayer' is unavailable in watchOS
103 | // MARK: - Internal
104 |
105 | weak var layer: CALayer!
| `- error: 'CALayer' is unavailable in watchOS
106 |
107 | init(layer: CALayer) {
/Applications/Xcode-27.0.0-Release.Candidate.app/Contents/Developer/Platforms/WatchOS.platform/Developer/SDKs/WatchOS27.0.sdk/System/Library/Frameworks/QuartzCore.framework/Headers/CALayer.h:117:12: note: 'CALayer' has been explicitly marked unavailable here
115 |
116 | API_AVAILABLE(macos(10.5), ios(2.0), tvos(9.0)) API_UNAVAILABLE(watchos)
117 | @interface CALayer : NSObject <NSSecureCoding, CAMediaTiming>
| `- note: 'CALayer' has been explicitly marked unavailable here
118 |
119 | /** Layer creation and initialization. **/
/Users/admin/builder/spi-builder-workspace/Sources/Wave/AnimatableCALayerProperties.swift:107:17: error: 'CALayer' is unavailable in watchOS
105 | weak var layer: CALayer!
106 |
107 | init(layer: CALayer) {
| `- error: 'CALayer' is unavailable in watchOS
108 | self.layer = layer
109 | }
/Applications/Xcode-27.0.0-Release.Candidate.app/Contents/Developer/Platforms/WatchOS.platform/Developer/SDKs/WatchOS27.0.sdk/System/Library/Frameworks/QuartzCore.framework/Headers/CALayer.h:117:12: note: 'CALayer' has been explicitly marked unavailable here
115 |
116 | API_AVAILABLE(macos(10.5), ios(2.0), tvos(9.0)) API_UNAVAILABLE(watchos)
117 | @interface CALayer : NSObject <NSSecureCoding, CAMediaTiming>
| `- note: 'CALayer' has been explicitly marked unavailable here
118 |
119 | /** Layer creation and initialization. **/
/Users/admin/builder/spi-builder-workspace/Sources/Wave/Extensions/Color+Extensions.swift:45:17: error: cannot find type 'WaveColor' in scope
43 | }
44 |
45 | init(color: WaveColor) {
| `- error: cannot find type 'WaveColor' in scope
46 | var r: CGFloat = 0
47 | var g: CGFloat = 0
/Users/admin/builder/spi-builder-workspace/Sources/Wave/Extensions/Color+Extensions.swift:54:18: error: cannot find type 'WaveColor' in scope
52 | }
53 |
54 | var uiColor: WaveColor {
| `- error: cannot find type 'WaveColor' in scope
55 | WaveColor(red: r, green: g, blue: b, alpha: a)
56 | }
/Users/admin/builder/spi-builder-workspace/Sources/Wave/Extensions/Color+Extensions.swift:59:11: error: cannot find type 'WaveColor' in scope
57 | }
58 |
59 | extension WaveColor {
| `- error: cannot find type 'WaveColor' in scope
60 |
61 | /**
/Users/admin/builder/spi-builder-workspace/Sources/Wave/Internal/AnimationController.swift:24:43: error: cannot find type 'DisplayLinkProvider' in scope
22 | static let shared = AnimationController()
23 |
24 | private lazy var displayLinkProvider: DisplayLinkProvider = {
| `- error: cannot find type 'DisplayLinkProvider' in scope
25 | DisplayLinkProvider { [weak self] dt in
26 | guard let strongSelf = self else { return }
/Users/admin/builder/spi-builder-workspace/Sources/Wave/Internal/AnimationController.swift:25:9: error: cannot find 'DisplayLinkProvider' in scope
23 |
24 | private lazy var displayLinkProvider: DisplayLinkProvider = {
25 | DisplayLinkProvider { [weak self] dt in
| `- error: cannot find 'DisplayLinkProvider' in scope
26 | guard let strongSelf = self else { return }
27 |
/Users/admin/builder/spi-builder-workspace/Sources/Wave/Internal/CALayer+LayerAnimator.swift:15:11: error: 'CALayer' is unavailable in watchOS
13 | private var LayerAnimationsAssociatedObjectHandle: UInt8 = 1 << 5
14 |
15 | extension CALayer {
| `- error: 'CALayer' is unavailable in watchOS
16 |
17 | var _animator: LayerAnimator {
/Applications/Xcode-27.0.0-Release.Candidate.app/Contents/Developer/Platforms/WatchOS.platform/Developer/SDKs/WatchOS27.0.sdk/System/Library/Frameworks/QuartzCore.framework/Headers/CALayer.h:117:12: note: 'CALayer' has been explicitly marked unavailable here
115 |
116 | API_AVAILABLE(macos(10.5), ios(2.0), tvos(9.0)) API_UNAVAILABLE(watchos)
117 | @interface CALayer : NSObject <NSSecureCoding, CAMediaTiming>
| `- note: 'CALayer' has been explicitly marked unavailable here
118 |
119 | /** Layer creation and initialization. **/
/Users/admin/builder/spi-builder-workspace/Sources/Wave/SpringAnimator.swift:39:34: error: 'CACurrentMediaTime()' is unavailable in watchOS
37 | switch (oldValue, state) {
38 | case (.inactive, .running):
39 | self.startTime = CACurrentMediaTime()
| `- error: 'CACurrentMediaTime()' is unavailable in watchOS
40 |
41 | default:
/Applications/Xcode-27.0.0-Release.Candidate.app/Contents/Developer/Platforms/WatchOS.platform/Developer/SDKs/WatchOS27.0.sdk/System/Library/Frameworks/QuartzCore.framework/Headers/CABase.h:127:26: note: 'CACurrentMediaTime()' has been explicitly marked unavailable here
125 | * calling mach_absolute_time () and converting the units to seconds. */
126 |
127 | CA_EXTERN CFTimeInterval CACurrentMediaTime (void)
| `- note: 'CACurrentMediaTime()' has been explicitly marked unavailable here
128 | API_AVAILABLE(macos(10.5), ios(2.0)) API_UNAVAILABLE(watchos);
129 |
/Users/admin/builder/spi-builder-workspace/Sources/Wave/SpringAnimator.swift:75:34: error: 'CACurrentMediaTime()' is unavailable in watchOS
73 |
74 | if state == .running {
75 | self.startTime = CACurrentMediaTime()
| `- error: 'CACurrentMediaTime()' is unavailable in watchOS
76 |
77 | let event = Event.retargeted(from: oldValue, to: newValue)
/Applications/Xcode-27.0.0-Release.Candidate.app/Contents/Developer/Platforms/WatchOS.platform/Developer/SDKs/WatchOS27.0.sdk/System/Library/Frameworks/QuartzCore.framework/Headers/CABase.h:127:26: note: 'CACurrentMediaTime()' has been explicitly marked unavailable here
125 | * calling mach_absolute_time () and converting the units to seconds. */
126 |
127 | CA_EXTERN CFTimeInterval CACurrentMediaTime (void)
| `- note: 'CACurrentMediaTime()' has been explicitly marked unavailable here
128 | API_AVAILABLE(macos(10.5), ios(2.0)) API_UNAVAILABLE(watchos);
129 |
Failed frontend command:
/Applications/Xcode-27.0.0-Release.Candidate.app/Contents/Developer/Toolchains/XcodeDefault.xctoolchain/usr/bin/swift-frontend -frontend -emit-module -experimental-skip-non-inlinable-function-bodies-without-types /Users/admin/builder/spi-builder-workspace/Sources/Wave/AnimatableCALayerProperties.swift /Users/admin/builder/spi-builder-workspace/Sources/Wave/AnimatableUIViewProperties.swift /Users/admin/builder/spi-builder-workspace/Sources/Wave/AnimationMode.swift /Users/admin/builder/spi-builder-workspace/Sources/Wave/AnimatorState.swift /Users/admin/builder/spi-builder-workspace/Sources/Wave/Extensions/CGFloat+Extensions.swift /Users/admin/builder/spi-builder-workspace/Sources/Wave/Extensions/CGPoint+Extensions.swift /Users/admin/builder/spi-builder-workspace/Sources/Wave/Extensions/CGRect+Extensions.swift /Users/admin/builder/spi-builder-workspace/Sources/Wave/Extensions/CGSize+Extensions.swift /Users/admin/builder/spi-builder-workspace/Sources/Wave/Extensions/Color+Extensions.swift /Users/admin/builder/spi-builder-workspace/Sources/Wave/Internal/AnimationController.swift /Users/admin/builder/spi-builder-workspace/Sources/Wave/Internal/AnimatorProviding.swift /Users/admin/builder/spi-builder-workspace/Sources/Wave/Internal/CALayer+LayerAnimator.swift /Users/admin/builder/spi-builder-workspace/Sources/Wave/Internal/DisplayLinkProviding.swift /Users/admin/builder/spi-builder-workspace/Sources/Wave/Internal/LayerAnimator+Implementation.swift /Users/admin/builder/spi-builder-workspace/Sources/Wave/Internal/SpringInterpolatable.swift /Users/admin/builder/spi-builder-workspace/Sources/Wave/Internal/UIView+ViewAnimator.swift /Users/admin/builder/spi-builder-workspace/Sources/Wave/Internal/ViewAnimator+Implementation.swift /Users/admin/builder/spi-builder-workspace/Sources/Wave/Spring.swift /Users/admin/builder/spi-builder-workspace/Sources/Wave/SpringAnimator.swift /Users/admin/builder/spi-builder-workspace/Sources/Wave/UIMathUtilities.swift /Users/admin/builder/spi-builder-workspace/Sources/Wave/Wave.swift -target arm64_32-apple-watchos9.0 -disable-cross-import-overlay-search -load-resolved-plugin /Applications/Xcode-27.0.0-Release.Candidate.app/Contents/Developer/Platforms/WatchOS.platform/Developer/usr/lib/swift/host/plugins/libFoundationMacros.dylib\#/Applications/Xcode-27.0.0-Release.Candidate.app/Contents/Developer/Platforms/WatchOS.platform/Developer/usr/bin/swift-plugin-server\#FoundationMacros -load-resolved-plugin /Applications/Xcode-27.0.0-Release.Candidate.app/Contents/Developer/Platforms/WatchOS.platform/Developer/usr/lib/swift/host/plugins/libObservationMacros.dylib\#/Applications/Xcode-27.0.0-Release.Candidate.app/Contents/Developer/Platforms/WatchOS.platform/Developer/usr/bin/swift-plugin-server\#ObservationMacros -load-resolved-plugin /Applications/Xcode-27.0.0-Release.Candidate.app/Contents/Developer/Platforms/WatchOS.platform/Developer/usr/lib/swift/host/plugins/libSwiftMacros.dylib\#/Applications/Xcode-27.0.0-Release.Candidate.app/Contents/Developer/Platforms/WatchOS.platform/Developer/usr/bin/swift-plugin-server\#SwiftMacros -disable-implicit-swift-modules -Xcc -fno-implicit-modules -Xcc -fno-implicit-module-maps -explicit-swift-module-map-file /Users/admin/builder/spi-builder-workspace/.derivedData/Build/Intermediates.noindex/Wave.build/Debug-watchos/Wave-t.build/Objects-normal/arm64_32/Wave-dependencies-1.json -enable-objc-interop -sdk /Applications/Xcode-27.0.0-Release.Candidate.app/Contents/Developer/Platforms/WatchOS.platform/Developer/SDKs/WatchOS27.0.sdk -I /Users/admin/builder/spi-builder-workspace/.derivedData/Build/Products/Debug-watchos -Isystem /Applications/Xcode-27.0.0-Release.Candidate.app/Contents/Developer/Platforms/WatchOS.platform/Developer/usr/lib -F /Users/admin/builder/spi-builder-workspace/.derivedData/Build/Products/Debug-watchos -F /Applications/Xcode-27.0.0-Release.Candidate.app/Contents/Developer/Platforms/WatchOS.platform/Developer/Library/Frameworks -F /Applications/Xcode-27.0.0-Release.Candidate.app/Contents/Developer/Platforms/WatchOS.platform/Developer/SDKs/WatchOS27.0.sdk/Developer/Library/Frameworks -module-cache-path /Users/admin/builder/spi-builder-workspace/.derivedData/Build/Intermediates.noindex/SwiftExplicitPrecompiledModules -no-color-diagnostics -Xcc -fno-color-diagnostics -enable-testing -g -debug-info-format\=dwarf -dwarf-version\=4 -profile-generate -profile-coverage-mapping -swift-version 5 -Onone -D SWIFT_PACKAGE -D DEBUG -D SWIFT_MODULE_RESOURCE_BUNDLE_UNAVAILABLE -D Xcode -serialize-debugging-options -enable-experimental-feature DebugDescriptionMacro -empty-abi-descriptor -validate-clang-modules-once -clang-build-session-file /Users/admin/builder/spi-builder-workspace/.derivedData/ModuleCache.noindex/Session.modulevalidation -Xcc -working-directory -Xcc /Users/admin/builder/spi-builder-workspace/.swiftpm/xcode -enable-anonymous-context-mangled-names -file-compilation-dir /Users/admin/builder/spi-builder-workspace/.swiftpm/xcode -Xcc -D_LIBCPP_HARDENING_MODE\=_LIBCPP_HARDENING_MODE_DEBUG -Xcc -ivfsstatcache -Xcc /Users/admin/builder/spi-builder-workspace/.derivedData/SDKStatCaches.noindex/watchos27.0-24R360-e829b21a6f8c9b70876ba0858053c04477534ef55a1706bf4c1112bbb242f0a2.sdkstatcache -Xcc -fmodules-prune-interval\=86400 -Xcc -fmodules-prune-after\=345600 -Xcc -I/Users/admin/builder/spi-builder-workspace/.derivedData/Build/Products/Debug-watchos/include -Xcc -I/Users/admin/builder/spi-builder-workspace/.derivedData/Build/Intermediates.noindex/Wave.build/Debug-watchos/Wave-t.build/DerivedSources-normal/arm64_32 -Xcc -I/Users/admin/builder/spi-builder-workspace/.derivedData/Build/Intermediates.noindex/Wave.build/Debug-watchos/Wave-t.build/DerivedSources/arm64_32 -Xcc -I/Users/admin/builder/spi-builder-workspace/.derivedData/Build/Intermediates.noindex/Wave.build/Debug-watchos/Wave-t.build/DerivedSources -Xcc -DSWIFT_PACKAGE -Xcc -DDEBUG\=1 -no-auto-bridging-header-chaining -module-name Wave -const-gather-protocols-file /Users/admin/builder/spi-builder-workspace/.derivedData/Build/Intermediates.noindex/Wave.build/Debug-watchos/Wave-t.build/Objects-normal/arm64_32/Wave_const_extract_protocols.json -disable-clang-spi -clang-target arm64_32-apple-watchos27.0 -target-sdk-version 27.0 -target-sdk-name watchos27.0 -in-process-plugin-server-path /Applications/Xcode-27.0.0-Release.Candidate.app/Contents/Developer/Toolchains/XcodeDefault.xctoolchain/usr/lib/swift/host/libSwiftInProcPluginServer.dylib -emit-module-doc-path /Users/admin/builder/spi-builder-workspace/.derivedData/Build/Intermediates.noindex/Wave.build/Debug-watchos/Wave-t.build/Objects-normal/arm64_32/Wave.swiftdoc -emit-module-source-info-path /Users/admin/builder/spi-builder-workspace/.derivedData/Build/Intermediates.noindex/Wave.build/Debug-watchos/Wave-t.build/Objects-normal/arm64_32/Wave.swiftsourceinfo -emit-objc-header-path /Users/admin/builder/spi-builder-workspace/.derivedData/Build/Intermediates.noindex/Wave.build/Debug-watchos/Wave-t.build/Objects-normal/arm64_32/Wave-Swift.h -serialize-diagnostics-path /Users/admin/builder/spi-builder-workspace/.derivedData/Build/Intermediates.noindex/Wave.build/Debug-watchos/Wave-t.build/Objects-normal/arm64_32/Wave-primary-emit-module.dia -emit-dependencies-path /Users/admin/builder/spi-builder-workspace/.derivedData/Build/Intermediates.noindex/Wave.build/Debug-watchos/Wave-t.build/Objects-normal/arm64_32/Wave-primary-emit-module.d -parse-as-library -o /Users/admin/builder/spi-builder-workspace/.derivedData/Build/Intermediates.noindex/Wave.build/Debug-watchos/Wave-t.build/Objects-normal/arm64_32/Wave.swiftmodule -emit-abi-descriptor-path /Users/admin/builder/spi-builder-workspace/.derivedData/Build/Intermediates.noindex/Wave.build/Debug-watchos/Wave-t.build/Objects-normal/arm64_32/Wave.abi.json
SwiftCompile normal arm64_32 (in target 'Wave' from project 'Wave')
cd /Users/admin/builder/spi-builder-workspace/.swiftpm/xcode
SwiftCompile normal arm64_32 Compiling\ AnimatableCALayerProperties.swift,\ AnimatableUIViewProperties.swift,\ AnimationMode.swift /Users/admin/builder/spi-builder-workspace/Sources/Wave/AnimatableCALayerProperties.swift /Users/admin/builder/spi-builder-workspace/Sources/Wave/AnimatableUIViewProperties.swift /Users/admin/builder/spi-builder-workspace/Sources/Wave/AnimationMode.swift (in target 'Wave' from project 'Wave')
/Users/admin/builder/spi-builder-workspace/Sources/Wave/AnimatableCALayerProperties.swift:11:18: error: 'CALayer' is unavailable in watchOS
9 | import QuartzCore
10 |
11 | public extension CALayer {
| `- error: 'CALayer' is unavailable in watchOS
12 |
13 | /**
/Applications/Xcode-27.0.0-Release.Candidate.app/Contents/Developer/Platforms/WatchOS.platform/Developer/SDKs/WatchOS27.0.sdk/System/Library/Frameworks/QuartzCore.framework/Headers/CALayer.h:117:12: note: 'CALayer' has been explicitly marked unavailable here
115 |
116 | API_AVAILABLE(macos(10.5), ios(2.0), tvos(9.0)) API_UNAVAILABLE(watchos)
117 | @interface CALayer : NSObject <NSSecureCoding, CAMediaTiming>
| `- note: 'CALayer' has been explicitly marked unavailable here
118 |
119 | /** Layer creation and initialization. **/
/Users/admin/builder/spi-builder-workspace/Sources/Wave/AnimatableCALayerProperties.swift:105:21: error: 'CALayer' is unavailable in watchOS
103 | // MARK: - Internal
104 |
105 | weak var layer: CALayer!
| `- error: 'CALayer' is unavailable in watchOS
106 |
107 | init(layer: CALayer) {
/Applications/Xcode-27.0.0-Release.Candidate.app/Contents/Developer/Platforms/WatchOS.platform/Developer/SDKs/WatchOS27.0.sdk/System/Library/Frameworks/QuartzCore.framework/Headers/CALayer.h:117:12: note: 'CALayer' has been explicitly marked unavailable here
115 |
116 | API_AVAILABLE(macos(10.5), ios(2.0), tvos(9.0)) API_UNAVAILABLE(watchos)
117 | @interface CALayer : NSObject <NSSecureCoding, CAMediaTiming>
| `- note: 'CALayer' has been explicitly marked unavailable here
118 |
119 | /** Layer creation and initialization. **/
SwiftCompile normal arm64_32 /Users/admin/builder/spi-builder-workspace/Sources/Wave/AnimatableCALayerProperties.swift (in target 'Wave' from project 'Wave')
cd /Users/admin/builder/spi-builder-workspace/.swiftpm/xcode
builtin-SwiftPerFileCompile AnimatableCALayerProperties.swift
SwiftCompile normal arm64_32 /Users/admin/builder/spi-builder-workspace/Sources/Wave/AnimatableUIViewProperties.swift (in target 'Wave' from project 'Wave')
cd /Users/admin/builder/spi-builder-workspace/.swiftpm/xcode
builtin-SwiftPerFileCompile AnimatableUIViewProperties.swift
SwiftCompile normal arm64_32 /Users/admin/builder/spi-builder-workspace/Sources/Wave/AnimationMode.swift (in target 'Wave' from project 'Wave')
cd /Users/admin/builder/spi-builder-workspace/.swiftpm/xcode
builtin-SwiftPerFileCompile AnimationMode.swift
SwiftCompile normal arm64_32 Compiling\ AnimatorState.swift,\ CGFloat+Extensions.swift /Users/admin/builder/spi-builder-workspace/Sources/Wave/AnimatorState.swift /Users/admin/builder/spi-builder-workspace/Sources/Wave/Extensions/CGFloat+Extensions.swift (in target 'Wave' from project 'Wave')
/Users/admin/builder/spi-builder-workspace/Sources/Wave/Extensions/CGFloat+Extensions.swift:29:29: error: cannot find 'scale' in scope
27 | let scale = NSScreen.main?.backingScaleFactor ?? 1.0
28 | #endif
29 | return floor(self * scale) / scale
| `- error: cannot find 'scale' in scope
30 | }
31 |
SwiftCompile normal arm64_32 /Users/admin/builder/spi-builder-workspace/Sources/Wave/AnimatorState.swift (in target 'Wave' from project 'Wave')
cd /Users/admin/builder/spi-builder-workspace/.swiftpm/xcode
builtin-SwiftPerFileCompile AnimatorState.swift
SwiftCompile normal arm64_32 /Users/admin/builder/spi-builder-workspace/Sources/Wave/Extensions/CGFloat+Extensions.swift (in target 'Wave' from project 'Wave')
cd /Users/admin/builder/spi-builder-workspace/.swiftpm/xcode
builtin-SwiftPerFileCompile CGFloat+Extensions.swift
SwiftEmitModule normal arm64 Emitting\ module\ for\ Wave (in target 'Wave' from project 'Wave')
SwiftCompile normal arm64 (in target 'Wave' from project 'Wave')
cd /Users/admin/builder/spi-builder-workspace/.swiftpm/xcode
PruneExplicitPrecompiledModules /Users/admin/builder/spi-builder-workspace/.derivedData/Build/Intermediates.noindex/SwiftExplicitPrecompiledModules
PruneExplicitPrecompiledModules /Users/admin/builder/spi-builder-workspace/.derivedData/SDKExplicitPrecompiledModules
PruneExplicitPrecompiledModules /Users/admin/builder/spi-builder-workspace/.derivedData/Build/Intermediates.noindex/ExplicitPrecompiledModules
2026-09-20 15:25:59.929 xcodebuild[673:4325] [MT] IDERunDestination: Supported platforms for the buildables in the current scheme is empty.
** BUILD FAILED **
The following build commands failed:
SwiftEmitModule normal arm64_32 Emitting\ module\ for\ Wave (in target 'Wave' from project 'Wave')
SwiftCompile normal arm64_32 (in target 'Wave' from project 'Wave')
Building workspace Wave with scheme Wave
(3 failures)
Command line invocation:
/Applications/Xcode-27.0.0-Release.Candidate.app/Contents/Developer/usr/bin/xcodebuild -IDEClonedSourcePackagesDirPathOverride=/Users/admin/builder/spi-builder-workspace/.dependencies -resolvePackageDependencies
Resolve Package Graph
Resolved source packages:
Wave: /Users/admin/builder/spi-builder-workspace
resolved source packages: Wave
2026-09-20 15:26:04.979 xcodebuild[756:4674] [MT] IDERunDestination: Supported platforms for the buildables in the current scheme is empty.
{
"dependencies" : [
],
"manifest_display_name" : "Wave",
"name" : "Wave",
"path" : "/Users/admin/builder/spi-builder-workspace",
"platforms" : [
{
"name" : "ios",
"version" : "13.0"
},
{
"name" : "macos",
"version" : "10.12"
}
],
"products" : [
{
"name" : "Wave",
"targets" : [
"Wave"
],
"type" : {
"library" : [
"automatic"
]
}
}
],
"targets" : [
{
"c99name" : "WaveTests",
"module_type" : "SwiftTarget",
"name" : "WaveTests",
"path" : "Tests/WaveTests",
"sources" : [
"AnimatableCALayerPropertyTests.swift",
"AnimatableUIViewPropertyTests.swift",
"SpringTests.swift",
"TestUtilities.swift"
],
"target_dependencies" : [
"Wave"
],
"type" : "test"
},
{
"c99name" : "Wave",
"module_type" : "SwiftTarget",
"name" : "Wave",
"path" : "Sources/Wave",
"product_memberships" : [
"Wave"
],
"sources" : [
"AnimatableCALayerProperties.swift",
"AnimatableUIViewProperties.swift",
"AnimationMode.swift",
"AnimatorState.swift",
"Extensions/CGFloat+Extensions.swift",
"Extensions/CGPoint+Extensions.swift",
"Extensions/CGRect+Extensions.swift",
"Extensions/CGSize+Extensions.swift",
"Extensions/Color+Extensions.swift",
"Internal/AnimationController.swift",
"Internal/AnimatorProviding.swift",
"Internal/CALayer+LayerAnimator.swift",
"Internal/DisplayLinkProviding.swift",
"Internal/LayerAnimator+Implementation.swift",
"Internal/SpringInterpolatable.swift",
"Internal/UIView+ViewAnimator.swift",
"Internal/ViewAnimator+Implementation.swift",
"Spring.swift",
"SpringAnimator.swift",
"UIMathUtilities.swift",
"Wave.swift"
],
"type" : "library"
}
],
"tools_version" : "5.6"
}
{
"workspace" : {
"name" : "Wave",
"schemes" : [
"Wave"
]
}
}
2026-09-20 15:26:06.170 xcodebuild[764:4740] [MT] IDERunDestination: Supported platforms for the buildables in the current scheme is empty.
Running build ...
env DEVELOPER_DIR=/Applications/Xcode-27.0.0-Release.Candidate.app xcrun xcodebuild -IDEClonedSourcePackagesDirPathOverride=$PWD/.dependencies -skipMacroValidation -skipPackagePluginValidation -derivedDataPath $PWD/.derivedData build -scheme Wave -destination generic/platform=watchOS
Command line invocation:
/Applications/Xcode-27.0.0-Release.Candidate.app/Contents/Developer/usr/bin/xcodebuild -IDEClonedSourcePackagesDirPathOverride=/Users/admin/builder/spi-builder-workspace/.dependencies -skipMacroValidation -skipPackagePluginValidation -derivedDataPath /Users/admin/builder/spi-builder-workspace/.derivedData build -scheme Wave -destination generic/platform=watchOS
Resolve Package Graph
Resolved source packages:
Wave: /Users/admin/builder/spi-builder-workspace
ComputePackagePrebuildTargetDependencyGraph
Prepare packages
CreateBuildRequest
SendProjectDescription
CreateBuildOperation
ComputeTargetDependencyGraph
note: Building targets in dependency order
note: Target dependency graph (2 targets)
Target 'Wave-product' in project 'Wave'
➜ Explicit dependency on target 'Wave' in project 'Wave'
Target 'Wave' in project 'Wave' (no dependencies)
GatherProvisioningInputs
CreateBuildDescription
ClangStatCache /Applications/Xcode-27.0.0-Release.Candidate.app/Contents/Developer/Toolchains/XcodeDefault.xctoolchain/usr/bin/clang-stat-cache /Applications/Xcode-27.0.0-Release.Candidate.app/Contents/Developer/Platforms/WatchOS.platform/Developer/SDKs/WatchOS27.0.sdk /Users/admin/builder/spi-builder-workspace/.derivedData/SDKStatCaches.noindex/watchos27.0-24R360-e829b21a6f8c9b70876ba0858053c04477534ef55a1706bf4c1112bbb242f0a2.sdkstatcache
cd /Users/admin/builder/spi-builder-workspace/.swiftpm/xcode
/Applications/Xcode-27.0.0-Release.Candidate.app/Contents/Developer/Toolchains/XcodeDefault.xctoolchain/usr/bin/clang-stat-cache /Applications/Xcode-27.0.0-Release.Candidate.app/Contents/Developer/Platforms/WatchOS.platform/Developer/SDKs/WatchOS27.0.sdk -o /Users/admin/builder/spi-builder-workspace/.derivedData/SDKStatCaches.noindex/watchos27.0-24R360-e829b21a6f8c9b70876ba0858053c04477534ef55a1706bf4c1112bbb242f0a2.sdkstatcache
SwiftDriver Wave normal arm64_32 com.apple.xcode.tools.swift.compiler (in target 'Wave' from project 'Wave')
cd /Users/admin/builder/spi-builder-workspace/.swiftpm/xcode
builtin-SwiftDriver -- /Applications/Xcode-27.0.0-Release.Candidate.app/Contents/Developer/Toolchains/XcodeDefault.xctoolchain/usr/bin/swiftc -parse-as-library -module-name Wave -Onone @/Users/admin/builder/spi-builder-workspace/.derivedData/Build/Intermediates.noindex/Wave.build/Debug-watchos/Wave-t.build/Objects-normal/arm64_32/Wave.SwiftFileList -DSWIFT_PACKAGE -DDEBUG -DSWIFT_MODULE_RESOURCE_BUNDLE_UNAVAILABLE -DXcode -plugin-path /Applications/Xcode-27.0.0-Release.Candidate.app/Contents/Developer/Toolchains/XcodeDefault.xctoolchain/usr/lib/swift/host/plugins/testing -enable-experimental-feature DebugDescriptionMacro -sdk /Applications/Xcode-27.0.0-Release.Candidate.app/Contents/Developer/Platforms/WatchOS.platform/Developer/SDKs/WatchOS27.0.sdk -target arm64_32-apple-watchos9.0 -g -module-cache-path /Users/admin/builder/spi-builder-workspace/.derivedData/ModuleCache.noindex -Xfrontend -serialize-debugging-options -profile-coverage-mapping -profile-generate -enable-testing -index-store-path /Users/admin/builder/spi-builder-workspace/.derivedData/Index.noindex/DataStore -Xcc -D_LIBCPP_HARDENING_MODE\=_LIBCPP_HARDENING_MODE_DEBUG -swift-version 5 -I /Users/admin/builder/spi-builder-workspace/.derivedData/Build/Products/Debug-watchos -Isystem /Applications/Xcode-27.0.0-Release.Candidate.app/Contents/Developer/Platforms/WatchOS.platform/Developer/usr/lib -F /Users/admin/builder/spi-builder-workspace/.derivedData/Build/Products/Debug-watchos -F /Applications/Xcode-27.0.0-Release.Candidate.app/Contents/Developer/Platforms/WatchOS.platform/Developer/Library/Frameworks -F /Applications/Xcode-27.0.0-Release.Candidate.app/Contents/Developer/Platforms/WatchOS.platform/Developer/SDKs/WatchOS27.0.sdk/Developer/Library/Frameworks -c -j10 -enable-batch-mode -incremental -Xcc -ivfsstatcache -Xcc /Users/admin/builder/spi-builder-workspace/.derivedData/SDKStatCaches.noindex/watchos27.0-24R360-e829b21a6f8c9b70876ba0858053c04477534ef55a1706bf4c1112bbb242f0a2.sdkstatcache -output-file-map /Users/admin/builder/spi-builder-workspace/.derivedData/Build/Intermediates.noindex/Wave.build/Debug-watchos/Wave-t.build/Objects-normal/arm64_32/Wave-OutputFileMap.json -save-temps -no-color-diagnostics -explicit-module-build -module-cache-path /Users/admin/builder/spi-builder-workspace/.derivedData/Build/Intermediates.noindex/SwiftExplicitPrecompiledModules -clang-scanner-module-cache-path /Users/admin/builder/spi-builder-workspace/.derivedData/ModuleCache.noindex -sdk-module-cache-path /Users/admin/builder/spi-builder-workspace/.derivedData/SDKExplicitPrecompiledModules -emit-dependencies -emit-module -emit-module-path /Users/admin/builder/spi-builder-workspace/.derivedData/Build/Intermediates.noindex/Wave.build/Debug-watchos/Wave-t.build/Objects-normal/arm64_32/Wave.swiftmodule -serialize-diagnostics -dependency-scan-serialize-diagnostics-path /Users/admin/builder/spi-builder-workspace/.derivedData/Build/Intermediates.noindex/Wave.build/Debug-watchos/Wave-t.build/Objects-normal/arm64_32/Wave-dependency-scan.dia -validate-clang-modules-once -clang-build-session-file /Users/admin/builder/spi-builder-workspace/.derivedData/ModuleCache.noindex/Session.modulevalidation -Xcc -fmodules-prune-interval\=86400 -Xcc -fmodules-prune-after\=345600 -emit-const-values -const-gather-protocols-list /Users/admin/builder/spi-builder-workspace/.derivedData/Build/Intermediates.noindex/Wave.build/Debug-watchos/Wave-t.build/Objects-normal/arm64_32/Wave_const_extract_protocols.json -Xcc -I/Users/admin/builder/spi-builder-workspace/.derivedData/Build/Products/Debug-watchos/include -Xcc -I/Users/admin/builder/spi-builder-workspace/.derivedData/Build/Intermediates.noindex/Wave.build/Debug-watchos/Wave-t.build/DerivedSources-normal/arm64_32 -Xcc -I/Users/admin/builder/spi-builder-workspace/.derivedData/Build/Intermediates.noindex/Wave.build/Debug-watchos/Wave-t.build/DerivedSources/arm64_32 -Xcc -I/Users/admin/builder/spi-builder-workspace/.derivedData/Build/Intermediates.noindex/Wave.build/Debug-watchos/Wave-t.build/DerivedSources -Xcc -DSWIFT_PACKAGE -Xcc -DDEBUG\=1 -emit-objc-header -emit-objc-header-path /Users/admin/builder/spi-builder-workspace/.derivedData/Build/Intermediates.noindex/Wave.build/Debug-watchos/Wave-t.build/Objects-normal/arm64_32/Wave-Swift.h -working-directory /Users/admin/builder/spi-builder-workspace/.swiftpm/xcode -experimental-emit-module-separately -disable-cmo
SwiftDriver Wave normal arm64 com.apple.xcode.tools.swift.compiler (in target 'Wave' from project 'Wave')
cd /Users/admin/builder/spi-builder-workspace/.swiftpm/xcode
builtin-SwiftDriver -- /Applications/Xcode-27.0.0-Release.Candidate.app/Contents/Developer/Toolchains/XcodeDefault.xctoolchain/usr/bin/swiftc -parse-as-library -module-name Wave -Onone @/Users/admin/builder/spi-builder-workspace/.derivedData/Build/Intermediates.noindex/Wave.build/Debug-watchos/Wave-t.build/Objects-normal/arm64/Wave.SwiftFileList -DSWIFT_PACKAGE -DDEBUG -DSWIFT_MODULE_RESOURCE_BUNDLE_UNAVAILABLE -DXcode -plugin-path /Applications/Xcode-27.0.0-Release.Candidate.app/Contents/Developer/Toolchains/XcodeDefault.xctoolchain/usr/lib/swift/host/plugins/testing -enable-experimental-feature DebugDescriptionMacro -sdk /Applications/Xcode-27.0.0-Release.Candidate.app/Contents/Developer/Platforms/WatchOS.platform/Developer/SDKs/WatchOS27.0.sdk -target arm64-apple-watchos9.0 -g -module-cache-path /Users/admin/builder/spi-builder-workspace/.derivedData/ModuleCache.noindex -Xfrontend -serialize-debugging-options -profile-coverage-mapping -profile-generate -enable-testing -index-store-path /Users/admin/builder/spi-builder-workspace/.derivedData/Index.noindex/DataStore -Xcc -D_LIBCPP_HARDENING_MODE\=_LIBCPP_HARDENING_MODE_DEBUG -swift-version 5 -I /Users/admin/builder/spi-builder-workspace/.derivedData/Build/Products/Debug-watchos -Isystem /Applications/Xcode-27.0.0-Release.Candidate.app/Contents/Developer/Platforms/WatchOS.platform/Developer/usr/lib -F /Users/admin/builder/spi-builder-workspace/.derivedData/Build/Products/Debug-watchos -F /Applications/Xcode-27.0.0-Release.Candidate.app/Contents/Developer/Platforms/WatchOS.platform/Developer/Library/Frameworks -F /Applications/Xcode-27.0.0-Release.Candidate.app/Contents/Developer/Platforms/WatchOS.platform/Developer/SDKs/WatchOS27.0.sdk/Developer/Library/Frameworks -c -j10 -enable-batch-mode -incremental -Xcc -ivfsstatcache -Xcc /Users/admin/builder/spi-builder-workspace/.derivedData/SDKStatCaches.noindex/watchos27.0-24R360-e829b21a6f8c9b70876ba0858053c04477534ef55a1706bf4c1112bbb242f0a2.sdkstatcache -output-file-map /Users/admin/builder/spi-builder-workspace/.derivedData/Build/Intermediates.noindex/Wave.build/Debug-watchos/Wave-t.build/Objects-normal/arm64/Wave-OutputFileMap.json -save-temps -no-color-diagnostics -explicit-module-build -module-cache-path /Users/admin/builder/spi-builder-workspace/.derivedData/Build/Intermediates.noindex/SwiftExplicitPrecompiledModules -clang-scanner-module-cache-path /Users/admin/builder/spi-builder-workspace/.derivedData/ModuleCache.noindex -sdk-module-cache-path /Users/admin/builder/spi-builder-workspace/.derivedData/SDKExplicitPrecompiledModules -emit-dependencies -emit-module -emit-module-path /Users/admin/builder/spi-builder-workspace/.derivedData/Build/Intermediates.noindex/Wave.build/Debug-watchos/Wave-t.build/Objects-normal/arm64/Wave.swiftmodule -serialize-diagnostics -dependency-scan-serialize-diagnostics-path /Users/admin/builder/spi-builder-workspace/.derivedData/Build/Intermediates.noindex/Wave.build/Debug-watchos/Wave-t.build/Objects-normal/arm64/Wave-dependency-scan.dia -validate-clang-modules-once -clang-build-session-file /Users/admin/builder/spi-builder-workspace/.derivedData/ModuleCache.noindex/Session.modulevalidation -Xcc -fmodules-prune-interval\=86400 -Xcc -fmodules-prune-after\=345600 -emit-const-values -const-gather-protocols-list /Users/admin/builder/spi-builder-workspace/.derivedData/Build/Intermediates.noindex/Wave.build/Debug-watchos/Wave-t.build/Objects-normal/arm64/Wave_const_extract_protocols.json -Xcc -I/Users/admin/builder/spi-builder-workspace/.derivedData/Build/Products/Debug-watchos/include -Xcc -I/Users/admin/builder/spi-builder-workspace/.derivedData/Build/Intermediates.noindex/Wave.build/Debug-watchos/Wave-t.build/DerivedSources-normal/arm64 -Xcc -I/Users/admin/builder/spi-builder-workspace/.derivedData/Build/Intermediates.noindex/Wave.build/Debug-watchos/Wave-t.build/DerivedSources/arm64 -Xcc -I/Users/admin/builder/spi-builder-workspace/.derivedData/Build/Intermediates.noindex/Wave.build/Debug-watchos/Wave-t.build/DerivedSources -Xcc -DSWIFT_PACKAGE -Xcc -DDEBUG\=1 -emit-objc-header -emit-objc-header-path /Users/admin/builder/spi-builder-workspace/.derivedData/Build/Intermediates.noindex/Wave.build/Debug-watchos/Wave-t.build/Objects-normal/arm64/Wave-Swift.h -working-directory /Users/admin/builder/spi-builder-workspace/.swiftpm/xcode -experimental-emit-module-separately -disable-cmo
SwiftCompile normal arm64 Compiling\ AnimatorState.swift,\ CGFloat+Extensions.swift /Users/admin/builder/spi-builder-workspace/Sources/Wave/AnimatorState.swift /Users/admin/builder/spi-builder-workspace/Sources/Wave/Extensions/CGFloat+Extensions.swift (in target 'Wave' from project 'Wave')
SwiftCompile normal arm64 /Users/admin/builder/spi-builder-workspace/Sources/Wave/AnimatorState.swift (in target 'Wave' from project 'Wave')
cd /Users/admin/builder/spi-builder-workspace/.swiftpm/xcode
builtin-SwiftPerFileCompile AnimatorState.swift
SwiftCompile normal arm64 /Users/admin/builder/spi-builder-workspace/Sources/Wave/Extensions/CGFloat+Extensions.swift (in target 'Wave' from project 'Wave')
cd /Users/admin/builder/spi-builder-workspace/.swiftpm/xcode
builtin-SwiftPerFileCompile CGFloat+Extensions.swift
/Users/admin/builder/spi-builder-workspace/Sources/Wave/Extensions/CGFloat+Extensions.swift:29:29: error: cannot find 'scale' in scope
27 | let scale = NSScreen.main?.backingScaleFactor ?? 1.0
28 | #endif
29 | return floor(self * scale) / scale
| `- error: cannot find 'scale' in scope
30 | }
31 |
/Users/admin/builder/spi-builder-workspace/Sources/Wave/Extensions/CGFloat+Extensions.swift:29:38: error: cannot find 'scale' in scope
27 | let scale = NSScreen.main?.backingScaleFactor ?? 1.0
28 | #endif
29 | return floor(self * scale) / scale
| `- error: cannot find 'scale' in scope
30 | }
31 |
Failed frontend command:
/Applications/Xcode-27.0.0-Release.Candidate.app/Contents/Developer/Toolchains/XcodeDefault.xctoolchain/usr/bin/swift-frontend -frontend -c /Users/admin/builder/spi-builder-workspace/Sources/Wave/AnimatableCALayerProperties.swift /Users/admin/builder/spi-builder-workspace/Sources/Wave/AnimatableUIViewProperties.swift /Users/admin/builder/spi-builder-workspace/Sources/Wave/AnimationMode.swift -primary-file /Users/admin/builder/spi-builder-workspace/Sources/Wave/AnimatorState.swift -primary-file /Users/admin/builder/spi-builder-workspace/Sources/Wave/Extensions/CGFloat+Extensions.swift /Users/admin/builder/spi-builder-workspace/Sources/Wave/Extensions/CGPoint+Extensions.swift /Users/admin/builder/spi-builder-workspace/Sources/Wave/Extensions/CGRect+Extensions.swift /Users/admin/builder/spi-builder-workspace/Sources/Wave/Extensions/CGSize+Extensions.swift /Users/admin/builder/spi-builder-workspace/Sources/Wave/Extensions/Color+Extensions.swift /Users/admin/builder/spi-builder-workspace/Sources/Wave/Internal/AnimationController.swift /Users/admin/builder/spi-builder-workspace/Sources/Wave/Internal/AnimatorProviding.swift /Users/admin/builder/spi-builder-workspace/Sources/Wave/Internal/CALayer+LayerAnimator.swift /Users/admin/builder/spi-builder-workspace/Sources/Wave/Internal/DisplayLinkProviding.swift /Users/admin/builder/spi-builder-workspace/Sources/Wave/Internal/LayerAnimator+Implementation.swift /Users/admin/builder/spi-builder-workspace/Sources/Wave/Internal/SpringInterpolatable.swift /Users/admin/builder/spi-builder-workspace/Sources/Wave/Internal/UIView+ViewAnimator.swift /Users/admin/builder/spi-builder-workspace/Sources/Wave/Internal/ViewAnimator+Implementation.swift /Users/admin/builder/spi-builder-workspace/Sources/Wave/Spring.swift /Users/admin/builder/spi-builder-workspace/Sources/Wave/SpringAnimator.swift /Users/admin/builder/spi-builder-workspace/Sources/Wave/UIMathUtilities.swift /Users/admin/builder/spi-builder-workspace/Sources/Wave/Wave.swift -emit-dependencies-path /Users/admin/builder/spi-builder-workspace/.derivedData/Build/Intermediates.noindex/Wave.build/Debug-watchos/Wave-t.build/Objects-normal/arm64/AnimatorState.d -emit-const-values-path /Users/admin/builder/spi-builder-workspace/.derivedData/Build/Intermediates.noindex/Wave.build/Debug-watchos/Wave-t.build/Objects-normal/arm64/AnimatorState.swiftconstvalues -emit-reference-dependencies-path /Users/admin/builder/spi-builder-workspace/.derivedData/Build/Intermediates.noindex/Wave.build/Debug-watchos/Wave-t.build/Objects-normal/arm64/AnimatorState.swiftdeps -serialize-diagnostics-path /Users/admin/builder/spi-builder-workspace/.derivedData/Build/Intermediates.noindex/Wave.build/Debug-watchos/Wave-t.build/Objects-normal/arm64/AnimatorState.dia -emit-dependencies-path /Users/admin/builder/spi-builder-workspace/.derivedData/Build/Intermediates.noindex/Wave.build/Debug-watchos/Wave-t.build/Objects-normal/arm64/CGFloat+Extensions.d -emit-const-values-path /Users/admin/builder/spi-builder-workspace/.derivedData/Build/Intermediates.noindex/Wave.build/Debug-watchos/Wave-t.build/Objects-normal/arm64/CGFloat+Extensions.swiftconstvalues -emit-reference-dependencies-path /Users/admin/builder/spi-builder-workspace/.derivedData/Build/Intermediates.noindex/Wave.build/Debug-watchos/Wave-t.build/Objects-normal/arm64/CGFloat+Extensions.swiftdeps -serialize-diagnostics-path /Users/admin/builder/spi-builder-workspace/.derivedData/Build/Intermediates.noindex/Wave.build/Debug-watchos/Wave-t.build/Objects-normal/arm64/CGFloat+Extensions.dia -target arm64-apple-watchos9.0 -disable-cross-import-overlay-search -load-resolved-plugin /Applications/Xcode-27.0.0-Release.Candidate.app/Contents/Developer/Platforms/WatchOS.platform/Developer/usr/lib/swift/host/plugins/libFoundationMacros.dylib\#/Applications/Xcode-27.0.0-Release.Candidate.app/Contents/Developer/Platforms/WatchOS.platform/Developer/usr/bin/swift-plugin-server\#FoundationMacros -load-resolved-plugin /Applications/Xcode-27.0.0-Release.Candidate.app/Contents/Developer/Platforms/WatchOS.platform/Developer/usr/lib/swift/host/plugins/libObservationMacros.dylib\#/Applications/Xcode-27.0.0-Release.Candidate.app/Contents/Developer/Platforms/WatchOS.platform/Developer/usr/bin/swift-plugin-server\#ObservationMacros -load-resolved-plugin /Applications/Xcode-27.0.0-Release.Candidate.app/Contents/Developer/Platforms/WatchOS.platform/Developer/usr/lib/swift/host/plugins/libSwiftMacros.dylib\#/Applications/Xcode-27.0.0-Release.Candidate.app/Contents/Developer/Platforms/WatchOS.platform/Developer/usr/bin/swift-plugin-server\#SwiftMacros -disable-implicit-swift-modules -Xcc -fno-implicit-modules -Xcc -fno-implicit-module-maps -explicit-swift-module-map-file /Users/admin/builder/spi-builder-workspace/.derivedData/Build/Intermediates.noindex/Wave.build/Debug-watchos/Wave-t.build/Objects-normal/arm64/Wave-dependencies-2.json -Xllvm -aarch64-use-tbi -enable-objc-interop -stack-check -sdk /Applications/Xcode-27.0.0-Release.Candidate.app/Contents/Developer/Platforms/WatchOS.platform/Developer/SDKs/WatchOS27.0.sdk -I /Users/admin/builder/spi-builder-workspace/.derivedData/Build/Products/Debug-watchos -Isystem /Applications/Xcode-27.0.0-Release.Candidate.app/Contents/Developer/Platforms/WatchOS.platform/Developer/usr/lib -F /Users/admin/builder/spi-builder-workspace/.derivedData/Build/Products/Debug-watchos -F /Applications/Xcode-27.0.0-Release.Candidate.app/Contents/Developer/Platforms/WatchOS.platform/Developer/Library/Frameworks -F /Applications/Xcode-27.0.0-Release.Candidate.app/Contents/Developer/Platforms/WatchOS.platform/Developer/SDKs/WatchOS27.0.sdk/Developer/Library/Frameworks -module-cache-path /Users/admin/builder/spi-builder-workspace/.derivedData/Build/Intermediates.noindex/SwiftExplicitPrecompiledModules -no-color-diagnostics -Xcc -fno-color-diagnostics -enable-testing -g -debug-info-format\=dwarf -dwarf-version\=4 -profile-generate -profile-coverage-mapping -swift-version 5 -Onone -D SWIFT_PACKAGE -D DEBUG -D SWIFT_MODULE_RESOURCE_BUNDLE_UNAVAILABLE -D Xcode -serialize-debugging-options -enable-experimental-feature DebugDescriptionMacro -empty-abi-descriptor -validate-clang-modules-once -clang-build-session-file /Users/admin/builder/spi-builder-workspace/.derivedData/ModuleCache.noindex/Session.modulevalidation -Xcc -working-directory -Xcc /Users/admin/builder/spi-builder-workspace/.swiftpm/xcode -enable-anonymous-context-mangled-names -file-compilation-dir /Users/admin/builder/spi-builder-workspace/.swiftpm/xcode -Xcc -D_LIBCPP_HARDENING_MODE\=_LIBCPP_HARDENING_MODE_DEBUG -Xcc -ivfsstatcache -Xcc /Users/admin/builder/spi-builder-workspace/.derivedData/SDKStatCaches.noindex/watchos27.0-24R360-e829b21a6f8c9b70876ba0858053c04477534ef55a1706bf4c1112bbb242f0a2.sdkstatcache -Xcc -fmodules-prune-interval\=86400 -Xcc -fmodules-prune-after\=345600 -Xcc -I/Users/admin/builder/spi-builder-workspace/.derivedData/Build/Products/Debug-watchos/include -Xcc -I/Users/admin/builder/spi-builder-workspace/.derivedData/Build/Intermediates.noindex/Wave.build/Debug-watchos/Wave-t.build/DerivedSources-normal/arm64 -Xcc -I/Users/admin/builder/spi-builder-workspace/.derivedData/Build/Intermediates.noindex/Wave.build/Debug-watchos/Wave-t.build/DerivedSources/arm64 -Xcc -I/Users/admin/builder/spi-builder-workspace/.derivedData/Build/Intermediates.noindex/Wave.build/Debug-watchos/Wave-t.build/DerivedSources -Xcc -DSWIFT_PACKAGE -Xcc -DDEBUG\=1 -no-auto-bridging-header-chaining -module-name Wave -const-gather-protocols-file /Users/admin/builder/spi-builder-workspace/.derivedData/Build/Intermediates.noindex/Wave.build/Debug-watchos/Wave-t.build/Objects-normal/arm64/Wave_const_extract_protocols.json -disable-clang-spi -clang-target arm64-apple-watchos27.0 -target-sdk-version 27.0 -target-sdk-name watchos27.0 -in-process-plugin-server-path /Applications/Xcode-27.0.0-Release.Candidate.app/Contents/Developer/Toolchains/XcodeDefault.xctoolchain/usr/lib/swift/host/libSwiftInProcPluginServer.dylib -parse-as-library -o /Users/admin/builder/spi-builder-workspace/.derivedData/Build/Intermediates.noindex/Wave.build/Debug-watchos/Wave-t.build/Objects-normal/arm64/AnimatorState.o -o /Users/admin/builder/spi-builder-workspace/.derivedData/Build/Intermediates.noindex/Wave.build/Debug-watchos/Wave-t.build/Objects-normal/arm64/CGFloat+Extensions.o -debug-module-path /Users/admin/builder/spi-builder-workspace/.derivedData/Build/Intermediates.noindex/Wave.build/Debug-watchos/Wave-t.build/Objects-normal/arm64/Wave.swiftmodule -index-unit-output-path /Wave.build/Debug-watchos/Wave-t.build/Objects-normal/arm64/AnimatorState.o -index-unit-output-path /Wave.build/Debug-watchos/Wave-t.build/Objects-normal/arm64/CGFloat+Extensions.o -index-store-path /Users/admin/builder/spi-builder-workspace/.derivedData/Index.noindex/DataStore -index-system-modules
SwiftCompile normal arm64 Compiling\ CGSize+Extensions.swift,\ Color+Extensions.swift /Users/admin/builder/spi-builder-workspace/Sources/Wave/Extensions/CGSize+Extensions.swift /Users/admin/builder/spi-builder-workspace/Sources/Wave/Extensions/Color+Extensions.swift (in target 'Wave' from project 'Wave')
/Users/admin/builder/spi-builder-workspace/Sources/Wave/Extensions/Color+Extensions.swift:45:17: error: cannot find type 'WaveColor' in scope
43 | }
44 |
45 | init(color: WaveColor) {
| `- error: cannot find type 'WaveColor' in scope
46 | var r: CGFloat = 0
47 | var g: CGFloat = 0
/Users/admin/builder/spi-builder-workspace/Sources/Wave/Extensions/Color+Extensions.swift:54:18: error: cannot find type 'WaveColor' in scope
52 | }
53 |
54 | var uiColor: WaveColor {
| `- error: cannot find type 'WaveColor' in scope
55 | WaveColor(red: r, green: g, blue: b, alpha: a)
56 | }
/Users/admin/builder/spi-builder-workspace/Sources/Wave/Extensions/Color+Extensions.swift:59:11: error: cannot find type 'WaveColor' in scope
57 | }
58 |
59 | extension WaveColor {
| `- error: cannot find type 'WaveColor' in scope
60 |
61 | /**
/Users/admin/builder/spi-builder-workspace/Sources/Wave/Extensions/Color+Extensions.swift:55:9: error: cannot find 'WaveColor' in scope
53 |
54 | var uiColor: WaveColor {
55 | WaveColor(red: r, green: g, blue: b, alpha: a)
| `- error: cannot find 'WaveColor' in scope
56 | }
57 | }
/Users/admin/builder/spi-builder-workspace/Sources/Wave/Extensions/Color+Extensions.swift:68:113: error: cannot find type 'WaveColor' in scope
66 | - Returns: The interpolated `UIColor` for the given progress point
67 | */
68 | public static func interpolate(from fromColor: WaveColor, to toColor: WaveColor, with progress: CGFloat) -> WaveColor {
| `- error: cannot find type 'WaveColor' in scope
69 | let progress = clipUnit(value: progress)
70 | let fromComponents = fromColor.rgbaComponents
/Users/admin/builder/spi-builder-workspace/Sources/Wave/Extensions/Color+Extensions.swift:68:52: error: cannot find type 'WaveColor' in scope
66 | - Returns: The interpolated `UIColor` for the given progress point
67 | */
68 | public static func interpolate(from fromColor: WaveColor, to toColor: WaveColor, with progress: CGFloat) -> WaveColor {
| `- error: cannot find type 'WaveColor' in scope
69 | let progress = clipUnit(value: progress)
70 | let fromComponents = fromColor.rgbaComponents
/Users/admin/builder/spi-builder-workspace/Sources/Wave/Extensions/Color+Extensions.swift:68:75: error: cannot find type 'WaveColor' in scope
66 | - Returns: The interpolated `UIColor` for the given progress point
67 | */
68 | public static func interpolate(from fromColor: WaveColor, to toColor: WaveColor, with progress: CGFloat) -> WaveColor {
| `- error: cannot find type 'WaveColor' in scope
69 | let progress = clipUnit(value: progress)
70 | let fromComponents = fromColor.rgbaComponents
Failed frontend command:
SwiftCompile normal arm64 /Users/admin/builder/spi-builder-workspace/Sources/Wave/Extensions/CGSize+Extensions.swift (in target 'Wave' from project 'Wave')
cd /Users/admin/builder/spi-builder-workspace/.swiftpm/xcode
builtin-SwiftPerFileCompile CGSize+Extensions.swift
SwiftCompile normal arm64 /Users/admin/builder/spi-builder-workspace/Sources/Wave/Extensions/Color+Extensions.swift (in target 'Wave' from project 'Wave')
cd /Users/admin/builder/spi-builder-workspace/.swiftpm/xcode
builtin-SwiftPerFileCompile Color+Extensions.swift
/Applications/Xcode-27.0.0-Release.Candidate.app/Contents/Developer/Toolchains/XcodeDefault.xctoolchain/usr/bin/swift-frontend -frontend -c /Users/admin/builder/spi-builder-workspace/Sources/Wave/AnimatableCALayerProperties.swift /Users/admin/builder/spi-builder-workspace/Sources/Wave/AnimatableUIViewProperties.swift /Users/admin/builder/spi-builder-workspace/Sources/Wave/AnimationMode.swift /Users/admin/builder/spi-builder-workspace/Sources/Wave/AnimatorState.swift /Users/admin/builder/spi-builder-workspace/Sources/Wave/Extensions/CGFloat+Extensions.swift /Users/admin/builder/spi-builder-workspace/Sources/Wave/Extensions/CGPoint+Extensions.swift /Users/admin/builder/spi-builder-workspace/Sources/Wave/Extensions/CGRect+Extensions.swift -primary-file /Users/admin/builder/spi-builder-workspace/Sources/Wave/Extensions/CGSize+Extensions.swift -primary-file /Users/admin/builder/spi-builder-workspace/Sources/Wave/Extensions/Color+Extensions.swift /Users/admin/builder/spi-builder-workspace/Sources/Wave/Internal/AnimationController.swift /Users/admin/builder/spi-builder-workspace/Sources/Wave/Internal/AnimatorProviding.swift /Users/admin/builder/spi-builder-workspace/Sources/Wave/Internal/CALayer+LayerAnimator.swift /Users/admin/builder/spi-builder-workspace/Sources/Wave/Internal/DisplayLinkProviding.swift /Users/admin/builder/spi-builder-workspace/Sources/Wave/Internal/LayerAnimator+Implementation.swift /Users/admin/builder/spi-builder-workspace/Sources/Wave/Internal/SpringInterpolatable.swift /Users/admin/builder/spi-builder-workspace/Sources/Wave/Internal/UIView+ViewAnimator.swift /Users/admin/builder/spi-builder-workspace/Sources/Wave/Internal/ViewAnimator+Implementation.swift /Users/admin/builder/spi-builder-workspace/Sources/Wave/Spring.swift /Users/admin/builder/spi-builder-workspace/Sources/Wave/SpringAnimator.swift /Users/admin/builder/spi-builder-workspace/Sources/Wave/UIMathUtilities.swift /Users/admin/builder/spi-builder-workspace/Sources/Wave/Wave.swift -emit-dependencies-path /Users/admin/builder/spi-builder-workspace/.derivedData/Build/Intermediates.noindex/Wave.build/Debug-watchos/Wave-t.build/Objects-normal/arm64/CGSize+Extensions.d -emit-const-values-path /Users/admin/builder/spi-builder-workspace/.derivedData/Build/Intermediates.noindex/Wave.build/Debug-watchos/Wave-t.build/Objects-normal/arm64/CGSize+Extensions.swiftconstvalues -emit-reference-dependencies-path /Users/admin/builder/spi-builder-workspace/.derivedData/Build/Intermediates.noindex/Wave.build/Debug-watchos/Wave-t.build/Objects-normal/arm64/CGSize+Extensions.swiftdeps -serialize-diagnostics-path /Users/admin/builder/spi-builder-workspace/.derivedData/Build/Intermediates.noindex/Wave.build/Debug-watchos/Wave-t.build/Objects-normal/arm64/CGSize+Extensions.dia -emit-dependencies-path /Users/admin/builder/spi-builder-workspace/.derivedData/Build/Intermediates.noindex/Wave.build/Debug-watchos/Wave-t.build/Objects-normal/arm64/Color+Extensions.d -emit-const-values-path /Users/admin/builder/spi-builder-workspace/.derivedData/Build/Intermediates.noindex/Wave.build/Debug-watchos/Wave-t.build/Objects-normal/arm64/Color+Extensions.swiftconstvalues -emit-reference-dependencies-path /Users/admin/builder/spi-builder-workspace/.derivedData/Build/Intermediates.noindex/Wave.build/Debug-watchos/Wave-t.build/Objects-normal/arm64/Color+Extensions.swiftdeps -serialize-diagnostics-path /Users/admin/builder/spi-builder-workspace/.derivedData/Build/Intermediates.noindex/Wave.build/Debug-watchos/Wave-t.build/Objects-normal/arm64/Color+Extensions.dia -target arm64-apple-watchos9.0 -disable-cross-import-overlay-search -load-resolved-plugin /Applications/Xcode-27.0.0-Release.Candidate.app/Contents/Developer/Platforms/WatchOS.platform/Developer/usr/lib/swift/host/plugins/libFoundationMacros.dylib\#/Applications/Xcode-27.0.0-Release.Candidate.app/Contents/Developer/Platforms/WatchOS.platform/Developer/usr/bin/swift-plugin-server\#FoundationMacros -load-resolved-plugin /Applications/Xcode-27.0.0-Release.Candidate.app/Contents/Developer/Platforms/WatchOS.platform/Developer/usr/lib/swift/host/plugins/libObservationMacros.dylib\#/Applications/Xcode-27.0.0-Release.Candidate.app/Contents/Developer/Platforms/WatchOS.platform/Developer/usr/bin/swift-plugin-server\#ObservationMacros -load-resolved-plugin /Applications/Xcode-27.0.0-Release.Candidate.app/Contents/Developer/Platforms/WatchOS.platform/Developer/usr/lib/swift/host/plugins/libSwiftMacros.dylib\#/Applications/Xcode-27.0.0-Release.Candidate.app/Contents/Developer/Platforms/WatchOS.platform/Developer/usr/bin/swift-plugin-server\#SwiftMacros -disable-implicit-swift-modules -Xcc -fno-implicit-modules -Xcc -fno-implicit-module-maps -explicit-swift-module-map-file /Users/admin/builder/spi-builder-workspace/.derivedData/Build/Intermediates.noindex/Wave.build/Debug-watchos/Wave-t.build/Objects-normal/arm64/Wave-dependencies-2.json -Xllvm -aarch64-use-tbi -enable-objc-interop -stack-check -sdk /Applications/Xcode-27.0.0-Release.Candidate.app/Contents/Developer/Platforms/WatchOS.platform/Developer/SDKs/WatchOS27.0.sdk -I /Users/admin/builder/spi-builder-workspace/.derivedData/Build/Products/Debug-watchos -Isystem /Applications/Xcode-27.0.0-Release.Candidate.app/Contents/Developer/Platforms/WatchOS.platform/Developer/usr/lib -F /Users/admin/builder/spi-builder-workspace/.derivedData/Build/Products/Debug-watchos -F /Applications/Xcode-27.0.0-Release.Candidate.app/Contents/Developer/Platforms/WatchOS.platform/Developer/Library/Frameworks -F /Applications/Xcode-27.0.0-Release.Candidate.app/Contents/Developer/Platforms/WatchOS.platform/Developer/SDKs/WatchOS27.0.sdk/Developer/Library/Frameworks -module-cache-path /Users/admin/builder/spi-builder-workspace/.derivedData/Build/Intermediates.noindex/SwiftExplicitPrecompiledModules -no-color-diagnostics -Xcc -fno-color-diagnostics -enable-testing -g -debug-info-format\=dwarf -dwarf-version\=4 -profile-generate -profile-coverage-mapping -swift-version 5 -Onone -D SWIFT_PACKAGE -D DEBUG -D SWIFT_MODULE_RESOURCE_BUNDLE_UNAVAILABLE -D Xcode -serialize-debugging-options -enable-experimental-feature DebugDescriptionMacro -empty-abi-descriptor -validate-clang-modules-once -clang-build-session-file /Users/admin/builder/spi-builder-workspace/.derivedData/ModuleCache.noindex/Session.modulevalidation -Xcc -working-directory -Xcc /Users/admin/builder/spi-builder-workspace/.swiftpm/xcode -enable-anonymous-context-mangled-names -file-compilation-dir /Users/admin/builder/spi-builder-workspace/.swiftpm/xcode -Xcc -D_LIBCPP_HARDENING_MODE\=_LIBCPP_HARDENING_MODE_DEBUG -Xcc -ivfsstatcache -Xcc /Users/admin/builder/spi-builder-workspace/.derivedData/SDKStatCaches.noindex/watchos27.0-24R360-e829b21a6f8c9b70876ba0858053c04477534ef55a1706bf4c1112bbb242f0a2.sdkstatcache -Xcc -fmodules-prune-interval\=86400 -Xcc -fmodules-prune-after\=345600 -Xcc -I/Users/admin/builder/spi-builder-workspace/.derivedData/Build/Products/Debug-watchos/include -Xcc -I/Users/admin/builder/spi-builder-workspace/.derivedData/Build/Intermediates.noindex/Wave.build/Debug-watchos/Wave-t.build/DerivedSources-normal/arm64 -Xcc -I/Users/admin/builder/spi-builder-workspace/.derivedData/Build/Intermediates.noindex/Wave.build/Debug-watchos/Wave-t.build/DerivedSources/arm64 -Xcc -I/Users/admin/builder/spi-builder-workspace/.derivedData/Build/Intermediates.noindex/Wave.build/Debug-watchos/Wave-t.build/DerivedSources -Xcc -DSWIFT_PACKAGE -Xcc -DDEBUG\=1 -no-auto-bridging-header-chaining -module-name Wave -const-gather-protocols-file /Users/admin/builder/spi-builder-workspace/.derivedData/Build/Intermediates.noindex/Wave.build/Debug-watchos/Wave-t.build/Objects-normal/arm64/Wave_const_extract_protocols.json -disable-clang-spi -clang-target arm64-apple-watchos27.0 -target-sdk-version 27.0 -target-sdk-name watchos27.0 -in-process-plugin-server-path /Applications/Xcode-27.0.0-Release.Candidate.app/Contents/Developer/Toolchains/XcodeDefault.xctoolchain/usr/lib/swift/host/libSwiftInProcPluginServer.dylib -parse-as-library -o /Users/admin/builder/spi-builder-workspace/.derivedData/Build/Intermediates.noindex/Wave.build/Debug-watchos/Wave-t.build/Objects-normal/arm64/CGSize+Extensions.o -o /Users/admin/builder/spi-builder-workspace/.derivedData/Build/Intermediates.noindex/Wave.build/Debug-watchos/Wave-t.build/Objects-normal/arm64/Color+Extensions.o -debug-module-path /Users/admin/builder/spi-builder-workspace/.derivedData/Build/Intermediates.noindex/Wave.build/Debug-watchos/Wave-t.build/Objects-normal/arm64/Wave.swiftmodule -index-unit-output-path /Wave.build/Debug-watchos/Wave-t.build/Objects-normal/arm64/CGSize+Extensions.o -index-unit-output-path /Wave.build/Debug-watchos/Wave-t.build/Objects-normal/arm64/Color+Extensions.o -index-store-path /Users/admin/builder/spi-builder-workspace/.derivedData/Index.noindex/DataStore -index-system-modules
SwiftCompile normal arm64 Compiling\ LayerAnimator+Implementation.swift,\ SpringInterpolatable.swift /Users/admin/builder/spi-builder-workspace/Sources/Wave/Internal/LayerAnimator+Implementation.swift /Users/admin/builder/spi-builder-workspace/Sources/Wave/Internal/SpringInterpolatable.swift (in target 'Wave' from project 'Wave')
/Users/admin/builder/spi-builder-workspace/Sources/Wave/Extensions/Color+Extensions.swift:54:18: error: cannot find type 'WaveColor' in scope
52 | }
53 |
54 | var uiColor: WaveColor {
| `- error: cannot find type 'WaveColor' in scope
55 | WaveColor(red: r, green: g, blue: b, alpha: a)
56 | }
/Users/admin/builder/spi-builder-workspace/Sources/Wave/Internal/LayerAnimator+Implementation.swift:129:49: error: cannot find 'WaveColor' in scope
127 | return targetComponents.uiColor.cgColor
128 | } else {
129 | return layer.backgroundColor ?? WaveColor.clear.cgColor
| `- error: cannot find 'WaveColor' in scope
130 | }
131 | }
/Users/admin/builder/spi-builder-workspace/Sources/Wave/Internal/LayerAnimator+Implementation.swift:141:31: error: cannot find type 'WaveColor' in scope
139 |
140 | // `nil` and `.clear` are the same -- they both are represented by `.white` with an alpha of zero
141 | let initialValue: WaveColor
| `- error: cannot find type 'WaveColor' in scope
142 | if let backgroundColor = layer.backgroundColor {
143 | initialValue = WaveColor(_cgColor: backgroundColor)
/Users/admin/builder/spi-builder-workspace/Sources/Wave/Internal/LayerAnimator+Implementation.swift:143:32: error: cannot find 'WaveColor' in scope
141 | let initialValue: WaveColor
142 | if let backgroundColor = layer.backgroundColor {
143 | initialValue = WaveColor(_cgColor: backgroundColor)
| `- error: cannot find 'WaveColor' in scope
144 | } else {
145 | initialValue = WaveColor.clear
/Users/admin/builder/spi-builder-workspace/Sources/Wave/Internal/LayerAnimator+Implementation.swift:145:32: error: cannot find 'WaveColor' in scope
143 | initialValue = WaveColor(_cgColor: backgroundColor)
144 | } else {
145 | initialValue = WaveColor.clear
| `- error: cannot find 'WaveColor' in scope
146 | }
147 |
/Users/admin/builder/spi-builder-workspace/Sources/Wave/Internal/LayerAnimator+Implementation.swift:149:30: error: cannot find type 'WaveColor' in scope
147 |
148 | // Animating to `clear` or `nil` really just animates the alpha component down to zero. Retain the other color components.
149 | let targetValue: WaveColor
| `- error: cannot find type 'WaveColor' in scope
150 | if WaveColor(cgColor: newValue) == .clear {
151 | targetValue = WaveColor(_cgColor: backgroundColor).withAlphaComponent(0)
/Users/admin/builder/spi-builder-workspace/Sources/Wave/Internal/LayerAnimator+Implementation.swift:150:16: error: cannot find 'WaveColor' in scope
148 | // Animating to `clear` or `nil` really just animates the alpha component down to zero. Retain the other color components.
149 | let targetValue: WaveColor
150 | if WaveColor(cgColor: newValue) == .clear {
| `- error: cannot find 'WaveColor' in scope
151 | targetValue = WaveColor(_cgColor: backgroundColor).withAlphaComponent(0)
152 | } else {
/Users/admin/builder/spi-builder-workspace/Sources/Wave/Internal/LayerAnimator+Implementation.swift:151:31: error: cannot find 'WaveColor' in scope
149 | let targetValue: WaveColor
150 | if WaveColor(cgColor: newValue) == .clear {
151 | targetValue = WaveColor(_cgColor: backgroundColor).withAlphaComponent(0)
| `- error: cannot find 'WaveColor' in scope
152 | } else {
153 | targetValue = WaveColor(_cgColor: newValue)
/Users/admin/builder/spi-builder-workspace/Sources/Wave/Internal/LayerAnimator+Implementation.swift:153:31: error: cannot find 'WaveColor' in scope
151 | targetValue = WaveColor(_cgColor: backgroundColor).withAlphaComponent(0)
152 | } else {
153 | targetValue = WaveColor(_cgColor: newValue)
| `- error: cannot find 'WaveColor' in scope
154 | }
155 |
/Users/admin/builder/spi-builder-workspace/Sources/Wave/Extensions/Color+Extensions.swift:45:17: error: cannot find type 'WaveColor' in scope
43 | }
44 |
45 | init(color: WaveColor) {
| `- error: cannot find type 'WaveColor' in scope
46 | var r: CGFloat = 0
47 | var g: CGFloat = 0
/Users/admin/builder/spi-builder-workspace/Sources/Wave/Internal/LayerAnimator+Implementation.swift:167:64: error: extra argument 'color' in call
165 | AnimationController.shared.executeHandler(uuid: runningBackgroundColorAnimator?.groupUUID, finished: false, retargeted: true)
166 |
167 | let initialValueComponents = RGBAComponents(color: initialValue)
| `- error: extra argument 'color' in call
168 | let targetValueComponents = RGBAComponents(color: targetValue)
169 |
/Users/admin/builder/spi-builder-workspace/Sources/Wave/Internal/LayerAnimator+Implementation.swift:167:56: error: missing arguments for parameters 'r', 'g', 'b', 'a' in call
165 | AnimationController.shared.executeHandler(uuid: runningBackgroundColorAnimator?.groupUUID, finished: false, retargeted: true)
166 |
167 | let initialValueComponents = RGBAComponents(color: initialValue)
| `- error: missing arguments for parameters 'r', 'g', 'b', 'a' in call
168 | let targetValueComponents = RGBAComponents(color: targetValue)
169 |
/Users/admin/builder/spi-builder-workspace/Sources/Wave/Extensions/Color+Extensions.swift:38:5: note: 'init(r:g:b:a:)' declared here
36 | let a: CGFloat
37 |
38 | init(r: CGFloat, g: CGFloat, b: CGFloat, a: CGFloat) {
| `- note: 'init(r:g:b:a:)' declared here
39 | self.r = r
40 | self.g = g
/Users/admin/builder/spi-builder-workspace/Sources/Wave/Internal/LayerAnimator+Implementation.swift:168:63: error: extra argument 'color' in call
166 |
167 | let initialValueComponents = RGBAComponents(color: initialValue)
168 | let targetValueComponents = RGBAComponents(color: targetValue)
| `- error: extra argument 'color' in call
169 |
170 | let animation = (runningBackgroundColorAnimator ??
/Users/admin/builder/spi-builder-workspace/Sources/Wave/Internal/LayerAnimator+Implementation.swift:168:55: error: missing arguments for parameters 'r', 'g', 'b', 'a' in call
166 |
167 | let initialValueComponents = RGBAComponents(color: initialValue)
168 | let targetValueComponents = RGBAComponents(color: targetValue)
| `- error: missing arguments for parameters 'r', 'g', 'b', 'a' in call
169 |
170 | let animation = (runningBackgroundColorAnimator ??
/Users/admin/builder/spi-builder-workspace/Sources/Wave/Extensions/Color+Extensions.swift:38:5: note: 'init(r:g:b:a:)' declared here
36 | let a: CGFloat
37 |
38 | init(r: CGFloat, g: CGFloat, b: CGFloat, a: CGFloat) {
| `- note: 'init(r:g:b:a:)' declared here
39 | self.r = r
40 | self.g = g
/Users/admin/builder/spi-builder-workspace/Sources/Wave/Internal/LayerAnimator+Implementation.swift:181:52: error: cannot infer type of closure parameter 'components' without a type annotation
179 |
180 | animation.target = targetValueComponents
181 | animation.valueChanged = { [weak self] components in
| `- error: cannot infer type of closure parameter 'components' without a type annotation
182 | self?.layer.backgroundColor = components.uiColor.cgColor
183 | }
/Users/admin/builder/spi-builder-workspace/Sources/Wave/Internal/LayerAnimator+Implementation.swift:186:50: error: cannot infer type of closure parameter 'event' without a type annotation
184 |
185 | let groupUUID = animation.groupUUID
186 | animation.completion = { [weak self] event in
| `- error: cannot infer type of closure parameter 'event' without a type annotation
187 | switch event {
188 | case .finished(at: _):
/Users/admin/builder/spi-builder-workspace/Sources/Wave/Internal/LayerAnimator+Implementation.swift:205:45: error: cannot find 'WaveColor' in scope
203 | return targetComponents.uiColor.cgColor
204 | } else {
205 | return layer.borderColor ?? WaveColor.black.cgColor
| `- error: cannot find 'WaveColor' in scope
206 | }
207 | }
/Users/admin/builder/spi-builder-workspace/Sources/Wave/Internal/LayerAnimator+Implementation.swift:217:31: error: cannot find type 'WaveColor' in scope
215 |
216 | // `nil` and `.clear` are the same -- they both are represented by `.white` with an alpha of zero
217 | let initialValue: WaveColor
| `- error: cannot find type 'WaveColor' in scope
218 | if let borderColor = layer.borderColor {
219 | initialValue = WaveColor(_cgColor: borderColor)
/Users/admin/builder/spi-builder-workspace/Sources/Wave/Internal/LayerAnimator+Implementation.swift:219:32: error: cannot find 'WaveColor' in scope
217 | let initialValue: WaveColor
218 | if let borderColor = layer.borderColor {
219 | initialValue = WaveColor(_cgColor: borderColor)
| `- error: cannot find 'WaveColor' in scope
220 | } else {
221 | initialValue = WaveColor.black
/Users/admin/builder/spi-builder-workspace/Sources/Wave/Internal/LayerAnimator+Implementation.swift:221:32: error: cannot find 'WaveColor' in scope
219 | initialValue = WaveColor(_cgColor: borderColor)
220 | } else {
221 | initialValue = WaveColor.black
| `- error: cannot find 'WaveColor' in scope
222 | }
223 |
/Users/admin/builder/spi-builder-workspace/Sources/Wave/Internal/LayerAnimator+Implementation.swift:225:30: error: cannot find type 'WaveColor' in scope
223 |
224 | // Animating to `clear` or `nil` really just animates the alpha component down to zero. Retain the other color components.
225 | let targetValue: WaveColor
| `- error: cannot find type 'WaveColor' in scope
226 | if WaveColor(cgColor: newValue) == .clear {
227 | targetValue = WaveColor(_cgColor: borderColor).withAlphaComponent(0)
/Users/admin/builder/spi-builder-workspace/Sources/Wave/Internal/LayerAnimator+Implementation.swift:226:16: error: cannot find 'WaveColor' in scope
224 | // Animating to `clear` or `nil` really just animates the alpha component down to zero. Retain the other color components.
225 | let targetValue: WaveColor
226 | if WaveColor(cgColor: newValue) == .clear {
| `- error: cannot find 'WaveColor' in scope
227 | targetValue = WaveColor(_cgColor: borderColor).withAlphaComponent(0)
228 | } else {
/Users/admin/builder/spi-builder-workspace/Sources/Wave/Internal/LayerAnimator+Implementation.swift:227:31: error: cannot find 'WaveColor' in scope
225 | let targetValue: WaveColor
226 | if WaveColor(cgColor: newValue) == .clear {
227 | targetValue = WaveColor(_cgColor: borderColor).withAlphaComponent(0)
| `- error: cannot find 'WaveColor' in scope
228 | } else {
229 | targetValue = WaveColor(_cgColor: newValue)
/Users/admin/builder/spi-builder-workspace/Sources/Wave/Internal/LayerAnimator+Implementation.swift:229:31: error: cannot find 'WaveColor' in scope
227 | targetValue = WaveColor(_cgColor: borderColor).withAlphaComponent(0)
228 | } else {
229 | targetValue = WaveColor(_cgColor: newValue)
| `- error: cannot find 'WaveColor' in scope
230 | }
231 |
/Users/admin/builder/spi-builder-workspace/Sources/Wave/Internal/LayerAnimator+Implementation.swift:243:64: error: extra argument 'color' in call
241 | AnimationController.shared.executeHandler(uuid: runningBorderColorAnimator?.groupUUID, finished: false, retargeted: true)
242 |
243 | let initialValueComponents = RGBAComponents(color: initialValue)
| `- error: extra argument 'color' in call
244 | let targetValueComponents = RGBAComponents(color: targetValue)
245 |
/Users/admin/builder/spi-builder-workspace/Sources/Wave/Internal/LayerAnimator+Implementation.swift:243:56: error: missing arguments for parameters 'r', 'g', 'b', 'a' in call
241 | AnimationController.shared.executeHandler(uuid: runningBorderColorAnimator?.groupUUID, finished: false, retargeted: true)
242 |
243 | let initialValueComponents = RGBAComponents(color: initialValue)
| `- error: missing arguments for parameters 'r', 'g', 'b', 'a' in call
244 | let targetValueComponents = RGBAComponents(color: targetValue)
245 |
/Users/admin/builder/spi-builder-workspace/Sources/Wave/Extensions/Color+Extensions.swift:38:5: note: 'init(r:g:b:a:)' declared here
36 | let a: CGFloat
37 |
38 | init(r: CGFloat, g: CGFloat, b: CGFloat, a: CGFloat) {
| `- note: 'init(r:g:b:a:)' declared here
39 | self.r = r
40 | self.g = g
/Users/admin/builder/spi-builder-workspace/Sources/Wave/Internal/LayerAnimator+Implementation.swift:244:63: error: extra argument 'color' in call
242 |
243 | let initialValueComponents = RGBAComponents(color: initialValue)
244 | let targetValueComponents = RGBAComponents(color: targetValue)
| `- error: extra argument 'color' in call
245 |
246 | let animation = (runningBorderColorAnimator ??
/Users/admin/builder/spi-builder-workspace/Sources/Wave/Internal/LayerAnimator+Implementation.swift:244:55: error: missing arguments for parameters 'r', 'g', 'b', 'a' in call
242 |
243 | let initialValueComponents = RGBAComponents(color: initialValue)
244 | let targetValueComponents = RGBAComponents(color: targetValue)
| `- error: missing arguments for parameters 'r', 'g', 'b', 'a' in call
245 |
246 | let animation = (runningBorderColorAnimator ??
/Users/admin/builder/spi-builder-workspace/Sources/Wave/Extensions/Color+Extensions.swift:38:5: note: 'init(r:g:b:a:)' declared here
36 | let a: CGFloat
37 |
38 | init(r: CGFloat, g: CGFloat, b: CGFloat, a: CGFloat) {
| `- note: 'init(r:g:b:a:)' declared here
39 | self.r = r
40 | self.g = g
/Users/admin/builder/spi-builder-workspace/Sources/Wave/Internal/LayerAnimator+Implementation.swift:257:52: error: cannot infer type of closure parameter 'components' without a type annotation
255 |
256 | animation.target = targetValueComponents
257 | animation.valueChanged = { [weak self] components in
| `- error: cannot infer type of closure parameter 'components' without a type annotation
258 | self?.layer.borderColor = components.uiColor.cgColor
259 | }
/Users/admin/builder/spi-builder-workspace/Sources/Wave/Internal/LayerAnimator+Implementation.swift:262:50: error: cannot infer type of closure parameter 'event' without a type annotation
260 |
261 | let groupUUID = animation.groupUUID
262 | animation.completion = { [weak self] event in
| `- error: cannot infer type of closure parameter 'event' without a type annotation
263 | switch event {
264 | case .finished(at: _):
SwiftCompile normal arm64 /Users/admin/builder/spi-builder-workspace/Sources/Wave/Internal/LayerAnimator+Implementation.swift (in target 'Wave' from project 'Wave')
cd /Users/admin/builder/spi-builder-workspace/.swiftpm/xcode
builtin-SwiftPerFileCompile LayerAnimator+Implementation.swift
SwiftCompile normal arm64 /Users/admin/builder/spi-builder-workspace/Sources/Wave/Internal/SpringInterpolatable.swift (in target 'Wave' from project 'Wave')
cd /Users/admin/builder/spi-builder-workspace/.swiftpm/xcode
builtin-SwiftPerFileCompile SpringInterpolatable.swift
/Users/admin/builder/spi-builder-workspace/Sources/Wave/Internal/LayerAnimator+Implementation.swift:378:45: error: cannot find 'WaveColor' in scope
376 | return targetComponents.uiColor.cgColor
377 | } else {
378 | return layer.shadowColor ?? WaveColor.clear.cgColor
| `- error: cannot find 'WaveColor' in scope
379 | }
380 | }
/Users/admin/builder/spi-builder-workspace/Sources/Wave/Internal/LayerAnimator+Implementation.swift:390:31: error: cannot find type 'WaveColor' in scope
388 |
389 | // `nil` and `.clear` are the same -- they both are represented by `.white` with an alpha of zero
390 | let initialValue: WaveColor
| `- error: cannot find type 'WaveColor' in scope
391 | if let shadowColor = layer.shadowColor {
392 | initialValue = WaveColor(_cgColor: shadowColor)
/Users/admin/builder/spi-builder-workspace/Sources/Wave/Internal/LayerAnimator+Implementation.swift:392:32: error: cannot find 'WaveColor' in scope
390 | let initialValue: WaveColor
391 | if let shadowColor = layer.shadowColor {
392 | initialValue = WaveColor(_cgColor: shadowColor)
| `- error: cannot find 'WaveColor' in scope
393 | } else {
394 | initialValue = WaveColor.clear
/Users/admin/builder/spi-builder-workspace/Sources/Wave/Internal/LayerAnimator+Implementation.swift:394:32: error: cannot find 'WaveColor' in scope
392 | initialValue = WaveColor(_cgColor: shadowColor)
393 | } else {
394 | initialValue = WaveColor.clear
| `- error: cannot find 'WaveColor' in scope
395 | }
396 |
/Users/admin/builder/spi-builder-workspace/Sources/Wave/Internal/LayerAnimator+Implementation.swift:398:30: error: cannot find type 'WaveColor' in scope
396 |
397 | // Animating to `clear` or `nil` really just animates the alpha component down to zero. Retain the other color components.
398 | let targetValue: WaveColor
| `- error: cannot find type 'WaveColor' in scope
399 | if WaveColor(cgColor: newValue) == .clear {
400 | targetValue = WaveColor(_cgColor: shadowColor).withAlphaComponent(0)
/Users/admin/builder/spi-builder-workspace/Sources/Wave/Internal/LayerAnimator+Implementation.swift:399:16: error: cannot find 'WaveColor' in scope
397 | // Animating to `clear` or `nil` really just animates the alpha component down to zero. Retain the other color components.
398 | let targetValue: WaveColor
399 | if WaveColor(cgColor: newValue) == .clear {
| `- error: cannot find 'WaveColor' in scope
400 | targetValue = WaveColor(_cgColor: shadowColor).withAlphaComponent(0)
401 | } else {
/Users/admin/builder/spi-builder-workspace/Sources/Wave/Internal/LayerAnimator+Implementation.swift:400:31: error: cannot find 'WaveColor' in scope
398 | let targetValue: WaveColor
399 | if WaveColor(cgColor: newValue) == .clear {
400 | targetValue = WaveColor(_cgColor: shadowColor).withAlphaComponent(0)
| `- error: cannot find 'WaveColor' in scope
401 | } else {
402 | targetValue = WaveColor(_cgColor: newValue)
/Users/admin/builder/spi-builder-workspace/Sources/Wave/Internal/LayerAnimator+Implementation.swift:402:31: error: cannot find 'WaveColor' in scope
400 | targetValue = WaveColor(_cgColor: shadowColor).withAlphaComponent(0)
401 | } else {
402 | targetValue = WaveColor(_cgColor: newValue)
| `- error: cannot find 'WaveColor' in scope
403 | }
404 |
/Users/admin/builder/spi-builder-workspace/Sources/Wave/Internal/LayerAnimator+Implementation.swift:416:64: error: extra argument 'color' in call
414 | AnimationController.shared.executeHandler(uuid: runningShadowColorAnimator?.groupUUID, finished: false, retargeted: true)
415 |
416 | let initialValueComponents = RGBAComponents(color: initialValue)
| `- error: extra argument 'color' in call
417 | let targetValueComponents = RGBAComponents(color: targetValue)
418 |
/Users/admin/builder/spi-builder-workspace/Sources/Wave/Internal/LayerAnimator+Implementation.swift:416:56: error: missing arguments for parameters 'r', 'g', 'b', 'a' in call
414 | AnimationController.shared.executeHandler(uuid: runningShadowColorAnimator?.groupUUID, finished: false, retargeted: true)
415 |
416 | let initialValueComponents = RGBAComponents(color: initialValue)
| `- error: missing arguments for parameters 'r', 'g', 'b', 'a' in call
417 | let targetValueComponents = RGBAComponents(color: targetValue)
418 |
/Users/admin/builder/spi-builder-workspace/Sources/Wave/Extensions/Color+Extensions.swift:38:5: note: 'init(r:g:b:a:)' declared here
36 | let a: CGFloat
37 |
38 | init(r: CGFloat, g: CGFloat, b: CGFloat, a: CGFloat) {
| `- note: 'init(r:g:b:a:)' declared here
39 | self.r = r
40 | self.g = g
/Users/admin/builder/spi-builder-workspace/Sources/Wave/Internal/LayerAnimator+Implementation.swift:417:63: error: extra argument 'color' in call
415 |
416 | let initialValueComponents = RGBAComponents(color: initialValue)
417 | let targetValueComponents = RGBAComponents(color: targetValue)
| `- error: extra argument 'color' in call
418 |
419 | let animation = (runningShadowColorAnimator ??
/Users/admin/builder/spi-builder-workspace/Sources/Wave/Internal/LayerAnimator+Implementation.swift:417:55: error: missing arguments for parameters 'r', 'g', 'b', 'a' in call
415 |
416 | let initialValueComponents = RGBAComponents(color: initialValue)
417 | let targetValueComponents = RGBAComponents(color: targetValue)
| `- error: missing arguments for parameters 'r', 'g', 'b', 'a' in call
418 |
419 | let animation = (runningShadowColorAnimator ??
/Users/admin/builder/spi-builder-workspace/Sources/Wave/Extensions/Color+Extensions.swift:38:5: note: 'init(r:g:b:a:)' declared here
36 | let a: CGFloat
37 |
38 | init(r: CGFloat, g: CGFloat, b: CGFloat, a: CGFloat) {
| `- note: 'init(r:g:b:a:)' declared here
39 | self.r = r
40 | self.g = g
/Users/admin/builder/spi-builder-workspace/Sources/Wave/Internal/LayerAnimator+Implementation.swift:430:52: error: cannot infer type of closure parameter 'components' without a type annotation
428 |
429 | animation.target = targetValueComponents
430 | animation.valueChanged = { [weak self] components in
| `- error: cannot infer type of closure parameter 'components' without a type annotation
431 | self?.layer.shadowColor = components.uiColor.cgColor
432 | }
/Users/admin/builder/spi-builder-workspace/Sources/Wave/Internal/LayerAnimator+Implementation.swift:435:50: error: cannot infer type of closure parameter 'event' without a type annotation
433 |
434 | let groupUUID = animation.groupUUID
435 | animation.completion = { [weak self] event in
| `- error: cannot infer type of closure parameter 'event' without a type annotation
436 | switch event {
437 | case .finished(at: _):
SwiftCompile normal arm64 Compiling\ UIView+ViewAnimator.swift,\ ViewAnimator+Implementation.swift /Users/admin/builder/spi-builder-workspace/Sources/Wave/Internal/UIView+ViewAnimator.swift /Users/admin/builder/spi-builder-workspace/Sources/Wave/Internal/ViewAnimator+Implementation.swift (in target 'Wave' from project 'Wave')
SwiftCompile normal arm64 /Users/admin/builder/spi-builder-workspace/Sources/Wave/Internal/UIView+ViewAnimator.swift (in target 'Wave' from project 'Wave')
cd /Users/admin/builder/spi-builder-workspace/.swiftpm/xcode
builtin-SwiftPerFileCompile UIView+ViewAnimator.swift
SwiftCompile normal arm64 /Users/admin/builder/spi-builder-workspace/Sources/Wave/Internal/ViewAnimator+Implementation.swift (in target 'Wave' from project 'Wave')
cd /Users/admin/builder/spi-builder-workspace/.swiftpm/xcode
builtin-SwiftPerFileCompile ViewAnimator+Implementation.swift
SwiftCompile normal arm64 Compiling\ CGPoint+Extensions.swift,\ CGRect+Extensions.swift /Users/admin/builder/spi-builder-workspace/Sources/Wave/Extensions/CGPoint+Extensions.swift /Users/admin/builder/spi-builder-workspace/Sources/Wave/Extensions/CGRect+Extensions.swift (in target 'Wave' from project 'Wave')
SwiftCompile normal arm64 /Users/admin/builder/spi-builder-workspace/Sources/Wave/Extensions/CGPoint+Extensions.swift (in target 'Wave' from project 'Wave')
cd /Users/admin/builder/spi-builder-workspace/.swiftpm/xcode
builtin-SwiftPerFileCompile CGPoint+Extensions.swift
SwiftCompile normal arm64 /Users/admin/builder/spi-builder-workspace/Sources/Wave/Extensions/CGRect+Extensions.swift (in target 'Wave' from project 'Wave')
cd /Users/admin/builder/spi-builder-workspace/.swiftpm/xcode
builtin-SwiftPerFileCompile CGRect+Extensions.swift
SwiftCompile normal arm64 Compiling\ CALayer+LayerAnimator.swift,\ DisplayLinkProviding.swift /Users/admin/builder/spi-builder-workspace/Sources/Wave/Internal/CALayer+LayerAnimator.swift /Users/admin/builder/spi-builder-workspace/Sources/Wave/Internal/DisplayLinkProviding.swift (in target 'Wave' from project 'Wave')
/Users/admin/builder/spi-builder-workspace/Sources/Wave/Internal/CALayer+LayerAnimator.swift:15:11: error: 'CALayer' is unavailable in watchOS
13 | private var LayerAnimationsAssociatedObjectHandle: UInt8 = 1 << 5
14 |
15 | extension CALayer {
| `- error: 'CALayer' is unavailable in watchOS
16 |
17 | var _animator: LayerAnimator {
/Applications/Xcode-27.0.0-Release.Candidate.app/Contents/Developer/Platforms/WatchOS.platform/Developer/SDKs/WatchOS27.0.sdk/System/Library/Frameworks/QuartzCore.framework/Headers/CALayer.h:117:12: note: 'CALayer' has been explicitly marked unavailable here
115 |
116 | API_AVAILABLE(macos(10.5), ios(2.0), tvos(9.0)) API_UNAVAILABLE(watchos)
117 | @interface CALayer : NSObject <NSSecureCoding, CAMediaTiming>
| `- note: 'CALayer' has been explicitly marked unavailable here
118 |
119 | /** Layer creation and initialization. **/
Failed frontend command:
/Applications/Xcode-27.0.0-Release.Candidate.app/Contents/Developer/Toolchains/XcodeDefault.xctoolchain/usr/bin/swift-frontend -frontend -c /Users/admin/builder/spi-builder-workspace/Sources/Wave/AnimatableCALayerProperties.swift /Users/admin/builder/spi-builder-workspace/Sources/Wave/AnimatableUIViewProperties.swift /Users/admin/builder/spi-builder-workspace/Sources/Wave/AnimationMode.swift /Users/admin/builder/spi-builder-workspace/Sources/Wave/AnimatorState.swift /Users/admin/builder/spi-builder-workspace/Sources/Wave/Extensions/CGFloat+Extensions.swift /Users/admin/builder/spi-builder-workspace/Sources/Wave/Extensions/CGPoint+Extensions.swift /Users/admin/builder/spi-builder-workspace/Sources/Wave/Extensions/CGRect+Extensions.swift /Users/admin/builder/spi-builder-workspace/Sources/Wave/Extensions/CGSize+Extensions.swift /Users/admin/builder/spi-builder-workspace/Sources/Wave/Extensions/Color+Extensions.swift /Users/admin/builder/spi-builder-workspace/Sources/Wave/Internal/AnimationController.swift /Users/admin/builder/spi-builder-workspace/Sources/Wave/Internal/AnimatorProviding.swift -primary-file /Users/admin/builder/spi-builder-workspace/Sources/Wave/Internal/CALayer+LayerAnimator.swift -primary-file /Users/admin/builder/spi-builder-workspace/Sources/Wave/Internal/DisplayLinkProviding.swift /Users/admin/builder/spi-builder-workspace/Sources/Wave/Internal/LayerAnimator+Implementation.swift /Users/admin/builder/spi-builder-workspace/Sources/Wave/Internal/SpringInterpolatable.swift /Users/admin/builder/spi-builder-workspace/Sources/Wave/Internal/UIView+ViewAnimator.swift /Users/admin/builder/spi-builder-workspace/Sources/Wave/Internal/ViewAnimator+Implementation.swift /Users/admin/builder/spi-builder-workspace/Sources/Wave/Spring.swift /Users/admin/builder/spi-builder-workspace/Sources/Wave/SpringAnimator.swift /Users/admin/builder/spi-builder-workspace/Sources/Wave/UIMathUtilities.swift /Users/admin/builder/spi-builder-workspace/Sources/Wave/Wave.swift -emit-dependencies-path /Users/admin/builder/spi-builder-workspace/.derivedData/Build/Intermediates.noindex/Wave.build/Debug-watchos/Wave-t.build/Objects-normal/arm64/CALayer+LayerAnimator.d -emit-const-values-path /Users/admin/builder/spi-builder-workspace/.derivedData/Build/Intermediates.noindex/Wave.build/Debug-watchos/Wave-t.build/Objects-normal/arm64/CALayer+LayerAnimator.swiftconstvalues -emit-reference-dependencies-path /Users/admin/builder/spi-builder-workspace/.derivedData/Build/Intermediates.noindex/Wave.build/Debug-watchos/Wave-t.build/Objects-normal/arm64/CALayer+LayerAnimator.swiftdeps -serialize-diagnostics-path /Users/admin/builder/spi-builder-workspace/.derivedData/Build/Intermediates.noindex/Wave.build/Debug-watchos/Wave-t.build/Objects-normal/arm64/CALayer+LayerAnimator.dia -emit-dependencies-path /Users/admin/builder/spi-builder-workspace/.derivedData/Build/Intermediates.noindex/Wave.build/Debug-watchos/Wave-t.build/Objects-normal/arm64/DisplayLinkProviding.d -emit-const-values-path /Users/admin/builder/spi-builder-workspace/.derivedData/Build/Intermediates.noindex/Wave.build/Debug-watchos/Wave-t.build/Objects-normal/arm64/DisplayLinkProviding.swiftconstvalues -emit-reference-dependencies-path /Users/admin/builder/spi-builder-workspace/.derivedData/Build/Intermediates.noindex/Wave.build/Debug-watchos/Wave-t.build/Objects-normal/arm64/DisplayLinkProviding.swiftdeps -serialize-diagnostics-path /Users/admin/builder/spi-builder-workspace/.derivedData/Build/Intermediates.noindex/Wave.build/Debug-watchos/Wave-t.build/Objects-normal/arm64/DisplayLinkProviding.dia -target arm64-apple-watchos9.0 -disable-cross-import-overlay-search -load-resolved-plugin /Applications/Xcode-27.0.0-Release.Candidate.app/Contents/Developer/Platforms/WatchOS.platform/Developer/usr/lib/swift/host/plugins/libFoundationMacros.dylib\#/Applications/Xcode-27.0.0-Release.Candidate.app/Contents/Developer/Platforms/WatchOS.platform/Developer/usr/bin/swift-plugin-server\#FoundationMacros -load-resolved-plugin /Applications/Xcode-27.0.0-Release.Candidate.app/Contents/Developer/Platforms/WatchOS.platform/Developer/usr/lib/swift/host/plugins/libObservationMacros.dylib\#/Applications/Xcode-27.0.0-Release.Candidate.app/Contents/Developer/Platforms/WatchOS.platform/Developer/usr/bin/swift-plugin-server\#ObservationMacros -load-resolved-plugin /Applications/Xcode-27.0.0-Release.Candidate.app/Contents/Developer/Platforms/WatchOS.platform/Developer/usr/lib/swift/host/plugins/libSwiftMacros.dylib\#/Applications/Xcode-27.0.0-Release.Candidate.app/Contents/Developer/Platforms/WatchOS.platform/Developer/usr/bin/swift-plugin-server\#SwiftMacros -disable-implicit-swift-modules -Xcc -fno-implicit-modules -Xcc -fno-implicit-module-maps -explicit-swift-module-map-file /Users/admin/builder/spi-builder-workspace/.derivedData/Build/Intermediates.noindex/Wave.build/Debug-watchos/Wave-t.build/Objects-normal/arm64/Wave-dependencies-2.json -Xllvm -aarch64-use-tbi -enable-objc-interop -stack-check -sdk /Applications/Xcode-27.0.0-Release.Candidate.app/Contents/Developer/Platforms/WatchOS.platform/Developer/SDKs/WatchOS27.0.sdk -I /Users/admin/builder/spi-builder-workspace/.derivedData/Build/Products/Debug-watchos -Isystem /Applications/Xcode-27.0.0-Release.Candidate.app/Contents/Developer/Platforms/WatchOS.platform/Developer/usr/lib -F /Users/admin/builder/spi-builder-workspace/.derivedData/Build/Products/Debug-watchos -F /Applications/Xcode-27.0.0-Release.Candidate.app/Contents/Developer/Platforms/WatchOS.platform/Developer/Library/Frameworks -F /Applications/Xcode-27.0.0-Release.Candidate.app/Contents/Developer/Platforms/WatchOS.platform/Developer/SDKs/WatchOS27.0.sdk/Developer/Library/Frameworks -module-cache-path /Users/admin/builder/spi-builder-workspace/.derivedData/Build/Intermediates.noindex/SwiftExplicitPrecompiledModules -no-color-diagnostics -Xcc -fno-color-diagnostics -enable-testing -g -debug-info-format\=dwarf -dwarf-version\=4 -profile-generate -profile-coverage-mapping -swift-version 5 -Onone -D SWIFT_PACKAGE -D DEBUG -D SWIFT_MODULE_RESOURCE_BUNDLE_UNAVAILABLE -D Xcode -serialize-debugging-options -enable-experimental-feature DebugDescriptionMacro -empty-abi-descriptor -validate-clang-modules-once -clang-build-session-file /Users/admin/builder/spi-builder-workspace/.derivedData/ModuleCache.noindex/Session.modulevalidation -Xcc -working-directory -Xcc /Users/admin/builder/spi-builder-workspace/.swiftpm/xcode -enable-anonymous-context-mangled-names -file-compilation-dir /Users/admin/builder/spi-builder-workspace/.swiftpm/xcode -Xcc -D_LIBCPP_HARDENING_MODE\=_LIBCPP_HARDENING_MODE_DEBUG -Xcc -ivfsstatcache -Xcc /Users/admin/builder/spi-builder-workspace/.derivedData/SDKStatCaches.noindex/watchos27.0-24R360-e829b21a6f8c9b70876ba0858053c04477534ef55a1706bf4c1112bbb242f0a2.sdkstatcache -Xcc -fmodules-prune-interval\=86400 -Xcc -fmodules-prune-after\=345600 -Xcc -I/Users/admin/builder/spi-builder-workspace/.derivedData/Build/Products/Debug-watchos/include -Xcc -I/Users/admin/builder/spi-builder-workspace/.derivedData/Build/Intermediates.noindex/Wave.build/Debug-watchos/Wave-t.build/DerivedSources-normal/arm64 -Xcc -I/Users/admin/builder/spi-builder-workspace/.derivedData/Build/Intermediates.noindex/Wave.build/Debug-watchos/Wave-t.build/DerivedSources/arm64 -Xcc -I/Users/admin/builder/spi-builder-workspace/.derivedData/Build/Intermediates.noindex/Wave.build/Debug-watchos/Wave-t.build/DerivedSources -Xcc -DSWIFT_PACKAGE -Xcc -DDEBUG\=1 -no-auto-bridging-header-chaining -module-name Wave -const-gather-protocols-file /Users/admin/builder/spi-builder-workspace/.derivedData/Build/Intermediates.noindex/Wave.build/Debug-watchos/Wave-t.build/Objects-normal/arm64/Wave_const_extract_protocols.json -disable-clang-spi -clang-target arm64-apple-watchos27.0 -target-sdk-version 27.0 -target-sdk-name watchos27.0 -in-process-plugin-server-path /Applications/Xcode-27.0.0-Release.Candidate.app/Contents/Developer/Toolchains/XcodeDefault.xctoolchain/usr/lib/swift/host/libSwiftInProcPluginServer.dylib -parse-as-library -o /Users/admin/builder/spi-builder-workspace/.derivedData/Build/Intermediates.noindex/Wave.build/Debug-watchos/Wave-t.build/Objects-normal/arm64/CALayer+LayerAnimator.o -o /Users/admin/builder/spi-builder-workspace/.derivedData/Build/Intermediates.noindex/Wave.build/Debug-watchos/Wave-t.build/Objects-normal/arm64/DisplayLinkProviding.o -debug-module-path /Users/admin/builder/spi-builder-workspace/.derivedData/Build/Intermediates.noindex/Wave.build/Debug-watchos/Wave-t.build/Objects-normal/arm64/Wave.swiftmodule -index-unit-output-path /Wave.build/Debug-watchos/Wave-t.build/Objects-normal/arm64/CALayer+LayerAnimator.o -index-unit-output-path /Wave.build/Debug-watchos/Wave-t.build/Objects-normal/arm64/DisplayLinkProviding.o -index-store-path /Users/admin/builder/spi-builder-workspace/.derivedData/Index.noindex/DataStore -index-system-modules
SwiftCompile normal arm64 /Users/admin/builder/spi-builder-workspace/Sources/Wave/Internal/CALayer+LayerAnimator.swift (in target 'Wave' from project 'Wave')
cd /Users/admin/builder/spi-builder-workspace/.swiftpm/xcode
builtin-SwiftPerFileCompile CALayer+LayerAnimator.swift
SwiftCompile normal arm64 /Users/admin/builder/spi-builder-workspace/Sources/Wave/Internal/DisplayLinkProviding.swift (in target 'Wave' from project 'Wave')
cd /Users/admin/builder/spi-builder-workspace/.swiftpm/xcode
builtin-SwiftPerFileCompile DisplayLinkProviding.swift
SwiftCompile normal arm64 Compiling\ AnimatableCALayerProperties.swift,\ AnimatableUIViewProperties.swift,\ AnimationMode.swift /Users/admin/builder/spi-builder-workspace/Sources/Wave/AnimatableCALayerProperties.swift /Users/admin/builder/spi-builder-workspace/Sources/Wave/AnimatableUIViewProperties.swift /Users/admin/builder/spi-builder-workspace/Sources/Wave/AnimationMode.swift (in target 'Wave' from project 'Wave')
/Users/admin/builder/spi-builder-workspace/Sources/Wave/AnimatableCALayerProperties.swift:11:18: error: 'CALayer' is unavailable in watchOS
9 | import QuartzCore
10 |
11 | public extension CALayer {
| `- error: 'CALayer' is unavailable in watchOS
12 |
13 | /**
/Applications/Xcode-27.0.0-Release.Candidate.app/Contents/Developer/Platforms/WatchOS.platform/Developer/SDKs/WatchOS27.0.sdk/System/Library/Frameworks/QuartzCore.framework/Headers/CALayer.h:117:12: note: 'CALayer' has been explicitly marked unavailable here
115 |
116 | API_AVAILABLE(macos(10.5), ios(2.0), tvos(9.0)) API_UNAVAILABLE(watchos)
117 | @interface CALayer : NSObject <NSSecureCoding, CAMediaTiming>
| `- note: 'CALayer' has been explicitly marked unavailable here
118 |
119 | /** Layer creation and initialization. **/
/Users/admin/builder/spi-builder-workspace/Sources/Wave/AnimatableCALayerProperties.swift:105:21: error: 'CALayer' is unavailable in watchOS
103 | // MARK: - Internal
104 |
105 | weak var layer: CALayer!
| `- error: 'CALayer' is unavailable in watchOS
106 |
107 | init(layer: CALayer) {
/Applications/Xcode-27.0.0-Release.Candidate.app/Contents/Developer/Platforms/WatchOS.platform/Developer/SDKs/WatchOS27.0.sdk/System/Library/Frameworks/QuartzCore.framework/Headers/CALayer.h:117:12: note: 'CALayer' has been explicitly marked unavailable here
115 |
116 | API_AVAILABLE(macos(10.5), ios(2.0), tvos(9.0)) API_UNAVAILABLE(watchos)
117 | @interface CALayer : NSObject <NSSecureCoding, CAMediaTiming>
| `- note: 'CALayer' has been explicitly marked unavailable here
118 |
119 | /** Layer creation and initialization. **/
/Users/admin/builder/spi-builder-workspace/Sources/Wave/AnimatableCALayerProperties.swift:107:17: error: 'CALayer' is unavailable in watchOS
105 | weak var layer: CALayer!
106 |
107 | init(layer: CALayer) {
| `- error: 'CALayer' is unavailable in watchOS
108 | self.layer = layer
109 | }
/Applications/Xcode-27.0.0-Release.Candidate.app/Contents/Developer/Platforms/WatchOS.platform/Developer/SDKs/WatchOS27.0.sdk/System/Library/Frameworks/QuartzCore.framework/Headers/CALayer.h:117:12: note: 'CALayer' has been explicitly marked unavailable here
115 |
116 | API_AVAILABLE(macos(10.5), ios(2.0), tvos(9.0)) API_UNAVAILABLE(watchos)
117 | @interface CALayer : NSObject <NSSecureCoding, CAMediaTiming>
| `- note: 'CALayer' has been explicitly marked unavailable here
118 |
119 | /** Layer creation and initialization. **/
SwiftCompile normal arm64 /Users/admin/builder/spi-builder-workspace/Sources/Wave/AnimatableCALayerProperties.swift (in target 'Wave' from project 'Wave')
cd /Users/admin/builder/spi-builder-workspace/.swiftpm/xcode
builtin-SwiftPerFileCompile AnimatableCALayerProperties.swift
SwiftCompile normal arm64 /Users/admin/builder/spi-builder-workspace/Sources/Wave/AnimatableUIViewProperties.swift (in target 'Wave' from project 'Wave')
cd /Users/admin/builder/spi-builder-workspace/.swiftpm/xcode
builtin-SwiftPerFileCompile AnimatableUIViewProperties.swift
SwiftCompile normal arm64 /Users/admin/builder/spi-builder-workspace/Sources/Wave/AnimationMode.swift (in target 'Wave' from project 'Wave')
cd /Users/admin/builder/spi-builder-workspace/.swiftpm/xcode
builtin-SwiftPerFileCompile AnimationMode.swift
SwiftCompile normal arm64 Compiling\ Spring.swift,\ SpringAnimator.swift /Users/admin/builder/spi-builder-workspace/Sources/Wave/Spring.swift /Users/admin/builder/spi-builder-workspace/Sources/Wave/SpringAnimator.swift (in target 'Wave' from project 'Wave')
SwiftCompile normal arm64 /Users/admin/builder/spi-builder-workspace/Sources/Wave/Spring.swift (in target 'Wave' from project 'Wave')
cd /Users/admin/builder/spi-builder-workspace/.swiftpm/xcode
builtin-SwiftPerFileCompile Spring.swift
SwiftCompile normal arm64 /Users/admin/builder/spi-builder-workspace/Sources/Wave/SpringAnimator.swift (in target 'Wave' from project 'Wave')
cd /Users/admin/builder/spi-builder-workspace/.swiftpm/xcode
builtin-SwiftPerFileCompile SpringAnimator.swift
/Users/admin/builder/spi-builder-workspace/Sources/Wave/SpringAnimator.swift:39:34: error: 'CACurrentMediaTime()' is unavailable in watchOS
37 | switch (oldValue, state) {
38 | case (.inactive, .running):
39 | self.startTime = CACurrentMediaTime()
| `- error: 'CACurrentMediaTime()' is unavailable in watchOS
40 |
41 | default:
/Applications/Xcode-27.0.0-Release.Candidate.app/Contents/Developer/Platforms/WatchOS.platform/Developer/SDKs/WatchOS27.0.sdk/System/Library/Frameworks/QuartzCore.framework/Headers/CABase.h:127:26: note: 'CACurrentMediaTime()' has been explicitly marked unavailable here
125 | * calling mach_absolute_time () and converting the units to seconds. */
126 |
127 | CA_EXTERN CFTimeInterval CACurrentMediaTime (void)
| `- note: 'CACurrentMediaTime()' has been explicitly marked unavailable here
128 | API_AVAILABLE(macos(10.5), ios(2.0)) API_UNAVAILABLE(watchos);
129 |
/Users/admin/builder/spi-builder-workspace/Sources/Wave/SpringAnimator.swift:75:34: error: 'CACurrentMediaTime()' is unavailable in watchOS
73 |
74 | if state == .running {
75 | self.startTime = CACurrentMediaTime()
| `- error: 'CACurrentMediaTime()' is unavailable in watchOS
76 |
77 | let event = Event.retargeted(from: oldValue, to: newValue)
/Applications/Xcode-27.0.0-Release.Candidate.app/Contents/Developer/Platforms/WatchOS.platform/Developer/SDKs/WatchOS27.0.sdk/System/Library/Frameworks/QuartzCore.framework/Headers/CABase.h:127:26: note: 'CACurrentMediaTime()' has been explicitly marked unavailable here
125 | * calling mach_absolute_time () and converting the units to seconds. */
126 |
127 | CA_EXTERN CFTimeInterval CACurrentMediaTime (void)
| `- note: 'CACurrentMediaTime()' has been explicitly marked unavailable here
128 | API_AVAILABLE(macos(10.5), ios(2.0)) API_UNAVAILABLE(watchos);
129 |
/Users/admin/builder/spi-builder-workspace/Sources/Wave/SpringAnimator.swift:189:21: error: 'CACurrentMediaTime()' is unavailable in watchOS
187 | var runningTime: TimeInterval? {
188 | if let startTime = startTime {
189 | return (CACurrentMediaTime() - startTime)
| `- error: 'CACurrentMediaTime()' is unavailable in watchOS
190 | } else {
191 | return nil
/Applications/Xcode-27.0.0-Release.Candidate.app/Contents/Developer/Platforms/WatchOS.platform/Developer/SDKs/WatchOS27.0.sdk/System/Library/Frameworks/QuartzCore.framework/Headers/CABase.h:127:26: note: 'CACurrentMediaTime()' has been explicitly marked unavailable here
125 | * calling mach_absolute_time () and converting the units to seconds. */
126 |
127 | CA_EXTERN CFTimeInterval CACurrentMediaTime (void)
| `- note: 'CACurrentMediaTime()' has been explicitly marked unavailable here
128 | API_AVAILABLE(macos(10.5), ios(2.0)) API_UNAVAILABLE(watchos);
129 |
SwiftCompile normal arm64 Compiling\ UIMathUtilities.swift,\ Wave.swift /Users/admin/builder/spi-builder-workspace/Sources/Wave/UIMathUtilities.swift /Users/admin/builder/spi-builder-workspace/Sources/Wave/Wave.swift (in target 'Wave' from project 'Wave')
/Users/admin/builder/spi-builder-workspace/Sources/Wave/Internal/AnimationController.swift:24:43: error: cannot find type 'DisplayLinkProvider' in scope
22 | static let shared = AnimationController()
23 |
24 | private lazy var displayLinkProvider: DisplayLinkProvider = {
| `- error: cannot find type 'DisplayLinkProvider' in scope
25 | DisplayLinkProvider { [weak self] dt in
26 | guard let strongSelf = self else { return }
Failed frontend command:
/Applications/Xcode-27.0.0-Release.Candidate.app/Contents/Developer/Toolchains/XcodeDefault.xctoolchain/usr/bin/swift-frontend -frontend -c /Users/admin/builder/spi-builder-workspace/Sources/Wave/AnimatableCALayerProperties.swift /Users/admin/builder/spi-builder-workspace/Sources/Wave/AnimatableUIViewProperties.swift /Users/admin/builder/spi-builder-workspace/Sources/Wave/AnimationMode.swift /Users/admin/builder/spi-builder-workspace/Sources/Wave/AnimatorState.swift /Users/admin/builder/spi-builder-workspace/Sources/Wave/Extensions/CGFloat+Extensions.swift /Users/admin/builder/spi-builder-workspace/Sources/Wave/Extensions/CGPoint+Extensions.swift /Users/admin/builder/spi-builder-workspace/Sources/Wave/Extensions/CGRect+Extensions.swift /Users/admin/builder/spi-builder-workspace/Sources/Wave/Extensions/CGSize+Extensions.swift /Users/admin/builder/spi-builder-workspace/Sources/Wave/Extensions/Color+Extensions.swift /Users/admin/builder/spi-builder-workspace/Sources/Wave/Internal/AnimationController.swift /Users/admin/builder/spi-builder-workspace/Sources/Wave/Internal/AnimatorProviding.swift /Users/admin/builder/spi-builder-workspace/Sources/Wave/Internal/CALayer+LayerAnimator.swift /Users/admin/builder/spi-builder-workspace/Sources/Wave/Internal/DisplayLinkProviding.swift /Users/admin/builder/spi-builder-workspace/Sources/Wave/Internal/LayerAnimator+Implementation.swift /Users/admin/builder/spi-builder-workspace/Sources/Wave/Internal/SpringInterpolatable.swift /Users/admin/builder/spi-builder-workspace/Sources/Wave/Internal/UIView+ViewAnimator.swift /Users/admin/builder/spi-builder-workspace/Sources/Wave/Internal/ViewAnimator+Implementation.swift /Users/admin/builder/spi-builder-workspace/Sources/Wave/Spring.swift /Users/admin/builder/spi-builder-workspace/Sources/Wave/SpringAnimator.swift -primary-file /Users/admin/builder/spi-builder-workspace/Sources/Wave/UIMathUtilities.swift -primary-file /Users/admin/builder/spi-builder-workspace/Sources/Wave/Wave.swift -emit-dependencies-path /Users/admin/builder/spi-builder-workspace/.derivedData/Build/Intermediates.noindex/Wave.build/Debug-watchos/Wave-t.build/Objects-normal/arm64/UIMathUtilities.d -emit-const-values-path /Users/admin/builder/spi-builder-workspace/.derivedData/Build/Intermediates.noindex/Wave.build/Debug-watchos/Wave-t.build/Objects-normal/arm64/UIMathUtilities.swiftconstvalues -emit-reference-dependencies-path /Users/admin/builder/spi-builder-workspace/.derivedData/Build/Intermediates.noindex/Wave.build/Debug-watchos/Wave-t.build/Objects-normal/arm64/UIMathUtilities.swiftdeps -serialize-diagnostics-path /Users/admin/builder/spi-builder-workspace/.derivedData/Build/Intermediates.noindex/Wave.build/Debug-watchos/Wave-t.build/Objects-normal/arm64/UIMathUtilities.dia -emit-dependencies-path /Users/admin/builder/spi-builder-workspace/.derivedData/Build/Intermediates.noindex/Wave.build/Debug-watchos/Wave-t.build/Objects-normal/arm64/Wave.d -emit-const-values-path /Users/admin/builder/spi-builder-workspace/.derivedData/Build/Intermediates.noindex/Wave.build/Debug-watchos/Wave-t.build/Objects-normal/arm64/Wave.swiftconstvalues -emit-reference-dependencies-path /Users/admin/builder/spi-builder-workspace/.derivedData/Build/Intermediates.noindex/Wave.build/Debug-watchos/Wave-t.build/Objects-normal/arm64/Wave.swiftdeps -serialize-diagnostics-path /Users/admin/builder/spi-builder-workspace/.derivedData/Build/Intermediates.noindex/Wave.build/Debug-watchos/Wave-t.build/Objects-normal/arm64/Wave.dia -target arm64-apple-watchos9.0 -disable-cross-import-overlay-search -load-resolved-plugin /Applications/Xcode-27.0.0-Release.Candidate.app/Contents/Developer/Platforms/WatchOS.platform/Developer/usr/lib/swift/host/plugins/libFoundationMacros.dylib\#/Applications/Xcode-27.0.0-Release.Candidate.app/Contents/Developer/Platforms/WatchOS.platform/Developer/usr/bin/swift-plugin-server\#FoundationMacros -load-resolved-plugin /Applications/Xcode-27.0.0-Release.Candidate.app/Contents/Developer/Platforms/WatchOS.platform/Developer/usr/lib/swift/host/plugins/libObservationMacros.dylib\#/Applications/Xcode-27.0.0-Release.Candidate.app/Contents/Developer/Platforms/WatchOS.platform/Developer/usr/bin/swift-plugin-server\#ObservationMacros -load-resolved-plugin /Applications/Xcode-27.0.0-Release.Candidate.app/Contents/Developer/Platforms/WatchOS.platform/Developer/usr/lib/swift/host/plugins/libSwiftMacros.dylib\#/Applications/Xcode-27.0.0-Release.Candidate.app/Contents/Developer/Platforms/WatchOS.platform/Developer/usr/bin/swift-plugin-server\#SwiftMacros -disable-implicit-swift-modules -Xcc -fno-implicit-modules -Xcc -fno-implicit-module-maps -explicit-swift-module-map-file /Users/admin/builder/spi-builder-workspace/.derivedData/Build/Intermediates.noindex/Wave.build/Debug-watchos/Wave-t.build/Objects-normal/arm64/Wave-dependencies-2.json -Xllvm -aarch64-use-tbi -enable-objc-interop -stack-check -sdk /Applications/Xcode-27.0.0-Release.Candidate.app/Contents/Developer/Platforms/WatchOS.platform/Developer/SDKs/WatchOS27.0.sdk -I /Users/admin/builder/spi-builder-workspace/.derivedData/Build/Products/Debug-watchos -Isystem /Applications/Xcode-27.0.0-Release.Candidate.app/Contents/Developer/Platforms/WatchOS.platform/Developer/usr/lib -F /Users/admin/builder/spi-builder-workspace/.derivedData/Build/Products/Debug-watchos -F /Applications/Xcode-27.0.0-Release.Candidate.app/Contents/Developer/Platforms/WatchOS.platform/Developer/Library/Frameworks -F /Applications/Xcode-27.0.0-Release.Candidate.app/Contents/Developer/Platforms/WatchOS.platform/Developer/SDKs/WatchOS27.0.sdk/Developer/Library/Frameworks -module-cache-path /Users/admin/builder/spi-builder-workspace/.derivedData/Build/Intermediates.noindex/SwiftExplicitPrecompiledModules -no-color-diagnostics -Xcc -fno-color-diagnostics -enable-testing -g -debug-info-format\=dwarf -dwarf-version\=4 -profile-generate -profile-coverage-mapping -swift-version 5 -Onone -D SWIFT_PACKAGE -D DEBUG -D SWIFT_MODULE_RESOURCE_BUNDLE_UNAVAILABLE -D Xcode -serialize-debugging-options -enable-experimental-feature DebugDescriptionMacro -empty-abi-descriptor -validate-clang-modules-once -clang-build-session-file /Users/admin/builder/spi-builder-workspace/.derivedData/ModuleCache.noindex/Session.modulevalidation -Xcc -working-directory -Xcc /Users/admin/builder/spi-builder-workspace/.swiftpm/xcode -enable-anonymous-context-mangled-names -file-compilation-dir /Users/admin/builder/spi-builder-workspace/.swiftpm/xcode -Xcc -D_LIBCPP_HARDENING_MODE\=_LIBCPP_HARDENING_MODE_DEBUG -Xcc -ivfsstatcache -Xcc /Users/admin/builder/spi-builder-workspace/.derivedData/SDKStatCaches.noindex/watchos27.0-24R360-e829b21a6f8c9b70876ba0858053c04477534ef55a1706bf4c1112bbb242f0a2.sdkstatcache -Xcc -fmodules-prune-interval\=86400 -Xcc -fmodules-prune-after\=345600 -Xcc -I/Users/admin/builder/spi-builder-workspace/.derivedData/Build/Products/Debug-watchos/include -Xcc -I/Users/admin/builder/spi-builder-workspace/.derivedData/Build/Intermediates.noindex/Wave.build/Debug-watchos/Wave-t.build/DerivedSources-normal/arm64 -Xcc -I/Users/admin/builder/spi-builder-workspace/.derivedData/Build/Intermediates.noindex/Wave.build/Debug-watchos/Wave-t.build/DerivedSources/arm64 -Xcc -I/Users/admin/builder/spi-builder-workspace/.derivedData/Build/Intermediates.noindex/Wave.build/Debug-watchos/Wave-t.build/DerivedSources -Xcc -DSWIFT_PACKAGE -Xcc -DDEBUG\=1 -no-auto-bridging-header-chaining -module-name Wave -const-gather-protocols-file /Users/admin/builder/spi-builder-workspace/.derivedData/Build/Intermediates.noindex/Wave.build/Debug-watchos/Wave-t.build/Objects-normal/arm64/Wave_const_extract_protocols.json -disable-clang-spi -clang-target arm64-apple-watchos27.0 -target-sdk-version 27.0 -target-sdk-name watchos27.0 -in-process-plugin-server-path /Applications/Xcode-27.0.0-Release.Candidate.app/Contents/Developer/Toolchains/XcodeDefault.xctoolchain/usr/lib/swift/host/libSwiftInProcPluginServer.dylib -parse-as-library -o /Users/admin/builder/spi-builder-workspace/.derivedData/Build/Intermediates.noindex/Wave.build/Debug-watchos/Wave-t.build/Objects-normal/arm64/UIMathUtilities.o -o /Users/admin/builder/spi-builder-workspace/.derivedData/Build/Intermediates.noindex/Wave.build/Debug-watchos/Wave-t.build/Objects-normal/arm64/Wave.o -debug-module-path /Users/admin/builder/spi-builder-workspace/.derivedData/Build/Intermediates.noindex/Wave.build/Debug-watchos/Wave-t.build/Objects-normal/arm64/Wave.swiftmodule -index-unit-output-path /Wave.build/Debug-watchos/Wave-t.build/Objects-normal/arm64/UIMathUtilities.o -index-unit-output-path /Wave.build/Debug-watchos/Wave-t.build/Objects-normal/arm64/Wave.o -index-store-path /Users/admin/builder/spi-builder-workspace/.derivedData/Index.noindex/DataStore -index-system-modules
SwiftCompile normal arm64 /Users/admin/builder/spi-builder-workspace/Sources/Wave/UIMathUtilities.swift (in target 'Wave' from project 'Wave')
cd /Users/admin/builder/spi-builder-workspace/.swiftpm/xcode
builtin-SwiftPerFileCompile UIMathUtilities.swift
SwiftCompile normal arm64 /Users/admin/builder/spi-builder-workspace/Sources/Wave/Wave.swift (in target 'Wave' from project 'Wave')
cd /Users/admin/builder/spi-builder-workspace/.swiftpm/xcode
builtin-SwiftPerFileCompile Wave.swift
SwiftCompile normal arm64 Compiling\ AnimationController.swift,\ AnimatorProviding.swift /Users/admin/builder/spi-builder-workspace/Sources/Wave/Internal/AnimationController.swift /Users/admin/builder/spi-builder-workspace/Sources/Wave/Internal/AnimatorProviding.swift (in target 'Wave' from project 'Wave')
/Users/admin/builder/spi-builder-workspace/Sources/Wave/Internal/AnimationController.swift:24:43: error: cannot find type 'DisplayLinkProvider' in scope
22 | static let shared = AnimationController()
23 |
24 | private lazy var displayLinkProvider: DisplayLinkProvider = {
| `- error: cannot find type 'DisplayLinkProvider' in scope
25 | DisplayLinkProvider { [weak self] dt in
26 | guard let strongSelf = self else { return }
/Users/admin/builder/spi-builder-workspace/Sources/Wave/Internal/AnimationController.swift:25:9: error: cannot find 'DisplayLinkProvider' in scope
23 |
24 | private lazy var displayLinkProvider: DisplayLinkProvider = {
25 | DisplayLinkProvider { [weak self] dt in
| `- error: cannot find 'DisplayLinkProvider' in scope
26 | guard let strongSelf = self else { return }
27 |
/Users/admin/builder/spi-builder-workspace/Sources/Wave/Internal/AnimationController.swift:131:9: error: 'CATransaction' is unavailable in watchOS
129 |
130 | func withoutImplicitAnimations(_ updates: () -> Void) {
131 | CATransaction.begin()
| `- error: 'CATransaction' is unavailable in watchOS
132 | CATransaction.setDisableActions(true)
133 | updates()
/Applications/Xcode-27.0.0-Release.Candidate.app/Contents/Developer/Platforms/WatchOS.platform/Developer/SDKs/WatchOS27.0.sdk/System/Library/Frameworks/QuartzCore.framework/Headers/CATransaction.h:34:12: note: 'CATransaction' has been explicitly marked unavailable here
32 |
33 | API_AVAILABLE(macos(10.5), ios(2.0), tvos(9.0)) API_UNAVAILABLE(watchos)
34 | @interface CATransaction : NSObject
| `- note: 'CATransaction' has been explicitly marked unavailable here
35 |
36 | /* Begin a new transaction for the current thread; nests. */
/Users/admin/builder/spi-builder-workspace/Sources/Wave/Internal/AnimationController.swift:132:9: error: 'CATransaction' is unavailable in watchOS
130 | func withoutImplicitAnimations(_ updates: () -> Void) {
131 | CATransaction.begin()
132 | CATransaction.setDisableActions(true)
| `- error: 'CATransaction' is unavailable in watchOS
133 | updates()
134 | CATransaction.commit()
/Applications/Xcode-27.0.0-Release.Candidate.app/Contents/Developer/Platforms/WatchOS.platform/Developer/SDKs/WatchOS27.0.sdk/System/Library/Frameworks/QuartzCore.framework/Headers/CATransaction.h:34:12: note: 'CATransaction' has been explicitly marked unavailable here
32 |
33 | API_AVAILABLE(macos(10.5), ios(2.0), tvos(9.0)) API_UNAVAILABLE(watchos)
34 | @interface CATransaction : NSObject
| `- note: 'CATransaction' has been explicitly marked unavailable here
35 |
36 | /* Begin a new transaction for the current thread; nests. */
/Users/admin/builder/spi-builder-workspace/Sources/Wave/Internal/AnimationController.swift:134:9: error: 'CATransaction' is unavailable in watchOS
132 | CATransaction.setDisableActions(true)
133 | updates()
134 | CATransaction.commit()
| `- error: 'CATransaction' is unavailable in watchOS
135 | }
136 |
/Applications/Xcode-27.0.0-Release.Candidate.app/Contents/Developer/Platforms/WatchOS.platform/Developer/SDKs/WatchOS27.0.sdk/System/Library/Frameworks/QuartzCore.framework/Headers/CATransaction.h:34:12: note: 'CATransaction' has been explicitly marked unavailable here
32 |
33 | API_AVAILABLE(macos(10.5), ios(2.0), tvos(9.0)) API_UNAVAILABLE(watchos)
34 | @interface CATransaction : NSObject
| `- note: 'CATransaction' has been explicitly marked unavailable here
35 |
36 | /* Begin a new transaction for the current thread; nests. */
SwiftCompile normal arm64 /Users/admin/builder/spi-builder-workspace/Sources/Wave/Internal/AnimationController.swift (in target 'Wave' from project 'Wave')
cd /Users/admin/builder/spi-builder-workspace/.swiftpm/xcode
builtin-SwiftPerFileCompile AnimationController.swift
SwiftCompile normal arm64 /Users/admin/builder/spi-builder-workspace/Sources/Wave/Internal/AnimatorProviding.swift (in target 'Wave' from project 'Wave')
cd /Users/admin/builder/spi-builder-workspace/.swiftpm/xcode
builtin-SwiftPerFileCompile AnimatorProviding.swift
SwiftEmitModule normal arm64 Emitting\ module\ for\ Wave (in target 'Wave' from project 'Wave')
SwiftCompile normal arm64 (in target 'Wave' from project 'Wave')
cd /Users/admin/builder/spi-builder-workspace/.swiftpm/xcode
PruneExplicitPrecompiledModules /Users/admin/builder/spi-builder-workspace/.derivedData/Build/Intermediates.noindex/ExplicitPrecompiledModules
PruneExplicitPrecompiledModules /Users/admin/builder/spi-builder-workspace/.derivedData/SDKExplicitPrecompiledModules
PruneExplicitPrecompiledModules /Users/admin/builder/spi-builder-workspace/.derivedData/Build/Intermediates.noindex/SwiftExplicitPrecompiledModules
2026-09-20 15:26:07.098 xcodebuild[765:4764] [MT] IDERunDestination: Supported platforms for the buildables in the current scheme is empty.
** BUILD FAILED **
The following build commands failed:
SwiftCompile normal arm64 /Users/admin/builder/spi-builder-workspace/Sources/Wave/Extensions/CGFloat+Extensions.swift (in target 'Wave' from project 'Wave')
SwiftCompile normal arm64 Compiling\ AnimatorState.swift,\ CGFloat+Extensions.swift /Users/admin/builder/spi-builder-workspace/Sources/Wave/AnimatorState.swift /Users/admin/builder/spi-builder-workspace/Sources/Wave/Extensions/CGFloat+Extensions.swift (in target 'Wave' from project 'Wave')
SwiftCompile normal arm64 /Users/admin/builder/spi-builder-workspace/Sources/Wave/Extensions/Color+Extensions.swift (in target 'Wave' from project 'Wave')
SwiftCompile normal arm64 Compiling\ CGSize+Extensions.swift,\ Color+Extensions.swift /Users/admin/builder/spi-builder-workspace/Sources/Wave/Extensions/CGSize+Extensions.swift /Users/admin/builder/spi-builder-workspace/Sources/Wave/Extensions/Color+Extensions.swift (in target 'Wave' from project 'Wave')
SwiftCompile normal arm64 Compiling\ CALayer+LayerAnimator.swift,\ DisplayLinkProviding.swift /Users/admin/builder/spi-builder-workspace/Sources/Wave/Internal/CALayer+LayerAnimator.swift /Users/admin/builder/spi-builder-workspace/Sources/Wave/Internal/DisplayLinkProviding.swift (in target 'Wave' from project 'Wave')
SwiftCompile normal arm64 /Users/admin/builder/spi-builder-workspace/Sources/Wave/Internal/CALayer+LayerAnimator.swift (in target 'Wave' from project 'Wave')
SwiftCompile normal arm64 Compiling\ UIMathUtilities.swift,\ Wave.swift /Users/admin/builder/spi-builder-workspace/Sources/Wave/UIMathUtilities.swift /Users/admin/builder/spi-builder-workspace/Sources/Wave/Wave.swift (in target 'Wave' from project 'Wave')
SwiftCompile normal arm64 /Users/admin/builder/spi-builder-workspace/Sources/Wave/Wave.swift (in target 'Wave' from project 'Wave')
Building workspace Wave with scheme Wave
(9 failures)
BUILD FAILURE 6.4 watchOS