The Swift Package Index logo.Swift Package Index

Build Information

Failed to build Prch, reference 1.0.0-alpha.2 (b9329b), with Swift 6.4 for Wasm on 18 Sep 2026 11:37:18 UTC.

Build Command

bash -c docker run --pull=always --rm -v "checkouts-54344847-1":/host -w "$PWD" -e JAVA_HOME="/root/.sdkman/candidates/java/current" -e SPI_BUILD="1" -e SPI_PROCESSING="1" registry.gitlab.com/saguaro1/spi-images:wasm-6.4-latest swift build --swift-sdk swift-6.4.x-DEVELOPMENT-SNAPSHOT-2026-09-04-a_wasm 2>&1

Build Log

========================================
RunAll
========================================
Builder version: 5.1.0
Interrupt handler set up.
========================================
Checkout
========================================
Clone URL: https://github.com/brightdigit/Prch.git
Reference: 1.0.0-alpha.2
Initialized empty Git repository in /host/spi-builder-workspace/.git/
hint: Using 'master' as the name for the initial branch. This default branch name
hint: is subject to change. To configure the initial branch name to use in all
hint: of your new repositories, which will suppress this warning, call:
hint:
hint: 	git config --global init.defaultBranch <name>
hint:
hint: Names commonly chosen instead of 'master' are 'main', 'trunk' and
hint: 'development'. The just-created branch can be renamed via this command:
hint:
hint: 	git branch -m <name>
From https://github.com/brightdigit/Prch
 * tag               1.0.0-alpha.2 -> FETCH_HEAD
HEAD is now at b9329ba Allow Status Code Decoding (#30)
Cloned https://github.com/brightdigit/Prch.git
Revision (git rev-parse @):
b9329bab762886dbc478c9f6850a63bfde7fde93
SUCCESS checkout https://github.com/brightdigit/Prch.git at 1.0.0-alpha.2
========================================
Build
========================================
Selected platform:         wasm
Swift version:             6.4
Building package at path:  $PWD
https://github.com/brightdigit/Prch.git
Running build ...
bash -c docker run --pull=always --rm -v "checkouts-54344847-1":/host -w "$PWD" -e JAVA_HOME="/root/.sdkman/candidates/java/current" -e SPI_BUILD="1" -e SPI_PROCESSING="1" registry.gitlab.com/saguaro1/spi-images:wasm-6.4-latest swift build --swift-sdk swift-6.4.x-DEVELOPMENT-SNAPSHOT-2026-09-04-a_wasm 2>&1
wasm-6.4-latest: Pulling from saguaro1/spi-images
Digest: sha256:4328fdb43c680d205c1d6761b1e3267aa38277eefdda9ddfb17b6a0f1a77857a
Status: Image is up to date for registry.gitlab.com/saguaro1/spi-images:wasm-6.4-latest
Building for debugging...
[Pre-planning 1 / 124]
[33 / 49] PrchModel
error: SwiftCompile normal wasm32 failed with a nonzero exit code. Command line:     cd /host

[42 / 59] Prch
/host/spi-builder-workspace/Sources/Prch/Session/RequestError.swift:9:24: error: 'URLResponse' is unavailable: This type has moved to the FoundationNetworking module. Import that module to use it.
 7 | public enum RequestError: Error {
 8 |   case missingData
 9 |   case invalidResponse(URLResponse?)
   |                        `- error: 'URLResponse' is unavailable: This type has moved to the FoundationNetworking module. Import that module to use it.
10 |   case invalidStatusCode(Int)
11 | }
Foundation.URLResponse:2:18: note: 'URLResponse' has been explicitly marked unavailable here
1 | @available(*, unavailable, message: "This type has moved to the FoundationNetworking module. Import that module to use it.")
2 | public typealias URLResponse = AnyObject
  |                  `- note: 'URLResponse' has been explicitly marked unavailable here
/host/spi-builder-workspace/Sources/Prch/Session/URLSession/URLRequest.swift:7:11: error: cannot find type 'URLRequest' in scope
 5 | #endif
 6 |
 7 | extension URLRequest: SessionRequest {
   |           `- error: cannot find type 'URLRequest' in scope
 8 |   public typealias DataType = Data
 9 | }
/host/spi-builder-workspace/Sources/Prch/Session/URLSession/URLSession.swift:8:1: error: non-nominal type 'URLSession' (aka 'AnyObject') cannot be extended [#]8;;https://docs.swift.org/compiler/documentation/diagnostics/nominal-types\NominalTypes]8;;\]
 6 | #endif
 7 |
 8 | extension URLSession: Session {
   | `- error: non-nominal type 'URLSession' (aka 'AnyObject') cannot be extended [#]8;;https://docs.swift.org/compiler/documentation/diagnostics/nominal-types\NominalTypes]8;;\]
 9 |   public typealias ResponseType = URLSession.Response
10 |   public typealias RequestType = URLRequest
/host/spi-builder-workspace/Sources/Prch/Session/URLSession/URLSessionResponse.swift:7:1: error: non-nominal type 'URLSession' (aka 'AnyObject') cannot be extended [#]8;;https://docs.swift.org/compiler/documentation/diagnostics/nominal-types\NominalTypes]8;;\]
 5 | #endif
 6 |
 7 | extension URLSession {
   | `- error: non-nominal type 'URLSession' (aka 'AnyObject') cannot be extended [#]8;;https://docs.swift.org/compiler/documentation/diagnostics/nominal-types\NominalTypes]8;;\]
 8 |   public struct Response: SessionResponse {
 9 |     public typealias DataType = Data
/host/spi-builder-workspace/Sources/Prch/Session/URLSession/URLSessionResponse.swift:25:22: error: 'Response' is not a member type of type 'Foundation.URLSession' (aka 'AnyObject')
23 | }
24 |
25 | extension URLSession.Response {
   |                      `- error: 'Response' is not a member type of type 'Foundation.URLSession' (aka 'AnyObject')
26 |   internal init(_ tuple: (Data, URLResponse)) throws {
27 |     try self.init(urlResponse: tuple.1, data: tuple.0)
[#NominalTypes]: <https://docs.swift.org/compiler/documentation/diagnostics/nominal-types>
Failed frontend command:
/usr/bin/swift-frontend -frontend -emit-module -experimental-skip-non-inlinable-function-bodies-without-types /host/spi-builder-workspace/Sources/Prch/AuthorizationManager.swift /host/spi-builder-workspace/Sources/Prch/NullAuthorizationManager.swift /host/spi-builder-workspace/Sources/Prch/Service.swift /host/spi-builder-workspace/Sources/Prch/ServiceProtocol.swift /host/spi-builder-workspace/Sources/Prch/Session/RequestError.swift /host/spi-builder-workspace/Sources/Prch/Session/Session.swift /host/spi-builder-workspace/Sources/Prch/Session/SessionAuthorization.swift /host/spi-builder-workspace/Sources/Prch/Session/SessionRequest.swift /host/spi-builder-workspace/Sources/Prch/Session/SessionResponse.swift /host/spi-builder-workspace/Sources/Prch/Session/URLSession/URLRequest.swift /host/spi-builder-workspace/Sources/Prch/Session/URLSession/URLSession.swift /host/spi-builder-workspace/Sources/Prch/Session/URLSession/URLSessionResponse.swift -target wasm32-unknown-wasip1 -disable-objc-interop -sdk /root/.swiftpm/swift-sdks/swift-6.4.x-DEVELOPMENT-SNAPSHOT-2026-09-04-a_wasm.artifactbundle/swift-6.4.x-DEVELOPMENT-SNAPSHOT-2026-09-04-a_wasm/wasm32-unknown-wasip1/WASI.sdk -sysroot /root/.swiftpm/swift-sdks/swift-6.4.x-DEVELOPMENT-SNAPSHOT-2026-09-04-a_wasm.artifactbundle/swift-6.4.x-DEVELOPMENT-SNAPSHOT-2026-09-04-a_wasm/wasm32-unknown-wasip1/WASI.sdk -I /host/spi-builder-workspace/.build/out/Products/Debug-webassembly-wasm32 -module-cache-path /host/spi-builder-workspace/.build/out/ModuleCache.noindex -color-diagnostics -Xcc -fcolor-diagnostics -enable-testing -g -debug-info-format\=dwarf -dwarf-version\=4 -swift-version 5 -Onone -D SWIFT_PACKAGE -D DEBUG -D SWIFT_MODULE_RESOURCE_BUNDLE_UNAVAILABLE -D Xcode -serialize-debugging-options -enable-experimental-feature DebugDescriptionMacro -empty-abi-descriptor -external-plugin-path /usr/lib/swift/host/plugins/testing\#/usr/bin/swift-plugin-server -validate-clang-modules-once -clang-build-session-file /host/spi-builder-workspace/.build/out/ModuleCache.noindex/Session.modulevalidation -Xcc -working-directory -Xcc /host -resource-dir /root/.swiftpm/swift-sdks/swift-6.4.x-DEVELOPMENT-SNAPSHOT-2026-09-04-a_wasm.artifactbundle/swift-6.4.x-DEVELOPMENT-SNAPSHOT-2026-09-04-a_wasm/wasm32-unknown-wasip1/swift.xctoolchain/usr/lib/swift_static -use-static-resource-dir -enable-anonymous-context-mangled-names -file-compilation-dir /host -Xcc -resource-dir -Xcc /root/.swiftpm/swift-sdks/swift-6.4.x-DEVELOPMENT-SNAPSHOT-2026-09-04-a_wasm.artifactbundle/swift-6.4.x-DEVELOPMENT-SNAPSHOT-2026-09-04-a_wasm/wasm32-unknown-wasip1/swift.xctoolchain/usr/lib/swift_static/clang -Xcc -D_LIBCPP_HARDENING_MODE\=_LIBCPP_HARDENING_MODE_DEBUG -Xcc -fmodules-prune-interval\=86400 -Xcc -fmodules-prune-after\=345600 -Xcc -I/host/spi-builder-workspace/.build/out/Products/Debug-webassembly-wasm32/include -Xcc -I/host/spi-builder-workspace/.build/out/Intermediates.noindex/Prch.build/Debug-webassembly-wasm32/Prch-t.build/DerivedSources-normal/wasm32 -Xcc -I/host/spi-builder-workspace/.build/out/Intermediates.noindex/Prch.build/Debug-webassembly-wasm32/Prch-t.build/DerivedSources/wasm32 -Xcc -I/host/spi-builder-workspace/.build/out/Intermediates.noindex/Prch.build/Debug-webassembly-wasm32/Prch-t.build/DerivedSources -Xcc -DSWIFT_PACKAGE -Xcc -DDEBUG\=1 -no-auto-bridging-header-chaining -module-name Prch -const-gather-protocols-file /host/spi-builder-workspace/.build/out/Intermediates.noindex/Prch.build/Debug-webassembly-wasm32/Prch-t.build/Objects-normal/wasm32/Prch_const_extract_protocols.json -in-process-plugin-server-path /usr/lib/swift/host/libSwiftInProcPluginServer.so -plugin-path /usr/lib/swift/host/plugins -plugin-path /usr/local/lib/swift/host/plugins -emit-module-doc-path /host/spi-builder-workspace/.build/out/Intermediates.noindex/Prch.build/Debug-webassembly-wasm32/Prch-t.build/Objects-normal/wasm32/Modules/Prch.swiftdoc -emit-module-source-info-path /host/spi-builder-workspace/.build/out/Intermediates.noindex/Prch.build/Debug-webassembly-wasm32/Prch-t.build/Objects-normal/wasm32/Modules/Prch.swiftsourceinfo -emit-objc-header-path /host/spi-builder-workspace/.build/out/Intermediates.noindex/Prch.build/Debug-webassembly-wasm32/Prch-t.build/Objects-normal/wasm32/Prch-Swift.h -serialize-diagnostics-path /host/spi-builder-workspace/.build/out/Intermediates.noindex/Prch.build/Debug-webassembly-wasm32/Prch-t.build/Objects-normal/wasm32/Prch-primary-emit-module.dia -emit-dependencies-path /host/spi-builder-workspace/.build/out/Intermediates.noindex/Prch.build/Debug-webassembly-wasm32/Prch-t.build/Objects-normal/wasm32/Prch-primary-emit-module.d -parse-as-library -o /host/spi-builder-workspace/.build/out/Intermediates.noindex/Prch.build/Debug-webassembly-wasm32/Prch-t.build/Objects-normal/wasm32/Modules/Prch.swiftmodule
error: Build failed
BUILD FAILURE 6.4 wasm