Build Information
Failed to build SwiftUIWebKit, reference main (165774), with Swift 6.4 for watchOS using Xcode 27.0 on 20 Sep 2026 11:47:04 UTC.
Build Command
env DEVELOPER_DIR=/Applications/Xcode-27.0.0-Release.Candidate.app xcrun xcodebuild -IDEClonedSourcePackagesDirPathOverride=$PWD/.dependencies -skipMacroValidation -skipPackagePluginValidation -derivedDataPath $PWD/.derivedData build -scheme SwiftUIWebKit -destination generic/platform=watchOSBuild Log
========================================
RunAll
========================================
Builder version: 5.1.0
Interrupt handler set up.
========================================
Checkout
========================================
Clone URL: https://github.com/edonv/SwiftUIWebKit.git
Reference: main
Initialized empty Git repository in /Users/admin/builder/spi-builder-workspace/.git/
From https://github.com/edonv/SwiftUIWebKit
* branch main -> FETCH_HEAD
* [new branch] main -> origin/main
HEAD is now at 165774a Added empty privacy manifest
Cloned https://github.com/edonv/SwiftUIWebKit.git
Revision (git rev-parse @):
165774abbf761aff79781d992968017c13fda05b
SPI manifest file found: $PWD/.spi.yml
SUCCESS checkout https://github.com/edonv/SwiftUIWebKit.git at main
========================================
Build
========================================
Selected platform: watchOS
Swift version: 6.4
Building package at path: $PWD
https://github.com/edonv/SwiftUIWebKit.git
Command line invocation:
/Applications/Xcode-27.0.0-Release.Candidate.app/Contents/Developer/usr/bin/xcodebuild -IDEClonedSourcePackagesDirPathOverride=/Users/admin/builder/spi-builder-workspace/.dependencies -resolvePackageDependencies
Resolve Package Graph
Resolve Package Graph
Resolved source packages:
SwiftUIWebKit: /Users/admin/builder/spi-builder-workspace
resolved source packages: SwiftUIWebKit
2026-09-20 07:46:24.892 xcodebuild[529:3045] [MT] IDERunDestination: Supported platforms for the buildables in the current scheme is empty.
{
"dependencies" : [
],
"manifest_display_name" : "SwiftUIWebKit",
"name" : "SwiftUIWebKit",
"path" : "/Users/admin/builder/spi-builder-workspace",
"platforms" : [
{
"name" : "ios",
"version" : "13.0"
},
{
"name" : "maccatalyst",
"version" : "13.0"
},
{
"name" : "macos",
"version" : "10.15"
},
{
"name" : "visionos",
"version" : "1.0"
}
],
"products" : [
{
"name" : "SwiftUIWebKit",
"targets" : [
"SwiftUIWebKit"
],
"type" : {
"library" : [
"automatic"
]
}
}
],
"targets" : [
{
"c99name" : "SwiftUIWebKitTests",
"module_type" : "SwiftTarget",
"name" : "SwiftUIWebKitTests",
"path" : "Tests/SwiftUIWebKitTests",
"sources" : [
"SwiftUIWebKitTests.swift"
],
"target_dependencies" : [
"SwiftUIWebKit"
],
"type" : "test"
},
{
"c99name" : "SwiftUIWebKit",
"module_type" : "SwiftTarget",
"name" : "SwiftUIWebKit",
"path" : "Sources/SwiftUIWebKit",
"product_memberships" : [
"SwiftUIWebKit"
],
"sources" : [
"Helper Types/LoadRequest.swift",
"Helper Types/WebViewLoadingProgressViewStyle.swift",
"WebView+Delegate.swift",
"WebView+Representable.swift",
"WebView.swift",
"WebViewReloadButton.swift",
"WebViewTest.swift"
],
"type" : "library"
}
],
"tools_version" : "5.9"
}
{
"workspace" : {
"name" : "SwiftUIWebKit",
"schemes" : [
"SwiftUIWebKit"
]
}
}
2026-09-20 07:46:56.609 xcodebuild[626:3855] [MT] IDERunDestination: Supported platforms for the buildables in the current scheme is empty.
Running build ...
env DEVELOPER_DIR=/Applications/Xcode-27.0.0-Release.Candidate.app xcrun xcodebuild -IDEClonedSourcePackagesDirPathOverride=$PWD/.dependencies -skipMacroValidation -skipPackagePluginValidation -derivedDataPath $PWD/.derivedData build -scheme SwiftUIWebKit -destination generic/platform=watchOS
Command line invocation:
/Applications/Xcode-27.0.0-Release.Candidate.app/Contents/Developer/usr/bin/xcodebuild -IDEClonedSourcePackagesDirPathOverride=/Users/admin/builder/spi-builder-workspace/.dependencies -skipMacroValidation -skipPackagePluginValidation -derivedDataPath /Users/admin/builder/spi-builder-workspace/.derivedData build -scheme SwiftUIWebKit -destination generic/platform=watchOS
Resolve Package Graph
Resolved source packages:
SwiftUIWebKit: /Users/admin/builder/spi-builder-workspace
ComputePackagePrebuildTargetDependencyGraph
Prepare packages
CreateBuildRequest
SendProjectDescription
CreateBuildOperation
ComputeTargetDependencyGraph
note: Building targets in dependency order
note: Target dependency graph (2 targets)
Target 'SwiftUIWebKit-product' in project 'SwiftUIWebKit'
➜ Explicit dependency on target 'SwiftUIWebKit' in project 'SwiftUIWebKit'
Target 'SwiftUIWebKit' in project 'SwiftUIWebKit' (no dependencies)
GatherProvisioningInputs
CreateBuildDescription
ExecuteExternalTool /Applications/Xcode-27.0.0-Release.Candidate.app/Contents/Developer/Toolchains/XcodeDefault.xctoolchain/usr/bin/clang -v -E -dM -isysroot /Applications/Xcode-27.0.0-Release.Candidate.app/Contents/Developer/Platforms/WatchOS.platform/Developer/SDKs/WatchOS27.0.sdk -x c -c /dev/null
ExecuteExternalTool /Applications/Xcode-27.0.0-Release.Candidate.app/Contents/Developer/Toolchains/XcodeDefault.xctoolchain/usr/bin/swiftc --version
ExecuteExternalTool /Applications/Xcode-27.0.0-Release.Candidate.app/Contents/Developer/Toolchains/XcodeDefault.xctoolchain/usr/bin/ld -version_details
Build description signature: 7828aef7d3c5912dbc88d5c8652f2554
Build description path: /Users/admin/builder/spi-builder-workspace/.derivedData/Build/Intermediates.noindex/XCBuildData/7828aef7d3c5912dbc88d5c8652f2554.xcbuilddata
CreateBuildDirectory /Users/admin/builder/spi-builder-workspace/.derivedData/SDKExplicitPrecompiledModules
cd /Users/admin/builder/spi-builder-workspace/.swiftpm/xcode
builtin-create-build-directory /Users/admin/builder/spi-builder-workspace/.derivedData/SDKExplicitPrecompiledModules
CreateBuildDirectory /Users/admin/builder/spi-builder-workspace/.derivedData/ModuleCache.noindex
cd /Users/admin/builder/spi-builder-workspace/.swiftpm/xcode
builtin-create-build-directory /Users/admin/builder/spi-builder-workspace/.derivedData/ModuleCache.noindex
CreateBuildDirectory /Users/admin/builder/spi-builder-workspace/.derivedData/CompilationCache.noindex
cd /Users/admin/builder/spi-builder-workspace/.swiftpm/xcode
builtin-create-build-directory /Users/admin/builder/spi-builder-workspace/.derivedData/CompilationCache.noindex
CreateBuildDirectory /Users/admin/builder/spi-builder-workspace/.derivedData/Build/Intermediates.noindex
cd /Users/admin/builder/spi-builder-workspace/.swiftpm/xcode
builtin-create-build-directory /Users/admin/builder/spi-builder-workspace/.derivedData/Build/Intermediates.noindex
CreateBuildDirectory /Users/admin/builder/spi-builder-workspace/.derivedData/Build/Products
cd /Users/admin/builder/spi-builder-workspace/.swiftpm/xcode
builtin-create-build-directory /Users/admin/builder/spi-builder-workspace/.derivedData/Build/Products
ClangStatCache /Applications/Xcode-27.0.0-Release.Candidate.app/Contents/Developer/Toolchains/XcodeDefault.xctoolchain/usr/bin/clang-stat-cache /Applications/Xcode-27.0.0-Release.Candidate.app/Contents/Developer/Platforms/WatchOS.platform/Developer/SDKs/WatchOS27.0.sdk /Users/admin/builder/spi-builder-workspace/.derivedData/SDKStatCaches.noindex/watchos27.0-24R360-e829b21a6f8c9b70876ba0858053c04477534ef55a1706bf4c1112bbb242f0a2.sdkstatcache
cd /Users/admin/builder/spi-builder-workspace/.swiftpm/xcode
/Applications/Xcode-27.0.0-Release.Candidate.app/Contents/Developer/Toolchains/XcodeDefault.xctoolchain/usr/bin/clang-stat-cache /Applications/Xcode-27.0.0-Release.Candidate.app/Contents/Developer/Platforms/WatchOS.platform/Developer/SDKs/WatchOS27.0.sdk -o /Users/admin/builder/spi-builder-workspace/.derivedData/SDKStatCaches.noindex/watchos27.0-24R360-e829b21a6f8c9b70876ba0858053c04477534ef55a1706bf4c1112bbb242f0a2.sdkstatcache
CreateBuildDirectory /Users/admin/builder/spi-builder-workspace/.derivedData/Build/Intermediates.noindex/SwiftExplicitPrecompiledModules
cd /Users/admin/builder/spi-builder-workspace/.swiftpm/xcode
builtin-create-build-directory /Users/admin/builder/spi-builder-workspace/.derivedData/Build/Intermediates.noindex/SwiftExplicitPrecompiledModules
CreateBuildDirectory /Users/admin/builder/spi-builder-workspace/.derivedData/Build/Intermediates.noindex/PrecompiledHeaders
cd /Users/admin/builder/spi-builder-workspace/.swiftpm/xcode
builtin-create-build-directory /Users/admin/builder/spi-builder-workspace/.derivedData/Build/Intermediates.noindex/PrecompiledHeaders
CreateBuildDirectory /Users/admin/builder/spi-builder-workspace/.derivedData/Build/Intermediates.noindex/ExplicitPrecompiledModules
cd /Users/admin/builder/spi-builder-workspace/.swiftpm/xcode
builtin-create-build-directory /Users/admin/builder/spi-builder-workspace/.derivedData/Build/Intermediates.noindex/ExplicitPrecompiledModules
CreateBuildDirectory /Users/admin/builder/spi-builder-workspace/.derivedData/Build/Intermediates.noindex/EagerLinkingTBDs/Debug-watchos
cd /Users/admin/builder/spi-builder-workspace/.swiftpm/xcode
builtin-create-build-directory /Users/admin/builder/spi-builder-workspace/.derivedData/Build/Intermediates.noindex/EagerLinkingTBDs/Debug-watchos
CreateBuildDirectory /Users/admin/builder/spi-builder-workspace/.derivedData/Build/Products/Debug-watchos
cd /Users/admin/builder/spi-builder-workspace/.swiftpm/xcode
builtin-create-build-directory /Users/admin/builder/spi-builder-workspace/.derivedData/Build/Products/Debug-watchos
CreateBuildDirectory /Users/admin/builder/spi-builder-workspace/.derivedData/Build/Products/Debug-watchos/PackageFrameworks
cd /Users/admin/builder/spi-builder-workspace/.swiftpm/xcode
builtin-create-build-directory /Users/admin/builder/spi-builder-workspace/.derivedData/Build/Products/Debug-watchos/PackageFrameworks
WriteAuxiliaryFile /Users/admin/builder/spi-builder-workspace/.derivedData/Build/Intermediates.noindex/SwiftUIWebKit.build/Debug-watchos/SwiftUIWebKit-t.build/SwiftUIWebKit.DependencyMetadataFileList (in target 'SwiftUIWebKit' from project 'SwiftUIWebKit')
cd /Users/admin/builder/spi-builder-workspace
write-file /Users/admin/builder/spi-builder-workspace/.derivedData/Build/Intermediates.noindex/SwiftUIWebKit.build/Debug-watchos/SwiftUIWebKit-t.build/SwiftUIWebKit.DependencyMetadataFileList
WriteAuxiliaryFile /Users/admin/builder/spi-builder-workspace/.derivedData/Build/Intermediates.noindex/SwiftUIWebKit.build/Debug-watchos/SwiftUIWebKit-t.build/SwiftUIWebKit.modulemap (in target 'SwiftUIWebKit' from project 'SwiftUIWebKit')
cd /Users/admin/builder/spi-builder-workspace
write-file /Users/admin/builder/spi-builder-workspace/.derivedData/Build/Intermediates.noindex/SwiftUIWebKit.build/Debug-watchos/SwiftUIWebKit-t.build/SwiftUIWebKit.modulemap
WriteAuxiliaryFile /Users/admin/builder/spi-builder-workspace/.derivedData/Build/Intermediates.noindex/SwiftUIWebKit.build/Debug-watchos/SwiftUIWebKit-t.build/SwiftUIWebKit.DependencyStaticMetadataFileList (in target 'SwiftUIWebKit' from project 'SwiftUIWebKit')
cd /Users/admin/builder/spi-builder-workspace
write-file /Users/admin/builder/spi-builder-workspace/.derivedData/Build/Intermediates.noindex/SwiftUIWebKit.build/Debug-watchos/SwiftUIWebKit-t.build/SwiftUIWebKit.DependencyStaticMetadataFileList
WriteAuxiliaryFile /Users/admin/builder/spi-builder-workspace/.derivedData/Build/Intermediates.noindex/SwiftUIWebKit.build/Debug-watchos/SwiftUIWebKit-t.build/Objects-normal/arm64_32/SwiftUIWebKit-OutputFileMap.json (in target 'SwiftUIWebKit' from project 'SwiftUIWebKit')
cd /Users/admin/builder/spi-builder-workspace
write-file /Users/admin/builder/spi-builder-workspace/.derivedData/Build/Intermediates.noindex/SwiftUIWebKit.build/Debug-watchos/SwiftUIWebKit-t.build/Objects-normal/arm64_32/SwiftUIWebKit-OutputFileMap.json
WriteAuxiliaryFile /Users/admin/builder/spi-builder-workspace/.derivedData/Build/Intermediates.noindex/SwiftUIWebKit.build/Debug-watchos/SwiftUIWebKit-t.build/Objects-normal/arm64_32/SwiftUIWebKit.SwiftConstValuesFileList (in target 'SwiftUIWebKit' from project 'SwiftUIWebKit')
cd /Users/admin/builder/spi-builder-workspace
write-file /Users/admin/builder/spi-builder-workspace/.derivedData/Build/Intermediates.noindex/SwiftUIWebKit.build/Debug-watchos/SwiftUIWebKit-t.build/Objects-normal/arm64_32/SwiftUIWebKit.SwiftConstValuesFileList
WriteAuxiliaryFile /Users/admin/builder/spi-builder-workspace/.derivedData/Build/Intermediates.noindex/SwiftUIWebKit.build/Debug-watchos/SwiftUIWebKit-t.build/Objects-normal/arm64_32/SwiftUIWebKit_const_extract_protocols.json (in target 'SwiftUIWebKit' from project 'SwiftUIWebKit')
cd /Users/admin/builder/spi-builder-workspace
write-file /Users/admin/builder/spi-builder-workspace/.derivedData/Build/Intermediates.noindex/SwiftUIWebKit.build/Debug-watchos/SwiftUIWebKit-t.build/Objects-normal/arm64_32/SwiftUIWebKit_const_extract_protocols.json
WriteAuxiliaryFile /Users/admin/builder/spi-builder-workspace/.derivedData/Build/Intermediates.noindex/SwiftUIWebKit.build/Debug-watchos/SwiftUIWebKit-t.build/Objects-normal/arm64_32/SwiftUIWebKit.SwiftFileList (in target 'SwiftUIWebKit' from project 'SwiftUIWebKit')
cd /Users/admin/builder/spi-builder-workspace
write-file /Users/admin/builder/spi-builder-workspace/.derivedData/Build/Intermediates.noindex/SwiftUIWebKit.build/Debug-watchos/SwiftUIWebKit-t.build/Objects-normal/arm64_32/SwiftUIWebKit.SwiftFileList
WriteAuxiliaryFile /Users/admin/builder/spi-builder-workspace/.derivedData/Build/Intermediates.noindex/SwiftUIWebKit.build/Debug-watchos/SwiftUIWebKit-t.build/Objects-normal/arm64_32/SwiftUIWebKit.LinkFileList (in target 'SwiftUIWebKit' from project 'SwiftUIWebKit')
cd /Users/admin/builder/spi-builder-workspace
write-file /Users/admin/builder/spi-builder-workspace/.derivedData/Build/Intermediates.noindex/SwiftUIWebKit.build/Debug-watchos/SwiftUIWebKit-t.build/Objects-normal/arm64_32/SwiftUIWebKit.LinkFileList
WriteAuxiliaryFile /Users/admin/builder/spi-builder-workspace/.derivedData/Build/Intermediates.noindex/SwiftUIWebKit.build/Debug-watchos/SwiftUIWebKit-t.build/Objects-normal/arm64/SwiftUIWebKit_const_extract_protocols.json (in target 'SwiftUIWebKit' from project 'SwiftUIWebKit')
cd /Users/admin/builder/spi-builder-workspace
write-file /Users/admin/builder/spi-builder-workspace/.derivedData/Build/Intermediates.noindex/SwiftUIWebKit.build/Debug-watchos/SwiftUIWebKit-t.build/Objects-normal/arm64/SwiftUIWebKit_const_extract_protocols.json
WriteAuxiliaryFile /Users/admin/builder/spi-builder-workspace/.derivedData/Build/Intermediates.noindex/SwiftUIWebKit.build/Debug-watchos/SwiftUIWebKit-t.build/Objects-normal/arm64/SwiftUIWebKit.SwiftFileList (in target 'SwiftUIWebKit' from project 'SwiftUIWebKit')
cd /Users/admin/builder/spi-builder-workspace
write-file /Users/admin/builder/spi-builder-workspace/.derivedData/Build/Intermediates.noindex/SwiftUIWebKit.build/Debug-watchos/SwiftUIWebKit-t.build/Objects-normal/arm64/SwiftUIWebKit.SwiftFileList
WriteAuxiliaryFile /Users/admin/builder/spi-builder-workspace/.derivedData/Build/Intermediates.noindex/SwiftUIWebKit.build/Debug-watchos/SwiftUIWebKit-t.build/Objects-normal/arm64/SwiftUIWebKit.SwiftConstValuesFileList (in target 'SwiftUIWebKit' from project 'SwiftUIWebKit')
cd /Users/admin/builder/spi-builder-workspace
write-file /Users/admin/builder/spi-builder-workspace/.derivedData/Build/Intermediates.noindex/SwiftUIWebKit.build/Debug-watchos/SwiftUIWebKit-t.build/Objects-normal/arm64/SwiftUIWebKit.SwiftConstValuesFileList
WriteAuxiliaryFile /Users/admin/builder/spi-builder-workspace/.derivedData/Build/Intermediates.noindex/SwiftUIWebKit.build/Debug-watchos/SwiftUIWebKit-t.build/Objects-normal/arm64/SwiftUIWebKit.LinkFileList (in target 'SwiftUIWebKit' from project 'SwiftUIWebKit')
cd /Users/admin/builder/spi-builder-workspace
write-file /Users/admin/builder/spi-builder-workspace/.derivedData/Build/Intermediates.noindex/SwiftUIWebKit.build/Debug-watchos/SwiftUIWebKit-t.build/Objects-normal/arm64/SwiftUIWebKit.LinkFileList
WriteAuxiliaryFile /Users/admin/builder/spi-builder-workspace/.derivedData/Build/Intermediates.noindex/SwiftUIWebKit.build/Debug-watchos/SwiftUIWebKit-t.build/Objects-normal/arm64/SwiftUIWebKit-OutputFileMap.json (in target 'SwiftUIWebKit' from project 'SwiftUIWebKit')
cd /Users/admin/builder/spi-builder-workspace
write-file /Users/admin/builder/spi-builder-workspace/.derivedData/Build/Intermediates.noindex/SwiftUIWebKit.build/Debug-watchos/SwiftUIWebKit-t.build/Objects-normal/arm64/SwiftUIWebKit-OutputFileMap.json
Copy /Users/admin/builder/spi-builder-workspace/.derivedData/Build/Intermediates.noindex/GeneratedModuleMaps-watchos/SwiftUIWebKit.modulemap /Users/admin/builder/spi-builder-workspace/.derivedData/Build/Intermediates.noindex/SwiftUIWebKit.build/Debug-watchos/SwiftUIWebKit-t.build/SwiftUIWebKit.modulemap (in target 'SwiftUIWebKit' from project 'SwiftUIWebKit')
cd /Users/admin/builder/spi-builder-workspace
builtin-copy -exclude .DS_Store -exclude CVS -exclude .svn -exclude .git -exclude .hg -resolve-src-symlinks /Users/admin/builder/spi-builder-workspace/.derivedData/Build/Intermediates.noindex/SwiftUIWebKit.build/Debug-watchos/SwiftUIWebKit-t.build/SwiftUIWebKit.modulemap /Users/admin/builder/spi-builder-workspace/.derivedData/Build/Intermediates.noindex/GeneratedModuleMaps-watchos
SwiftDriver SwiftUIWebKit normal arm64_32 com.apple.xcode.tools.swift.compiler (in target 'SwiftUIWebKit' from project 'SwiftUIWebKit')
cd /Users/admin/builder/spi-builder-workspace/.swiftpm/xcode
builtin-SwiftDriver -- /Applications/Xcode-27.0.0-Release.Candidate.app/Contents/Developer/Toolchains/XcodeDefault.xctoolchain/usr/bin/swiftc -parse-as-library -module-name SwiftUIWebKit -Onone @/Users/admin/builder/spi-builder-workspace/.derivedData/Build/Intermediates.noindex/SwiftUIWebKit.build/Debug-watchos/SwiftUIWebKit-t.build/Objects-normal/arm64_32/SwiftUIWebKit.SwiftFileList -DSWIFT_PACKAGE -DDEBUG -DSWIFT_MODULE_RESOURCE_BUNDLE_UNAVAILABLE -DXcode -plugin-path /Applications/Xcode-27.0.0-Release.Candidate.app/Contents/Developer/Toolchains/XcodeDefault.xctoolchain/usr/lib/swift/host/plugins/testing -enable-experimental-feature DebugDescriptionMacro -sdk /Applications/Xcode-27.0.0-Release.Candidate.app/Contents/Developer/Platforms/WatchOS.platform/Developer/SDKs/WatchOS27.0.sdk -target arm64_32-apple-watchos9.0 -g -module-cache-path /Users/admin/builder/spi-builder-workspace/.derivedData/ModuleCache.noindex -Xfrontend -serialize-debugging-options -profile-coverage-mapping -profile-generate -enable-testing -index-store-path /Users/admin/builder/spi-builder-workspace/.derivedData/Index.noindex/DataStore -Xcc -D_LIBCPP_HARDENING_MODE\=_LIBCPP_HARDENING_MODE_DEBUG -swift-version 5 -I /Users/admin/builder/spi-builder-workspace/.derivedData/Build/Products/Debug-watchos -Isystem /Applications/Xcode-27.0.0-Release.Candidate.app/Contents/Developer/Platforms/WatchOS.platform/Developer/usr/lib -F /Users/admin/builder/spi-builder-workspace/.derivedData/Build/Products/Debug-watchos -F /Applications/Xcode-27.0.0-Release.Candidate.app/Contents/Developer/Platforms/WatchOS.platform/Developer/Library/Frameworks -F /Applications/Xcode-27.0.0-Release.Candidate.app/Contents/Developer/Platforms/WatchOS.platform/Developer/SDKs/WatchOS27.0.sdk/Developer/Library/Frameworks -c -j10 -enable-batch-mode -incremental -Xcc -ivfsstatcache -Xcc /Users/admin/builder/spi-builder-workspace/.derivedData/SDKStatCaches.noindex/watchos27.0-24R360-e829b21a6f8c9b70876ba0858053c04477534ef55a1706bf4c1112bbb242f0a2.sdkstatcache -output-file-map /Users/admin/builder/spi-builder-workspace/.derivedData/Build/Intermediates.noindex/SwiftUIWebKit.build/Debug-watchos/SwiftUIWebKit-t.build/Objects-normal/arm64_32/SwiftUIWebKit-OutputFileMap.json -save-temps -no-color-diagnostics -explicit-module-build -module-cache-path /Users/admin/builder/spi-builder-workspace/.derivedData/Build/Intermediates.noindex/SwiftExplicitPrecompiledModules -clang-scanner-module-cache-path /Users/admin/builder/spi-builder-workspace/.derivedData/ModuleCache.noindex -sdk-module-cache-path /Users/admin/builder/spi-builder-workspace/.derivedData/SDKExplicitPrecompiledModules -emit-dependencies -emit-module -emit-module-path /Users/admin/builder/spi-builder-workspace/.derivedData/Build/Intermediates.noindex/SwiftUIWebKit.build/Debug-watchos/SwiftUIWebKit-t.build/Objects-normal/arm64_32/SwiftUIWebKit.swiftmodule -serialize-diagnostics -dependency-scan-serialize-diagnostics-path /Users/admin/builder/spi-builder-workspace/.derivedData/Build/Intermediates.noindex/SwiftUIWebKit.build/Debug-watchos/SwiftUIWebKit-t.build/Objects-normal/arm64_32/SwiftUIWebKit-dependency-scan.dia -validate-clang-modules-once -clang-build-session-file /Users/admin/builder/spi-builder-workspace/.derivedData/ModuleCache.noindex/Session.modulevalidation -Xcc -fmodules-prune-interval\=86400 -Xcc -fmodules-prune-after\=345600 -package-name spi_builder_workspace -emit-const-values -const-gather-protocols-list /Users/admin/builder/spi-builder-workspace/.derivedData/Build/Intermediates.noindex/SwiftUIWebKit.build/Debug-watchos/SwiftUIWebKit-t.build/Objects-normal/arm64_32/SwiftUIWebKit_const_extract_protocols.json -Xcc -I/Users/admin/builder/spi-builder-workspace/.derivedData/Build/Products/Debug-watchos/include -Xcc -I/Users/admin/builder/spi-builder-workspace/.derivedData/Build/Intermediates.noindex/SwiftUIWebKit.build/Debug-watchos/SwiftUIWebKit-t.build/DerivedSources-normal/arm64_32 -Xcc -I/Users/admin/builder/spi-builder-workspace/.derivedData/Build/Intermediates.noindex/SwiftUIWebKit.build/Debug-watchos/SwiftUIWebKit-t.build/DerivedSources/arm64_32 -Xcc -I/Users/admin/builder/spi-builder-workspace/.derivedData/Build/Intermediates.noindex/SwiftUIWebKit.build/Debug-watchos/SwiftUIWebKit-t.build/DerivedSources -Xcc -DSWIFT_PACKAGE -Xcc -DDEBUG\=1 -emit-objc-header -emit-objc-header-path /Users/admin/builder/spi-builder-workspace/.derivedData/Build/Intermediates.noindex/SwiftUIWebKit.build/Debug-watchos/SwiftUIWebKit-t.build/Objects-normal/arm64_32/SwiftUIWebKit-Swift.h -working-directory /Users/admin/builder/spi-builder-workspace/.swiftpm/xcode -experimental-emit-module-separately -disable-cmo
/Users/admin/builder/spi-builder-workspace/Sources/SwiftUIWebKit/Helper Types/LoadRequest.swift:9:8: error: Unable to resolve module dependency: 'WebKit' (in target 'SwiftUIWebKit' from project 'SwiftUIWebKit')
note: A dependency of main module 'SwiftUIWebKit'
/Users/admin/builder/spi-builder-workspace/Sources/SwiftUIWebKit/WebView+Delegate.swift:9:8: note: Also imported here
/Users/admin/builder/spi-builder-workspace/Sources/SwiftUIWebKit/WebView+Representable.swift:9:8: note: Also imported here
/Users/admin/builder/spi-builder-workspace/Sources/SwiftUIWebKit/WebView.swift:9:8: note: Also imported here
/Users/admin/builder/spi-builder-workspace/Sources/SwiftUIWebKit/WebViewTest.swift:9:8: note: Also imported here
/Users/admin/builder/spi-builder-workspace/Sources/SwiftUIWebKit/Helper Types/LoadRequest.swift:9:8: note: A dependency of main module 'SwiftUIWebKit'
import WebKit
^ (in target 'SwiftUIWebKit' from project 'SwiftUIWebKit')
/Users/admin/builder/spi-builder-workspace/Sources/SwiftUIWebKit/WebView+Delegate.swift:9:8: note: Also imported here
import WebKit
^ (in target 'SwiftUIWebKit' from project 'SwiftUIWebKit')
/Users/admin/builder/spi-builder-workspace/Sources/SwiftUIWebKit/WebView+Representable.swift:9:8: note: Also imported here
import WebKit
^ (in target 'SwiftUIWebKit' from project 'SwiftUIWebKit')
/Users/admin/builder/spi-builder-workspace/Sources/SwiftUIWebKit/WebView.swift:9:8: note: Also imported here
import WebKit
^ (in target 'SwiftUIWebKit' from project 'SwiftUIWebKit')
/Users/admin/builder/spi-builder-workspace/Sources/SwiftUIWebKit/WebViewTest.swift:9:8: note: Also imported here
import WebKit
^ (in target 'SwiftUIWebKit' from project 'SwiftUIWebKit')
SwiftDriver SwiftUIWebKit normal arm64 com.apple.xcode.tools.swift.compiler (in target 'SwiftUIWebKit' from project 'SwiftUIWebKit')
cd /Users/admin/builder/spi-builder-workspace/.swiftpm/xcode
builtin-SwiftDriver -- /Applications/Xcode-27.0.0-Release.Candidate.app/Contents/Developer/Toolchains/XcodeDefault.xctoolchain/usr/bin/swiftc -parse-as-library -module-name SwiftUIWebKit -Onone @/Users/admin/builder/spi-builder-workspace/.derivedData/Build/Intermediates.noindex/SwiftUIWebKit.build/Debug-watchos/SwiftUIWebKit-t.build/Objects-normal/arm64/SwiftUIWebKit.SwiftFileList -DSWIFT_PACKAGE -DDEBUG -DSWIFT_MODULE_RESOURCE_BUNDLE_UNAVAILABLE -DXcode -plugin-path /Applications/Xcode-27.0.0-Release.Candidate.app/Contents/Developer/Toolchains/XcodeDefault.xctoolchain/usr/lib/swift/host/plugins/testing -enable-experimental-feature DebugDescriptionMacro -sdk /Applications/Xcode-27.0.0-Release.Candidate.app/Contents/Developer/Platforms/WatchOS.platform/Developer/SDKs/WatchOS27.0.sdk -target arm64-apple-watchos9.0 -g -module-cache-path /Users/admin/builder/spi-builder-workspace/.derivedData/ModuleCache.noindex -Xfrontend -serialize-debugging-options -profile-coverage-mapping -profile-generate -enable-testing -index-store-path /Users/admin/builder/spi-builder-workspace/.derivedData/Index.noindex/DataStore -Xcc -D_LIBCPP_HARDENING_MODE\=_LIBCPP_HARDENING_MODE_DEBUG -swift-version 5 -I /Users/admin/builder/spi-builder-workspace/.derivedData/Build/Products/Debug-watchos -Isystem /Applications/Xcode-27.0.0-Release.Candidate.app/Contents/Developer/Platforms/WatchOS.platform/Developer/usr/lib -F /Users/admin/builder/spi-builder-workspace/.derivedData/Build/Products/Debug-watchos -F /Applications/Xcode-27.0.0-Release.Candidate.app/Contents/Developer/Platforms/WatchOS.platform/Developer/Library/Frameworks -F /Applications/Xcode-27.0.0-Release.Candidate.app/Contents/Developer/Platforms/WatchOS.platform/Developer/SDKs/WatchOS27.0.sdk/Developer/Library/Frameworks -c -j10 -enable-batch-mode -incremental -Xcc -ivfsstatcache -Xcc /Users/admin/builder/spi-builder-workspace/.derivedData/SDKStatCaches.noindex/watchos27.0-24R360-e829b21a6f8c9b70876ba0858053c04477534ef55a1706bf4c1112bbb242f0a2.sdkstatcache -output-file-map /Users/admin/builder/spi-builder-workspace/.derivedData/Build/Intermediates.noindex/SwiftUIWebKit.build/Debug-watchos/SwiftUIWebKit-t.build/Objects-normal/arm64/SwiftUIWebKit-OutputFileMap.json -save-temps -no-color-diagnostics -explicit-module-build -module-cache-path /Users/admin/builder/spi-builder-workspace/.derivedData/Build/Intermediates.noindex/SwiftExplicitPrecompiledModules -clang-scanner-module-cache-path /Users/admin/builder/spi-builder-workspace/.derivedData/ModuleCache.noindex -sdk-module-cache-path /Users/admin/builder/spi-builder-workspace/.derivedData/SDKExplicitPrecompiledModules -emit-dependencies -emit-module -emit-module-path /Users/admin/builder/spi-builder-workspace/.derivedData/Build/Intermediates.noindex/SwiftUIWebKit.build/Debug-watchos/SwiftUIWebKit-t.build/Objects-normal/arm64/SwiftUIWebKit.swiftmodule -serialize-diagnostics -dependency-scan-serialize-diagnostics-path /Users/admin/builder/spi-builder-workspace/.derivedData/Build/Intermediates.noindex/SwiftUIWebKit.build/Debug-watchos/SwiftUIWebKit-t.build/Objects-normal/arm64/SwiftUIWebKit-dependency-scan.dia -validate-clang-modules-once -clang-build-session-file /Users/admin/builder/spi-builder-workspace/.derivedData/ModuleCache.noindex/Session.modulevalidation -Xcc -fmodules-prune-interval\=86400 -Xcc -fmodules-prune-after\=345600 -package-name spi_builder_workspace -emit-const-values -const-gather-protocols-list /Users/admin/builder/spi-builder-workspace/.derivedData/Build/Intermediates.noindex/SwiftUIWebKit.build/Debug-watchos/SwiftUIWebKit-t.build/Objects-normal/arm64/SwiftUIWebKit_const_extract_protocols.json -Xcc -I/Users/admin/builder/spi-builder-workspace/.derivedData/Build/Products/Debug-watchos/include -Xcc -I/Users/admin/builder/spi-builder-workspace/.derivedData/Build/Intermediates.noindex/SwiftUIWebKit.build/Debug-watchos/SwiftUIWebKit-t.build/DerivedSources-normal/arm64 -Xcc -I/Users/admin/builder/spi-builder-workspace/.derivedData/Build/Intermediates.noindex/SwiftUIWebKit.build/Debug-watchos/SwiftUIWebKit-t.build/DerivedSources/arm64 -Xcc -I/Users/admin/builder/spi-builder-workspace/.derivedData/Build/Intermediates.noindex/SwiftUIWebKit.build/Debug-watchos/SwiftUIWebKit-t.build/DerivedSources -Xcc -DSWIFT_PACKAGE -Xcc -DDEBUG\=1 -emit-objc-header -emit-objc-header-path /Users/admin/builder/spi-builder-workspace/.derivedData/Build/Intermediates.noindex/SwiftUIWebKit.build/Debug-watchos/SwiftUIWebKit-t.build/Objects-normal/arm64/SwiftUIWebKit-Swift.h -working-directory /Users/admin/builder/spi-builder-workspace/.swiftpm/xcode -experimental-emit-module-separately -disable-cmo
/Users/admin/builder/spi-builder-workspace/Sources/SwiftUIWebKit/Helper Types/LoadRequest.swift:9:8: error: Unable to resolve module dependency: 'WebKit' (in target 'SwiftUIWebKit' from project 'SwiftUIWebKit')
note: A dependency of main module 'SwiftUIWebKit'
/Users/admin/builder/spi-builder-workspace/Sources/SwiftUIWebKit/WebView+Delegate.swift:9:8: note: Also imported here
/Users/admin/builder/spi-builder-workspace/Sources/SwiftUIWebKit/WebView+Representable.swift:9:8: note: Also imported here
/Users/admin/builder/spi-builder-workspace/Sources/SwiftUIWebKit/WebView.swift:9:8: note: Also imported here
/Users/admin/builder/spi-builder-workspace/Sources/SwiftUIWebKit/WebViewTest.swift:9:8: note: Also imported here
/Users/admin/builder/spi-builder-workspace/Sources/SwiftUIWebKit/Helper Types/LoadRequest.swift:9:8: note: A dependency of main module 'SwiftUIWebKit'
import WebKit
^ (in target 'SwiftUIWebKit' from project 'SwiftUIWebKit')
/Users/admin/builder/spi-builder-workspace/Sources/SwiftUIWebKit/WebView+Delegate.swift:9:8: note: Also imported here
import WebKit
^ (in target 'SwiftUIWebKit' from project 'SwiftUIWebKit')
/Users/admin/builder/spi-builder-workspace/Sources/SwiftUIWebKit/WebView+Representable.swift:9:8: note: Also imported here
import WebKit
^ (in target 'SwiftUIWebKit' from project 'SwiftUIWebKit')
/Users/admin/builder/spi-builder-workspace/Sources/SwiftUIWebKit/WebView.swift:9:8: note: Also imported here
import WebKit
^ (in target 'SwiftUIWebKit' from project 'SwiftUIWebKit')
/Users/admin/builder/spi-builder-workspace/Sources/SwiftUIWebKit/WebViewTest.swift:9:8: note: Also imported here
import WebKit
^ (in target 'SwiftUIWebKit' from project 'SwiftUIWebKit')
PruneExplicitPrecompiledModules /Users/admin/builder/spi-builder-workspace/.derivedData/Build/Intermediates.noindex/SwiftExplicitPrecompiledModules
PruneExplicitPrecompiledModules /Users/admin/builder/spi-builder-workspace/.derivedData/Build/Intermediates.noindex/ExplicitPrecompiledModules
PruneExplicitPrecompiledModules /Users/admin/builder/spi-builder-workspace/.derivedData/SDKExplicitPrecompiledModules
2026-09-20 07:46:58.151 xcodebuild[627:3906] [MT] IDERunDestination: Supported platforms for the buildables in the current scheme is empty.
** BUILD FAILED **
The following build commands failed:
SwiftDriver SwiftUIWebKit normal arm64_32 com.apple.xcode.tools.swift.compiler (in target 'SwiftUIWebKit' from project 'SwiftUIWebKit')
SwiftDriver SwiftUIWebKit normal arm64 com.apple.xcode.tools.swift.compiler (in target 'SwiftUIWebKit' from project 'SwiftUIWebKit')
Building workspace SwiftUIWebKit with scheme SwiftUIWebKit
(3 failures)
Command line invocation:
/Applications/Xcode-27.0.0-Release.Candidate.app/Contents/Developer/usr/bin/xcodebuild -IDEClonedSourcePackagesDirPathOverride=/Users/admin/builder/spi-builder-workspace/.dependencies -resolvePackageDependencies
Resolve Package Graph
Resolved source packages:
SwiftUIWebKit: /Users/admin/builder/spi-builder-workspace
resolved source packages: SwiftUIWebKit
2026-09-20 07:47:01.833 xcodebuild[662:4315] [MT] IDERunDestination: Supported platforms for the buildables in the current scheme is empty.
{
"dependencies" : [
],
"manifest_display_name" : "SwiftUIWebKit",
"name" : "SwiftUIWebKit",
"path" : "/Users/admin/builder/spi-builder-workspace",
"platforms" : [
{
"name" : "ios",
"version" : "13.0"
},
{
"name" : "maccatalyst",
"version" : "13.0"
},
{
"name" : "macos",
"version" : "10.15"
},
{
"name" : "visionos",
"version" : "1.0"
}
],
"products" : [
{
"name" : "SwiftUIWebKit",
"targets" : [
"SwiftUIWebKit"
],
"type" : {
"library" : [
"automatic"
]
}
}
],
"targets" : [
{
"c99name" : "SwiftUIWebKitTests",
"module_type" : "SwiftTarget",
"name" : "SwiftUIWebKitTests",
"path" : "Tests/SwiftUIWebKitTests",
"sources" : [
"SwiftUIWebKitTests.swift"
],
"target_dependencies" : [
"SwiftUIWebKit"
],
"type" : "test"
},
{
"c99name" : "SwiftUIWebKit",
"module_type" : "SwiftTarget",
"name" : "SwiftUIWebKit",
"path" : "Sources/SwiftUIWebKit",
"product_memberships" : [
"SwiftUIWebKit"
],
"sources" : [
"Helper Types/LoadRequest.swift",
"Helper Types/WebViewLoadingProgressViewStyle.swift",
"WebView+Delegate.swift",
"WebView+Representable.swift",
"WebView.swift",
"WebViewReloadButton.swift",
"WebViewTest.swift"
],
"type" : "library"
}
],
"tools_version" : "5.9"
}
{
"workspace" : {
"name" : "SwiftUIWebKit",
"schemes" : [
"SwiftUIWebKit"
]
}
}
2026-09-20 07:47:03.108 xcodebuild[671:4399] [MT] IDERunDestination: Supported platforms for the buildables in the current scheme is empty.
Running build ...
env DEVELOPER_DIR=/Applications/Xcode-27.0.0-Release.Candidate.app xcrun xcodebuild -IDEClonedSourcePackagesDirPathOverride=$PWD/.dependencies -skipMacroValidation -skipPackagePluginValidation -derivedDataPath $PWD/.derivedData build -scheme SwiftUIWebKit -destination generic/platform=watchOS
Command line invocation:
/Applications/Xcode-27.0.0-Release.Candidate.app/Contents/Developer/usr/bin/xcodebuild -IDEClonedSourcePackagesDirPathOverride=/Users/admin/builder/spi-builder-workspace/.dependencies -skipMacroValidation -skipPackagePluginValidation -derivedDataPath /Users/admin/builder/spi-builder-workspace/.derivedData build -scheme SwiftUIWebKit -destination generic/platform=watchOS
Resolve Package Graph
Resolved source packages:
SwiftUIWebKit: /Users/admin/builder/spi-builder-workspace
ComputePackagePrebuildTargetDependencyGraph
Prepare packages
CreateBuildRequest
SendProjectDescription
CreateBuildOperation
ComputeTargetDependencyGraph
note: Building targets in dependency order
note: Target dependency graph (2 targets)
Target 'SwiftUIWebKit-product' in project 'SwiftUIWebKit'
➜ Explicit dependency on target 'SwiftUIWebKit' in project 'SwiftUIWebKit'
Target 'SwiftUIWebKit' in project 'SwiftUIWebKit' (no dependencies)
GatherProvisioningInputs
CreateBuildDescription
ClangStatCache /Applications/Xcode-27.0.0-Release.Candidate.app/Contents/Developer/Toolchains/XcodeDefault.xctoolchain/usr/bin/clang-stat-cache /Applications/Xcode-27.0.0-Release.Candidate.app/Contents/Developer/Platforms/WatchOS.platform/Developer/SDKs/WatchOS27.0.sdk /Users/admin/builder/spi-builder-workspace/.derivedData/SDKStatCaches.noindex/watchos27.0-24R360-e829b21a6f8c9b70876ba0858053c04477534ef55a1706bf4c1112bbb242f0a2.sdkstatcache
cd /Users/admin/builder/spi-builder-workspace/.swiftpm/xcode
/Applications/Xcode-27.0.0-Release.Candidate.app/Contents/Developer/Toolchains/XcodeDefault.xctoolchain/usr/bin/clang-stat-cache /Applications/Xcode-27.0.0-Release.Candidate.app/Contents/Developer/Platforms/WatchOS.platform/Developer/SDKs/WatchOS27.0.sdk -o /Users/admin/builder/spi-builder-workspace/.derivedData/SDKStatCaches.noindex/watchos27.0-24R360-e829b21a6f8c9b70876ba0858053c04477534ef55a1706bf4c1112bbb242f0a2.sdkstatcache
SwiftDriver SwiftUIWebKit normal arm64_32 com.apple.xcode.tools.swift.compiler (in target 'SwiftUIWebKit' from project 'SwiftUIWebKit')
cd /Users/admin/builder/spi-builder-workspace/.swiftpm/xcode
builtin-SwiftDriver -- /Applications/Xcode-27.0.0-Release.Candidate.app/Contents/Developer/Toolchains/XcodeDefault.xctoolchain/usr/bin/swiftc -parse-as-library -module-name SwiftUIWebKit -Onone @/Users/admin/builder/spi-builder-workspace/.derivedData/Build/Intermediates.noindex/SwiftUIWebKit.build/Debug-watchos/SwiftUIWebKit-t.build/Objects-normal/arm64_32/SwiftUIWebKit.SwiftFileList -DSWIFT_PACKAGE -DDEBUG -DSWIFT_MODULE_RESOURCE_BUNDLE_UNAVAILABLE -DXcode -plugin-path /Applications/Xcode-27.0.0-Release.Candidate.app/Contents/Developer/Toolchains/XcodeDefault.xctoolchain/usr/lib/swift/host/plugins/testing -enable-experimental-feature DebugDescriptionMacro -sdk /Applications/Xcode-27.0.0-Release.Candidate.app/Contents/Developer/Platforms/WatchOS.platform/Developer/SDKs/WatchOS27.0.sdk -target arm64_32-apple-watchos9.0 -g -module-cache-path /Users/admin/builder/spi-builder-workspace/.derivedData/ModuleCache.noindex -Xfrontend -serialize-debugging-options -profile-coverage-mapping -profile-generate -enable-testing -index-store-path /Users/admin/builder/spi-builder-workspace/.derivedData/Index.noindex/DataStore -Xcc -D_LIBCPP_HARDENING_MODE\=_LIBCPP_HARDENING_MODE_DEBUG -swift-version 5 -I /Users/admin/builder/spi-builder-workspace/.derivedData/Build/Products/Debug-watchos -Isystem /Applications/Xcode-27.0.0-Release.Candidate.app/Contents/Developer/Platforms/WatchOS.platform/Developer/usr/lib -F /Users/admin/builder/spi-builder-workspace/.derivedData/Build/Products/Debug-watchos -F /Applications/Xcode-27.0.0-Release.Candidate.app/Contents/Developer/Platforms/WatchOS.platform/Developer/Library/Frameworks -F /Applications/Xcode-27.0.0-Release.Candidate.app/Contents/Developer/Platforms/WatchOS.platform/Developer/SDKs/WatchOS27.0.sdk/Developer/Library/Frameworks -c -j10 -enable-batch-mode -incremental -Xcc -ivfsstatcache -Xcc /Users/admin/builder/spi-builder-workspace/.derivedData/SDKStatCaches.noindex/watchos27.0-24R360-e829b21a6f8c9b70876ba0858053c04477534ef55a1706bf4c1112bbb242f0a2.sdkstatcache -output-file-map /Users/admin/builder/spi-builder-workspace/.derivedData/Build/Intermediates.noindex/SwiftUIWebKit.build/Debug-watchos/SwiftUIWebKit-t.build/Objects-normal/arm64_32/SwiftUIWebKit-OutputFileMap.json -save-temps -no-color-diagnostics -explicit-module-build -module-cache-path /Users/admin/builder/spi-builder-workspace/.derivedData/Build/Intermediates.noindex/SwiftExplicitPrecompiledModules -clang-scanner-module-cache-path /Users/admin/builder/spi-builder-workspace/.derivedData/ModuleCache.noindex -sdk-module-cache-path /Users/admin/builder/spi-builder-workspace/.derivedData/SDKExplicitPrecompiledModules -emit-dependencies -emit-module -emit-module-path /Users/admin/builder/spi-builder-workspace/.derivedData/Build/Intermediates.noindex/SwiftUIWebKit.build/Debug-watchos/SwiftUIWebKit-t.build/Objects-normal/arm64_32/SwiftUIWebKit.swiftmodule -serialize-diagnostics -dependency-scan-serialize-diagnostics-path /Users/admin/builder/spi-builder-workspace/.derivedData/Build/Intermediates.noindex/SwiftUIWebKit.build/Debug-watchos/SwiftUIWebKit-t.build/Objects-normal/arm64_32/SwiftUIWebKit-dependency-scan.dia -validate-clang-modules-once -clang-build-session-file /Users/admin/builder/spi-builder-workspace/.derivedData/ModuleCache.noindex/Session.modulevalidation -Xcc -fmodules-prune-interval\=86400 -Xcc -fmodules-prune-after\=345600 -package-name spi_builder_workspace -emit-const-values -const-gather-protocols-list /Users/admin/builder/spi-builder-workspace/.derivedData/Build/Intermediates.noindex/SwiftUIWebKit.build/Debug-watchos/SwiftUIWebKit-t.build/Objects-normal/arm64_32/SwiftUIWebKit_const_extract_protocols.json -Xcc -I/Users/admin/builder/spi-builder-workspace/.derivedData/Build/Products/Debug-watchos/include -Xcc -I/Users/admin/builder/spi-builder-workspace/.derivedData/Build/Intermediates.noindex/SwiftUIWebKit.build/Debug-watchos/SwiftUIWebKit-t.build/DerivedSources-normal/arm64_32 -Xcc -I/Users/admin/builder/spi-builder-workspace/.derivedData/Build/Intermediates.noindex/SwiftUIWebKit.build/Debug-watchos/SwiftUIWebKit-t.build/DerivedSources/arm64_32 -Xcc -I/Users/admin/builder/spi-builder-workspace/.derivedData/Build/Intermediates.noindex/SwiftUIWebKit.build/Debug-watchos/SwiftUIWebKit-t.build/DerivedSources -Xcc -DSWIFT_PACKAGE -Xcc -DDEBUG\=1 -emit-objc-header -emit-objc-header-path /Users/admin/builder/spi-builder-workspace/.derivedData/Build/Intermediates.noindex/SwiftUIWebKit.build/Debug-watchos/SwiftUIWebKit-t.build/Objects-normal/arm64_32/SwiftUIWebKit-Swift.h -working-directory /Users/admin/builder/spi-builder-workspace/.swiftpm/xcode -experimental-emit-module-separately -disable-cmo
/Users/admin/builder/spi-builder-workspace/Sources/SwiftUIWebKit/Helper Types/LoadRequest.swift:9:8: error: Unable to resolve module dependency: 'WebKit' (in target 'SwiftUIWebKit' from project 'SwiftUIWebKit')
note: A dependency of main module 'SwiftUIWebKit'
/Users/admin/builder/spi-builder-workspace/Sources/SwiftUIWebKit/WebView+Delegate.swift:9:8: note: Also imported here
/Users/admin/builder/spi-builder-workspace/Sources/SwiftUIWebKit/WebView+Representable.swift:9:8: note: Also imported here
/Users/admin/builder/spi-builder-workspace/Sources/SwiftUIWebKit/WebView.swift:9:8: note: Also imported here
/Users/admin/builder/spi-builder-workspace/Sources/SwiftUIWebKit/WebViewTest.swift:9:8: note: Also imported here
/Users/admin/builder/spi-builder-workspace/Sources/SwiftUIWebKit/Helper Types/LoadRequest.swift:9:8: note: A dependency of main module 'SwiftUIWebKit'
import WebKit
^ (in target 'SwiftUIWebKit' from project 'SwiftUIWebKit')
/Users/admin/builder/spi-builder-workspace/Sources/SwiftUIWebKit/WebView+Delegate.swift:9:8: note: Also imported here
import WebKit
^ (in target 'SwiftUIWebKit' from project 'SwiftUIWebKit')
/Users/admin/builder/spi-builder-workspace/Sources/SwiftUIWebKit/WebView+Representable.swift:9:8: note: Also imported here
import WebKit
^ (in target 'SwiftUIWebKit' from project 'SwiftUIWebKit')
/Users/admin/builder/spi-builder-workspace/Sources/SwiftUIWebKit/WebView.swift:9:8: note: Also imported here
import WebKit
^ (in target 'SwiftUIWebKit' from project 'SwiftUIWebKit')
/Users/admin/builder/spi-builder-workspace/Sources/SwiftUIWebKit/WebViewTest.swift:9:8: note: Also imported here
import WebKit
^ (in target 'SwiftUIWebKit' from project 'SwiftUIWebKit')
SwiftDriver SwiftUIWebKit normal arm64 com.apple.xcode.tools.swift.compiler (in target 'SwiftUIWebKit' from project 'SwiftUIWebKit')
cd /Users/admin/builder/spi-builder-workspace/.swiftpm/xcode
builtin-SwiftDriver -- /Applications/Xcode-27.0.0-Release.Candidate.app/Contents/Developer/Toolchains/XcodeDefault.xctoolchain/usr/bin/swiftc -parse-as-library -module-name SwiftUIWebKit -Onone @/Users/admin/builder/spi-builder-workspace/.derivedData/Build/Intermediates.noindex/SwiftUIWebKit.build/Debug-watchos/SwiftUIWebKit-t.build/Objects-normal/arm64/SwiftUIWebKit.SwiftFileList -DSWIFT_PACKAGE -DDEBUG -DSWIFT_MODULE_RESOURCE_BUNDLE_UNAVAILABLE -DXcode -plugin-path /Applications/Xcode-27.0.0-Release.Candidate.app/Contents/Developer/Toolchains/XcodeDefault.xctoolchain/usr/lib/swift/host/plugins/testing -enable-experimental-feature DebugDescriptionMacro -sdk /Applications/Xcode-27.0.0-Release.Candidate.app/Contents/Developer/Platforms/WatchOS.platform/Developer/SDKs/WatchOS27.0.sdk -target arm64-apple-watchos9.0 -g -module-cache-path /Users/admin/builder/spi-builder-workspace/.derivedData/ModuleCache.noindex -Xfrontend -serialize-debugging-options -profile-coverage-mapping -profile-generate -enable-testing -index-store-path /Users/admin/builder/spi-builder-workspace/.derivedData/Index.noindex/DataStore -Xcc -D_LIBCPP_HARDENING_MODE\=_LIBCPP_HARDENING_MODE_DEBUG -swift-version 5 -I /Users/admin/builder/spi-builder-workspace/.derivedData/Build/Products/Debug-watchos -Isystem /Applications/Xcode-27.0.0-Release.Candidate.app/Contents/Developer/Platforms/WatchOS.platform/Developer/usr/lib -F /Users/admin/builder/spi-builder-workspace/.derivedData/Build/Products/Debug-watchos -F /Applications/Xcode-27.0.0-Release.Candidate.app/Contents/Developer/Platforms/WatchOS.platform/Developer/Library/Frameworks -F /Applications/Xcode-27.0.0-Release.Candidate.app/Contents/Developer/Platforms/WatchOS.platform/Developer/SDKs/WatchOS27.0.sdk/Developer/Library/Frameworks -c -j10 -enable-batch-mode -incremental -Xcc -ivfsstatcache -Xcc /Users/admin/builder/spi-builder-workspace/.derivedData/SDKStatCaches.noindex/watchos27.0-24R360-e829b21a6f8c9b70876ba0858053c04477534ef55a1706bf4c1112bbb242f0a2.sdkstatcache -output-file-map /Users/admin/builder/spi-builder-workspace/.derivedData/Build/Intermediates.noindex/SwiftUIWebKit.build/Debug-watchos/SwiftUIWebKit-t.build/Objects-normal/arm64/SwiftUIWebKit-OutputFileMap.json -save-temps -no-color-diagnostics -explicit-module-build -module-cache-path /Users/admin/builder/spi-builder-workspace/.derivedData/Build/Intermediates.noindex/SwiftExplicitPrecompiledModules -clang-scanner-module-cache-path /Users/admin/builder/spi-builder-workspace/.derivedData/ModuleCache.noindex -sdk-module-cache-path /Users/admin/builder/spi-builder-workspace/.derivedData/SDKExplicitPrecompiledModules -emit-dependencies -emit-module -emit-module-path /Users/admin/builder/spi-builder-workspace/.derivedData/Build/Intermediates.noindex/SwiftUIWebKit.build/Debug-watchos/SwiftUIWebKit-t.build/Objects-normal/arm64/SwiftUIWebKit.swiftmodule -serialize-diagnostics -dependency-scan-serialize-diagnostics-path /Users/admin/builder/spi-builder-workspace/.derivedData/Build/Intermediates.noindex/SwiftUIWebKit.build/Debug-watchos/SwiftUIWebKit-t.build/Objects-normal/arm64/SwiftUIWebKit-dependency-scan.dia -validate-clang-modules-once -clang-build-session-file /Users/admin/builder/spi-builder-workspace/.derivedData/ModuleCache.noindex/Session.modulevalidation -Xcc -fmodules-prune-interval\=86400 -Xcc -fmodules-prune-after\=345600 -package-name spi_builder_workspace -emit-const-values -const-gather-protocols-list /Users/admin/builder/spi-builder-workspace/.derivedData/Build/Intermediates.noindex/SwiftUIWebKit.build/Debug-watchos/SwiftUIWebKit-t.build/Objects-normal/arm64/SwiftUIWebKit_const_extract_protocols.json -Xcc -I/Users/admin/builder/spi-builder-workspace/.derivedData/Build/Products/Debug-watchos/include -Xcc -I/Users/admin/builder/spi-builder-workspace/.derivedData/Build/Intermediates.noindex/SwiftUIWebKit.build/Debug-watchos/SwiftUIWebKit-t.build/DerivedSources-normal/arm64 -Xcc -I/Users/admin/builder/spi-builder-workspace/.derivedData/Build/Intermediates.noindex/SwiftUIWebKit.build/Debug-watchos/SwiftUIWebKit-t.build/DerivedSources/arm64 -Xcc -I/Users/admin/builder/spi-builder-workspace/.derivedData/Build/Intermediates.noindex/SwiftUIWebKit.build/Debug-watchos/SwiftUIWebKit-t.build/DerivedSources -Xcc -DSWIFT_PACKAGE -Xcc -DDEBUG\=1 -emit-objc-header -emit-objc-header-path /Users/admin/builder/spi-builder-workspace/.derivedData/Build/Intermediates.noindex/SwiftUIWebKit.build/Debug-watchos/SwiftUIWebKit-t.build/Objects-normal/arm64/SwiftUIWebKit-Swift.h -working-directory /Users/admin/builder/spi-builder-workspace/.swiftpm/xcode -experimental-emit-module-separately -disable-cmo
/Users/admin/builder/spi-builder-workspace/Sources/SwiftUIWebKit/Helper Types/LoadRequest.swift:9:8: error: Unable to resolve module dependency: 'WebKit' (in target 'SwiftUIWebKit' from project 'SwiftUIWebKit')
note: A dependency of main module 'SwiftUIWebKit'
/Users/admin/builder/spi-builder-workspace/Sources/SwiftUIWebKit/WebView+Delegate.swift:9:8: note: Also imported here
/Users/admin/builder/spi-builder-workspace/Sources/SwiftUIWebKit/WebView+Representable.swift:9:8: note: Also imported here
/Users/admin/builder/spi-builder-workspace/Sources/SwiftUIWebKit/WebView.swift:9:8: note: Also imported here
/Users/admin/builder/spi-builder-workspace/Sources/SwiftUIWebKit/WebViewTest.swift:9:8: note: Also imported here
/Users/admin/builder/spi-builder-workspace/Sources/SwiftUIWebKit/Helper Types/LoadRequest.swift:9:8: note: A dependency of main module 'SwiftUIWebKit'
import WebKit
^ (in target 'SwiftUIWebKit' from project 'SwiftUIWebKit')
/Users/admin/builder/spi-builder-workspace/Sources/SwiftUIWebKit/WebView+Delegate.swift:9:8: note: Also imported here
import WebKit
^ (in target 'SwiftUIWebKit' from project 'SwiftUIWebKit')
/Users/admin/builder/spi-builder-workspace/Sources/SwiftUIWebKit/WebView+Representable.swift:9:8: note: Also imported here
import WebKit
^ (in target 'SwiftUIWebKit' from project 'SwiftUIWebKit')
/Users/admin/builder/spi-builder-workspace/Sources/SwiftUIWebKit/WebView.swift:9:8: note: Also imported here
import WebKit
^ (in target 'SwiftUIWebKit' from project 'SwiftUIWebKit')
/Users/admin/builder/spi-builder-workspace/Sources/SwiftUIWebKit/WebViewTest.swift:9:8: note: Also imported here
import WebKit
^ (in target 'SwiftUIWebKit' from project 'SwiftUIWebKit')
PruneExplicitPrecompiledModules /Users/admin/builder/spi-builder-workspace/.derivedData/Build/Intermediates.noindex/SwiftExplicitPrecompiledModules
PruneExplicitPrecompiledModules /Users/admin/builder/spi-builder-workspace/.derivedData/SDKExplicitPrecompiledModules
PruneExplicitPrecompiledModules /Users/admin/builder/spi-builder-workspace/.derivedData/Build/Intermediates.noindex/ExplicitPrecompiledModules
2026-09-20 07:47:04.131 xcodebuild[672:4424] [MT] IDERunDestination: Supported platforms for the buildables in the current scheme is empty.
** BUILD FAILED **
The following build commands failed:
SwiftDriver SwiftUIWebKit normal arm64_32 com.apple.xcode.tools.swift.compiler (in target 'SwiftUIWebKit' from project 'SwiftUIWebKit')
SwiftDriver SwiftUIWebKit normal arm64 com.apple.xcode.tools.swift.compiler (in target 'SwiftUIWebKit' from project 'SwiftUIWebKit')
Building workspace SwiftUIWebKit with scheme SwiftUIWebKit
(3 failures)
BUILD FAILURE 6.4 watchOS