The Swift Package Index logo.Swift Package Index

Build Information

Failed to build SwiftUI-VPSwitch, reference 1.0.1 (ae828d), with Swift 6.4 for tvOS using Xcode 27.0 on 19 Sep 2026 09:26:44 UTC.

Build Command

env DEVELOPER_DIR=/Applications/Xcode-27.0.0-Release.Candidate.app xcrun xcodebuild -IDEClonedSourcePackagesDirPathOverride=$PWD/.dependencies -skipMacroValidation -skipPackagePluginValidation -derivedDataPath $PWD/.derivedData build -scheme SwiftUI-VPSwitch -destination generic/platform=tvOS

Build Log

========================================
RunAll
========================================
Builder version: 5.1.0
Interrupt handler set up.
========================================
Checkout
========================================
Clone URL: https://github.com/VansonLeung/SwiftUI-VPSwitchToggle.git
Reference: 1.0.1
Initialized empty Git repository in /Users/admin/builder/spi-builder-workspace/.git/
From https://github.com/VansonLeung/SwiftUI-VPSwitchToggle
 * tag               1.0.1      -> FETCH_HEAD
HEAD is now at ae828d3 Create LICENSE
Cloned https://github.com/VansonLeung/SwiftUI-VPSwitchToggle.git
Revision (git rev-parse @):
ae828d398128eb054f4c48eb4ce9e88393115bfd
SUCCESS checkout https://github.com/VansonLeung/SwiftUI-VPSwitchToggle.git at 1.0.1
========================================
Build
========================================
Selected platform:         tvOS
Swift version:             6.4
Building package at path:  $PWD
https://github.com/VansonLeung/SwiftUI-VPSwitchToggle.git
Command line invocation:
    /Applications/Xcode-27.0.0-Release.Candidate.app/Contents/Developer/usr/bin/xcodebuild -IDEClonedSourcePackagesDirPathOverride=/Users/admin/builder/spi-builder-workspace/.dependencies -resolvePackageDependencies
Resolve Package Graph
Resolve Package Graph
Resolved source packages:
  SwiftUI-VPSwitch: /Users/admin/builder/spi-builder-workspace
resolved source packages: SwiftUI-VPSwitch
2026-09-19 05:25:59.148 xcodebuild[529:3027] [MT] IDERunDestination: Supported platforms for the buildables in the current scheme is empty.
{
  "dependencies" : [
  ],
  "manifest_display_name" : "SwiftUI-VPSwitch",
  "name" : "SwiftUI-VPSwitch",
  "path" : "/Users/admin/builder/spi-builder-workspace",
  "platforms" : [
    {
      "name" : "ios",
      "version" : "14.0"
    }
  ],
  "products" : [
    {
      "name" : "SwiftUI-VPSwitch",
      "targets" : [
        "SwiftUI-VPSwitch"
      ],
      "type" : {
        "library" : [
          "automatic"
        ]
      }
    }
  ],
  "targets" : [
    {
      "c99name" : "SwiftUI_VPSwitch",
      "module_type" : "SwiftTarget",
      "name" : "SwiftUI-VPSwitch",
      "path" : "Sources/SwiftUI-VPSwitch",
      "product_memberships" : [
        "SwiftUI-VPSwitch"
      ],
      "resources" : [
        {
          "path" : "/Users/admin/builder/spi-builder-workspace/Sources/SwiftUI-VPSwitch/Resources/f_switch_base_glow.png",
          "rule" : {
            "process" : {
            }
          }
        },
        {
          "path" : "/Users/admin/builder/spi-builder-workspace/Sources/SwiftUI-VPSwitch/Resources/foreground_overlay_bw.png",
          "rule" : {
            "process" : {
            }
          }
        }
      ],
      "sources" : [
        "SwiftUI_VPSwitch.swift",
        "View+DebugFrameSize.swift"
      ],
      "type" : "library"
    }
  ],
  "tools_version" : "5.8"
}
{
  "workspace" : {
    "name" : "SwiftUI-VPSwitch",
    "schemes" : [
      "SwiftUI-VPSwitch"
    ]
  }
}
2026-09-19 05:26:31.164 xcodebuild[626:3838] [MT] IDERunDestination: Supported platforms for the buildables in the current scheme is empty.
Running build ...
env DEVELOPER_DIR=/Applications/Xcode-27.0.0-Release.Candidate.app xcrun xcodebuild -IDEClonedSourcePackagesDirPathOverride=$PWD/.dependencies -skipMacroValidation -skipPackagePluginValidation -derivedDataPath $PWD/.derivedData build -scheme SwiftUI-VPSwitch -destination generic/platform=tvOS
Command line invocation:
    /Applications/Xcode-27.0.0-Release.Candidate.app/Contents/Developer/usr/bin/xcodebuild -IDEClonedSourcePackagesDirPathOverride=/Users/admin/builder/spi-builder-workspace/.dependencies -skipMacroValidation -skipPackagePluginValidation -derivedDataPath /Users/admin/builder/spi-builder-workspace/.derivedData build -scheme SwiftUI-VPSwitch -destination generic/platform=tvOS
Resolve Package Graph
Resolved source packages:
  SwiftUI-VPSwitch: /Users/admin/builder/spi-builder-workspace
ComputePackagePrebuildTargetDependencyGraph
Prepare packages
CreateBuildRequest
SendProjectDescription
CreateBuildOperation
ComputeTargetDependencyGraph
note: Building targets in dependency order
note: Target dependency graph (3 targets)
    Target 'SwiftUI-VPSwitch-product' in project 'SwiftUI-VPSwitch'
        ➜ Explicit dependency on target 'SwiftUI-VPSwitch' in project 'SwiftUI-VPSwitch'
        ➜ Explicit dependency on target 'SwiftUI-VPSwitch_SwiftUI-VPSwitch' in project 'SwiftUI-VPSwitch'
    Target 'SwiftUI-VPSwitch' in project 'SwiftUI-VPSwitch'
        ➜ Explicit dependency on target 'SwiftUI-VPSwitch_SwiftUI-VPSwitch' in project 'SwiftUI-VPSwitch'
    Target 'SwiftUI-VPSwitch_SwiftUI-VPSwitch' in project 'SwiftUI-VPSwitch' (no dependencies)
GatherProvisioningInputs
CreateBuildDescription
ExecuteExternalTool /Applications/Xcode-27.0.0-Release.Candidate.app/Contents/Developer/Toolchains/XcodeDefault.xctoolchain/usr/bin/clang -v -E -dM -isysroot /Applications/Xcode-27.0.0-Release.Candidate.app/Contents/Developer/Platforms/AppleTVOS.platform/Developer/SDKs/AppleTVOS27.0.sdk -x c -c /dev/null
ExecuteExternalTool /Applications/Xcode-27.0.0-Release.Candidate.app/Contents/Developer/Toolchains/XcodeDefault.xctoolchain/usr/bin/swiftc --version
ExecuteExternalTool /Applications/Xcode-27.0.0-Release.Candidate.app/Contents/Developer/Toolchains/XcodeDefault.xctoolchain/usr/bin/ld -version_details
Build description signature: a454a790798bc8d690e94820f7b5a78e
Build description path: /Users/admin/builder/spi-builder-workspace/.derivedData/Build/Intermediates.noindex/XCBuildData/a454a790798bc8d690e94820f7b5a78e.xcbuilddata
CreateBuildDirectory /Users/admin/builder/spi-builder-workspace/.derivedData/SDKExplicitPrecompiledModules
    cd /Users/admin/builder/spi-builder-workspace/.swiftpm/xcode
    builtin-create-build-directory /Users/admin/builder/spi-builder-workspace/.derivedData/SDKExplicitPrecompiledModules
CreateBuildDirectory /Users/admin/builder/spi-builder-workspace/.derivedData/ModuleCache.noindex
    cd /Users/admin/builder/spi-builder-workspace/.swiftpm/xcode
    builtin-create-build-directory /Users/admin/builder/spi-builder-workspace/.derivedData/ModuleCache.noindex
CreateBuildDirectory /Users/admin/builder/spi-builder-workspace/.derivedData/CompilationCache.noindex
    cd /Users/admin/builder/spi-builder-workspace/.swiftpm/xcode
    builtin-create-build-directory /Users/admin/builder/spi-builder-workspace/.derivedData/CompilationCache.noindex
CreateBuildDirectory /Users/admin/builder/spi-builder-workspace/.derivedData/Build/Intermediates.noindex
    cd /Users/admin/builder/spi-builder-workspace/.swiftpm/xcode
    builtin-create-build-directory /Users/admin/builder/spi-builder-workspace/.derivedData/Build/Intermediates.noindex
CreateBuildDirectory /Users/admin/builder/spi-builder-workspace/.derivedData/Build/Products
    cd /Users/admin/builder/spi-builder-workspace/.swiftpm/xcode
    builtin-create-build-directory /Users/admin/builder/spi-builder-workspace/.derivedData/Build/Products
ClangStatCache /Applications/Xcode-27.0.0-Release.Candidate.app/Contents/Developer/Toolchains/XcodeDefault.xctoolchain/usr/bin/clang-stat-cache /Applications/Xcode-27.0.0-Release.Candidate.app/Contents/Developer/Platforms/AppleTVOS.platform/Developer/SDKs/AppleTVOS27.0.sdk /Users/admin/builder/spi-builder-workspace/.derivedData/SDKStatCaches.noindex/appletvos27.0-24J360-e829b21a6f8c9b70876ba0858053c044b32bfd8d43560033f8d89884cdb90028.sdkstatcache
    cd /Users/admin/builder/spi-builder-workspace/.swiftpm/xcode
    /Applications/Xcode-27.0.0-Release.Candidate.app/Contents/Developer/Toolchains/XcodeDefault.xctoolchain/usr/bin/clang-stat-cache /Applications/Xcode-27.0.0-Release.Candidate.app/Contents/Developer/Platforms/AppleTVOS.platform/Developer/SDKs/AppleTVOS27.0.sdk -o /Users/admin/builder/spi-builder-workspace/.derivedData/SDKStatCaches.noindex/appletvos27.0-24J360-e829b21a6f8c9b70876ba0858053c044b32bfd8d43560033f8d89884cdb90028.sdkstatcache
CreateBuildDirectory /Users/admin/builder/spi-builder-workspace/.derivedData/Build/Intermediates.noindex/SwiftExplicitPrecompiledModules
    cd /Users/admin/builder/spi-builder-workspace/.swiftpm/xcode
    builtin-create-build-directory /Users/admin/builder/spi-builder-workspace/.derivedData/Build/Intermediates.noindex/SwiftExplicitPrecompiledModules
CreateBuildDirectory /Users/admin/builder/spi-builder-workspace/.derivedData/Build/Intermediates.noindex/ExplicitPrecompiledModules
    cd /Users/admin/builder/spi-builder-workspace/.swiftpm/xcode
    builtin-create-build-directory /Users/admin/builder/spi-builder-workspace/.derivedData/Build/Intermediates.noindex/ExplicitPrecompiledModules
CreateBuildDirectory /Users/admin/builder/spi-builder-workspace/.derivedData/Build/Intermediates.noindex/PrecompiledHeaders
    cd /Users/admin/builder/spi-builder-workspace/.swiftpm/xcode
    builtin-create-build-directory /Users/admin/builder/spi-builder-workspace/.derivedData/Build/Intermediates.noindex/PrecompiledHeaders
CreateBuildDirectory /Users/admin/builder/spi-builder-workspace/.derivedData/Build/Intermediates.noindex/EagerLinkingTBDs/Debug-appletvos
    cd /Users/admin/builder/spi-builder-workspace/.swiftpm/xcode
    builtin-create-build-directory /Users/admin/builder/spi-builder-workspace/.derivedData/Build/Intermediates.noindex/EagerLinkingTBDs/Debug-appletvos
CreateBuildDirectory /Users/admin/builder/spi-builder-workspace/.derivedData/Build/Products/Debug-appletvos
    cd /Users/admin/builder/spi-builder-workspace/.swiftpm/xcode
    builtin-create-build-directory /Users/admin/builder/spi-builder-workspace/.derivedData/Build/Products/Debug-appletvos
CreateBuildDirectory /Users/admin/builder/spi-builder-workspace/.derivedData/Build/Products/Debug-appletvos/PackageFrameworks
    cd /Users/admin/builder/spi-builder-workspace/.swiftpm/xcode
    builtin-create-build-directory /Users/admin/builder/spi-builder-workspace/.derivedData/Build/Products/Debug-appletvos/PackageFrameworks
MkDir /Users/admin/builder/spi-builder-workspace/.derivedData/Build/Products/Debug-appletvos/SwiftUI-VPSwitch_SwiftUI-VPSwitch.bundle (in target 'SwiftUI-VPSwitch_SwiftUI-VPSwitch' from project 'SwiftUI-VPSwitch')
    cd /Users/admin/builder/spi-builder-workspace
    /bin/mkdir -p /Users/admin/builder/spi-builder-workspace/.derivedData/Build/Products/Debug-appletvos/SwiftUI-VPSwitch_SwiftUI-VPSwitch.bundle
WriteAuxiliaryFile /Users/admin/builder/spi-builder-workspace/.derivedData/Build/Intermediates.noindex/SwiftUI-VPSwitch.build/Debug-appletvos/SwiftUI-VPSwitch-t.build/SwiftUI-VPSwitch.modulemap (in target 'SwiftUI-VPSwitch' from project 'SwiftUI-VPSwitch')
    cd /Users/admin/builder/spi-builder-workspace
    write-file /Users/admin/builder/spi-builder-workspace/.derivedData/Build/Intermediates.noindex/SwiftUI-VPSwitch.build/Debug-appletvos/SwiftUI-VPSwitch-t.build/SwiftUI-VPSwitch.modulemap
WriteAuxiliaryFile /Users/admin/builder/spi-builder-workspace/.derivedData/Build/Intermediates.noindex/SwiftUI-VPSwitch.build/Debug-appletvos/SwiftUI-VPSwitch-t.build/SwiftUI-VPSwitch.DependencyStaticMetadataFileList (in target 'SwiftUI-VPSwitch' from project 'SwiftUI-VPSwitch')
    cd /Users/admin/builder/spi-builder-workspace
    write-file /Users/admin/builder/spi-builder-workspace/.derivedData/Build/Intermediates.noindex/SwiftUI-VPSwitch.build/Debug-appletvos/SwiftUI-VPSwitch-t.build/SwiftUI-VPSwitch.DependencyStaticMetadataFileList
WriteAuxiliaryFile /Users/admin/builder/spi-builder-workspace/.derivedData/Build/Intermediates.noindex/SwiftUI-VPSwitch.build/Debug-appletvos/SwiftUI-VPSwitch_SwiftUI-VPSwitch-b.build/SwiftUI-VPSwitch_SwiftUI-VPSwitch.DependencyStaticMetadataFileList (in target 'SwiftUI-VPSwitch_SwiftUI-VPSwitch' from project 'SwiftUI-VPSwitch')
    cd /Users/admin/builder/spi-builder-workspace
    write-file /Users/admin/builder/spi-builder-workspace/.derivedData/Build/Intermediates.noindex/SwiftUI-VPSwitch.build/Debug-appletvos/SwiftUI-VPSwitch_SwiftUI-VPSwitch-b.build/SwiftUI-VPSwitch_SwiftUI-VPSwitch.DependencyStaticMetadataFileList
WriteAuxiliaryFile /Users/admin/builder/spi-builder-workspace/.derivedData/Build/Intermediates.noindex/SwiftUI-VPSwitch.build/Debug-appletvos/SwiftUI-VPSwitch_SwiftUI-VPSwitch-b.build/SwiftUI-VPSwitch_SwiftUI-VPSwitch.DependencyMetadataFileList (in target 'SwiftUI-VPSwitch_SwiftUI-VPSwitch' from project 'SwiftUI-VPSwitch')
    cd /Users/admin/builder/spi-builder-workspace
    write-file /Users/admin/builder/spi-builder-workspace/.derivedData/Build/Intermediates.noindex/SwiftUI-VPSwitch.build/Debug-appletvos/SwiftUI-VPSwitch_SwiftUI-VPSwitch-b.build/SwiftUI-VPSwitch_SwiftUI-VPSwitch.DependencyMetadataFileList
WriteAuxiliaryFile /Users/admin/builder/spi-builder-workspace/.derivedData/Build/Intermediates.noindex/SwiftUI-VPSwitch.build/Debug-appletvos/SwiftUI-VPSwitch-t.build/SwiftUI-VPSwitch.DependencyMetadataFileList (in target 'SwiftUI-VPSwitch' from project 'SwiftUI-VPSwitch')
    cd /Users/admin/builder/spi-builder-workspace
    write-file /Users/admin/builder/spi-builder-workspace/.derivedData/Build/Intermediates.noindex/SwiftUI-VPSwitch.build/Debug-appletvos/SwiftUI-VPSwitch-t.build/SwiftUI-VPSwitch.DependencyMetadataFileList
WriteAuxiliaryFile /Users/admin/builder/spi-builder-workspace/.derivedData/Build/Intermediates.noindex/SwiftUI-VPSwitch.build/Debug-appletvos/SwiftUI-VPSwitch_SwiftUI-VPSwitch-b.build/empty-SwiftUI-VPSwitch_SwiftUI-VPSwitch.plist (in target 'SwiftUI-VPSwitch_SwiftUI-VPSwitch' from project 'SwiftUI-VPSwitch')
    cd /Users/admin/builder/spi-builder-workspace
    write-file /Users/admin/builder/spi-builder-workspace/.derivedData/Build/Intermediates.noindex/SwiftUI-VPSwitch.build/Debug-appletvos/SwiftUI-VPSwitch_SwiftUI-VPSwitch-b.build/empty-SwiftUI-VPSwitch_SwiftUI-VPSwitch.plist
WriteAuxiliaryFile /Users/admin/builder/spi-builder-workspace/.derivedData/Build/Intermediates.noindex/SwiftUI-VPSwitch.build/Debug-appletvos/SwiftUI-VPSwitch-t.build/Objects-normal/arm64/SwiftUI-VPSwitch.SwiftFileList (in target 'SwiftUI-VPSwitch' from project 'SwiftUI-VPSwitch')
    cd /Users/admin/builder/spi-builder-workspace
    write-file /Users/admin/builder/spi-builder-workspace/.derivedData/Build/Intermediates.noindex/SwiftUI-VPSwitch.build/Debug-appletvos/SwiftUI-VPSwitch-t.build/Objects-normal/arm64/SwiftUI-VPSwitch.SwiftFileList
WriteAuxiliaryFile /Users/admin/builder/spi-builder-workspace/.derivedData/Build/Intermediates.noindex/SwiftUI-VPSwitch.build/Debug-appletvos/SwiftUI-VPSwitch-t.build/Objects-normal/arm64/SwiftUI-VPSwitch_const_extract_protocols.json (in target 'SwiftUI-VPSwitch' from project 'SwiftUI-VPSwitch')
    cd /Users/admin/builder/spi-builder-workspace
    write-file /Users/admin/builder/spi-builder-workspace/.derivedData/Build/Intermediates.noindex/SwiftUI-VPSwitch.build/Debug-appletvos/SwiftUI-VPSwitch-t.build/Objects-normal/arm64/SwiftUI-VPSwitch_const_extract_protocols.json
WriteAuxiliaryFile /Users/admin/builder/spi-builder-workspace/.derivedData/Build/Intermediates.noindex/SwiftUI-VPSwitch.build/Debug-appletvos/SwiftUI-VPSwitch-t.build/Objects-normal/arm64/SwiftUI-VPSwitch.SwiftConstValuesFileList (in target 'SwiftUI-VPSwitch' from project 'SwiftUI-VPSwitch')
    cd /Users/admin/builder/spi-builder-workspace
    write-file /Users/admin/builder/spi-builder-workspace/.derivedData/Build/Intermediates.noindex/SwiftUI-VPSwitch.build/Debug-appletvos/SwiftUI-VPSwitch-t.build/Objects-normal/arm64/SwiftUI-VPSwitch.SwiftConstValuesFileList
WriteAuxiliaryFile /Users/admin/builder/spi-builder-workspace/.derivedData/Build/Intermediates.noindex/SwiftUI-VPSwitch.build/Debug-appletvos/SwiftUI-VPSwitch-t.build/Objects-normal/arm64/SwiftUI-VPSwitch.LinkFileList (in target 'SwiftUI-VPSwitch' from project 'SwiftUI-VPSwitch')
    cd /Users/admin/builder/spi-builder-workspace
    write-file /Users/admin/builder/spi-builder-workspace/.derivedData/Build/Intermediates.noindex/SwiftUI-VPSwitch.build/Debug-appletvos/SwiftUI-VPSwitch-t.build/Objects-normal/arm64/SwiftUI-VPSwitch.LinkFileList
WriteAuxiliaryFile /Users/admin/builder/spi-builder-workspace/.derivedData/Build/Intermediates.noindex/SwiftUI-VPSwitch.build/Debug-appletvos/SwiftUI-VPSwitch-t.build/Objects-normal/arm64/SwiftUI-VPSwitch-OutputFileMap.json (in target 'SwiftUI-VPSwitch' from project 'SwiftUI-VPSwitch')
    cd /Users/admin/builder/spi-builder-workspace
    write-file /Users/admin/builder/spi-builder-workspace/.derivedData/Build/Intermediates.noindex/SwiftUI-VPSwitch.build/Debug-appletvos/SwiftUI-VPSwitch-t.build/Objects-normal/arm64/SwiftUI-VPSwitch-OutputFileMap.json
WriteAuxiliaryFile /Users/admin/builder/spi-builder-workspace/.derivedData/Build/Intermediates.noindex/SwiftUI-VPSwitch.build/Debug-appletvos/SwiftUI-VPSwitch-t.build/DerivedSources/resource_bundle_accessor.swift (in target 'SwiftUI-VPSwitch' from project 'SwiftUI-VPSwitch')
    cd /Users/admin/builder/spi-builder-workspace
    write-file /Users/admin/builder/spi-builder-workspace/.derivedData/Build/Intermediates.noindex/SwiftUI-VPSwitch.build/Debug-appletvos/SwiftUI-VPSwitch-t.build/DerivedSources/resource_bundle_accessor.swift
Copy /Users/admin/builder/spi-builder-workspace/.derivedData/Build/Intermediates.noindex/GeneratedModuleMaps-appletvos/SwiftUI-VPSwitch.modulemap /Users/admin/builder/spi-builder-workspace/.derivedData/Build/Intermediates.noindex/SwiftUI-VPSwitch.build/Debug-appletvos/SwiftUI-VPSwitch-t.build/SwiftUI-VPSwitch.modulemap (in target 'SwiftUI-VPSwitch' from project 'SwiftUI-VPSwitch')
    cd /Users/admin/builder/spi-builder-workspace
    builtin-copy -exclude .DS_Store -exclude CVS -exclude .svn -exclude .git -exclude .hg -resolve-src-symlinks /Users/admin/builder/spi-builder-workspace/.derivedData/Build/Intermediates.noindex/SwiftUI-VPSwitch.build/Debug-appletvos/SwiftUI-VPSwitch-t.build/SwiftUI-VPSwitch.modulemap /Users/admin/builder/spi-builder-workspace/.derivedData/Build/Intermediates.noindex/GeneratedModuleMaps-appletvos
ProcessInfoPlistFile /Users/admin/builder/spi-builder-workspace/.derivedData/Build/Products/Debug-appletvos/SwiftUI-VPSwitch_SwiftUI-VPSwitch.bundle/Info.plist /Users/admin/builder/spi-builder-workspace/.derivedData/Build/Intermediates.noindex/SwiftUI-VPSwitch.build/Debug-appletvos/SwiftUI-VPSwitch_SwiftUI-VPSwitch-b.build/empty-SwiftUI-VPSwitch_SwiftUI-VPSwitch.plist (in target 'SwiftUI-VPSwitch_SwiftUI-VPSwitch' from project 'SwiftUI-VPSwitch')
    cd /Users/admin/builder/spi-builder-workspace
    builtin-infoPlistUtility /Users/admin/builder/spi-builder-workspace/.derivedData/Build/Intermediates.noindex/SwiftUI-VPSwitch.build/Debug-appletvos/SwiftUI-VPSwitch_SwiftUI-VPSwitch-b.build/empty-SwiftUI-VPSwitch_SwiftUI-VPSwitch.plist -producttype com.apple.product-type.bundle -expandbuildsettings -format binary -platform appletvos -o /Users/admin/builder/spi-builder-workspace/.derivedData/Build/Products/Debug-appletvos/SwiftUI-VPSwitch_SwiftUI-VPSwitch.bundle/Info.plist
CpResource /Users/admin/builder/spi-builder-workspace/.derivedData/Build/Products/Debug-appletvos/SwiftUI-VPSwitch_SwiftUI-VPSwitch.bundle/foreground_overlay_bw.png /Users/admin/builder/spi-builder-workspace/Sources/SwiftUI-VPSwitch/Resources/foreground_overlay_bw.png (in target 'SwiftUI-VPSwitch_SwiftUI-VPSwitch' from project 'SwiftUI-VPSwitch')
    cd /Users/admin/builder/spi-builder-workspace
    builtin-copy -exclude .DS_Store -exclude CVS -exclude .svn -exclude .git -exclude .hg -resolve-src-symlinks /Users/admin/builder/spi-builder-workspace/Sources/SwiftUI-VPSwitch/Resources/foreground_overlay_bw.png /Users/admin/builder/spi-builder-workspace/.derivedData/Build/Products/Debug-appletvos/SwiftUI-VPSwitch_SwiftUI-VPSwitch.bundle
CpResource /Users/admin/builder/spi-builder-workspace/.derivedData/Build/Products/Debug-appletvos/SwiftUI-VPSwitch_SwiftUI-VPSwitch.bundle/f_switch_base_glow.png /Users/admin/builder/spi-builder-workspace/Sources/SwiftUI-VPSwitch/Resources/f_switch_base_glow.png (in target 'SwiftUI-VPSwitch_SwiftUI-VPSwitch' from project 'SwiftUI-VPSwitch')
    cd /Users/admin/builder/spi-builder-workspace
    builtin-copy -exclude .DS_Store -exclude CVS -exclude .svn -exclude .git -exclude .hg -resolve-src-symlinks /Users/admin/builder/spi-builder-workspace/Sources/SwiftUI-VPSwitch/Resources/f_switch_base_glow.png /Users/admin/builder/spi-builder-workspace/.derivedData/Build/Products/Debug-appletvos/SwiftUI-VPSwitch_SwiftUI-VPSwitch.bundle
RegisterExecutionPolicyException /Users/admin/builder/spi-builder-workspace/.derivedData/Build/Products/Debug-appletvos/SwiftUI-VPSwitch_SwiftUI-VPSwitch.bundle (in target 'SwiftUI-VPSwitch_SwiftUI-VPSwitch' from project 'SwiftUI-VPSwitch')
    cd /Users/admin/builder/spi-builder-workspace
    builtin-RegisterExecutionPolicyException /Users/admin/builder/spi-builder-workspace/.derivedData/Build/Products/Debug-appletvos/SwiftUI-VPSwitch_SwiftUI-VPSwitch.bundle
Touch /Users/admin/builder/spi-builder-workspace/.derivedData/Build/Products/Debug-appletvos/SwiftUI-VPSwitch_SwiftUI-VPSwitch.bundle (in target 'SwiftUI-VPSwitch_SwiftUI-VPSwitch' from project 'SwiftUI-VPSwitch')
    cd /Users/admin/builder/spi-builder-workspace
    /usr/bin/touch -c /Users/admin/builder/spi-builder-workspace/.derivedData/Build/Products/Debug-appletvos/SwiftUI-VPSwitch_SwiftUI-VPSwitch.bundle
SwiftDriver SwiftUI-VPSwitch normal arm64 com.apple.xcode.tools.swift.compiler (in target 'SwiftUI-VPSwitch' from project 'SwiftUI-VPSwitch')
    cd /Users/admin/builder/spi-builder-workspace/.swiftpm/xcode
    builtin-SwiftDriver -- /Applications/Xcode-27.0.0-Release.Candidate.app/Contents/Developer/Toolchains/XcodeDefault.xctoolchain/usr/bin/swiftc -parse-as-library -module-name SwiftUI_VPSwitch -Onone @/Users/admin/builder/spi-builder-workspace/.derivedData/Build/Intermediates.noindex/SwiftUI-VPSwitch.build/Debug-appletvos/SwiftUI-VPSwitch-t.build/Objects-normal/arm64/SwiftUI-VPSwitch.SwiftFileList -DSWIFT_PACKAGE -DDEBUG -DSWIFT_MODULE_RESOURCE_BUNDLE_AVAILABLE -DXcode -plugin-path /Applications/Xcode-27.0.0-Release.Candidate.app/Contents/Developer/Toolchains/XcodeDefault.xctoolchain/usr/lib/swift/host/plugins/testing -enable-experimental-feature DebugDescriptionMacro -sdk /Applications/Xcode-27.0.0-Release.Candidate.app/Contents/Developer/Platforms/AppleTVOS.platform/Developer/SDKs/AppleTVOS27.0.sdk -target arm64-apple-tvos15.0 -g -module-cache-path /Users/admin/builder/spi-builder-workspace/.derivedData/ModuleCache.noindex -Xfrontend -serialize-debugging-options -enable-testing -index-store-path /Users/admin/builder/spi-builder-workspace/.derivedData/Index.noindex/DataStore -Xcc -D_LIBCPP_HARDENING_MODE\=_LIBCPP_HARDENING_MODE_DEBUG -swift-version 5 -I /Users/admin/builder/spi-builder-workspace/.derivedData/Build/Products/Debug-appletvos -Isystem /Applications/Xcode-27.0.0-Release.Candidate.app/Contents/Developer/Platforms/AppleTVOS.platform/Developer/usr/lib -F /Users/admin/builder/spi-builder-workspace/.derivedData/Build/Products/Debug-appletvos -F /Applications/Xcode-27.0.0-Release.Candidate.app/Contents/Developer/Platforms/AppleTVOS.platform/Developer/Library/Frameworks -F /Applications/Xcode-27.0.0-Release.Candidate.app/Contents/Developer/Platforms/AppleTVOS.platform/Developer/SDKs/AppleTVOS27.0.sdk/Developer/Library/Frameworks -c -j10 -enable-batch-mode -incremental -Xcc -ivfsstatcache -Xcc /Users/admin/builder/spi-builder-workspace/.derivedData/SDKStatCaches.noindex/appletvos27.0-24J360-e829b21a6f8c9b70876ba0858053c044b32bfd8d43560033f8d89884cdb90028.sdkstatcache -output-file-map /Users/admin/builder/spi-builder-workspace/.derivedData/Build/Intermediates.noindex/SwiftUI-VPSwitch.build/Debug-appletvos/SwiftUI-VPSwitch-t.build/Objects-normal/arm64/SwiftUI-VPSwitch-OutputFileMap.json -save-temps -no-color-diagnostics -explicit-module-build -module-cache-path /Users/admin/builder/spi-builder-workspace/.derivedData/Build/Intermediates.noindex/SwiftExplicitPrecompiledModules -clang-scanner-module-cache-path /Users/admin/builder/spi-builder-workspace/.derivedData/ModuleCache.noindex -sdk-module-cache-path /Users/admin/builder/spi-builder-workspace/.derivedData/SDKExplicitPrecompiledModules -emit-dependencies -emit-module -emit-module-path /Users/admin/builder/spi-builder-workspace/.derivedData/Build/Intermediates.noindex/SwiftUI-VPSwitch.build/Debug-appletvos/SwiftUI-VPSwitch-t.build/Objects-normal/arm64/SwiftUI_VPSwitch.swiftmodule -serialize-diagnostics -dependency-scan-serialize-diagnostics-path /Users/admin/builder/spi-builder-workspace/.derivedData/Build/Intermediates.noindex/SwiftUI-VPSwitch.build/Debug-appletvos/SwiftUI-VPSwitch-t.build/Objects-normal/arm64/SwiftUI_VPSwitch-dependency-scan.dia -validate-clang-modules-once -clang-build-session-file /Users/admin/builder/spi-builder-workspace/.derivedData/ModuleCache.noindex/Session.modulevalidation -Xcc -fmodules-prune-interval\=86400 -Xcc -fmodules-prune-after\=345600 -emit-const-values -const-gather-protocols-list /Users/admin/builder/spi-builder-workspace/.derivedData/Build/Intermediates.noindex/SwiftUI-VPSwitch.build/Debug-appletvos/SwiftUI-VPSwitch-t.build/Objects-normal/arm64/SwiftUI-VPSwitch_const_extract_protocols.json -Xcc -I/Users/admin/builder/spi-builder-workspace/.derivedData/Build/Products/Debug-appletvos/include -Xcc -I/Users/admin/builder/spi-builder-workspace/.derivedData/Build/Intermediates.noindex/SwiftUI-VPSwitch.build/Debug-appletvos/SwiftUI-VPSwitch-t.build/DerivedSources-normal/arm64 -Xcc -I/Users/admin/builder/spi-builder-workspace/.derivedData/Build/Intermediates.noindex/SwiftUI-VPSwitch.build/Debug-appletvos/SwiftUI-VPSwitch-t.build/DerivedSources/arm64 -Xcc -I/Users/admin/builder/spi-builder-workspace/.derivedData/Build/Intermediates.noindex/SwiftUI-VPSwitch.build/Debug-appletvos/SwiftUI-VPSwitch-t.build/DerivedSources -Xcc -DSWIFT_PACKAGE -Xcc -DDEBUG\=1 -emit-objc-header -emit-objc-header-path /Users/admin/builder/spi-builder-workspace/.derivedData/Build/Intermediates.noindex/SwiftUI-VPSwitch.build/Debug-appletvos/SwiftUI-VPSwitch-t.build/Objects-normal/arm64/SwiftUI-VPSwitch-Swift.h -working-directory /Users/admin/builder/spi-builder-workspace/.swiftpm/xcode -experimental-emit-module-separately -disable-cmo
SwiftExplicitDependencyGeneratePcm arm64 /Users/admin/builder/spi-builder-workspace/.derivedData/SDKExplicitPrecompiledModules/SwiftShims-8N4EXJ4RUJTR8K9OO3CMOH1EP.pcm
SwiftExplicitDependencyGeneratePcm arm64 /Users/admin/builder/spi-builder-workspace/.derivedData/SDKExplicitPrecompiledModules/ptrauth-8X2KEPL7CTRPS40TUB9APHPK6.pcm
SwiftExplicitDependencyGeneratePcm arm64 /Users/admin/builder/spi-builder-workspace/.derivedData/SDKExplicitPrecompiledModules/ptrcheck-2AZ6B5IBYD3RRRTFWN2ONASY3.pcm
SwiftExplicitDependencyGeneratePcm arm64 /Users/admin/builder/spi-builder-workspace/.derivedData/SDKExplicitPrecompiledModules/_SwiftConcurrencyShims-BY5PD8KF1L5KF6F4Q69HE3TJ4.pcm
SwiftExplicitDependencyGeneratePcm arm64 /Users/admin/builder/spi-builder-workspace/.derivedData/SDKExplicitPrecompiledModules/_Builtin_stdbool-AHRDH5EKLY6D04C5E42F3VCQI.pcm
SwiftExplicitDependencyGeneratePcm arm64 /Users/admin/builder/spi-builder-workspace/.derivedData/SDKExplicitPrecompiledModules/_Builtin_stddef-9ZJZ6FDEZNKTZU8YLPMFT9RAQ.pcm
SwiftExplicitDependencyGeneratePcm arm64 /Users/admin/builder/spi-builder-workspace/.derivedData/SDKExplicitPrecompiledModules/_Builtin_stdarg-BO2OCAUYVAXDRVQWQ8ISKGNUQ.pcm
SwiftExplicitDependencyGeneratePcm arm64 /Users/admin/builder/spi-builder-workspace/.derivedData/SDKExplicitPrecompiledModules/DeveloperToolsSupport-B1X8RI63V48AJRTH2RK6JAARV.pcm
SwiftExplicitDependencyGeneratePcm arm64 /Users/admin/builder/spi-builder-workspace/.derivedData/SDKExplicitPrecompiledModules/_AvailabilityInternal-BV2EDDP0MI5QJDDPEEV4D9D3V.pcm
SwiftExplicitDependencyGeneratePcm arm64 /Users/admin/builder/spi-builder-workspace/.derivedData/SDKExplicitPrecompiledModules/_Builtin_float-8ZJAYZ85YBOAOP52Y9H6IUNP3.pcm
SwiftExplicitDependencyGeneratePcm arm64 /Users/admin/builder/spi-builder-workspace/.derivedData/SDKExplicitPrecompiledModules/_DarwinFoundation1-JOTYMOA1YZCIJ2NON6FQ848O.pcm
SwiftExplicitDependencyGeneratePcm arm64 /Users/admin/builder/spi-builder-workspace/.derivedData/SDKExplicitPrecompiledModules/_DarwinFoundation2-AOGAN1O02NKXRJN5V73AV3V3M.pcm
SwiftExplicitDependencyGeneratePcm arm64 /Users/admin/builder/spi-builder-workspace/.derivedData/SDKExplicitPrecompiledModules/_Builtin_limits-7JU2HP127LIT1X9E2V3D8WZ1.pcm
SwiftExplicitDependencyGeneratePcm arm64 /Users/admin/builder/spi-builder-workspace/.derivedData/SDKExplicitPrecompiledModules/sys_types-8GCAV1YMG5UUGHUID3CA20TCH.pcm
SwiftExplicitDependencyGeneratePcm arm64 /Users/admin/builder/spi-builder-workspace/.derivedData/SDKExplicitPrecompiledModules/_Builtin_tgmath-7ULT1EUHDHW4OZPSTT33H6QGE.pcm
SwiftExplicitDependencyGeneratePcm arm64 /Users/admin/builder/spi-builder-workspace/.derivedData/SDKExplicitPrecompiledModules/string_h-6EVHP7A717OUS5DMC78F79HWO.pcm
SwiftExplicitDependencyGeneratePcm arm64 /Users/admin/builder/spi-builder-workspace/.derivedData/SDKExplicitPrecompiledModules/_Builtin_stdint-6NFTB6IBKS143IVPGT1EKB7HO.pcm
SwiftExplicitDependencyGeneratePcm arm64 /Users/admin/builder/spi-builder-workspace/.derivedData/SDKExplicitPrecompiledModules/_Builtin_stdatomic-3YXHN678NGYM3NL9POJ2HVEIF.pcm
SwiftExplicitDependencyGeneratePcm arm64 /Users/admin/builder/spi-builder-workspace/.derivedData/SDKExplicitPrecompiledModules/_Builtin_intrinsics-437O2R2NID4WAQVENR63GR82C.pcm
SwiftExplicitDependencyGeneratePcm arm64 /Users/admin/builder/spi-builder-workspace/.derivedData/SDKExplicitPrecompiledModules/_DarwinFoundation3-8SR3855WDFHQPR6G9GHOI2C07.pcm
SwiftExplicitDependencyGeneratePcm arm64 /Users/admin/builder/spi-builder-workspace/.derivedData/SDKExplicitPrecompiledModules/_Builtin_inttypes-6X1IQ3QK9KEVKXOK9Y79EW7J3.pcm
SwiftExplicitDependencyGeneratePcm arm64 /Users/admin/builder/spi-builder-workspace/.derivedData/SDKExplicitPrecompiledModules/Darwin-DBSQAVBBPC3D2OMU5ZI2RXMST.pcm
SwiftExplicitDependencyGeneratePcm arm64 /Users/admin/builder/spi-builder-workspace/.derivedData/SDKExplicitPrecompiledModules/simd-117QUXEUT3Z7UQCUYWV2UA228.pcm
SwiftExplicitDependencyGeneratePcm arm64 /Users/admin/builder/spi-builder-workspace/.derivedData/SDKExplicitPrecompiledModules/ObjectiveC-5250FDCE56N8508OR6XUYDKZM.pcm
SwiftExplicitDependencyGeneratePcm arm64 /Users/admin/builder/spi-builder-workspace/.derivedData/SDKExplicitPrecompiledModules/MachO-EH3F5PJCIZG05NO51CEFSZYPW.pcm
SwiftExplicitDependencyGeneratePcm arm64 /Users/admin/builder/spi-builder-workspace/.derivedData/SDKExplicitPrecompiledModules/os_object-E2DGZ0SX0TULQHULZRPO6OKNW.pcm
SwiftExplicitDependencyGeneratePcm arm64 /Users/admin/builder/spi-builder-workspace/.derivedData/SDKExplicitPrecompiledModules/os_workgroup-DBUFF7811DKMX7VPBOJPGGF1U.pcm
SwiftExplicitDependencyGeneratePcm arm64 /Users/admin/builder/spi-builder-workspace/.derivedData/SDKExplicitPrecompiledModules/Spatial-7U8NLEFXSB8BR7PJQGVMF5A4Q.pcm
SwiftExplicitDependencyGeneratePcm arm64 /Users/admin/builder/spi-builder-workspace/.derivedData/SDKExplicitPrecompiledModules/Dispatch-1QL58A0V50C39KVAIC6C38SHL.pcm
SwiftExplicitDependencyGeneratePcm arm64 /Users/admin/builder/spi-builder-workspace/.derivedData/SDKExplicitPrecompiledModules/CoreFoundation-7TPJ7ENDC4L1A1ESHYI9TXS0D.pcm
SwiftExplicitDependencyGeneratePcm arm64 /Users/admin/builder/spi-builder-workspace/.derivedData/SDKExplicitPrecompiledModules/XPC-6O2DJFT3QUJ7QKTD3SNUB6PCR.pcm
SwiftExplicitDependencyGeneratePcm arm64 /Users/admin/builder/spi-builder-workspace/.derivedData/SDKExplicitPrecompiledModules/os-3GJI8H0BNAEZPQPQ1V0VVY3FY.pcm
SwiftExplicitDependencyGeneratePcm arm64 /Users/admin/builder/spi-builder-workspace/.derivedData/SDKExplicitPrecompiledModules/CoreAudioTypes-E7EH96HAL3G83QSWLT7VWYIP4.pcm
SwiftExplicitDependencyGeneratePcm arm64 /Users/admin/builder/spi-builder-workspace/.derivedData/SDKExplicitPrecompiledModules/CFNetwork-2CUR2VK9S3S3WPFXPNXNUWYGN.pcm
SwiftExplicitDependencyGeneratePcm arm64 /Users/admin/builder/spi-builder-workspace/.derivedData/SDKExplicitPrecompiledModules/CoreGraphics-CWSP3J98S2658BYCVL6RP99T3.pcm
SwiftExplicitDependencyGeneratePcm arm64 /Users/admin/builder/spi-builder-workspace/.derivedData/SDKExplicitPrecompiledModules/Security-8VMXEKVDA3MHUH9AOTP905DID.pcm
SwiftExplicitDependencyGeneratePcm arm64 /Users/admin/builder/spi-builder-workspace/.derivedData/SDKExplicitPrecompiledModules/CoreAudio-6IR1XRM0Q9YQZMFW89F3H4V3X.pcm
SwiftExplicitDependencyGeneratePcm arm64 /Users/admin/builder/spi-builder-workspace/.derivedData/SDKExplicitPrecompiledModules/Foundation-BSSIP64DIGUKMAYJOG1WPQ78X.pcm
SwiftExplicitDependencyGeneratePcm arm64 /Users/admin/builder/spi-builder-workspace/.derivedData/SDKExplicitPrecompiledModules/CoreText-59NY7PABM0I4V978161FOC04A.pcm
SwiftExplicitDependencyGeneratePcm arm64 /Users/admin/builder/spi-builder-workspace/.derivedData/SDKExplicitPrecompiledModules/ImageIO-88D4CLEBD4CLWQKT78PZ6H1O8.pcm
SwiftExplicitDependencyGeneratePcm arm64 /Users/admin/builder/spi-builder-workspace/.derivedData/SDKExplicitPrecompiledModules/UserNotifications-E9ZW5TH066WIJWH9080RC5NG4.pcm
SwiftExplicitDependencyGeneratePcm arm64 /Users/admin/builder/spi-builder-workspace/.derivedData/SDKExplicitPrecompiledModules/OSLog-7OT6HHTMY0ZFEQJ095LJZ6NLC.pcm
SwiftExplicitDependencyGeneratePcm arm64 /Users/admin/builder/spi-builder-workspace/.derivedData/SDKExplicitPrecompiledModules/_LocationEssentials-ETSJ65FELPWR8WH8G49R1DF2E.pcm
SwiftExplicitDependencyGeneratePcm arm64 /Users/admin/builder/spi-builder-workspace/.derivedData/SDKExplicitPrecompiledModules/UIUtilities-6ZFJ1AK4H8IBGEBMYQBWGBYLK.pcm
SwiftExplicitDependencyGeneratePcm arm64 /Users/admin/builder/spi-builder-workspace/.derivedData/SDKExplicitPrecompiledModules/DataDetection-37JIYZ2GWDA1L166PP1D9JKAF.pcm
SwiftExplicitDependencyGeneratePcm arm64 /Users/admin/builder/spi-builder-workspace/.derivedData/SDKExplicitPrecompiledModules/IOSurface-38FJ1CKX9FV2RD97O64Z7QB17.pcm
SwiftExplicitDependencyGeneratePcm arm64 /Users/admin/builder/spi-builder-workspace/.derivedData/SDKExplicitPrecompiledModules/CoreData-DYMPHH3PH8AX9I1FHA4VFJ675.pcm
SwiftExplicitDependencyGeneratePcm arm64 /Users/admin/builder/spi-builder-workspace/.derivedData/SDKExplicitPrecompiledModules/Symbols-B5AU9VM9Y7NU79RLMH13Z4IFM.pcm
SwiftExplicitDependencyGeneratePcm arm64 /Users/admin/builder/spi-builder-workspace/.derivedData/SDKExplicitPrecompiledModules/Accessibility-B6BODGZ4MQQTY0PBC4SHRP009.pcm
SwiftExplicitDependencyGeneratePcm arm64 /Users/admin/builder/spi-builder-workspace/.derivedData/SDKExplicitPrecompiledModules/UniformTypeIdentifiers-95CC8U42ZA9STP5K6GP9ZVJS5.pcm
SwiftExplicitDependencyGeneratePcm arm64 /Users/admin/builder/spi-builder-workspace/.derivedData/SDKExplicitPrecompiledModules/CoreTransferable-7V4O8DATEQ9F7SDNTCW8YWLG3.pcm
SwiftExplicitDependencyGeneratePcm arm64 /Users/admin/builder/spi-builder-workspace/.derivedData/SDKExplicitPrecompiledModules/CoreLocation-YVXXAOMVX0JH2KO1XTTKTY51.pcm
SwiftExplicitDependencyGeneratePcm arm64 /Users/admin/builder/spi-builder-workspace/.derivedData/SDKExplicitPrecompiledModules/OpenGLES-4NY99CNDU9WUNUYEIXSS1QFGE.pcm
SwiftExplicitDependencyGeneratePcm arm64 /Users/admin/builder/spi-builder-workspace/.derivedData/SDKExplicitPrecompiledModules/Metal-2KYBS7IML1SD788M91YV7Q0CC.pcm
SwiftExplicitDependencyGeneratePcm arm64 /Users/admin/builder/spi-builder-workspace/.derivedData/SDKExplicitPrecompiledModules/CoreVideo-DPU0PB5X0XLSVA2ETRGI6FJBM.pcm
SwiftExplicitDependencyGeneratePcm arm64 /Users/admin/builder/spi-builder-workspace/.derivedData/SDKExplicitPrecompiledModules/CoreImage-7S2AFJ8EIY3DUFYLEAX1JR1QV.pcm
SwiftExplicitDependencyGeneratePcm arm64 /Users/admin/builder/spi-builder-workspace/.derivedData/SDKExplicitPrecompiledModules/QuartzCore-DJSYAWKXFGVSAK5CQMOB3JSR.pcm
SwiftExplicitDependencyGeneratePcm arm64 /Users/admin/builder/spi-builder-workspace/.derivedData/SDKExplicitPrecompiledModules/CoreMedia-4OUKVT03LV547KZJDPPJRJ4F8.pcm
SwiftExplicitDependencyGeneratePcm arm64 /Users/admin/builder/spi-builder-workspace/.derivedData/SDKExplicitPrecompiledModules/SwiftUICore-543QU5V2NHKUFCYFJDKUJ7NYG.pcm
SwiftExplicitDependencyGeneratePcm arm64 /Users/admin/builder/spi-builder-workspace/.derivedData/SDKExplicitPrecompiledModules/UIKit-1TKWN7VC2X6N3ITMRVA2G0EB2.pcm
SwiftExplicitDependencyGeneratePcm arm64 /Users/admin/builder/spi-builder-workspace/.derivedData/SDKExplicitPrecompiledModules/SwiftUI-7BV1YDT6IZWW6B8OC6ENV0Y0F.pcm
SwiftCompile normal arm64 Compiling\ SwiftUI_VPSwitch.swift /Users/admin/builder/spi-builder-workspace/Sources/SwiftUI-VPSwitch/SwiftUI_VPSwitch.swift (in target 'SwiftUI-VPSwitch' from project 'SwiftUI-VPSwitch')
/Users/admin/builder/spi-builder-workspace/Sources/SwiftUI-VPSwitch/SwiftUI_VPSwitch.swift:323:14: warning: 'animation' was deprecated in tvOS 15.0: Use withAnimation or animation(_:value:) instead. [#DeprecatedDeclaration]
321 |
322 |             }
323 |             .animation(.easeInOut)
    |              `- warning: 'animation' was deprecated in tvOS 15.0: Use withAnimation or animation(_:value:) instead. [#DeprecatedDeclaration]
324 |         }
325 |
/Users/admin/builder/spi-builder-workspace/Sources/SwiftUI-VPSwitch/SwiftUI_VPSwitch.swift:420:14: warning: 'animation' was deprecated in tvOS 15.0: Use withAnimation or animation(_:value:) instead. [#DeprecatedDeclaration]
418 |                     radius: width / 20, x: 0, y: 0)
419 |
420 |             .animation(.easeInOut)
    |              `- warning: 'animation' was deprecated in tvOS 15.0: Use withAnimation or animation(_:value:) instead. [#DeprecatedDeclaration]
421 |             .onAppear {
422 |
/Users/admin/builder/spi-builder-workspace/Sources/SwiftUI-VPSwitch/SwiftUI_VPSwitch.swift:492:37: error: 'DragGesture' is unavailable in tvOS
490 |                                 .offset(x: newPositionLimited)
491 |                                 .gesture(
492 |                                     DragGesture()
    |                                     `- error: 'DragGesture' is unavailable in tvOS
493 |                                         .updating($dragOffset) { value, state, _ in
494 |                                             state = value.translation
SwiftUI.DragGesture:3:42: note: 'DragGesture' has been explicitly marked unavailable here
 1 | @available(iOS 13.0, macOS 10.15, watchOS 6.0, *)
 2 | @available(tvOS, unavailable)
 3 | @MainActor @preconcurrency public struct DragGesture : Gesture, ~Sendable {
   |                                          `- note: 'DragGesture' has been explicitly marked unavailable here
 4 |     public struct Value : Equatable, Sendable {
 5 |         public var time: Date
/Users/admin/builder/spi-builder-workspace/Sources/SwiftUI-VPSwitch/SwiftUI_VPSwitch.swift:492:37: error: 'init(minimumDistance:coordinateSpace:)' is unavailable in tvOS
490 |                                 .offset(x: newPositionLimited)
491 |                                 .gesture(
492 |                                     DragGesture()
    |                                     `- error: 'init(minimumDistance:coordinateSpace:)' is unavailable in tvOS
493 |                                         .updating($dragOffset) { value, state, _ in
494 |                                             state = value.translation
SwiftUI.DragGesture.init:4:37: note: 'init(minimumDistance:coordinateSpace:)' has been explicitly marked unavailable here
2 | @available(iOS 17.0, macOS 14.0, watchOS 10.0, *)
3 |   @available(tvOS, unavailable)
4 |   @MainActor @preconcurrency public init(minimumDistance: CGFloat = 10, coordinateSpace: some CoordinateSpaceProtocol = .local)}
  |                                     `- note: 'init(minimumDistance:coordinateSpace:)' has been explicitly marked unavailable here
5 |
/Users/admin/builder/spi-builder-workspace/Sources/SwiftUI-VPSwitch/SwiftUI_VPSwitch.swift:519:22: warning: 'animation' was deprecated in tvOS 15.0: Use withAnimation or animation(_:value:) instead. [#DeprecatedDeclaration]
517 |                            minHeight: 0, maxHeight: .infinity,
518 |                            alignment: .leading)
519 |                     .animation(.easeInOut)
    |                      `- warning: 'animation' was deprecated in tvOS 15.0: Use withAnimation or animation(_:value:) instead. [#DeprecatedDeclaration]
520 |                     .clipShape(
521 |                         RoundedRectangle(cornerRadius: geometry.size.width)
/Users/admin/builder/spi-builder-workspace/Sources/SwiftUI-VPSwitch/SwiftUI_VPSwitch.swift:533:21: error: 'TapGesture' is only available in tvOS 16.0 or newer
154 |
155 | @available(iOS 14.0, *)
156 | struct SliderView: View {
    |        `- note: add '@available' attribute to enclosing struct
157 |
158 |     struct BackgroundView: View {
    :
451 |
452 |
453 |     var body: some View {
    |         `- note: add '@available' attribute to enclosing property
454 |         ZStack {
455 |
    :
531 |                 }
532 |                 .gesture(
533 |                     TapGesture()
    |                     |- error: 'TapGesture' is only available in tvOS 16.0 or newer
    |                     `- note: add 'if #available' version check
534 |                         .onEnded {
535 | //                            print("X")
[#DeprecatedDeclaration]: <https://docs.swift.org/compiler/documentation/diagnostics/deprecated-declaration>
Failed frontend command:
SwiftCompile normal arm64 /Users/admin/builder/spi-builder-workspace/Sources/SwiftUI-VPSwitch/SwiftUI_VPSwitch.swift (in target 'SwiftUI-VPSwitch' from project 'SwiftUI-VPSwitch')
    cd /Users/admin/builder/spi-builder-workspace/.swiftpm/xcode
    builtin-SwiftPerFileCompile SwiftUI_VPSwitch.swift
/Applications/Xcode-27.0.0-Release.Candidate.app/Contents/Developer/Toolchains/XcodeDefault.xctoolchain/usr/bin/swift-frontend -frontend -c /Users/admin/builder/spi-builder-workspace/.derivedData/Build/Intermediates.noindex/SwiftUI-VPSwitch.build/Debug-appletvos/SwiftUI-VPSwitch-t.build/DerivedSources/resource_bundle_accessor.swift -primary-file /Users/admin/builder/spi-builder-workspace/Sources/SwiftUI-VPSwitch/SwiftUI_VPSwitch.swift /Users/admin/builder/spi-builder-workspace/Sources/SwiftUI-VPSwitch/View+DebugFrameSize.swift -emit-dependencies-path /Users/admin/builder/spi-builder-workspace/.derivedData/Build/Intermediates.noindex/SwiftUI-VPSwitch.build/Debug-appletvos/SwiftUI-VPSwitch-t.build/Objects-normal/arm64/SwiftUI_VPSwitch.d -emit-const-values-path /Users/admin/builder/spi-builder-workspace/.derivedData/Build/Intermediates.noindex/SwiftUI-VPSwitch.build/Debug-appletvos/SwiftUI-VPSwitch-t.build/Objects-normal/arm64/SwiftUI_VPSwitch.swiftconstvalues -emit-reference-dependencies-path /Users/admin/builder/spi-builder-workspace/.derivedData/Build/Intermediates.noindex/SwiftUI-VPSwitch.build/Debug-appletvos/SwiftUI-VPSwitch-t.build/Objects-normal/arm64/SwiftUI_VPSwitch.swiftdeps -serialize-diagnostics-path /Users/admin/builder/spi-builder-workspace/.derivedData/Build/Intermediates.noindex/SwiftUI-VPSwitch.build/Debug-appletvos/SwiftUI-VPSwitch-t.build/Objects-normal/arm64/SwiftUI_VPSwitch.dia -target arm64-apple-tvos15.0 -disable-cross-import-overlay-search -load-resolved-plugin /Applications/Xcode-27.0.0-Release.Candidate.app/Contents/Developer/Platforms/AppleTVOS.platform/Developer/usr/lib/swift/host/plugins/libFoundationMacros.dylib\#/Applications/Xcode-27.0.0-Release.Candidate.app/Contents/Developer/Platforms/AppleTVOS.platform/Developer/usr/bin/swift-plugin-server\#FoundationMacros -load-resolved-plugin /Applications/Xcode-27.0.0-Release.Candidate.app/Contents/Developer/Platforms/AppleTVOS.platform/Developer/usr/lib/swift/host/plugins/libObservationMacros.dylib\#/Applications/Xcode-27.0.0-Release.Candidate.app/Contents/Developer/Platforms/AppleTVOS.platform/Developer/usr/bin/swift-plugin-server\#ObservationMacros -load-resolved-plugin /Applications/Xcode-27.0.0-Release.Candidate.app/Contents/Developer/Platforms/AppleTVOS.platform/Developer/usr/lib/swift/host/plugins/libPreviewsMacros.dylib\#/Applications/Xcode-27.0.0-Release.Candidate.app/Contents/Developer/Platforms/AppleTVOS.platform/Developer/usr/bin/swift-plugin-server\#PreviewsMacros -load-resolved-plugin /Applications/Xcode-27.0.0-Release.Candidate.app/Contents/Developer/Platforms/AppleTVOS.platform/Developer/usr/lib/swift/host/plugins/libSwiftMacros.dylib\#/Applications/Xcode-27.0.0-Release.Candidate.app/Contents/Developer/Platforms/AppleTVOS.platform/Developer/usr/bin/swift-plugin-server\#SwiftMacros -load-resolved-plugin /Applications/Xcode-27.0.0-Release.Candidate.app/Contents/Developer/Platforms/AppleTVOS.platform/Developer/usr/lib/swift/host/plugins/libSwiftUIMacros.dylib\#/Applications/Xcode-27.0.0-Release.Candidate.app/Contents/Developer/Platforms/AppleTVOS.platform/Developer/usr/bin/swift-plugin-server\#SwiftUIMacros -disable-implicit-swift-modules -Xcc -fno-implicit-modules -Xcc -fno-implicit-module-maps -explicit-swift-module-map-file /Users/admin/builder/spi-builder-workspace/.derivedData/Build/Intermediates.noindex/SwiftUI-VPSwitch.build/Debug-appletvos/SwiftUI-VPSwitch-t.build/Objects-normal/arm64/SwiftUI_VPSwitch-dependencies-1.json -Xllvm -aarch64-use-tbi -enable-objc-interop -stack-check -sdk /Applications/Xcode-27.0.0-Release.Candidate.app/Contents/Developer/Platforms/AppleTVOS.platform/Developer/SDKs/AppleTVOS27.0.sdk -I /Users/admin/builder/spi-builder-workspace/.derivedData/Build/Products/Debug-appletvos -Isystem /Applications/Xcode-27.0.0-Release.Candidate.app/Contents/Developer/Platforms/AppleTVOS.platform/Developer/usr/lib -F /Users/admin/builder/spi-builder-workspace/.derivedData/Build/Products/Debug-appletvos -F /Applications/Xcode-27.0.0-Release.Candidate.app/Contents/Developer/Platforms/AppleTVOS.platform/Developer/Library/Frameworks -F /Applications/Xcode-27.0.0-Release.Candidate.app/Contents/Developer/Platforms/AppleTVOS.platform/Developer/SDKs/AppleTVOS27.0.sdk/Developer/Library/Frameworks -module-cache-path /Users/admin/builder/spi-builder-workspace/.derivedData/Build/Intermediates.noindex/SwiftExplicitPrecompiledModules -no-color-diagnostics -Xcc -fno-color-diagnostics -enable-testing -g -debug-info-format\=dwarf -dwarf-version\=4 -swift-version 5 -Onone -D SWIFT_PACKAGE -D DEBUG -D SWIFT_MODULE_RESOURCE_BUNDLE_AVAILABLE -D Xcode -serialize-debugging-options -enable-experimental-feature DebugDescriptionMacro -empty-abi-descriptor -validate-clang-modules-once -clang-build-session-file /Users/admin/builder/spi-builder-workspace/.derivedData/ModuleCache.noindex/Session.modulevalidation -Xcc -working-directory -Xcc /Users/admin/builder/spi-builder-workspace/.swiftpm/xcode -enable-anonymous-context-mangled-names -file-compilation-dir /Users/admin/builder/spi-builder-workspace/.swiftpm/xcode -Xcc -D_LIBCPP_HARDENING_MODE\=_LIBCPP_HARDENING_MODE_DEBUG -Xcc -ivfsstatcache -Xcc /Users/admin/builder/spi-builder-workspace/.derivedData/SDKStatCaches.noindex/appletvos27.0-24J360-e829b21a6f8c9b70876ba0858053c044b32bfd8d43560033f8d89884cdb90028.sdkstatcache -Xcc -fmodules-prune-interval\=86400 -Xcc -fmodules-prune-after\=345600 -Xcc -I/Users/admin/builder/spi-builder-workspace/.derivedData/Build/Products/Debug-appletvos/include -Xcc -I/Users/admin/builder/spi-builder-workspace/.derivedData/Build/Intermediates.noindex/SwiftUI-VPSwitch.build/Debug-appletvos/SwiftUI-VPSwitch-t.build/DerivedSources-normal/arm64 -Xcc -I/Users/admin/builder/spi-builder-workspace/.derivedData/Build/Intermediates.noindex/SwiftUI-VPSwitch.build/Debug-appletvos/SwiftUI-VPSwitch-t.build/DerivedSources/arm64 -Xcc -I/Users/admin/builder/spi-builder-workspace/.derivedData/Build/Intermediates.noindex/SwiftUI-VPSwitch.build/Debug-appletvos/SwiftUI-VPSwitch-t.build/DerivedSources -Xcc -DSWIFT_PACKAGE -Xcc -DDEBUG\=1 -no-auto-bridging-header-chaining -module-name SwiftUI_VPSwitch -const-gather-protocols-file /Users/admin/builder/spi-builder-workspace/.derivedData/Build/Intermediates.noindex/SwiftUI-VPSwitch.build/Debug-appletvos/SwiftUI-VPSwitch-t.build/Objects-normal/arm64/SwiftUI-VPSwitch_const_extract_protocols.json -disable-clang-spi -clang-target arm64-apple-tvos27.0 -target-sdk-version 27.0 -target-sdk-name appletvos27.0 -in-process-plugin-server-path /Applications/Xcode-27.0.0-Release.Candidate.app/Contents/Developer/Toolchains/XcodeDefault.xctoolchain/usr/lib/swift/host/libSwiftInProcPluginServer.dylib -parse-as-library -o /Users/admin/builder/spi-builder-workspace/.derivedData/Build/Intermediates.noindex/SwiftUI-VPSwitch.build/Debug-appletvos/SwiftUI-VPSwitch-t.build/Objects-normal/arm64/SwiftUI_VPSwitch.o -debug-module-path /Users/admin/builder/spi-builder-workspace/.derivedData/Build/Intermediates.noindex/SwiftUI-VPSwitch.build/Debug-appletvos/SwiftUI-VPSwitch-t.build/Objects-normal/arm64/SwiftUI_VPSwitch.swiftmodule -index-unit-output-path /SwiftUI-VPSwitch.build/Debug-appletvos/SwiftUI-VPSwitch-t.build/Objects-normal/arm64/SwiftUI_VPSwitch.o -index-store-path /Users/admin/builder/spi-builder-workspace/.derivedData/Index.noindex/DataStore -index-system-modules
SwiftEmitModule normal arm64 Emitting\ module\ for\ SwiftUI_VPSwitch (in target 'SwiftUI-VPSwitch' from project 'SwiftUI-VPSwitch')
SwiftCompile normal arm64 (in target 'SwiftUI-VPSwitch' from project 'SwiftUI-VPSwitch')
    cd /Users/admin/builder/spi-builder-workspace/.swiftpm/xcode

SwiftCompile normal arm64 Compiling\ resource_bundle_accessor.swift /Users/admin/builder/spi-builder-workspace/.derivedData/Build/Intermediates.noindex/SwiftUI-VPSwitch.build/Debug-appletvos/SwiftUI-VPSwitch-t.build/DerivedSources/resource_bundle_accessor.swift (in target 'SwiftUI-VPSwitch' from project 'SwiftUI-VPSwitch')
SwiftCompile normal arm64 /Users/admin/builder/spi-builder-workspace/.derivedData/Build/Intermediates.noindex/SwiftUI-VPSwitch.build/Debug-appletvos/SwiftUI-VPSwitch-t.build/DerivedSources/resource_bundle_accessor.swift (in target 'SwiftUI-VPSwitch' from project 'SwiftUI-VPSwitch')
    cd /Users/admin/builder/spi-builder-workspace/.swiftpm/xcode
    builtin-SwiftPerFileCompile resource_bundle_accessor.swift
SwiftCompile normal arm64 Compiling\ View+DebugFrameSize.swift /Users/admin/builder/spi-builder-workspace/Sources/SwiftUI-VPSwitch/View+DebugFrameSize.swift (in target 'SwiftUI-VPSwitch' from project 'SwiftUI-VPSwitch')
SwiftCompile normal arm64 /Users/admin/builder/spi-builder-workspace/Sources/SwiftUI-VPSwitch/View+DebugFrameSize.swift (in target 'SwiftUI-VPSwitch' from project 'SwiftUI-VPSwitch')
    cd /Users/admin/builder/spi-builder-workspace/.swiftpm/xcode
    builtin-SwiftPerFileCompile View+DebugFrameSize.swift
SwiftDriverJobDiscovery normal arm64 Emitting module for SwiftUI_VPSwitch (in target 'SwiftUI-VPSwitch' from project 'SwiftUI-VPSwitch')
SwiftDriver\ Compilation\ Requirements SwiftUI-VPSwitch normal arm64 com.apple.xcode.tools.swift.compiler (in target 'SwiftUI-VPSwitch' from project 'SwiftUI-VPSwitch')
    cd /Users/admin/builder/spi-builder-workspace/.swiftpm/xcode
    builtin-Swift-Compilation-Requirements -- /Applications/Xcode-27.0.0-Release.Candidate.app/Contents/Developer/Toolchains/XcodeDefault.xctoolchain/usr/bin/swiftc -parse-as-library -module-name SwiftUI_VPSwitch -Onone @/Users/admin/builder/spi-builder-workspace/.derivedData/Build/Intermediates.noindex/SwiftUI-VPSwitch.build/Debug-appletvos/SwiftUI-VPSwitch-t.build/Objects-normal/arm64/SwiftUI-VPSwitch.SwiftFileList -DSWIFT_PACKAGE -DDEBUG -DSWIFT_MODULE_RESOURCE_BUNDLE_AVAILABLE -DXcode -plugin-path /Applications/Xcode-27.0.0-Release.Candidate.app/Contents/Developer/Toolchains/XcodeDefault.xctoolchain/usr/lib/swift/host/plugins/testing -enable-experimental-feature DebugDescriptionMacro -sdk /Applications/Xcode-27.0.0-Release.Candidate.app/Contents/Developer/Platforms/AppleTVOS.platform/Developer/SDKs/AppleTVOS27.0.sdk -target arm64-apple-tvos15.0 -g -module-cache-path /Users/admin/builder/spi-builder-workspace/.derivedData/ModuleCache.noindex -Xfrontend -serialize-debugging-options -enable-testing -index-store-path /Users/admin/builder/spi-builder-workspace/.derivedData/Index.noindex/DataStore -Xcc -D_LIBCPP_HARDENING_MODE\=_LIBCPP_HARDENING_MODE_DEBUG -swift-version 5 -I /Users/admin/builder/spi-builder-workspace/.derivedData/Build/Products/Debug-appletvos -Isystem /Applications/Xcode-27.0.0-Release.Candidate.app/Contents/Developer/Platforms/AppleTVOS.platform/Developer/usr/lib -F /Users/admin/builder/spi-builder-workspace/.derivedData/Build/Products/Debug-appletvos -F /Applications/Xcode-27.0.0-Release.Candidate.app/Contents/Developer/Platforms/AppleTVOS.platform/Developer/Library/Frameworks -F /Applications/Xcode-27.0.0-Release.Candidate.app/Contents/Developer/Platforms/AppleTVOS.platform/Developer/SDKs/AppleTVOS27.0.sdk/Developer/Library/Frameworks -c -j10 -enable-batch-mode -incremental -Xcc -ivfsstatcache -Xcc /Users/admin/builder/spi-builder-workspace/.derivedData/SDKStatCaches.noindex/appletvos27.0-24J360-e829b21a6f8c9b70876ba0858053c044b32bfd8d43560033f8d89884cdb90028.sdkstatcache -output-file-map /Users/admin/builder/spi-builder-workspace/.derivedData/Build/Intermediates.noindex/SwiftUI-VPSwitch.build/Debug-appletvos/SwiftUI-VPSwitch-t.build/Objects-normal/arm64/SwiftUI-VPSwitch-OutputFileMap.json -save-temps -no-color-diagnostics -explicit-module-build -module-cache-path /Users/admin/builder/spi-builder-workspace/.derivedData/Build/Intermediates.noindex/SwiftExplicitPrecompiledModules -clang-scanner-module-cache-path /Users/admin/builder/spi-builder-workspace/.derivedData/ModuleCache.noindex -sdk-module-cache-path /Users/admin/builder/spi-builder-workspace/.derivedData/SDKExplicitPrecompiledModules -emit-dependencies -emit-module -emit-module-path /Users/admin/builder/spi-builder-workspace/.derivedData/Build/Intermediates.noindex/SwiftUI-VPSwitch.build/Debug-appletvos/SwiftUI-VPSwitch-t.build/Objects-normal/arm64/SwiftUI_VPSwitch.swiftmodule -serialize-diagnostics -dependency-scan-serialize-diagnostics-path /Users/admin/builder/spi-builder-workspace/.derivedData/Build/Intermediates.noindex/SwiftUI-VPSwitch.build/Debug-appletvos/SwiftUI-VPSwitch-t.build/Objects-normal/arm64/SwiftUI_VPSwitch-dependency-scan.dia -validate-clang-modules-once -clang-build-session-file /Users/admin/builder/spi-builder-workspace/.derivedData/ModuleCache.noindex/Session.modulevalidation -Xcc -fmodules-prune-interval\=86400 -Xcc -fmodules-prune-after\=345600 -emit-const-values -const-gather-protocols-list /Users/admin/builder/spi-builder-workspace/.derivedData/Build/Intermediates.noindex/SwiftUI-VPSwitch.build/Debug-appletvos/SwiftUI-VPSwitch-t.build/Objects-normal/arm64/SwiftUI-VPSwitch_const_extract_protocols.json -Xcc -I/Users/admin/builder/spi-builder-workspace/.derivedData/Build/Products/Debug-appletvos/include -Xcc -I/Users/admin/builder/spi-builder-workspace/.derivedData/Build/Intermediates.noindex/SwiftUI-VPSwitch.build/Debug-appletvos/SwiftUI-VPSwitch-t.build/DerivedSources-normal/arm64 -Xcc -I/Users/admin/builder/spi-builder-workspace/.derivedData/Build/Intermediates.noindex/SwiftUI-VPSwitch.build/Debug-appletvos/SwiftUI-VPSwitch-t.build/DerivedSources/arm64 -Xcc -I/Users/admin/builder/spi-builder-workspace/.derivedData/Build/Intermediates.noindex/SwiftUI-VPSwitch.build/Debug-appletvos/SwiftUI-VPSwitch-t.build/DerivedSources -Xcc -DSWIFT_PACKAGE -Xcc -DDEBUG\=1 -emit-objc-header -emit-objc-header-path /Users/admin/builder/spi-builder-workspace/.derivedData/Build/Intermediates.noindex/SwiftUI-VPSwitch.build/Debug-appletvos/SwiftUI-VPSwitch-t.build/Objects-normal/arm64/SwiftUI-VPSwitch-Swift.h -working-directory /Users/admin/builder/spi-builder-workspace/.swiftpm/xcode -experimental-emit-module-separately -disable-cmo
SwiftMergeGeneratedHeaders /Users/admin/builder/spi-builder-workspace/.derivedData/Build/Intermediates.noindex/GeneratedModuleMaps-appletvos/SwiftUI-VPSwitch-Swift.h /Users/admin/builder/spi-builder-workspace/.derivedData/Build/Intermediates.noindex/SwiftUI-VPSwitch.build/Debug-appletvos/SwiftUI-VPSwitch-t.build/Objects-normal/arm64/SwiftUI-VPSwitch-Swift.h (in target 'SwiftUI-VPSwitch' from project 'SwiftUI-VPSwitch')
    cd /Users/admin/builder/spi-builder-workspace
    builtin-swiftHeaderTool -arch arm64 /Users/admin/builder/spi-builder-workspace/.derivedData/Build/Intermediates.noindex/SwiftUI-VPSwitch.build/Debug-appletvos/SwiftUI-VPSwitch-t.build/Objects-normal/arm64/SwiftUI-VPSwitch-Swift.h -o /Users/admin/builder/spi-builder-workspace/.derivedData/Build/Intermediates.noindex/GeneratedModuleMaps-appletvos/SwiftUI-VPSwitch-Swift.h
Copy /Users/admin/builder/spi-builder-workspace/.derivedData/Build/Products/Debug-appletvos/SwiftUI_VPSwitch.swiftmodule/arm64-apple-tvos.abi.json /Users/admin/builder/spi-builder-workspace/.derivedData/Build/Intermediates.noindex/SwiftUI-VPSwitch.build/Debug-appletvos/SwiftUI-VPSwitch-t.build/Objects-normal/arm64/SwiftUI_VPSwitch.abi.json (in target 'SwiftUI-VPSwitch' from project 'SwiftUI-VPSwitch')
    cd /Users/admin/builder/spi-builder-workspace
    builtin-copy -exclude .DS_Store -exclude CVS -exclude .svn -exclude .git -exclude .hg -resolve-src-symlinks -rename /Users/admin/builder/spi-builder-workspace/.derivedData/Build/Intermediates.noindex/SwiftUI-VPSwitch.build/Debug-appletvos/SwiftUI-VPSwitch-t.build/Objects-normal/arm64/SwiftUI_VPSwitch.abi.json /Users/admin/builder/spi-builder-workspace/.derivedData/Build/Products/Debug-appletvos/SwiftUI_VPSwitch.swiftmodule/arm64-apple-tvos.abi.json
Copy /Users/admin/builder/spi-builder-workspace/.derivedData/Build/Products/Debug-appletvos/SwiftUI_VPSwitch.swiftmodule/arm64-apple-tvos.swiftmodule /Users/admin/builder/spi-builder-workspace/.derivedData/Build/Intermediates.noindex/SwiftUI-VPSwitch.build/Debug-appletvos/SwiftUI-VPSwitch-t.build/Objects-normal/arm64/SwiftUI_VPSwitch.swiftmodule (in target 'SwiftUI-VPSwitch' from project 'SwiftUI-VPSwitch')
    cd /Users/admin/builder/spi-builder-workspace
    builtin-copy -exclude .DS_Store -exclude CVS -exclude .svn -exclude .git -exclude .hg -resolve-src-symlinks -rename /Users/admin/builder/spi-builder-workspace/.derivedData/Build/Intermediates.noindex/SwiftUI-VPSwitch.build/Debug-appletvos/SwiftUI-VPSwitch-t.build/Objects-normal/arm64/SwiftUI_VPSwitch.swiftmodule /Users/admin/builder/spi-builder-workspace/.derivedData/Build/Products/Debug-appletvos/SwiftUI_VPSwitch.swiftmodule/arm64-apple-tvos.swiftmodule
Copy /Users/admin/builder/spi-builder-workspace/.derivedData/Build/Products/Debug-appletvos/SwiftUI_VPSwitch.swiftmodule/arm64-apple-tvos.swiftdoc /Users/admin/builder/spi-builder-workspace/.derivedData/Build/Intermediates.noindex/SwiftUI-VPSwitch.build/Debug-appletvos/SwiftUI-VPSwitch-t.build/Objects-normal/arm64/SwiftUI_VPSwitch.swiftdoc (in target 'SwiftUI-VPSwitch' from project 'SwiftUI-VPSwitch')
    cd /Users/admin/builder/spi-builder-workspace
    builtin-copy -exclude .DS_Store -exclude CVS -exclude .svn -exclude .git -exclude .hg -resolve-src-symlinks -rename /Users/admin/builder/spi-builder-workspace/.derivedData/Build/Intermediates.noindex/SwiftUI-VPSwitch.build/Debug-appletvos/SwiftUI-VPSwitch-t.build/Objects-normal/arm64/SwiftUI_VPSwitch.swiftdoc /Users/admin/builder/spi-builder-workspace/.derivedData/Build/Products/Debug-appletvos/SwiftUI_VPSwitch.swiftmodule/arm64-apple-tvos.swiftdoc
Copy /Users/admin/builder/spi-builder-workspace/.derivedData/Build/Products/Debug-appletvos/SwiftUI_VPSwitch.swiftmodule/Project/arm64-apple-tvos.swiftsourceinfo /Users/admin/builder/spi-builder-workspace/.derivedData/Build/Intermediates.noindex/SwiftUI-VPSwitch.build/Debug-appletvos/SwiftUI-VPSwitch-t.build/Objects-normal/arm64/SwiftUI_VPSwitch.swiftsourceinfo (in target 'SwiftUI-VPSwitch' from project 'SwiftUI-VPSwitch')
    cd /Users/admin/builder/spi-builder-workspace
    builtin-copy -exclude .DS_Store -exclude CVS -exclude .svn -exclude .git -exclude .hg -resolve-src-symlinks -rename /Users/admin/builder/spi-builder-workspace/.derivedData/Build/Intermediates.noindex/SwiftUI-VPSwitch.build/Debug-appletvos/SwiftUI-VPSwitch-t.build/Objects-normal/arm64/SwiftUI_VPSwitch.swiftsourceinfo /Users/admin/builder/spi-builder-workspace/.derivedData/Build/Products/Debug-appletvos/SwiftUI_VPSwitch.swiftmodule/Project/arm64-apple-tvos.swiftsourceinfo
SwiftDriverJobDiscovery normal arm64 Compiling resource_bundle_accessor.swift (in target 'SwiftUI-VPSwitch' from project 'SwiftUI-VPSwitch')
PruneExplicitPrecompiledModules /Users/admin/builder/spi-builder-workspace/.derivedData/Build/Intermediates.noindex/ExplicitPrecompiledModules
PruneExplicitPrecompiledModules /Users/admin/builder/spi-builder-workspace/.derivedData/Build/Intermediates.noindex/SwiftExplicitPrecompiledModules
PruneExplicitPrecompiledModules /Users/admin/builder/spi-builder-workspace/.derivedData/SDKExplicitPrecompiledModules
2026-09-19 05:26:32.711 xcodebuild[627:3886] [MT] IDERunDestination: Supported platforms for the buildables in the current scheme is empty.
** BUILD FAILED **
The following build commands failed:
	SwiftCompile normal arm64 /Users/admin/builder/spi-builder-workspace/Sources/SwiftUI-VPSwitch/SwiftUI_VPSwitch.swift (in target 'SwiftUI-VPSwitch' from project 'SwiftUI-VPSwitch')
	SwiftCompile normal arm64 Compiling\ SwiftUI_VPSwitch.swift /Users/admin/builder/spi-builder-workspace/Sources/SwiftUI-VPSwitch/SwiftUI_VPSwitch.swift (in target 'SwiftUI-VPSwitch' from project 'SwiftUI-VPSwitch')
	Building workspace SwiftUI-VPSwitch with scheme SwiftUI-VPSwitch
(3 failures)
Command line invocation:
    /Applications/Xcode-27.0.0-Release.Candidate.app/Contents/Developer/usr/bin/xcodebuild -IDEClonedSourcePackagesDirPathOverride=/Users/admin/builder/spi-builder-workspace/.dependencies -resolvePackageDependencies
Resolve Package Graph
Resolved source packages:
  SwiftUI-VPSwitch: /Users/admin/builder/spi-builder-workspace
resolved source packages: SwiftUI-VPSwitch
2026-09-19 05:26:40.698 xcodebuild[748:4502] [MT] IDERunDestination: Supported platforms for the buildables in the current scheme is empty.
{
  "dependencies" : [
  ],
  "manifest_display_name" : "SwiftUI-VPSwitch",
  "name" : "SwiftUI-VPSwitch",
  "path" : "/Users/admin/builder/spi-builder-workspace",
  "platforms" : [
    {
      "name" : "ios",
      "version" : "14.0"
    }
  ],
  "products" : [
    {
      "name" : "SwiftUI-VPSwitch",
      "targets" : [
        "SwiftUI-VPSwitch"
      ],
      "type" : {
        "library" : [
          "automatic"
        ]
      }
    }
  ],
  "targets" : [
    {
      "c99name" : "SwiftUI_VPSwitch",
      "module_type" : "SwiftTarget",
      "name" : "SwiftUI-VPSwitch",
      "path" : "Sources/SwiftUI-VPSwitch",
      "product_memberships" : [
        "SwiftUI-VPSwitch"
      ],
      "resources" : [
        {
          "path" : "/Users/admin/builder/spi-builder-workspace/Sources/SwiftUI-VPSwitch/Resources/f_switch_base_glow.png",
          "rule" : {
            "process" : {
            }
          }
        },
        {
          "path" : "/Users/admin/builder/spi-builder-workspace/Sources/SwiftUI-VPSwitch/Resources/foreground_overlay_bw.png",
          "rule" : {
            "process" : {
            }
          }
        }
      ],
      "sources" : [
        "SwiftUI_VPSwitch.swift",
        "View+DebugFrameSize.swift"
      ],
      "type" : "library"
    }
  ],
  "tools_version" : "5.8"
}
{
  "workspace" : {
    "name" : "SwiftUI-VPSwitch",
    "schemes" : [
      "SwiftUI-VPSwitch"
    ]
  }
}
2026-09-19 05:26:41.924 xcodebuild[756:4568] [MT] IDERunDestination: Supported platforms for the buildables in the current scheme is empty.
Running build ...
env DEVELOPER_DIR=/Applications/Xcode-27.0.0-Release.Candidate.app xcrun xcodebuild -IDEClonedSourcePackagesDirPathOverride=$PWD/.dependencies -skipMacroValidation -skipPackagePluginValidation -derivedDataPath $PWD/.derivedData build -scheme SwiftUI-VPSwitch -destination generic/platform=tvOS
Command line invocation:
    /Applications/Xcode-27.0.0-Release.Candidate.app/Contents/Developer/usr/bin/xcodebuild -IDEClonedSourcePackagesDirPathOverride=/Users/admin/builder/spi-builder-workspace/.dependencies -skipMacroValidation -skipPackagePluginValidation -derivedDataPath /Users/admin/builder/spi-builder-workspace/.derivedData build -scheme SwiftUI-VPSwitch -destination generic/platform=tvOS
Resolve Package Graph
Resolved source packages:
  SwiftUI-VPSwitch: /Users/admin/builder/spi-builder-workspace
ComputePackagePrebuildTargetDependencyGraph
Prepare packages
CreateBuildRequest
SendProjectDescription
CreateBuildOperation
ComputeTargetDependencyGraph
note: Building targets in dependency order
note: Target dependency graph (3 targets)
    Target 'SwiftUI-VPSwitch-product' in project 'SwiftUI-VPSwitch'
        ➜ Explicit dependency on target 'SwiftUI-VPSwitch' in project 'SwiftUI-VPSwitch'
        ➜ Explicit dependency on target 'SwiftUI-VPSwitch_SwiftUI-VPSwitch' in project 'SwiftUI-VPSwitch'
    Target 'SwiftUI-VPSwitch' in project 'SwiftUI-VPSwitch'
        ➜ Explicit dependency on target 'SwiftUI-VPSwitch_SwiftUI-VPSwitch' in project 'SwiftUI-VPSwitch'
    Target 'SwiftUI-VPSwitch_SwiftUI-VPSwitch' in project 'SwiftUI-VPSwitch' (no dependencies)
GatherProvisioningInputs
CreateBuildDescription
ClangStatCache /Applications/Xcode-27.0.0-Release.Candidate.app/Contents/Developer/Toolchains/XcodeDefault.xctoolchain/usr/bin/clang-stat-cache /Applications/Xcode-27.0.0-Release.Candidate.app/Contents/Developer/Platforms/AppleTVOS.platform/Developer/SDKs/AppleTVOS27.0.sdk /Users/admin/builder/spi-builder-workspace/.derivedData/SDKStatCaches.noindex/appletvos27.0-24J360-e829b21a6f8c9b70876ba0858053c044b32bfd8d43560033f8d89884cdb90028.sdkstatcache
    cd /Users/admin/builder/spi-builder-workspace/.swiftpm/xcode
    /Applications/Xcode-27.0.0-Release.Candidate.app/Contents/Developer/Toolchains/XcodeDefault.xctoolchain/usr/bin/clang-stat-cache /Applications/Xcode-27.0.0-Release.Candidate.app/Contents/Developer/Platforms/AppleTVOS.platform/Developer/SDKs/AppleTVOS27.0.sdk -o /Users/admin/builder/spi-builder-workspace/.derivedData/SDKStatCaches.noindex/appletvos27.0-24J360-e829b21a6f8c9b70876ba0858053c044b32bfd8d43560033f8d89884cdb90028.sdkstatcache
SwiftDriver SwiftUI-VPSwitch normal arm64 com.apple.xcode.tools.swift.compiler (in target 'SwiftUI-VPSwitch' from project 'SwiftUI-VPSwitch')
    cd /Users/admin/builder/spi-builder-workspace/.swiftpm/xcode
    builtin-SwiftDriver -- /Applications/Xcode-27.0.0-Release.Candidate.app/Contents/Developer/Toolchains/XcodeDefault.xctoolchain/usr/bin/swiftc -parse-as-library -module-name SwiftUI_VPSwitch -Onone @/Users/admin/builder/spi-builder-workspace/.derivedData/Build/Intermediates.noindex/SwiftUI-VPSwitch.build/Debug-appletvos/SwiftUI-VPSwitch-t.build/Objects-normal/arm64/SwiftUI-VPSwitch.SwiftFileList -DSWIFT_PACKAGE -DDEBUG -DSWIFT_MODULE_RESOURCE_BUNDLE_AVAILABLE -DXcode -plugin-path /Applications/Xcode-27.0.0-Release.Candidate.app/Contents/Developer/Toolchains/XcodeDefault.xctoolchain/usr/lib/swift/host/plugins/testing -enable-experimental-feature DebugDescriptionMacro -sdk /Applications/Xcode-27.0.0-Release.Candidate.app/Contents/Developer/Platforms/AppleTVOS.platform/Developer/SDKs/AppleTVOS27.0.sdk -target arm64-apple-tvos15.0 -g -module-cache-path /Users/admin/builder/spi-builder-workspace/.derivedData/ModuleCache.noindex -Xfrontend -serialize-debugging-options -enable-testing -index-store-path /Users/admin/builder/spi-builder-workspace/.derivedData/Index.noindex/DataStore -Xcc -D_LIBCPP_HARDENING_MODE\=_LIBCPP_HARDENING_MODE_DEBUG -swift-version 5 -I /Users/admin/builder/spi-builder-workspace/.derivedData/Build/Products/Debug-appletvos -Isystem /Applications/Xcode-27.0.0-Release.Candidate.app/Contents/Developer/Platforms/AppleTVOS.platform/Developer/usr/lib -F /Users/admin/builder/spi-builder-workspace/.derivedData/Build/Products/Debug-appletvos -F /Applications/Xcode-27.0.0-Release.Candidate.app/Contents/Developer/Platforms/AppleTVOS.platform/Developer/Library/Frameworks -F /Applications/Xcode-27.0.0-Release.Candidate.app/Contents/Developer/Platforms/AppleTVOS.platform/Developer/SDKs/AppleTVOS27.0.sdk/Developer/Library/Frameworks -c -j10 -enable-batch-mode -incremental -Xcc -ivfsstatcache -Xcc /Users/admin/builder/spi-builder-workspace/.derivedData/SDKStatCaches.noindex/appletvos27.0-24J360-e829b21a6f8c9b70876ba0858053c044b32bfd8d43560033f8d89884cdb90028.sdkstatcache -output-file-map /Users/admin/builder/spi-builder-workspace/.derivedData/Build/Intermediates.noindex/SwiftUI-VPSwitch.build/Debug-appletvos/SwiftUI-VPSwitch-t.build/Objects-normal/arm64/SwiftUI-VPSwitch-OutputFileMap.json -save-temps -no-color-diagnostics -explicit-module-build -module-cache-path /Users/admin/builder/spi-builder-workspace/.derivedData/Build/Intermediates.noindex/SwiftExplicitPrecompiledModules -clang-scanner-module-cache-path /Users/admin/builder/spi-builder-workspace/.derivedData/ModuleCache.noindex -sdk-module-cache-path /Users/admin/builder/spi-builder-workspace/.derivedData/SDKExplicitPrecompiledModules -emit-dependencies -emit-module -emit-module-path /Users/admin/builder/spi-builder-workspace/.derivedData/Build/Intermediates.noindex/SwiftUI-VPSwitch.build/Debug-appletvos/SwiftUI-VPSwitch-t.build/Objects-normal/arm64/SwiftUI_VPSwitch.swiftmodule -serialize-diagnostics -dependency-scan-serialize-diagnostics-path /Users/admin/builder/spi-builder-workspace/.derivedData/Build/Intermediates.noindex/SwiftUI-VPSwitch.build/Debug-appletvos/SwiftUI-VPSwitch-t.build/Objects-normal/arm64/SwiftUI_VPSwitch-dependency-scan.dia -validate-clang-modules-once -clang-build-session-file /Users/admin/builder/spi-builder-workspace/.derivedData/ModuleCache.noindex/Session.modulevalidation -Xcc -fmodules-prune-interval\=86400 -Xcc -fmodules-prune-after\=345600 -emit-const-values -const-gather-protocols-list /Users/admin/builder/spi-builder-workspace/.derivedData/Build/Intermediates.noindex/SwiftUI-VPSwitch.build/Debug-appletvos/SwiftUI-VPSwitch-t.build/Objects-normal/arm64/SwiftUI-VPSwitch_const_extract_protocols.json -Xcc -I/Users/admin/builder/spi-builder-workspace/.derivedData/Build/Products/Debug-appletvos/include -Xcc -I/Users/admin/builder/spi-builder-workspace/.derivedData/Build/Intermediates.noindex/SwiftUI-VPSwitch.build/Debug-appletvos/SwiftUI-VPSwitch-t.build/DerivedSources-normal/arm64 -Xcc -I/Users/admin/builder/spi-builder-workspace/.derivedData/Build/Intermediates.noindex/SwiftUI-VPSwitch.build/Debug-appletvos/SwiftUI-VPSwitch-t.build/DerivedSources/arm64 -Xcc -I/Users/admin/builder/spi-builder-workspace/.derivedData/Build/Intermediates.noindex/SwiftUI-VPSwitch.build/Debug-appletvos/SwiftUI-VPSwitch-t.build/DerivedSources -Xcc -DSWIFT_PACKAGE -Xcc -DDEBUG\=1 -emit-objc-header -emit-objc-header-path /Users/admin/builder/spi-builder-workspace/.derivedData/Build/Intermediates.noindex/SwiftUI-VPSwitch.build/Debug-appletvos/SwiftUI-VPSwitch-t.build/Objects-normal/arm64/SwiftUI-VPSwitch-Swift.h -working-directory /Users/admin/builder/spi-builder-workspace/.swiftpm/xcode -experimental-emit-module-separately -disable-cmo
SwiftEmitModule normal arm64 Emitting\ module\ for\ SwiftUI_VPSwitch (in target 'SwiftUI-VPSwitch' from project 'SwiftUI-VPSwitch')
SwiftCompile normal arm64 (in target 'SwiftUI-VPSwitch' from project 'SwiftUI-VPSwitch')
    cd /Users/admin/builder/spi-builder-workspace/.swiftpm/xcode

SwiftCompile normal arm64 Compiling\ View+DebugFrameSize.swift /Users/admin/builder/spi-builder-workspace/Sources/SwiftUI-VPSwitch/View+DebugFrameSize.swift (in target 'SwiftUI-VPSwitch' from project 'SwiftUI-VPSwitch')
SwiftCompile normal arm64 /Users/admin/builder/spi-builder-workspace/Sources/SwiftUI-VPSwitch/View+DebugFrameSize.swift (in target 'SwiftUI-VPSwitch' from project 'SwiftUI-VPSwitch')
    cd /Users/admin/builder/spi-builder-workspace/.swiftpm/xcode
    builtin-SwiftPerFileCompile View+DebugFrameSize.swift
SwiftCompile normal arm64 Compiling\ SwiftUI_VPSwitch.swift /Users/admin/builder/spi-builder-workspace/Sources/SwiftUI-VPSwitch/SwiftUI_VPSwitch.swift (in target 'SwiftUI-VPSwitch' from project 'SwiftUI-VPSwitch')
/Users/admin/builder/spi-builder-workspace/Sources/SwiftUI-VPSwitch/SwiftUI_VPSwitch.swift:323:14: warning: 'animation' was deprecated in tvOS 15.0: Use withAnimation or animation(_:value:) instead. [#DeprecatedDeclaration]
321 |
322 |             }
323 |             .animation(.easeInOut)
    |              `- warning: 'animation' was deprecated in tvOS 15.0: Use withAnimation or animation(_:value:) instead. [#DeprecatedDeclaration]
324 |         }
325 |
/Users/admin/builder/spi-builder-workspace/Sources/SwiftUI-VPSwitch/SwiftUI_VPSwitch.swift:420:14: warning: 'animation' was deprecated in tvOS 15.0: Use withAnimation or animation(_:value:) instead. [#DeprecatedDeclaration]
418 |                     radius: width / 20, x: 0, y: 0)
419 |
420 |             .animation(.easeInOut)
    |              `- warning: 'animation' was deprecated in tvOS 15.0: Use withAnimation or animation(_:value:) instead. [#DeprecatedDeclaration]
421 |             .onAppear {
422 |
/Users/admin/builder/spi-builder-workspace/Sources/SwiftUI-VPSwitch/SwiftUI_VPSwitch.swift:492:37: error: 'DragGesture' is unavailable in tvOS
490 |                                 .offset(x: newPositionLimited)
491 |                                 .gesture(
492 |                                     DragGesture()
    |                                     `- error: 'DragGesture' is unavailable in tvOS
493 |                                         .updating($dragOffset) { value, state, _ in
494 |                                             state = value.translation
SwiftUI.DragGesture:3:42: note: 'DragGesture' has been explicitly marked unavailable here
 1 | @available(iOS 13.0, macOS 10.15, watchOS 6.0, *)
 2 | @available(tvOS, unavailable)
 3 | @MainActor @preconcurrency public struct DragGesture : Gesture, ~Sendable {
   |                                          `- note: 'DragGesture' has been explicitly marked unavailable here
 4 |     public struct Value : Equatable, Sendable {
 5 |         public var time: Date
/Users/admin/builder/spi-builder-workspace/Sources/SwiftUI-VPSwitch/SwiftUI_VPSwitch.swift:492:37: error: 'init(minimumDistance:coordinateSpace:)' is unavailable in tvOS
490 |                                 .offset(x: newPositionLimited)
491 |                                 .gesture(
492 |                                     DragGesture()
    |                                     `- error: 'init(minimumDistance:coordinateSpace:)' is unavailable in tvOS
493 |                                         .updating($dragOffset) { value, state, _ in
494 |                                             state = value.translation
SwiftUI.DragGesture.init:4:37: note: 'init(minimumDistance:coordinateSpace:)' has been explicitly marked unavailable here
2 | @available(iOS 17.0, macOS 14.0, watchOS 10.0, *)
3 |   @available(tvOS, unavailable)
4 |   @MainActor @preconcurrency public init(minimumDistance: CGFloat = 10, coordinateSpace: some CoordinateSpaceProtocol = .local)}
  |                                     `- note: 'init(minimumDistance:coordinateSpace:)' has been explicitly marked unavailable here
5 |
/Users/admin/builder/spi-builder-workspace/Sources/SwiftUI-VPSwitch/SwiftUI_VPSwitch.swift:519:22: warning: 'animation' was deprecated in tvOS 15.0: Use withAnimation or animation(_:value:) instead. [#DeprecatedDeclaration]
517 |                            minHeight: 0, maxHeight: .infinity,
518 |                            alignment: .leading)
519 |                     .animation(.easeInOut)
    |                      `- warning: 'animation' was deprecated in tvOS 15.0: Use withAnimation or animation(_:value:) instead. [#DeprecatedDeclaration]
520 |                     .clipShape(
521 |                         RoundedRectangle(cornerRadius: geometry.size.width)
/Users/admin/builder/spi-builder-workspace/Sources/SwiftUI-VPSwitch/SwiftUI_VPSwitch.swift:533:21: error: 'TapGesture' is only available in tvOS 16.0 or newer
154 |
155 | @available(iOS 14.0, *)
156 | struct SliderView: View {
    |        `- note: add '@available' attribute to enclosing struct
157 |
158 |     struct BackgroundView: View {
    :
451 |
452 |
453 |     var body: some View {
    |         `- note: add '@available' attribute to enclosing property
454 |         ZStack {
455 |
    :
531 |                 }
532 |                 .gesture(
533 |                     TapGesture()
    |                     |- error: 'TapGesture' is only available in tvOS 16.0 or newer
    |                     `- note: add 'if #available' version check
534 |                         .onEnded {
535 | //                            print("X")
[#DeprecatedDeclaration]: <https://docs.swift.org/compiler/documentation/diagnostics/deprecated-declaration>
Failed frontend command:
SwiftCompile normal arm64 /Users/admin/builder/spi-builder-workspace/Sources/SwiftUI-VPSwitch/SwiftUI_VPSwitch.swift (in target 'SwiftUI-VPSwitch' from project 'SwiftUI-VPSwitch')
    cd /Users/admin/builder/spi-builder-workspace/.swiftpm/xcode
    builtin-SwiftPerFileCompile SwiftUI_VPSwitch.swift
/Applications/Xcode-27.0.0-Release.Candidate.app/Contents/Developer/Toolchains/XcodeDefault.xctoolchain/usr/bin/swift-frontend -frontend -c /Users/admin/builder/spi-builder-workspace/.derivedData/Build/Intermediates.noindex/SwiftUI-VPSwitch.build/Debug-appletvos/SwiftUI-VPSwitch-t.build/DerivedSources/resource_bundle_accessor.swift -primary-file /Users/admin/builder/spi-builder-workspace/Sources/SwiftUI-VPSwitch/SwiftUI_VPSwitch.swift /Users/admin/builder/spi-builder-workspace/Sources/SwiftUI-VPSwitch/View+DebugFrameSize.swift -emit-dependencies-path /Users/admin/builder/spi-builder-workspace/.derivedData/Build/Intermediates.noindex/SwiftUI-VPSwitch.build/Debug-appletvos/SwiftUI-VPSwitch-t.build/Objects-normal/arm64/SwiftUI_VPSwitch.d -emit-const-values-path /Users/admin/builder/spi-builder-workspace/.derivedData/Build/Intermediates.noindex/SwiftUI-VPSwitch.build/Debug-appletvos/SwiftUI-VPSwitch-t.build/Objects-normal/arm64/SwiftUI_VPSwitch.swiftconstvalues -emit-reference-dependencies-path /Users/admin/builder/spi-builder-workspace/.derivedData/Build/Intermediates.noindex/SwiftUI-VPSwitch.build/Debug-appletvos/SwiftUI-VPSwitch-t.build/Objects-normal/arm64/SwiftUI_VPSwitch.swiftdeps -serialize-diagnostics-path /Users/admin/builder/spi-builder-workspace/.derivedData/Build/Intermediates.noindex/SwiftUI-VPSwitch.build/Debug-appletvos/SwiftUI-VPSwitch-t.build/Objects-normal/arm64/SwiftUI_VPSwitch.dia -target arm64-apple-tvos15.0 -disable-cross-import-overlay-search -load-resolved-plugin /Applications/Xcode-27.0.0-Release.Candidate.app/Contents/Developer/Platforms/AppleTVOS.platform/Developer/usr/lib/swift/host/plugins/libFoundationMacros.dylib\#/Applications/Xcode-27.0.0-Release.Candidate.app/Contents/Developer/Platforms/AppleTVOS.platform/Developer/usr/bin/swift-plugin-server\#FoundationMacros -load-resolved-plugin /Applications/Xcode-27.0.0-Release.Candidate.app/Contents/Developer/Platforms/AppleTVOS.platform/Developer/usr/lib/swift/host/plugins/libObservationMacros.dylib\#/Applications/Xcode-27.0.0-Release.Candidate.app/Contents/Developer/Platforms/AppleTVOS.platform/Developer/usr/bin/swift-plugin-server\#ObservationMacros -load-resolved-plugin /Applications/Xcode-27.0.0-Release.Candidate.app/Contents/Developer/Platforms/AppleTVOS.platform/Developer/usr/lib/swift/host/plugins/libPreviewsMacros.dylib\#/Applications/Xcode-27.0.0-Release.Candidate.app/Contents/Developer/Platforms/AppleTVOS.platform/Developer/usr/bin/swift-plugin-server\#PreviewsMacros -load-resolved-plugin /Applications/Xcode-27.0.0-Release.Candidate.app/Contents/Developer/Platforms/AppleTVOS.platform/Developer/usr/lib/swift/host/plugins/libSwiftMacros.dylib\#/Applications/Xcode-27.0.0-Release.Candidate.app/Contents/Developer/Platforms/AppleTVOS.platform/Developer/usr/bin/swift-plugin-server\#SwiftMacros -load-resolved-plugin /Applications/Xcode-27.0.0-Release.Candidate.app/Contents/Developer/Platforms/AppleTVOS.platform/Developer/usr/lib/swift/host/plugins/libSwiftUIMacros.dylib\#/Applications/Xcode-27.0.0-Release.Candidate.app/Contents/Developer/Platforms/AppleTVOS.platform/Developer/usr/bin/swift-plugin-server\#SwiftUIMacros -disable-implicit-swift-modules -Xcc -fno-implicit-modules -Xcc -fno-implicit-module-maps -explicit-swift-module-map-file /Users/admin/builder/spi-builder-workspace/.derivedData/Build/Intermediates.noindex/SwiftUI-VPSwitch.build/Debug-appletvos/SwiftUI-VPSwitch-t.build/Objects-normal/arm64/SwiftUI_VPSwitch-dependencies-1.json -Xllvm -aarch64-use-tbi -enable-objc-interop -stack-check -sdk /Applications/Xcode-27.0.0-Release.Candidate.app/Contents/Developer/Platforms/AppleTVOS.platform/Developer/SDKs/AppleTVOS27.0.sdk -I /Users/admin/builder/spi-builder-workspace/.derivedData/Build/Products/Debug-appletvos -Isystem /Applications/Xcode-27.0.0-Release.Candidate.app/Contents/Developer/Platforms/AppleTVOS.platform/Developer/usr/lib -F /Users/admin/builder/spi-builder-workspace/.derivedData/Build/Products/Debug-appletvos -F /Applications/Xcode-27.0.0-Release.Candidate.app/Contents/Developer/Platforms/AppleTVOS.platform/Developer/Library/Frameworks -F /Applications/Xcode-27.0.0-Release.Candidate.app/Contents/Developer/Platforms/AppleTVOS.platform/Developer/SDKs/AppleTVOS27.0.sdk/Developer/Library/Frameworks -module-cache-path /Users/admin/builder/spi-builder-workspace/.derivedData/Build/Intermediates.noindex/SwiftExplicitPrecompiledModules -no-color-diagnostics -Xcc -fno-color-diagnostics -enable-testing -g -debug-info-format\=dwarf -dwarf-version\=4 -swift-version 5 -Onone -D SWIFT_PACKAGE -D DEBUG -D SWIFT_MODULE_RESOURCE_BUNDLE_AVAILABLE -D Xcode -serialize-debugging-options -enable-experimental-feature DebugDescriptionMacro -empty-abi-descriptor -validate-clang-modules-once -clang-build-session-file /Users/admin/builder/spi-builder-workspace/.derivedData/ModuleCache.noindex/Session.modulevalidation -Xcc -working-directory -Xcc /Users/admin/builder/spi-builder-workspace/.swiftpm/xcode -enable-anonymous-context-mangled-names -file-compilation-dir /Users/admin/builder/spi-builder-workspace/.swiftpm/xcode -Xcc -D_LIBCPP_HARDENING_MODE\=_LIBCPP_HARDENING_MODE_DEBUG -Xcc -ivfsstatcache -Xcc /Users/admin/builder/spi-builder-workspace/.derivedData/SDKStatCaches.noindex/appletvos27.0-24J360-e829b21a6f8c9b70876ba0858053c044b32bfd8d43560033f8d89884cdb90028.sdkstatcache -Xcc -fmodules-prune-interval\=86400 -Xcc -fmodules-prune-after\=345600 -Xcc -I/Users/admin/builder/spi-builder-workspace/.derivedData/Build/Products/Debug-appletvos/include -Xcc -I/Users/admin/builder/spi-builder-workspace/.derivedData/Build/Intermediates.noindex/SwiftUI-VPSwitch.build/Debug-appletvos/SwiftUI-VPSwitch-t.build/DerivedSources-normal/arm64 -Xcc -I/Users/admin/builder/spi-builder-workspace/.derivedData/Build/Intermediates.noindex/SwiftUI-VPSwitch.build/Debug-appletvos/SwiftUI-VPSwitch-t.build/DerivedSources/arm64 -Xcc -I/Users/admin/builder/spi-builder-workspace/.derivedData/Build/Intermediates.noindex/SwiftUI-VPSwitch.build/Debug-appletvos/SwiftUI-VPSwitch-t.build/DerivedSources -Xcc -DSWIFT_PACKAGE -Xcc -DDEBUG\=1 -no-auto-bridging-header-chaining -module-name SwiftUI_VPSwitch -const-gather-protocols-file /Users/admin/builder/spi-builder-workspace/.derivedData/Build/Intermediates.noindex/SwiftUI-VPSwitch.build/Debug-appletvos/SwiftUI-VPSwitch-t.build/Objects-normal/arm64/SwiftUI-VPSwitch_const_extract_protocols.json -disable-clang-spi -clang-target arm64-apple-tvos27.0 -target-sdk-version 27.0 -target-sdk-name appletvos27.0 -in-process-plugin-server-path /Applications/Xcode-27.0.0-Release.Candidate.app/Contents/Developer/Toolchains/XcodeDefault.xctoolchain/usr/lib/swift/host/libSwiftInProcPluginServer.dylib -parse-as-library -o /Users/admin/builder/spi-builder-workspace/.derivedData/Build/Intermediates.noindex/SwiftUI-VPSwitch.build/Debug-appletvos/SwiftUI-VPSwitch-t.build/Objects-normal/arm64/SwiftUI_VPSwitch.o -debug-module-path /Users/admin/builder/spi-builder-workspace/.derivedData/Build/Intermediates.noindex/SwiftUI-VPSwitch.build/Debug-appletvos/SwiftUI-VPSwitch-t.build/Objects-normal/arm64/SwiftUI_VPSwitch.swiftmodule -index-unit-output-path /SwiftUI-VPSwitch.build/Debug-appletvos/SwiftUI-VPSwitch-t.build/Objects-normal/arm64/SwiftUI_VPSwitch.o -index-store-path /Users/admin/builder/spi-builder-workspace/.derivedData/Index.noindex/DataStore -index-system-modules
SwiftDriverJobDiscovery normal arm64 Compiling View+DebugFrameSize.swift (in target 'SwiftUI-VPSwitch' from project 'SwiftUI-VPSwitch')
SwiftCompile normal arm64 Compiling\ resource_bundle_accessor.swift /Users/admin/builder/spi-builder-workspace/.derivedData/Build/Intermediates.noindex/SwiftUI-VPSwitch.build/Debug-appletvos/SwiftUI-VPSwitch-t.build/DerivedSources/resource_bundle_accessor.swift (in target 'SwiftUI-VPSwitch' from project 'SwiftUI-VPSwitch')
SwiftCompile normal arm64 /Users/admin/builder/spi-builder-workspace/.derivedData/Build/Intermediates.noindex/SwiftUI-VPSwitch.build/Debug-appletvos/SwiftUI-VPSwitch-t.build/DerivedSources/resource_bundle_accessor.swift (in target 'SwiftUI-VPSwitch' from project 'SwiftUI-VPSwitch')
    cd /Users/admin/builder/spi-builder-workspace/.swiftpm/xcode
    builtin-SwiftPerFileCompile resource_bundle_accessor.swift
SwiftDriverJobDiscovery normal arm64 Compiling resource_bundle_accessor.swift (in target 'SwiftUI-VPSwitch' from project 'SwiftUI-VPSwitch')
PruneExplicitPrecompiledModules /Users/admin/builder/spi-builder-workspace/.derivedData/SDKExplicitPrecompiledModules
PruneExplicitPrecompiledModules /Users/admin/builder/spi-builder-workspace/.derivedData/Build/Intermediates.noindex/ExplicitPrecompiledModules
PruneExplicitPrecompiledModules /Users/admin/builder/spi-builder-workspace/.derivedData/Build/Intermediates.noindex/SwiftExplicitPrecompiledModules
2026-09-19 05:26:42.875 xcodebuild[757:4592] [MT] IDERunDestination: Supported platforms for the buildables in the current scheme is empty.
** BUILD FAILED **
The following build commands failed:
	SwiftCompile normal arm64 /Users/admin/builder/spi-builder-workspace/Sources/SwiftUI-VPSwitch/SwiftUI_VPSwitch.swift (in target 'SwiftUI-VPSwitch' from project 'SwiftUI-VPSwitch')
	SwiftCompile normal arm64 Compiling\ SwiftUI_VPSwitch.swift /Users/admin/builder/spi-builder-workspace/Sources/SwiftUI-VPSwitch/SwiftUI_VPSwitch.swift (in target 'SwiftUI-VPSwitch' from project 'SwiftUI-VPSwitch')
	Building workspace SwiftUI-VPSwitch with scheme SwiftUI-VPSwitch
(3 failures)
BUILD FAILURE 6.4 tvOS