Build Information
Failed to build SVGUIView, reference 0.22.2 (6c5068), with Swift 6.4 for macOS (Xcode) using Xcode 27.0 on 25 Sep 2026 07:00:57 UTC.
Build Command
No build command. This typically means the build failed at an early stage where we determine the build command.Build Log
========================================
RunAll
========================================
Builder version: 5.1.0
Interrupt handler set up.
========================================
Checkout
========================================
Clone URL: https://github.com/nnabeyang/SVGUIView.git
Reference: 0.22.2
Initialized empty Git repository in /Users/admin/builder/spi-builder-workspace/.git/
From https://github.com/nnabeyang/SVGUIView
* tag 0.22.2 -> FETCH_HEAD
HEAD is now at 6c50681 v0.22.2
Cloned https://github.com/nnabeyang/SVGUIView.git
Revision (git rev-parse @):
6c50681622ddbcf0f864ff227badaac297cc457f
SUCCESS checkout https://github.com/nnabeyang/SVGUIView.git at 0.22.2
========================================
Build
========================================
Selected platform: macosXcodebuild
Swift version: 6.4
Building package at path: $PWD
https://github.com/nnabeyang/SVGUIView.git
Command line invocation:
/Applications/Xcode-27.0.0-Release.Candidate.app/Contents/Developer/usr/bin/xcodebuild -IDEClonedSourcePackagesDirPathOverride=/Users/admin/builder/spi-builder-workspace/.dependencies -resolvePackageDependencies
Resolve Package Graph
Fetching from https://github.com/pointfreeco/swift-custom-dump
Fetching from https://github.com/pointfreeco/xctest-dynamic-overlay
Fetching from https://github.com/swiftlang/swift-syntax
Fetching from https://github.com/pointfreeco/swift-snapshot-testing
Creating working copy of package ‘swift-syntax’
Checking out 602.0.0 of package ‘swift-syntax’
Creating working copy of package ‘swift-custom-dump’
Checking out 1.5.0 of package ‘swift-custom-dump’
Creating working copy of package ‘swift-snapshot-testing’
Checking out 1.18.9 of package ‘swift-snapshot-testing’
Creating working copy of package ‘xctest-dynamic-overlay’
Checking out 1.9.0 of package ‘xctest-dynamic-overlay’
failed downloading 'https://api.github.com/repos/nnabeyang/SnapshotAssets/releases/assets/374940855.zip' which is required by binary target 'SVGSnapshotAssets': badResponseStatusCode(404)fatalErrorResolve Package Graph
failed downloading 'https://api.github.com/repos/nnabeyang/SnapshotAssets/releases/assets/374940855.zip' which is required by binary target 'SVGSnapshotAssets': badResponseStatusCode(404)fatalError
Resolved source packages:
spi-builder-workspace: (null)
SnapshotAssets: (null)
2026-09-25 03:00:56.322 xcodebuild[563:3076] Writing error result bundle to /var/folders/xq/y_g06wb113726d38xsyx71_h0000gn/T/ResultBundle_2026-25-09_03-00-0056.xcresult
xcodebuild: error: Could not resolve package dependencies:
failed downloading 'https://api.github.com/repos/nnabeyang/SnapshotAssets/releases/assets/374940855.zip' which is required by binary target 'SVGSnapshotAssets': badResponseStatusCode(404)
fatalError
Command line invocation:
/Applications/Xcode-27.0.0-Release.Candidate.app/Contents/Developer/usr/bin/xcodebuild -IDEClonedSourcePackagesDirPathOverride=/Users/admin/builder/spi-builder-workspace/.dependencies -resolvePackageDependencies
Resolve Package Graph
failed downloading 'https://api.github.com/repos/nnabeyang/SnapshotAssets/releases/assets/374940855.zip' which is required by binary target 'SVGSnapshotAssets': badResponseStatusCode(404)fatalError
Resolved source packages:
SnapshotAssets: (null)
spi-builder-workspace: (null)
2026-09-25 03:00:57.821 xcodebuild[792:4453] Writing error result bundle to /var/folders/xq/y_g06wb113726d38xsyx71_h0000gn/T/ResultBundle_2026-25-09_03-00-0057.xcresult
xcodebuild: error: Could not resolve package dependencies:
failed downloading 'https://api.github.com/repos/nnabeyang/SnapshotAssets/releases/assets/374940855.zip' which is required by binary target 'SVGSnapshotAssets': badResponseStatusCode(404)
fatalError
BUILD FAILURE 6.4 macosXcodebuild