Build Information
Failed to build WKDevKit, reference v1.0.1 (c32653), with Swift 6.4 for iOS using Xcode 27.0 on 23 Sep 2026 22:36:23 UTC.
Build Command
No build command. This typically means the build failed at an early stage where we determine the build command.Build Log
========================================
RunAll
========================================
Builder version: 5.1.0
Interrupt handler set up.
========================================
Checkout
========================================
Clone URL: https://github.com/devandanger/WKDevKit.git
Reference: v1.0.1
Initialized empty Git repository in /Users/admin/builder/spi-builder-workspace/.git/
From https://github.com/devandanger/WKDevKit
* tag v1.0.1 -> FETCH_HEAD
HEAD is now at c326536 chore: Update changelog for version 1.0.1 with added fixes and enhancements
Cloned https://github.com/devandanger/WKDevKit.git
Revision (git rev-parse @):
c3265368b77a370e01772a61f3ff5bbddd1f8ab5
SUCCESS checkout https://github.com/devandanger/WKDevKit.git at v1.0.1
========================================
Build
========================================
Selected platform: iOS
Swift version: 6.4
Building package at path: $PWD
https://github.com/devandanger/WKDevKit.git
Command line invocation:
/Applications/Xcode-27.0.0-Release.Candidate.app/Contents/Developer/usr/bin/xcodebuild -IDEClonedSourcePackagesDirPathOverride=/Users/admin/builder/spi-builder-workspace/.dependencies -resolvePackageDependencies
Resolve Package Graph
the package at '/Users/admin/builder/WKDevKit' cannot be accessed (/Users/admin/builder/WKDevKit doesn't exist in file system)
2026-09-23 18:36:20.911 xcodebuild[563:3060] Writing error result bundle to /var/folders/xq/y_g06wb113726d38xsyx71_h0000gn/T/ResultBundle_2026-23-09_18-36-0020.xcresult
xcodebuild: error: Could not resolve package dependencies:
the package at '/Users/admin/builder/WKDevKit' cannot be accessed (/Users/admin/builder/WKDevKit doesn't exist in file system)
Command line invocation:
/Applications/Xcode-27.0.0-Release.Candidate.app/Contents/Developer/usr/bin/xcodebuild -IDEClonedSourcePackagesDirPathOverride=/Users/admin/builder/spi-builder-workspace/.dependencies -resolvePackageDependencies
Resolve Package Graph
the package at '/Users/admin/builder/WKDevKit' cannot be accessed (/Users/admin/builder/WKDevKit doesn't exist in file system)
2026-09-23 18:36:22.934 xcodebuild[614:3481] Writing error result bundle to /var/folders/xq/y_g06wb113726d38xsyx71_h0000gn/T/ResultBundle_2026-23-09_18-36-0022.xcresult
xcodebuild: error: Could not resolve package dependencies:
the package at '/Users/admin/builder/WKDevKit' cannot be accessed (/Users/admin/builder/WKDevKit doesn't exist in file system)
BUILD FAILURE 6.4 iOS