The Swift Package Index logo.Swift Package Index

Track the adoption of Swift 6 strict concurrency checks for data race safety. How many packages are Ready for Swift 6?

Build Information

Failed to build swiftui-vertical-tab-view with Swift 5.10 for watchOS using Xcode 15.4 at 2.0.0.

Build Command

env DEVELOPER_DIR=/Applications/Xcode-15.3.0-Beta.2.app xcrun xcodebuild -IDEClonedSourcePackagesDirPathOverride=$workDir/.dependencies -skipMacroValidation -skipPackagePluginValidation -derivedDataPath $workDir/.derivedData build -scheme swiftui-vertical-tab-view -destination generic/platform=watchos

Build Log

SwiftDriver VTabView normal arm64 com.apple.xcode.tools.swift.compiler (in target 'VTabView' from project 'swiftui-vertical-tab-view')
    cd /Users/builder/builds/UKfvDsi8u/1/finestructure/swiftpackageindex-builder/spi-builder-workspace
    builtin-SwiftDriver -- /Applications/Xcode-15.3.0-Beta.2.app/Contents/Developer/Toolchains/XcodeDefault.xctoolchain/usr/bin/swiftc -module-name VTabView -Onone -enforce-exclusivity\=checked @/Users/builder/builds/UKfvDsi8u/1/finestructure/swiftpackageindex-builder/spi-builder-workspace/.derivedData/Build/Intermediates.noindex/swiftui-vertical-tab-view.build/Debug-watchos/VTabView.build/Objects-normal/arm64/VTabView.SwiftFileList -DSWIFT_PACKAGE -DDEBUG -DXcode -sdk /Applications/Xcode-15.3.0-Beta.2.app/Contents/Developer/Platforms/WatchOS.platform/Developer/SDKs/WatchOS10.4.sdk -target arm64-apple-watchos6.0 -g -module-cache-path /Users/builder/builds/UKfvDsi8u/1/finestructure/swiftpackageindex-builder/spi-builder-workspace/.derivedData/ModuleCache.noindex -Xfrontend -serialize-debugging-options -enable-testing -index-store-path /Users/builder/builds/UKfvDsi8u/1/finestructure/swiftpackageindex-builder/spi-builder-workspace/.derivedData/Index.noindex/DataStore -swift-version 5 -I /Users/builder/builds/UKfvDsi8u/1/finestructure/swiftpackageindex-builder/spi-builder-workspace/.derivedData/Build/Products/Debug-watchos -I /Applications/Xcode-15.3.0-Beta.2.app/Contents/Developer/Platforms/WatchOS.platform/Developer/usr/lib -F /Users/builder/builds/UKfvDsi8u/1/finestructure/swiftpackageindex-builder/spi-builder-workspace/.derivedData/Build/Products/Debug-watchos -F /Applications/Xcode-15.3.0-Beta.2.app/Contents/Developer/Platforms/WatchOS.platform/Developer/Library/Frameworks -F /Applications/Xcode-15.3.0-Beta.2.app/Contents/Developer/Platforms/WatchOS.platform/Developer/SDKs/WatchOS10.4.sdk/Developer/Library/Frameworks -parse-as-library -c -j8 -enable-batch-mode -incremental -Xcc -ivfsstatcache -Xcc /Users/builder/builds/UKfvDsi8u/1/finestructure/swiftpackageindex-builder/spi-builder-workspace/.derivedData/SDKStatCaches.noindex/watchos10.4-21T5196c-188b4c5c5639cdba02b95625249bd203.sdkstatcache -output-file-map /Users/builder/builds/UKfvDsi8u/1/finestructure/swiftpackageindex-builder/spi-builder-workspace/.derivedData/Build/Intermediates.noindex/swiftui-vertical-tab-view.build/Debug-watchos/VTabView.build/Objects-normal/arm64/VTabView-OutputFileMap.json -use-frontend-parseable-output -save-temps -no-color-diagnostics -serialize-diagnostics -emit-dependencies -emit-module -emit-module-path /Users/builder/builds/UKfvDsi8u/1/finestructure/swiftpackageindex-builder/spi-builder-workspace/.derivedData/Build/Intermediates.noindex/swiftui-vertical-tab-view.build/Debug-watchos/VTabView.build/Objects-normal/arm64/VTabView.swiftmodule -validate-clang-modules-once -clang-build-session-file /Users/builder/builds/UKfvDsi8u/1/finestructure/swiftpackageindex-builder/spi-builder-workspace/.derivedData/ModuleCache.noindex/Session.modulevalidation -Xcc -I/Users/builder/builds/UKfvDsi8u/1/finestructure/swiftpackageindex-builder/spi-builder-workspace/.derivedData/Build/Intermediates.noindex/swiftui-vertical-tab-view.build/Debug-watchos/VTabView.build/swift-overrides.hmap -emit-const-values -Xfrontend -const-gather-protocols-file -Xfrontend /Users/builder/builds/UKfvDsi8u/1/finestructure/swiftpackageindex-builder/spi-builder-workspace/.derivedData/Build/Intermediates.noindex/swiftui-vertical-tab-view.build/Debug-watchos/VTabView.build/Objects-normal/arm64/VTabView_const_extract_protocols.json -Xcc -I/Users/builder/builds/UKfvDsi8u/1/finestructure/swiftpackageindex-builder/spi-builder-workspace/.derivedData/Build/Products/Debug-watchos/include -Xcc -I/Users/builder/builds/UKfvDsi8u/1/finestructure/swiftpackageindex-builder/spi-builder-workspace/.derivedData/Build/Intermediates.noindex/swiftui-vertical-tab-view.build/Debug-watchos/VTabView.build/DerivedSources-normal/arm64 -Xcc -I/Users/builder/builds/UKfvDsi8u/1/finestructure/swiftpackageindex-builder/spi-builder-workspace/.derivedData/Build/Intermediates.noindex/swiftui-vertical-tab-view.build/Debug-watchos/VTabView.build/DerivedSources/arm64 -Xcc -I/Users/builder/builds/UKfvDsi8u/1/finestructure/swiftpackageindex-builder/spi-builder-workspace/.derivedData/Build/Intermediates.noindex/swiftui-vertical-tab-view.build/Debug-watchos/VTabView.build/DerivedSources -Xcc -DSWIFT_PACKAGE -Xcc -DDEBUG\=1 -emit-objc-header -emit-objc-header-path /Users/builder/builds/UKfvDsi8u/1/finestructure/swiftpackageindex-builder/spi-builder-workspace/.derivedData/Build/Intermediates.noindex/swiftui-vertical-tab-view.build/Debug-watchos/VTabView.build/Objects-normal/arm64/VTabView-Swift.h -working-directory /Users/builder/builds/UKfvDsi8u/1/finestructure/swiftpackageindex-builder/spi-builder-workspace -experimental-emit-module-separately -disable-cmo
SwiftDriver VTabView normal armv7k com.apple.xcode.tools.swift.compiler (in target 'VTabView' from project 'swiftui-vertical-tab-view')
    cd /Users/builder/builds/UKfvDsi8u/1/finestructure/swiftpackageindex-builder/spi-builder-workspace
    builtin-SwiftDriver -- /Applications/Xcode-15.3.0-Beta.2.app/Contents/Developer/Toolchains/XcodeDefault.xctoolchain/usr/bin/swiftc -module-name VTabView -Onone -enforce-exclusivity\=checked @/Users/builder/builds/UKfvDsi8u/1/finestructure/swiftpackageindex-builder/spi-builder-workspace/.derivedData/Build/Intermediates.noindex/swiftui-vertical-tab-view.build/Debug-watchos/VTabView.build/Objects-normal/armv7k/VTabView.SwiftFileList -DSWIFT_PACKAGE -DDEBUG -DXcode -sdk /Applications/Xcode-15.3.0-Beta.2.app/Contents/Developer/Platforms/WatchOS.platform/Developer/SDKs/WatchOS10.4.sdk -target armv7k-apple-watchos6.0 -g -module-cache-path /Users/builder/builds/UKfvDsi8u/1/finestructure/swiftpackageindex-builder/spi-builder-workspace/.derivedData/ModuleCache.noindex -Xfrontend -serialize-debugging-options -enable-testing -index-store-path /Users/builder/builds/UKfvDsi8u/1/finestructure/swiftpackageindex-builder/spi-builder-workspace/.derivedData/Index.noindex/DataStore -swift-version 5 -I /Users/builder/builds/UKfvDsi8u/1/finestructure/swiftpackageindex-builder/spi-builder-workspace/.derivedData/Build/Products/Debug-watchos -I /Applications/Xcode-15.3.0-Beta.2.app/Contents/Developer/Platforms/WatchOS.platform/Developer/usr/lib -F /Users/builder/builds/UKfvDsi8u/1/finestructure/swiftpackageindex-builder/spi-builder-workspace/.derivedData/Build/Products/Debug-watchos -F /Applications/Xcode-15.3.0-Beta.2.app/Contents/Developer/Platforms/WatchOS.platform/Developer/Library/Frameworks -F /Applications/Xcode-15.3.0-Beta.2.app/Contents/Developer/Platforms/WatchOS.platform/Developer/SDKs/WatchOS10.4.sdk/Developer/Library/Frameworks -parse-as-library -c -j8 -enable-batch-mode -incremental -Xcc -ivfsstatcache -Xcc /Users/builder/builds/UKfvDsi8u/1/finestructure/swiftpackageindex-builder/spi-builder-workspace/.derivedData/SDKStatCaches.noindex/watchos10.4-21T5196c-188b4c5c5639cdba02b95625249bd203.sdkstatcache -output-file-map /Users/builder/builds/UKfvDsi8u/1/finestructure/swiftpackageindex-builder/spi-builder-workspace/.derivedData/Build/Intermediates.noindex/swiftui-vertical-tab-view.build/Debug-watchos/VTabView.build/Objects-normal/armv7k/VTabView-OutputFileMap.json -use-frontend-parseable-output -save-temps -no-color-diagnostics -serialize-diagnostics -emit-dependencies -emit-module -emit-module-path /Users/builder/builds/UKfvDsi8u/1/finestructure/swiftpackageindex-builder/spi-builder-workspace/.derivedData/Build/Intermediates.noindex/swiftui-vertical-tab-view.build/Debug-watchos/VTabView.build/Objects-normal/armv7k/VTabView.swiftmodule -validate-clang-modules-once -clang-build-session-file /Users/builder/builds/UKfvDsi8u/1/finestructure/swiftpackageindex-builder/spi-builder-workspace/.derivedData/ModuleCache.noindex/Session.modulevalidation -Xcc -I/Users/builder/builds/UKfvDsi8u/1/finestructure/swiftpackageindex-builder/spi-builder-workspace/.derivedData/Build/Intermediates.noindex/swiftui-vertical-tab-view.build/Debug-watchos/VTabView.build/swift-overrides.hmap -emit-const-values -Xfrontend -const-gather-protocols-file -Xfrontend /Users/builder/builds/UKfvDsi8u/1/finestructure/swiftpackageindex-builder/spi-builder-workspace/.derivedData/Build/Intermediates.noindex/swiftui-vertical-tab-view.build/Debug-watchos/VTabView.build/Objects-normal/armv7k/VTabView_const_extract_protocols.json -Xcc -I/Users/builder/builds/UKfvDsi8u/1/finestructure/swiftpackageindex-builder/spi-builder-workspace/.derivedData/Build/Products/Debug-watchos/include -Xcc -I/Users/builder/builds/UKfvDsi8u/1/finestructure/swiftpackageindex-builder/spi-builder-workspace/.derivedData/Build/Intermediates.noindex/swiftui-vertical-tab-view.build/Debug-watchos/VTabView.build/DerivedSources-normal/armv7k -Xcc -I/Users/builder/builds/UKfvDsi8u/1/finestructure/swiftpackageindex-builder/spi-builder-workspace/.derivedData/Build/Intermediates.noindex/swiftui-vertical-tab-view.build/Debug-watchos/VTabView.build/DerivedSources/armv7k -Xcc -I/Users/builder/builds/UKfvDsi8u/1/finestructure/swiftpackageindex-builder/spi-builder-workspace/.derivedData/Build/Intermediates.noindex/swiftui-vertical-tab-view.build/Debug-watchos/VTabView.build/DerivedSources -Xcc -DSWIFT_PACKAGE -Xcc -DDEBUG\=1 -emit-objc-header -emit-objc-header-path /Users/builder/builds/UKfvDsi8u/1/finestructure/swiftpackageindex-builder/spi-builder-workspace/.derivedData/Build/Intermediates.noindex/swiftui-vertical-tab-view.build/Debug-watchos/VTabView.build/Objects-normal/armv7k/VTabView-Swift.h -working-directory /Users/builder/builds/UKfvDsi8u/1/finestructure/swiftpackageindex-builder/spi-builder-workspace -experimental-emit-module-separately -disable-cmo
SwiftEmitModule normal arm64_32 Emitting\ module\ for\ VTabView (in target 'VTabView' from project 'swiftui-vertical-tab-view')
    cd /Users/builder/builds/UKfvDsi8u/1/finestructure/swiftpackageindex-builder/spi-builder-workspace
    builtin-swiftTaskExecution -- /Applications/Xcode-15.3.0-Beta.2.app/Contents/Developer/Toolchains/XcodeDefault.xctoolchain/usr/bin/swift-frontend -frontend -emit-module -experimental-skip-non-inlinable-function-bodies-without-types /Users/builder/builds/UKfvDsi8u/1/finestructure/swiftpackageindex-builder/spi-builder-workspace/Sources/VTabView/VTabView.swift -target arm64_32-apple-watchos6.0 -enable-objc-interop -sdk /Applications/Xcode-15.3.0-Beta.2.app/Contents/Developer/Platforms/WatchOS.platform/Developer/SDKs/WatchOS10.4.sdk -I /Users/builder/builds/UKfvDsi8u/1/finestructure/swiftpackageindex-builder/spi-builder-workspace/.derivedData/Build/Products/Debug-watchos -I /Applications/Xcode-15.3.0-Beta.2.app/Contents/Developer/Platforms/WatchOS.platform/Developer/usr/lib -F /Users/builder/builds/UKfvDsi8u/1/finestructure/swiftpackageindex-builder/spi-builder-workspace/.derivedData/Build/Products/Debug-watchos -F /Applications/Xcode-15.3.0-Beta.2.app/Contents/Developer/Platforms/WatchOS.platform/Developer/Library/Frameworks -F /Applications/Xcode-15.3.0-Beta.2.app/Contents/Developer/Platforms/WatchOS.platform/Developer/SDKs/WatchOS10.4.sdk/Developer/Library/Frameworks -no-color-diagnostics -enable-testing -g -module-cache-path /Users/builder/builds/UKfvDsi8u/1/finestructure/swiftpackageindex-builder/spi-builder-workspace/.derivedData/ModuleCache.noindex -swift-version 5 -enforce-exclusivity\=checked -Onone -D SWIFT_PACKAGE -D DEBUG -D Xcode -serialize-debugging-options -const-gather-protocols-file /Users/builder/builds/UKfvDsi8u/1/finestructure/swiftpackageindex-builder/spi-builder-workspace/.derivedData/Build/Intermediates.noindex/swiftui-vertical-tab-view.build/Debug-watchos/VTabView.build/Objects-normal/arm64_32/VTabView_const_extract_protocols.json -empty-abi-descriptor -validate-clang-modules-once -clang-build-session-file /Users/builder/builds/UKfvDsi8u/1/finestructure/swiftpackageindex-builder/spi-builder-workspace/.derivedData/ModuleCache.noindex/Session.modulevalidation -Xcc -working-directory -Xcc /Users/builder/builds/UKfvDsi8u/1/finestructure/swiftpackageindex-builder/spi-builder-workspace -resource-dir /Applications/Xcode-15.3.0-Beta.2.app/Contents/Developer/Toolchains/XcodeDefault.xctoolchain/usr/lib/swift -enable-anonymous-context-mangled-names -Xcc -ivfsstatcache -Xcc /Users/builder/builds/UKfvDsi8u/1/finestructure/swiftpackageindex-builder/spi-builder-workspace/.derivedData/SDKStatCaches.noindex/watchos10.4-21T5196c-188b4c5c5639cdba02b95625249bd203.sdkstatcache -Xcc -I/Users/builder/builds/UKfvDsi8u/1/finestructure/swiftpackageindex-builder/spi-builder-workspace/.derivedData/Build/Intermediates.noindex/swiftui-vertical-tab-view.build/Debug-watchos/VTabView.build/swift-overrides.hmap -Xcc -I/Users/builder/builds/UKfvDsi8u/1/finestructure/swiftpackageindex-builder/spi-builder-workspace/.derivedData/Build/Products/Debug-watchos/include -Xcc -I/Users/builder/builds/UKfvDsi8u/1/finestructure/swiftpackageindex-builder/spi-builder-workspace/.derivedData/Build/Intermediates.noindex/swiftui-vertical-tab-view.build/Debug-watchos/VTabView.build/DerivedSources-normal/arm64_32 -Xcc -I/Users/builder/builds/UKfvDsi8u/1/finestructure/swiftpackageindex-builder/spi-builder-workspace/.derivedData/Build/Intermediates.noindex/swiftui-vertical-tab-view.build/Debug-watchos/VTabView.build/DerivedSources/arm64_32 -Xcc -I/Users/builder/builds/UKfvDsi8u/1/finestructure/swiftpackageindex-builder/spi-builder-workspace/.derivedData/Build/Intermediates.noindex/swiftui-vertical-tab-view.build/Debug-watchos/VTabView.build/DerivedSources -Xcc -DSWIFT_PACKAGE -Xcc -DDEBUG\=1 -module-name VTabView -disable-clang-spi -target-sdk-version 10.4 -target-sdk-name watchos10.4 -external-plugin-path /Applications/Xcode-15.3.0-Beta.2.app/Contents/Developer/Platforms/WatchOS.platform/Developer/SDKs/WatchOS10.4.sdk/usr/lib/swift/host/plugins\#/Applications/Xcode-15.3.0-Beta.2.app/Contents/Developer/Platforms/WatchOS.platform/Developer/SDKs/WatchOS10.4.sdk/usr/bin/swift-plugin-server -external-plugin-path /Applications/Xcode-15.3.0-Beta.2.app/Contents/Developer/Platforms/WatchOS.platform/Developer/SDKs/WatchOS10.4.sdk/usr/local/lib/swift/host/plugins\#/Applications/Xcode-15.3.0-Beta.2.app/Contents/Developer/Platforms/WatchOS.platform/Developer/SDKs/WatchOS10.4.sdk/usr/bin/swift-plugin-server -external-plugin-path /Applications/Xcode-15.3.0-Beta.2.app/Contents/Developer/Platforms/WatchOS.platform/Developer/usr/lib/swift/host/plugins\#/Applications/Xcode-15.3.0-Beta.2.app/Contents/Developer/Platforms/WatchOS.platform/Developer/usr/bin/swift-plugin-server -external-plugin-path /Applications/Xcode-15.3.0-Beta.2.app/Contents/Developer/Platforms/WatchOS.platform/Developer/usr/local/lib/swift/host/plugins\#/Applications/Xcode-15.3.0-Beta.2.app/Contents/Developer/Platforms/WatchOS.platform/Developer/usr/bin/swift-plugin-server -plugin-path /Applications/Xcode-15.3.0-Beta.2.app/Contents/Developer/Toolchains/XcodeDefault.xctoolchain/usr/lib/swift/host/plugins -plugin-path /Applications/Xcode-15.3.0-Beta.2.app/Contents/Developer/Toolchains/XcodeDefault.xctoolchain/usr/local/lib/swift/host/plugins -emit-module-doc-path /Users/builder/builds/UKfvDsi8u/1/finestructure/swiftpackageindex-builder/spi-builder-workspace/.derivedData/Build/Intermediates.noindex/swiftui-vertical-tab-view.build/Debug-watchos/VTabView.build/Objects-normal/arm64_32/VTabView.swiftdoc -emit-module-source-info-path /Users/builder/builds/UKfvDsi8u/1/finestructure/swiftpackageindex-builder/spi-builder-workspace/.derivedData/Build/Intermediates.noindex/swiftui-vertical-tab-view.build/Debug-watchos/VTabView.build/Objects-normal/arm64_32/VTabView.swiftsourceinfo -emit-objc-header-path /Users/builder/builds/UKfvDsi8u/1/finestructure/swiftpackageindex-builder/spi-builder-workspace/.derivedData/Build/Intermediates.noindex/swiftui-vertical-tab-view.build/Debug-watchos/VTabView.build/Objects-normal/arm64_32/VTabView-Swift.h -serialize-diagnostics-path /Users/builder/builds/UKfvDsi8u/1/finestructure/swiftpackageindex-builder/spi-builder-workspace/.derivedData/Build/Intermediates.noindex/swiftui-vertical-tab-view.build/Debug-watchos/VTabView.build/Objects-normal/arm64_32/VTabView-master-emit-module.dia -emit-dependencies-path /Users/builder/builds/UKfvDsi8u/1/finestructure/swiftpackageindex-builder/spi-builder-workspace/.derivedData/Build/Intermediates.noindex/swiftui-vertical-tab-view.build/Debug-watchos/VTabView.build/Objects-normal/arm64_32/VTabView-master-emit-module.d -parse-as-library -o /Users/builder/builds/UKfvDsi8u/1/finestructure/swiftpackageindex-builder/spi-builder-workspace/.derivedData/Build/Intermediates.noindex/swiftui-vertical-tab-view.build/Debug-watchos/VTabView.build/Objects-normal/arm64_32/VTabView.swiftmodule -emit-abi-descriptor-path /Users/builder/builds/UKfvDsi8u/1/finestructure/swiftpackageindex-builder/spi-builder-workspace/.derivedData/Build/Intermediates.noindex/swiftui-vertical-tab-view.build/Debug-watchos/VTabView.build/Objects-normal/arm64_32/VTabView.abi.json
SwiftEmitModule normal armv7k Emitting\ module\ for\ VTabView (in target 'VTabView' from project 'swiftui-vertical-tab-view')
    cd /Users/builder/builds/UKfvDsi8u/1/finestructure/swiftpackageindex-builder/spi-builder-workspace
    builtin-swiftTaskExecution -- /Applications/Xcode-15.3.0-Beta.2.app/Contents/Developer/Toolchains/XcodeDefault.xctoolchain/usr/bin/swift-frontend -frontend -emit-module -experimental-skip-non-inlinable-function-bodies-without-types /Users/builder/builds/UKfvDsi8u/1/finestructure/swiftpackageindex-builder/spi-builder-workspace/Sources/VTabView/VTabView.swift -target armv7k-apple-watchos6.0 -enable-objc-interop -stack-check -sdk /Applications/Xcode-15.3.0-Beta.2.app/Contents/Developer/Platforms/WatchOS.platform/Developer/SDKs/WatchOS10.4.sdk -I /Users/builder/builds/UKfvDsi8u/1/finestructure/swiftpackageindex-builder/spi-builder-workspace/.derivedData/Build/Products/Debug-watchos -I /Applications/Xcode-15.3.0-Beta.2.app/Contents/Developer/Platforms/WatchOS.platform/Developer/usr/lib -F /Users/builder/builds/UKfvDsi8u/1/finestructure/swiftpackageindex-builder/spi-builder-workspace/.derivedData/Build/Products/Debug-watchos -F /Applications/Xcode-15.3.0-Beta.2.app/Contents/Developer/Platforms/WatchOS.platform/Developer/Library/Frameworks -F /Applications/Xcode-15.3.0-Beta.2.app/Contents/Developer/Platforms/WatchOS.platform/Developer/SDKs/WatchOS10.4.sdk/Developer/Library/Frameworks -no-color-diagnostics -enable-testing -g -module-cache-path /Users/builder/builds/UKfvDsi8u/1/finestructure/swiftpackageindex-builder/spi-builder-workspace/.derivedData/ModuleCache.noindex -swift-version 5 -enforce-exclusivity\=checked -Onone -D SWIFT_PACKAGE -D DEBUG -D Xcode -serialize-debugging-options -const-gather-protocols-file /Users/builder/builds/UKfvDsi8u/1/finestructure/swiftpackageindex-builder/spi-builder-workspace/.derivedData/Build/Intermediates.noindex/swiftui-vertical-tab-view.build/Debug-watchos/VTabView.build/Objects-normal/armv7k/VTabView_const_extract_protocols.json -empty-abi-descriptor -validate-clang-modules-once -clang-build-session-file /Users/builder/builds/UKfvDsi8u/1/finestructure/swiftpackageindex-builder/spi-builder-workspace/.derivedData/ModuleCache.noindex/Session.modulevalidation -Xcc -working-directory -Xcc /Users/builder/builds/UKfvDsi8u/1/finestructure/swiftpackageindex-builder/spi-builder-workspace -resource-dir /Applications/Xcode-15.3.0-Beta.2.app/Contents/Developer/Toolchains/XcodeDefault.xctoolchain/usr/lib/swift -enable-anonymous-context-mangled-names -Xcc -ivfsstatcache -Xcc /Users/builder/builds/UKfvDsi8u/1/finestructure/swiftpackageindex-builder/spi-builder-workspace/.derivedData/SDKStatCaches.noindex/watchos10.4-21T5196c-188b4c5c5639cdba02b95625249bd203.sdkstatcache -Xcc -I/Users/builder/builds/UKfvDsi8u/1/finestructure/swiftpackageindex-builder/spi-builder-workspace/.derivedData/Build/Intermediates.noindex/swiftui-vertical-tab-view.build/Debug-watchos/VTabView.build/swift-overrides.hmap -Xcc -I/Users/builder/builds/UKfvDsi8u/1/finestructure/swiftpackageindex-builder/spi-builder-workspace/.derivedData/Build/Products/Debug-watchos/include -Xcc -I/Users/builder/builds/UKfvDsi8u/1/finestructure/swiftpackageindex-builder/spi-builder-workspace/.derivedData/Build/Intermediates.noindex/swiftui-vertical-tab-view.build/Debug-watchos/VTabView.build/DerivedSources-normal/armv7k -Xcc -I/Users/builder/builds/UKfvDsi8u/1/finestructure/swiftpackageindex-builder/spi-builder-workspace/.derivedData/Build/Intermediates.noindex/swiftui-vertical-tab-view.build/Debug-watchos/VTabView.build/DerivedSources/armv7k -Xcc -I/Users/builder/builds/UKfvDsi8u/1/finestructure/swiftpackageindex-builder/spi-builder-workspace/.derivedData/Build/Intermediates.noindex/swiftui-vertical-tab-view.build/Debug-watchos/VTabView.build/DerivedSources -Xcc -DSWIFT_PACKAGE -Xcc -DDEBUG\=1 -module-name VTabView -disable-clang-spi -target-sdk-version 10.4 -target-sdk-name watchos10.4 -external-plugin-path /Applications/Xcode-15.3.0-Beta.2.app/Contents/Developer/Platforms/WatchOS.platform/Developer/SDKs/WatchOS10.4.sdk/usr/lib/swift/host/plugins\#/Applications/Xcode-15.3.0-Beta.2.app/Contents/Developer/Platforms/WatchOS.platform/Developer/SDKs/WatchOS10.4.sdk/usr/bin/swift-plugin-server -external-plugin-path /Applications/Xcode-15.3.0-Beta.2.app/Contents/Developer/Platforms/WatchOS.platform/Developer/SDKs/WatchOS10.4.sdk/usr/local/lib/swift/host/plugins\#/Applications/Xcode-15.3.0-Beta.2.app/Contents/Developer/Platforms/WatchOS.platform/Developer/SDKs/WatchOS10.4.sdk/usr/bin/swift-plugin-server -external-plugin-path /Applications/Xcode-15.3.0-Beta.2.app/Contents/Developer/Platforms/WatchOS.platform/Developer/usr/lib/swift/host/plugins\#/Applications/Xcode-15.3.0-Beta.2.app/Contents/Developer/Platforms/WatchOS.platform/Developer/usr/bin/swift-plugin-server -external-plugin-path /Applications/Xcode-15.3.0-Beta.2.app/Contents/Developer/Platforms/WatchOS.platform/Developer/usr/local/lib/swift/host/plugins\#/Applications/Xcode-15.3.0-Beta.2.app/Contents/Developer/Platforms/WatchOS.platform/Developer/usr/bin/swift-plugin-server -plugin-path /Applications/Xcode-15.3.0-Beta.2.app/Contents/Developer/Toolchains/XcodeDefault.xctoolchain/usr/lib/swift/host/plugins -plugin-path /Applications/Xcode-15.3.0-Beta.2.app/Contents/Developer/Toolchains/XcodeDefault.xctoolchain/usr/local/lib/swift/host/plugins -emit-module-doc-path /Users/builder/builds/UKfvDsi8u/1/finestructure/swiftpackageindex-builder/spi-builder-workspace/.derivedData/Build/Intermediates.noindex/swiftui-vertical-tab-view.build/Debug-watchos/VTabView.build/Objects-normal/armv7k/VTabView.swiftdoc -emit-module-source-info-path /Users/builder/builds/UKfvDsi8u/1/finestructure/swiftpackageindex-builder/spi-builder-workspace/.derivedData/Build/Intermediates.noindex/swiftui-vertical-tab-view.build/Debug-watchos/VTabView.build/Objects-normal/armv7k/VTabView.swiftsourceinfo -emit-objc-header-path /Users/builder/builds/UKfvDsi8u/1/finestructure/swiftpackageindex-builder/spi-builder-workspace/.derivedData/Build/Intermediates.noindex/swiftui-vertical-tab-view.build/Debug-watchos/VTabView.build/Objects-normal/armv7k/VTabView-Swift.h -serialize-diagnostics-path /Users/builder/builds/UKfvDsi8u/1/finestructure/swiftpackageindex-builder/spi-builder-workspace/.derivedData/Build/Intermediates.noindex/swiftui-vertical-tab-view.build/Debug-watchos/VTabView.build/Objects-normal/armv7k/VTabView-master-emit-module.dia -emit-dependencies-path /Users/builder/builds/UKfvDsi8u/1/finestructure/swiftpackageindex-builder/spi-builder-workspace/.derivedData/Build/Intermediates.noindex/swiftui-vertical-tab-view.build/Debug-watchos/VTabView.build/Objects-normal/armv7k/VTabView-master-emit-module.d -parse-as-library -o /Users/builder/builds/UKfvDsi8u/1/finestructure/swiftpackageindex-builder/spi-builder-workspace/.derivedData/Build/Intermediates.noindex/swiftui-vertical-tab-view.build/Debug-watchos/VTabView.build/Objects-normal/armv7k/VTabView.swiftmodule -emit-abi-descriptor-path /Users/builder/builds/UKfvDsi8u/1/finestructure/swiftpackageindex-builder/spi-builder-workspace/.derivedData/Build/Intermediates.noindex/swiftui-vertical-tab-view.build/Debug-watchos/VTabView.build/Objects-normal/armv7k/VTabView.abi.json
SwiftCompile normal armv7k Compiling\ VTabView.swift /Users/builder/builds/UKfvDsi8u/1/finestructure/swiftpackageindex-builder/spi-builder-workspace/Sources/VTabView/VTabView.swift (in target 'VTabView' from project 'swiftui-vertical-tab-view')
    cd /Users/builder/builds/UKfvDsi8u/1/finestructure/swiftpackageindex-builder/spi-builder-workspace
    builtin-swiftTaskExecution -- /Applications/Xcode-15.3.0-Beta.2.app/Contents/Developer/Toolchains/XcodeDefault.xctoolchain/usr/bin/swift-frontend -frontend -c -primary-file /Users/builder/builds/UKfvDsi8u/1/finestructure/swiftpackageindex-builder/spi-builder-workspace/Sources/VTabView/VTabView.swift -emit-dependencies-path /Users/builder/builds/UKfvDsi8u/1/finestructure/swiftpackageindex-builder/spi-builder-workspace/.derivedData/Build/Intermediates.noindex/swiftui-vertical-tab-view.build/Debug-watchos/VTabView.build/Objects-normal/armv7k/VTabView.d -emit-const-values-path /Users/builder/builds/UKfvDsi8u/1/finestructure/swiftpackageindex-builder/spi-builder-workspace/.derivedData/Build/Intermediates.noindex/swiftui-vertical-tab-view.build/Debug-watchos/VTabView.build/Objects-normal/armv7k/VTabView.swiftconstvalues -emit-reference-dependencies-path /Users/builder/builds/UKfvDsi8u/1/finestructure/swiftpackageindex-builder/spi-builder-workspace/.derivedData/Build/Intermediates.noindex/swiftui-vertical-tab-view.build/Debug-watchos/VTabView.build/Objects-normal/armv7k/VTabView.swiftdeps -serialize-diagnostics-path /Users/builder/builds/UKfvDsi8u/1/finestructure/swiftpackageindex-builder/spi-builder-workspace/.derivedData/Build/Intermediates.noindex/swiftui-vertical-tab-view.build/Debug-watchos/VTabView.build/Objects-normal/armv7k/VTabView.dia -target armv7k-apple-watchos6.0 -enable-objc-interop -stack-check -sdk /Applications/Xcode-15.3.0-Beta.2.app/Contents/Developer/Platforms/WatchOS.platform/Developer/SDKs/WatchOS10.4.sdk -I /Users/builder/builds/UKfvDsi8u/1/finestructure/swiftpackageindex-builder/spi-builder-workspace/.derivedData/Build/Products/Debug-watchos -I /Applications/Xcode-15.3.0-Beta.2.app/Contents/Developer/Platforms/WatchOS.platform/Developer/usr/lib -F /Users/builder/builds/UKfvDsi8u/1/finestructure/swiftpackageindex-builder/spi-builder-workspace/.derivedData/Build/Products/Debug-watchos -F /Applications/Xcode-15.3.0-Beta.2.app/Contents/Developer/Platforms/WatchOS.platform/Developer/Library/Frameworks -F /Applications/Xcode-15.3.0-Beta.2.app/Contents/Developer/Platforms/WatchOS.platform/Developer/SDKs/WatchOS10.4.sdk/Developer/Library/Frameworks -no-color-diagnostics -enable-testing -g -module-cache-path /Users/builder/builds/UKfvDsi8u/1/finestructure/swiftpackageindex-builder/spi-builder-workspace/.derivedData/ModuleCache.noindex -swift-version 5 -enforce-exclusivity\=checked -Onone -D SWIFT_PACKAGE -D DEBUG -D Xcode -serialize-debugging-options -const-gather-protocols-file /Users/builder/builds/UKfvDsi8u/1/finestructure/swiftpackageindex-builder/spi-builder-workspace/.derivedData/Build/Intermediates.noindex/swiftui-vertical-tab-view.build/Debug-watchos/VTabView.build/Objects-normal/armv7k/VTabView_const_extract_protocols.json -empty-abi-descriptor -validate-clang-modules-once -clang-build-session-file /Users/builder/builds/UKfvDsi8u/1/finestructure/swiftpackageindex-builder/spi-builder-workspace/.derivedData/ModuleCache.noindex/Session.modulevalidation -Xcc -working-directory -Xcc /Users/builder/builds/UKfvDsi8u/1/finestructure/swiftpackageindex-builder/spi-builder-workspace -resource-dir /Applications/Xcode-15.3.0-Beta.2.app/Contents/Developer/Toolchains/XcodeDefault.xctoolchain/usr/lib/swift -enable-anonymous-context-mangled-names -Xcc -ivfsstatcache -Xcc /Users/builder/builds/UKfvDsi8u/1/finestructure/swiftpackageindex-builder/spi-builder-workspace/.derivedData/SDKStatCaches.noindex/watchos10.4-21T5196c-188b4c5c5639cdba02b95625249bd203.sdkstatcache -Xcc -I/Users/builder/builds/UKfvDsi8u/1/finestructure/swiftpackageindex-builder/spi-builder-workspace/.derivedData/Build/Intermediates.noindex/swiftui-vertical-tab-view.build/Debug-watchos/VTabView.build/swift-overrides.hmap -Xcc -I/Users/builder/builds/UKfvDsi8u/1/finestructure/swiftpackageindex-builder/spi-builder-workspace/.derivedData/Build/Products/Debug-watchos/include -Xcc -I/Users/builder/builds/UKfvDsi8u/1/finestructure/swiftpackageindex-builder/spi-builder-workspace/.derivedData/Build/Intermediates.noindex/swiftui-vertical-tab-view.build/Debug-watchos/VTabView.build/DerivedSources-normal/armv7k -Xcc -I/Users/builder/builds/UKfvDsi8u/1/finestructure/swiftpackageindex-builder/spi-builder-workspace/.derivedData/Build/Intermediates.noindex/swiftui-vertical-tab-view.build/Debug-watchos/VTabView.build/DerivedSources/armv7k -Xcc -I/Users/builder/builds/UKfvDsi8u/1/finestructure/swiftpackageindex-builder/spi-builder-workspace/.derivedData/Build/Intermediates.noindex/swiftui-vertical-tab-view.build/Debug-watchos/VTabView.build/DerivedSources -Xcc -DSWIFT_PACKAGE -Xcc -DDEBUG\=1 -module-name VTabView -frontend-parseable-output -disable-clang-spi -target-sdk-version 10.4 -target-sdk-name watchos10.4 -external-plugin-path /Applications/Xcode-15.3.0-Beta.2.app/Contents/Developer/Platforms/WatchOS.platform/Developer/SDKs/WatchOS10.4.sdk/usr/lib/swift/host/plugins\#/Applications/Xcode-15.3.0-Beta.2.app/Contents/Developer/Platforms/WatchOS.platform/Developer/SDKs/WatchOS10.4.sdk/usr/bin/swift-plugin-server -external-plugin-path /Applications/Xcode-15.3.0-Beta.2.app/Contents/Developer/Platforms/WatchOS.platform/Developer/SDKs/WatchOS10.4.sdk/usr/local/lib/swift/host/plugins\#/Applications/Xcode-15.3.0-Beta.2.app/Contents/Developer/Platforms/WatchOS.platform/Developer/SDKs/WatchOS10.4.sdk/usr/bin/swift-plugin-server -external-plugin-path /Applications/Xcode-15.3.0-Beta.2.app/Contents/Developer/Platforms/WatchOS.platform/Developer/usr/lib/swift/host/plugins\#/Applications/Xcode-15.3.0-Beta.2.app/Contents/Developer/Platforms/WatchOS.platform/Developer/usr/bin/swift-plugin-server -external-plugin-path /Applications/Xcode-15.3.0-Beta.2.app/Contents/Developer/Platforms/WatchOS.platform/Developer/usr/local/lib/swift/host/plugins\#/Applications/Xcode-15.3.0-Beta.2.app/Contents/Developer/Platforms/WatchOS.platform/Developer/usr/bin/swift-plugin-server -plugin-path /Applications/Xcode-15.3.0-Beta.2.app/Contents/Developer/Toolchains/XcodeDefault.xctoolchain/usr/lib/swift/host/plugins -plugin-path /Applications/Xcode-15.3.0-Beta.2.app/Contents/Developer/Toolchains/XcodeDefault.xctoolchain/usr/local/lib/swift/host/plugins -parse-as-library -o /Users/builder/builds/UKfvDsi8u/1/finestructure/swiftpackageindex-builder/spi-builder-workspace/.derivedData/Build/Intermediates.noindex/swiftui-vertical-tab-view.build/Debug-watchos/VTabView.build/Objects-normal/armv7k/VTabView.o -index-unit-output-path /swiftui-vertical-tab-view.build/Debug-watchos/VTabView.build/Objects-normal/armv7k/VTabView.o -index-store-path /Users/builder/builds/UKfvDsi8u/1/finestructure/swiftpackageindex-builder/spi-builder-workspace/.derivedData/Index.noindex/DataStore -index-system-modules
SwiftCompile normal armv7k /Users/builder/builds/UKfvDsi8u/1/finestructure/swiftpackageindex-builder/spi-builder-workspace/Sources/VTabView/VTabView.swift (in target 'VTabView' from project 'swiftui-vertical-tab-view')
    cd /Users/builder/builds/UKfvDsi8u/1/finestructure/swiftpackageindex-builder/spi-builder-workspace
    /Applications/Xcode-15.3.0-Beta.2.app/Contents/Developer/Toolchains/XcodeDefault.xctoolchain/usr/bin/swift-frontend -c -primary-file /Users/builder/builds/UKfvDsi8u/1/finestructure/swiftpackageindex-builder/spi-builder-workspace/Sources/VTabView/VTabView.swift -emit-dependencies-path /Users/builder/builds/UKfvDsi8u/1/finestructure/swiftpackageindex-builder/spi-builder-workspace/.derivedData/Build/Intermediates.noindex/swiftui-vertical-tab-view.build/Debug-watchos/VTabView.build/Objects-normal/armv7k/VTabView.d -emit-const-values-path /Users/builder/builds/UKfvDsi8u/1/finestructure/swiftpackageindex-builder/spi-builder-workspace/.derivedData/Build/Intermediates.noindex/swiftui-vertical-tab-view.build/Debug-watchos/VTabView.build/Objects-normal/armv7k/VTabView.swiftconstvalues -emit-reference-dependencies-path /Users/builder/builds/UKfvDsi8u/1/finestructure/swiftpackageindex-builder/spi-builder-workspace/.derivedData/Build/Intermediates.noindex/swiftui-vertical-tab-view.build/Debug-watchos/VTabView.build/Objects-normal/armv7k/VTabView.swiftdeps -serialize-diagnostics-path /Users/builder/builds/UKfvDsi8u/1/finestructure/swiftpackageindex-builder/spi-builder-workspace/.derivedData/Build/Intermediates.noindex/swiftui-vertical-tab-view.build/Debug-watchos/VTabView.build/Objects-normal/armv7k/VTabView.dia -target armv7k-apple-watchos6.0 -enable-objc-interop -stack-check -sdk /Applications/Xcode-15.3.0-Beta.2.app/Contents/Developer/Platforms/WatchOS.platform/Developer/SDKs/WatchOS10.4.sdk -I /Users/builder/builds/UKfvDsi8u/1/finestructure/swiftpackageindex-builder/spi-builder-workspace/.derivedData/Build/Products/Debug-watchos -I /Applications/Xcode-15.3.0-Beta.2.app/Contents/Developer/Platforms/WatchOS.platform/Developer/usr/lib -F /Users/builder/builds/UKfvDsi8u/1/finestructure/swiftpackageindex-builder/spi-builder-workspace/.derivedData/Build/Products/Debug-watchos -F /Applications/Xcode-15.3.0-Beta.2.app/Contents/Developer/Platforms/WatchOS.platform/Developer/Library/Frameworks -F /Applications/Xcode-15.3.0-Beta.2.app/Contents/Developer/Platforms/WatchOS.platform/Developer/SDKs/WatchOS10.4.sdk/Developer/Library/Frameworks -no-color-diagnostics -enable-testing -g -module-cache-path /Users/builder/builds/UKfvDsi8u/1/finestructure/swiftpackageindex-builder/spi-builder-workspace/.derivedData/ModuleCache.noindex -swift-version 5 -enforce-exclusivity\=checked -Onone -D SWIFT_PACKAGE -D DEBUG -D Xcode -serialize-debugging-options -const-gather-protocols-file /Users/builder/builds/UKfvDsi8u/1/finestructure/swiftpackageindex-builder/spi-builder-workspace/.derivedData/Build/Intermediates.noindex/swiftui-vertical-tab-view.build/Debug-watchos/VTabView.build/Objects-normal/armv7k/VTabView_const_extract_protocols.json -empty-abi-descriptor -validate-clang-modules-once -clang-build-session-file /Users/builder/builds/UKfvDsi8u/1/finestructure/swiftpackageindex-builder/spi-builder-workspace/.derivedData/ModuleCache.noindex/Session.modulevalidation -Xcc -working-directory -Xcc /Users/builder/builds/UKfvDsi8u/1/finestructure/swiftpackageindex-builder/spi-builder-workspace -resource-dir /Applications/Xcode-15.3.0-Beta.2.app/Contents/Developer/Toolchains/XcodeDefault.xctoolchain/usr/lib/swift -enable-anonymous-context-mangled-names -Xcc -ivfsstatcache -Xcc /Users/builder/builds/UKfvDsi8u/1/finestructure/swiftpackageindex-builder/spi-builder-workspace/.derivedData/SDKStatCaches.noindex/watchos10.4-21T5196c-188b4c5c5639cdba02b95625249bd203.sdkstatcache -Xcc -I/Users/builder/builds/UKfvDsi8u/1/finestructure/swiftpackageindex-builder/spi-builder-workspace/.derivedData/Build/Intermediates.noindex/swiftui-vertical-tab-view.build/Debug-watchos/VTabView.build/swift-overrides.hmap -Xcc -I/Users/builder/builds/UKfvDsi8u/1/finestructure/swiftpackageindex-builder/spi-builder-workspace/.derivedData/Build/Products/Debug-watchos/include -Xcc -I/Users/builder/builds/UKfvDsi8u/1/finestructure/swiftpackageindex-builder/spi-builder-workspace/.derivedData/Build/Intermediates.noindex/swiftui-vertical-tab-view.build/Debug-watchos/VTabView.build/DerivedSources-normal/armv7k -Xcc -I/Users/builder/builds/UKfvDsi8u/1/finestructure/swiftpackageindex-builder/spi-builder-workspace/.derivedData/Build/Intermediates.noindex/swiftui-vertical-tab-view.build/Debug-watchos/VTabView.build/DerivedSources/armv7k -Xcc -I/Users/builder/builds/UKfvDsi8u/1/finestructure/swiftpackageindex-builder/spi-builder-workspace/.derivedData/Build/Intermediates.noindex/swiftui-vertical-tab-view.build/Debug-watchos/VTabView.build/DerivedSources -Xcc -DSWIFT_PACKAGE -Xcc -DDEBUG\=1 -module-name VTabView -frontend-parseable-output -disable-clang-spi -target-sdk-version 10.4 -target-sdk-name watchos10.4 -external-plugin-path /Applications/Xcode-15.3.0-Beta.2.app/Contents/Developer/Platforms/WatchOS.platform/Developer/SDKs/WatchOS10.4.sdk/usr/lib/swift/host/plugins\#/Applications/Xcode-15.3.0-Beta.2.app/Contents/Developer/Platforms/WatchOS.platform/Developer/SDKs/WatchOS10.4.sdk/usr/bin/swift-plugin-server -external-plugin-path /Applications/Xcode-15.3.0-Beta.2.app/Contents/Developer/Platforms/WatchOS.platform/Developer/SDKs/WatchOS10.4.sdk/usr/local/lib/swift/host/plugins\#/Applications/Xcode-15.3.0-Beta.2.app/Contents/Developer/Platforms/WatchOS.platform/Developer/SDKs/WatchOS10.4.sdk/usr/bin/swift-plugin-server -external-plugin-path /Applications/Xcode-15.3.0-Beta.2.app/Contents/Developer/Platforms/WatchOS.platform/Developer/usr/lib/swift/host/plugins\#/Applications/Xcode-15.3.0-Beta.2.app/Contents/Developer/Platforms/WatchOS.platform/Developer/usr/bin/swift-plugin-server -external-plugin-path /Applications/Xcode-15.3.0-Beta.2.app/Contents/Developer/Platforms/WatchOS.platform/Developer/usr/local/lib/swift/host/plugins\#/Applications/Xcode-15.3.0-Beta.2.app/Contents/Developer/Platforms/WatchOS.platform/Developer/usr/bin/swift-plugin-server -plugin-path /Applications/Xcode-15.3.0-Beta.2.app/Contents/Developer/Toolchains/XcodeDefault.xctoolchain/usr/lib/swift/host/plugins -plugin-path /Applications/Xcode-15.3.0-Beta.2.app/Contents/Developer/Toolchains/XcodeDefault.xctoolchain/usr/local/lib/swift/host/plugins -parse-as-library -o /Users/builder/builds/UKfvDsi8u/1/finestructure/swiftpackageindex-builder/spi-builder-workspace/.derivedData/Build/Intermediates.noindex/swiftui-vertical-tab-view.build/Debug-watchos/VTabView.build/Objects-normal/armv7k/VTabView.o -index-unit-output-path /swiftui-vertical-tab-view.build/Debug-watchos/VTabView.build/Objects-normal/armv7k/VTabView.o -index-store-path /Users/builder/builds/UKfvDsi8u/1/finestructure/swiftpackageindex-builder/spi-builder-workspace/.derivedData/Index.noindex/DataStore -index-system-modules
/Users/builder/builds/UKfvDsi8u/1/finestructure/swiftpackageindex-builder/spi-builder-workspace/Sources/VTabView/VTabView.swift:64:13: error: 'TabView' is only available in watchOS 7.0 or newer
            TabView(selection: selection) {
            ^
/Users/builder/builds/UKfvDsi8u/1/finestructure/swiftpackageindex-builder/spi-builder-workspace/Sources/VTabView/VTabView.swift:64:13: note: add 'if #available' version check
            TabView(selection: selection) {
            ^
/Users/builder/builds/UKfvDsi8u/1/finestructure/swiftpackageindex-builder/spi-builder-workspace/Sources/VTabView/VTabView.swift:62:16: note: add @available attribute to enclosing property
    public var body: some View {
               ^
/Users/builder/builds/UKfvDsi8u/1/finestructure/swiftpackageindex-builder/spi-builder-workspace/Sources/VTabView/VTabView.swift:37:15: note: add @available attribute to enclosing generic struct
public struct VTabView<Content, SelectionValue>: View where Content: View, SelectionValue: Hashable {
              ^
SwiftCompile normal arm64_32 Compiling\ VTabView.swift /Users/builder/builds/UKfvDsi8u/1/finestructure/swiftpackageindex-builder/spi-builder-workspace/Sources/VTabView/VTabView.swift (in target 'VTabView' from project 'swiftui-vertical-tab-view')
    cd /Users/builder/builds/UKfvDsi8u/1/finestructure/swiftpackageindex-builder/spi-builder-workspace
    builtin-swiftTaskExecution -- /Applications/Xcode-15.3.0-Beta.2.app/Contents/Developer/Toolchains/XcodeDefault.xctoolchain/usr/bin/swift-frontend -frontend -c -primary-file /Users/builder/builds/UKfvDsi8u/1/finestructure/swiftpackageindex-builder/spi-builder-workspace/Sources/VTabView/VTabView.swift -emit-dependencies-path /Users/builder/builds/UKfvDsi8u/1/finestructure/swiftpackageindex-builder/spi-builder-workspace/.derivedData/Build/Intermediates.noindex/swiftui-vertical-tab-view.build/Debug-watchos/VTabView.build/Objects-normal/arm64_32/VTabView.d -emit-const-values-path /Users/builder/builds/UKfvDsi8u/1/finestructure/swiftpackageindex-builder/spi-builder-workspace/.derivedData/Build/Intermediates.noindex/swiftui-vertical-tab-view.build/Debug-watchos/VTabView.build/Objects-normal/arm64_32/VTabView.swiftconstvalues -emit-reference-dependencies-path /Users/builder/builds/UKfvDsi8u/1/finestructure/swiftpackageindex-builder/spi-builder-workspace/.derivedData/Build/Intermediates.noindex/swiftui-vertical-tab-view.build/Debug-watchos/VTabView.build/Objects-normal/arm64_32/VTabView.swiftdeps -serialize-diagnostics-path /Users/builder/builds/UKfvDsi8u/1/finestructure/swiftpackageindex-builder/spi-builder-workspace/.derivedData/Build/Intermediates.noindex/swiftui-vertical-tab-view.build/Debug-watchos/VTabView.build/Objects-normal/arm64_32/VTabView.dia -target arm64_32-apple-watchos6.0 -enable-objc-interop -sdk /Applications/Xcode-15.3.0-Beta.2.app/Contents/Developer/Platforms/WatchOS.platform/Developer/SDKs/WatchOS10.4.sdk -I /Users/builder/builds/UKfvDsi8u/1/finestructure/swiftpackageindex-builder/spi-builder-workspace/.derivedData/Build/Products/Debug-watchos -I /Applications/Xcode-15.3.0-Beta.2.app/Contents/Developer/Platforms/WatchOS.platform/Developer/usr/lib -F /Users/builder/builds/UKfvDsi8u/1/finestructure/swiftpackageindex-builder/spi-builder-workspace/.derivedData/Build/Products/Debug-watchos -F /Applications/Xcode-15.3.0-Beta.2.app/Contents/Developer/Platforms/WatchOS.platform/Developer/Library/Frameworks -F /Applications/Xcode-15.3.0-Beta.2.app/Contents/Developer/Platforms/WatchOS.platform/Developer/SDKs/WatchOS10.4.sdk/Developer/Library/Frameworks -no-color-diagnostics -enable-testing -g -module-cache-path /Users/builder/builds/UKfvDsi8u/1/finestructure/swiftpackageindex-builder/spi-builder-workspace/.derivedData/ModuleCache.noindex -swift-version 5 -enforce-exclusivity\=checked -Onone -D SWIFT_PACKAGE -D DEBUG -D Xcode -serialize-debugging-options -const-gather-protocols-file /Users/builder/builds/UKfvDsi8u/1/finestructure/swiftpackageindex-builder/spi-builder-workspace/.derivedData/Build/Intermediates.noindex/swiftui-vertical-tab-view.build/Debug-watchos/VTabView.build/Objects-normal/arm64_32/VTabView_const_extract_protocols.json -empty-abi-descriptor -validate-clang-modules-once -clang-build-session-file /Users/builder/builds/UKfvDsi8u/1/finestructure/swiftpackageindex-builder/spi-builder-workspace/.derivedData/ModuleCache.noindex/Session.modulevalidation -Xcc -working-directory -Xcc /Users/builder/builds/UKfvDsi8u/1/finestructure/swiftpackageindex-builder/spi-builder-workspace -resource-dir /Applications/Xcode-15.3.0-Beta.2.app/Contents/Developer/Toolchains/XcodeDefault.xctoolchain/usr/lib/swift -enable-anonymous-context-mangled-names -Xcc -ivfsstatcache -Xcc /Users/builder/builds/UKfvDsi8u/1/finestructure/swiftpackageindex-builder/spi-builder-workspace/.derivedData/SDKStatCaches.noindex/watchos10.4-21T5196c-188b4c5c5639cdba02b95625249bd203.sdkstatcache -Xcc -I/Users/builder/builds/UKfvDsi8u/1/finestructure/swiftpackageindex-builder/spi-builder-workspace/.derivedData/Build/Intermediates.noindex/swiftui-vertical-tab-view.build/Debug-watchos/VTabView.build/swift-overrides.hmap -Xcc -I/Users/builder/builds/UKfvDsi8u/1/finestructure/swiftpackageindex-builder/spi-builder-workspace/.derivedData/Build/Products/Debug-watchos/include -Xcc -I/Users/builder/builds/UKfvDsi8u/1/finestructure/swiftpackageindex-builder/spi-builder-workspace/.derivedData/Build/Intermediates.noindex/swiftui-vertical-tab-view.build/Debug-watchos/VTabView.build/DerivedSources-normal/arm64_32 -Xcc -I/Users/builder/builds/UKfvDsi8u/1/finestructure/swiftpackageindex-builder/spi-builder-workspace/.derivedData/Build/Intermediates.noindex/swiftui-vertical-tab-view.build/Debug-watchos/VTabView.build/DerivedSources/arm64_32 -Xcc -I/Users/builder/builds/UKfvDsi8u/1/finestructure/swiftpackageindex-builder/spi-builder-workspace/.derivedData/Build/Intermediates.noindex/swiftui-vertical-tab-view.build/Debug-watchos/VTabView.build/DerivedSources -Xcc -DSWIFT_PACKAGE -Xcc -DDEBUG\=1 -module-name VTabView -frontend-parseable-output -disable-clang-spi -target-sdk-version 10.4 -target-sdk-name watchos10.4 -external-plugin-path /Applications/Xcode-15.3.0-Beta.2.app/Contents/Developer/Platforms/WatchOS.platform/Developer/SDKs/WatchOS10.4.sdk/usr/lib/swift/host/plugins\#/Applications/Xcode-15.3.0-Beta.2.app/Contents/Developer/Platforms/WatchOS.platform/Developer/SDKs/WatchOS10.4.sdk/usr/bin/swift-plugin-server -external-plugin-path /Applications/Xcode-15.3.0-Beta.2.app/Contents/Developer/Platforms/WatchOS.platform/Developer/SDKs/WatchOS10.4.sdk/usr/local/lib/swift/host/plugins\#/Applications/Xcode-15.3.0-Beta.2.app/Contents/Developer/Platforms/WatchOS.platform/Developer/SDKs/WatchOS10.4.sdk/usr/bin/swift-plugin-server -external-plugin-path /Applications/Xcode-15.3.0-Beta.2.app/Contents/Developer/Platforms/WatchOS.platform/Developer/usr/lib/swift/host/plugins\#/Applications/Xcode-15.3.0-Beta.2.app/Contents/Developer/Platforms/WatchOS.platform/Developer/usr/bin/swift-plugin-server -external-plugin-path /Applications/Xcode-15.3.0-Beta.2.app/Contents/Developer/Platforms/WatchOS.platform/Developer/usr/local/lib/swift/host/plugins\#/Applications/Xcode-15.3.0-Beta.2.app/Contents/Developer/Platforms/WatchOS.platform/Developer/usr/bin/swift-plugin-server -plugin-path /Applications/Xcode-15.3.0-Beta.2.app/Contents/Developer/Toolchains/XcodeDefault.xctoolchain/usr/lib/swift/host/plugins -plugin-path /Applications/Xcode-15.3.0-Beta.2.app/Contents/Developer/Toolchains/XcodeDefault.xctoolchain/usr/local/lib/swift/host/plugins -parse-as-library -o /Users/builder/builds/UKfvDsi8u/1/finestructure/swiftpackageindex-builder/spi-builder-workspace/.derivedData/Build/Intermediates.noindex/swiftui-vertical-tab-view.build/Debug-watchos/VTabView.build/Objects-normal/arm64_32/VTabView.o -index-unit-output-path /swiftui-vertical-tab-view.build/Debug-watchos/VTabView.build/Objects-normal/arm64_32/VTabView.o -index-store-path /Users/builder/builds/UKfvDsi8u/1/finestructure/swiftpackageindex-builder/spi-builder-workspace/.derivedData/Index.noindex/DataStore -index-system-modules
SwiftCompile normal arm64_32 /Users/builder/builds/UKfvDsi8u/1/finestructure/swiftpackageindex-builder/spi-builder-workspace/Sources/VTabView/VTabView.swift (in target 'VTabView' from project 'swiftui-vertical-tab-view')
    cd /Users/builder/builds/UKfvDsi8u/1/finestructure/swiftpackageindex-builder/spi-builder-workspace
    /Applications/Xcode-15.3.0-Beta.2.app/Contents/Developer/Toolchains/XcodeDefault.xctoolchain/usr/bin/swift-frontend -c -primary-file /Users/builder/builds/UKfvDsi8u/1/finestructure/swiftpackageindex-builder/spi-builder-workspace/Sources/VTabView/VTabView.swift -emit-dependencies-path /Users/builder/builds/UKfvDsi8u/1/finestructure/swiftpackageindex-builder/spi-builder-workspace/.derivedData/Build/Intermediates.noindex/swiftui-vertical-tab-view.build/Debug-watchos/VTabView.build/Objects-normal/arm64_32/VTabView.d -emit-const-values-path /Users/builder/builds/UKfvDsi8u/1/finestructure/swiftpackageindex-builder/spi-builder-workspace/.derivedData/Build/Intermediates.noindex/swiftui-vertical-tab-view.build/Debug-watchos/VTabView.build/Objects-normal/arm64_32/VTabView.swiftconstvalues -emit-reference-dependencies-path /Users/builder/builds/UKfvDsi8u/1/finestructure/swiftpackageindex-builder/spi-builder-workspace/.derivedData/Build/Intermediates.noindex/swiftui-vertical-tab-view.build/Debug-watchos/VTabView.build/Objects-normal/arm64_32/VTabView.swiftdeps -serialize-diagnostics-path /Users/builder/builds/UKfvDsi8u/1/finestructure/swiftpackageindex-builder/spi-builder-workspace/.derivedData/Build/Intermediates.noindex/swiftui-vertical-tab-view.build/Debug-watchos/VTabView.build/Objects-normal/arm64_32/VTabView.dia -target arm64_32-apple-watchos6.0 -enable-objc-interop -sdk /Applications/Xcode-15.3.0-Beta.2.app/Contents/Developer/Platforms/WatchOS.platform/Developer/SDKs/WatchOS10.4.sdk -I /Users/builder/builds/UKfvDsi8u/1/finestructure/swiftpackageindex-builder/spi-builder-workspace/.derivedData/Build/Products/Debug-watchos -I /Applications/Xcode-15.3.0-Beta.2.app/Contents/Developer/Platforms/WatchOS.platform/Developer/usr/lib -F /Users/builder/builds/UKfvDsi8u/1/finestructure/swiftpackageindex-builder/spi-builder-workspace/.derivedData/Build/Products/Debug-watchos -F /Applications/Xcode-15.3.0-Beta.2.app/Contents/Developer/Platforms/WatchOS.platform/Developer/Library/Frameworks -F /Applications/Xcode-15.3.0-Beta.2.app/Contents/Developer/Platforms/WatchOS.platform/Developer/SDKs/WatchOS10.4.sdk/Developer/Library/Frameworks -no-color-diagnostics -enable-testing -g -module-cache-path /Users/builder/builds/UKfvDsi8u/1/finestructure/swiftpackageindex-builder/spi-builder-workspace/.derivedData/ModuleCache.noindex -swift-version 5 -enforce-exclusivity\=checked -Onone -D SWIFT_PACKAGE -D DEBUG -D Xcode -serialize-debugging-options -const-gather-protocols-file /Users/builder/builds/UKfvDsi8u/1/finestructure/swiftpackageindex-builder/spi-builder-workspace/.derivedData/Build/Intermediates.noindex/swiftui-vertical-tab-view.build/Debug-watchos/VTabView.build/Objects-normal/arm64_32/VTabView_const_extract_protocols.json -empty-abi-descriptor -validate-clang-modules-once -clang-build-session-file /Users/builder/builds/UKfvDsi8u/1/finestructure/swiftpackageindex-builder/spi-builder-workspace/.derivedData/ModuleCache.noindex/Session.modulevalidation -Xcc -working-directory -Xcc /Users/builder/builds/UKfvDsi8u/1/finestructure/swiftpackageindex-builder/spi-builder-workspace -resource-dir /Applications/Xcode-15.3.0-Beta.2.app/Contents/Developer/Toolchains/XcodeDefault.xctoolchain/usr/lib/swift -enable-anonymous-context-mangled-names -Xcc -ivfsstatcache -Xcc /Users/builder/builds/UKfvDsi8u/1/finestructure/swiftpackageindex-builder/spi-builder-workspace/.derivedData/SDKStatCaches.noindex/watchos10.4-21T5196c-188b4c5c5639cdba02b95625249bd203.sdkstatcache -Xcc -I/Users/builder/builds/UKfvDsi8u/1/finestructure/swiftpackageindex-builder/spi-builder-workspace/.derivedData/Build/Intermediates.noindex/swiftui-vertical-tab-view.build/Debug-watchos/VTabView.build/swift-overrides.hmap -Xcc -I/Users/builder/builds/UKfvDsi8u/1/finestructure/swiftpackageindex-builder/spi-builder-workspace/.derivedData/Build/Products/Debug-watchos/include -Xcc -I/Users/builder/builds/UKfvDsi8u/1/finestructure/swiftpackageindex-builder/spi-builder-workspace/.derivedData/Build/Intermediates.noindex/swiftui-vertical-tab-view.build/Debug-watchos/VTabView.build/DerivedSources-normal/arm64_32 -Xcc -I/Users/builder/builds/UKfvDsi8u/1/finestructure/swiftpackageindex-builder/spi-builder-workspace/.derivedData/Build/Intermediates.noindex/swiftui-vertical-tab-view.build/Debug-watchos/VTabView.build/DerivedSources/arm64_32 -Xcc -I/Users/builder/builds/UKfvDsi8u/1/finestructure/swiftpackageindex-builder/spi-builder-workspace/.derivedData/Build/Intermediates.noindex/swiftui-vertical-tab-view.build/Debug-watchos/VTabView.build/DerivedSources -Xcc -DSWIFT_PACKAGE -Xcc -DDEBUG\=1 -module-name VTabView -frontend-parseable-output -disable-clang-spi -target-sdk-version 10.4 -target-sdk-name watchos10.4 -external-plugin-path /Applications/Xcode-15.3.0-Beta.2.app/Contents/Developer/Platforms/WatchOS.platform/Developer/SDKs/WatchOS10.4.sdk/usr/lib/swift/host/plugins\#/Applications/Xcode-15.3.0-Beta.2.app/Contents/Developer/Platforms/WatchOS.platform/Developer/SDKs/WatchOS10.4.sdk/usr/bin/swift-plugin-server -external-plugin-path /Applications/Xcode-15.3.0-Beta.2.app/Contents/Developer/Platforms/WatchOS.platform/Developer/SDKs/WatchOS10.4.sdk/usr/local/lib/swift/host/plugins\#/Applications/Xcode-15.3.0-Beta.2.app/Contents/Developer/Platforms/WatchOS.platform/Developer/SDKs/WatchOS10.4.sdk/usr/bin/swift-plugin-server -external-plugin-path /Applications/Xcode-15.3.0-Beta.2.app/Contents/Developer/Platforms/WatchOS.platform/Developer/usr/lib/swift/host/plugins\#/Applications/Xcode-15.3.0-Beta.2.app/Contents/Developer/Platforms/WatchOS.platform/Developer/usr/bin/swift-plugin-server -external-plugin-path /Applications/Xcode-15.3.0-Beta.2.app/Contents/Developer/Platforms/WatchOS.platform/Developer/usr/local/lib/swift/host/plugins\#/Applications/Xcode-15.3.0-Beta.2.app/Contents/Developer/Platforms/WatchOS.platform/Developer/usr/bin/swift-plugin-server -plugin-path /Applications/Xcode-15.3.0-Beta.2.app/Contents/Developer/Toolchains/XcodeDefault.xctoolchain/usr/lib/swift/host/plugins -plugin-path /Applications/Xcode-15.3.0-Beta.2.app/Contents/Developer/Toolchains/XcodeDefault.xctoolchain/usr/local/lib/swift/host/plugins -parse-as-library -o /Users/builder/builds/UKfvDsi8u/1/finestructure/swiftpackageindex-builder/spi-builder-workspace/.derivedData/Build/Intermediates.noindex/swiftui-vertical-tab-view.build/Debug-watchos/VTabView.build/Objects-normal/arm64_32/VTabView.o -index-unit-output-path /swiftui-vertical-tab-view.build/Debug-watchos/VTabView.build/Objects-normal/arm64_32/VTabView.o -index-store-path /Users/builder/builds/UKfvDsi8u/1/finestructure/swiftpackageindex-builder/spi-builder-workspace/.derivedData/Index.noindex/DataStore -index-system-modules
/Users/builder/builds/UKfvDsi8u/1/finestructure/swiftpackageindex-builder/spi-builder-workspace/Sources/VTabView/VTabView.swift:64:13: error: 'TabView' is only available in watchOS 7.0 or newer
            TabView(selection: selection) {
            ^
/Users/builder/builds/UKfvDsi8u/1/finestructure/swiftpackageindex-builder/spi-builder-workspace/Sources/VTabView/VTabView.swift:64:13: note: add 'if #available' version check
            TabView(selection: selection) {
            ^
/Users/builder/builds/UKfvDsi8u/1/finestructure/swiftpackageindex-builder/spi-builder-workspace/Sources/VTabView/VTabView.swift:62:16: note: add @available attribute to enclosing property
    public var body: some View {
               ^
/Users/builder/builds/UKfvDsi8u/1/finestructure/swiftpackageindex-builder/spi-builder-workspace/Sources/VTabView/VTabView.swift:37:15: note: add @available attribute to enclosing generic struct
public struct VTabView<Content, SelectionValue>: View where Content: View, SelectionValue: Hashable {
              ^
SwiftEmitModule normal arm64 Emitting\ module\ for\ VTabView (in target 'VTabView' from project 'swiftui-vertical-tab-view')
    cd /Users/builder/builds/UKfvDsi8u/1/finestructure/swiftpackageindex-builder/spi-builder-workspace
    builtin-swiftTaskExecution -- /Applications/Xcode-15.3.0-Beta.2.app/Contents/Developer/Toolchains/XcodeDefault.xctoolchain/usr/bin/swift-frontend -frontend -emit-module -experimental-skip-non-inlinable-function-bodies-without-types /Users/builder/builds/UKfvDsi8u/1/finestructure/swiftpackageindex-builder/spi-builder-workspace/Sources/VTabView/VTabView.swift -target arm64-apple-watchos6.0 -Xllvm -aarch64-use-tbi -enable-objc-interop -stack-check -sdk /Applications/Xcode-15.3.0-Beta.2.app/Contents/Developer/Platforms/WatchOS.platform/Developer/SDKs/WatchOS10.4.sdk -I /Users/builder/builds/UKfvDsi8u/1/finestructure/swiftpackageindex-builder/spi-builder-workspace/.derivedData/Build/Products/Debug-watchos -I /Applications/Xcode-15.3.0-Beta.2.app/Contents/Developer/Platforms/WatchOS.platform/Developer/usr/lib -F /Users/builder/builds/UKfvDsi8u/1/finestructure/swiftpackageindex-builder/spi-builder-workspace/.derivedData/Build/Products/Debug-watchos -F /Applications/Xcode-15.3.0-Beta.2.app/Contents/Developer/Platforms/WatchOS.platform/Developer/Library/Frameworks -F /Applications/Xcode-15.3.0-Beta.2.app/Contents/Developer/Platforms/WatchOS.platform/Developer/SDKs/WatchOS10.4.sdk/Developer/Library/Frameworks -no-color-diagnostics -enable-testing -g -module-cache-path /Users/builder/builds/UKfvDsi8u/1/finestructure/swiftpackageindex-builder/spi-builder-workspace/.derivedData/ModuleCache.noindex -swift-version 5 -enforce-exclusivity\=checked -Onone -D SWIFT_PACKAGE -D DEBUG -D Xcode -serialize-debugging-options -const-gather-protocols-file /Users/builder/builds/UKfvDsi8u/1/finestructure/swiftpackageindex-builder/spi-builder-workspace/.derivedData/Build/Intermediates.noindex/swiftui-vertical-tab-view.build/Debug-watchos/VTabView.build/Objects-normal/arm64/VTabView_const_extract_protocols.json -empty-abi-descriptor -validate-clang-modules-once -clang-build-session-file /Users/builder/builds/UKfvDsi8u/1/finestructure/swiftpackageindex-builder/spi-builder-workspace/.derivedData/ModuleCache.noindex/Session.modulevalidation -Xcc -working-directory -Xcc /Users/builder/builds/UKfvDsi8u/1/finestructure/swiftpackageindex-builder/spi-builder-workspace -resource-dir /Applications/Xcode-15.3.0-Beta.2.app/Contents/Developer/Toolchains/XcodeDefault.xctoolchain/usr/lib/swift -enable-anonymous-context-mangled-names -Xcc -ivfsstatcache -Xcc /Users/builder/builds/UKfvDsi8u/1/finestructure/swiftpackageindex-builder/spi-builder-workspace/.derivedData/SDKStatCaches.noindex/watchos10.4-21T5196c-188b4c5c5639cdba02b95625249bd203.sdkstatcache -Xcc -I/Users/builder/builds/UKfvDsi8u/1/finestructure/swiftpackageindex-builder/spi-builder-workspace/.derivedData/Build/Intermediates.noindex/swiftui-vertical-tab-view.build/Debug-watchos/VTabView.build/swift-overrides.hmap -Xcc -I/Users/builder/builds/UKfvDsi8u/1/finestructure/swiftpackageindex-builder/spi-builder-workspace/.derivedData/Build/Products/Debug-watchos/include -Xcc -I/Users/builder/builds/UKfvDsi8u/1/finestructure/swiftpackageindex-builder/spi-builder-workspace/.derivedData/Build/Intermediates.noindex/swiftui-vertical-tab-view.build/Debug-watchos/VTabView.build/DerivedSources-normal/arm64 -Xcc -I/Users/builder/builds/UKfvDsi8u/1/finestructure/swiftpackageindex-builder/spi-builder-workspace/.derivedData/Build/Intermediates.noindex/swiftui-vertical-tab-view.build/Debug-watchos/VTabView.build/DerivedSources/arm64 -Xcc -I/Users/builder/builds/UKfvDsi8u/1/finestructure/swiftpackageindex-builder/spi-builder-workspace/.derivedData/Build/Intermediates.noindex/swiftui-vertical-tab-view.build/Debug-watchos/VTabView.build/DerivedSources -Xcc -DSWIFT_PACKAGE -Xcc -DDEBUG\=1 -module-name VTabView -disable-clang-spi -target-sdk-version 10.4 -target-sdk-name watchos10.4 -external-plugin-path /Applications/Xcode-15.3.0-Beta.2.app/Contents/Developer/Platforms/WatchOS.platform/Developer/SDKs/WatchOS10.4.sdk/usr/lib/swift/host/plugins\#/Applications/Xcode-15.3.0-Beta.2.app/Contents/Developer/Platforms/WatchOS.platform/Developer/SDKs/WatchOS10.4.sdk/usr/bin/swift-plugin-server -external-plugin-path /Applications/Xcode-15.3.0-Beta.2.app/Contents/Developer/Platforms/WatchOS.platform/Developer/SDKs/WatchOS10.4.sdk/usr/local/lib/swift/host/plugins\#/Applications/Xcode-15.3.0-Beta.2.app/Contents/Developer/Platforms/WatchOS.platform/Developer/SDKs/WatchOS10.4.sdk/usr/bin/swift-plugin-server -external-plugin-path /Applications/Xcode-15.3.0-Beta.2.app/Contents/Developer/Platforms/WatchOS.platform/Developer/usr/lib/swift/host/plugins\#/Applications/Xcode-15.3.0-Beta.2.app/Contents/Developer/Platforms/WatchOS.platform/Developer/usr/bin/swift-plugin-server -external-plugin-path /Applications/Xcode-15.3.0-Beta.2.app/Contents/Developer/Platforms/WatchOS.platform/Developer/usr/local/lib/swift/host/plugins\#/Applications/Xcode-15.3.0-Beta.2.app/Contents/Developer/Platforms/WatchOS.platform/Developer/usr/bin/swift-plugin-server -plugin-path /Applications/Xcode-15.3.0-Beta.2.app/Contents/Developer/Toolchains/XcodeDefault.xctoolchain/usr/lib/swift/host/plugins -plugin-path /Applications/Xcode-15.3.0-Beta.2.app/Contents/Developer/Toolchains/XcodeDefault.xctoolchain/usr/local/lib/swift/host/plugins -emit-module-doc-path /Users/builder/builds/UKfvDsi8u/1/finestructure/swiftpackageindex-builder/spi-builder-workspace/.derivedData/Build/Intermediates.noindex/swiftui-vertical-tab-view.build/Debug-watchos/VTabView.build/Objects-normal/arm64/VTabView.swiftdoc -emit-module-source-info-path /Users/builder/builds/UKfvDsi8u/1/finestructure/swiftpackageindex-builder/spi-builder-workspace/.derivedData/Build/Intermediates.noindex/swiftui-vertical-tab-view.build/Debug-watchos/VTabView.build/Objects-normal/arm64/VTabView.swiftsourceinfo -emit-objc-header-path /Users/builder/builds/UKfvDsi8u/1/finestructure/swiftpackageindex-builder/spi-builder-workspace/.derivedData/Build/Intermediates.noindex/swiftui-vertical-tab-view.build/Debug-watchos/VTabView.build/Objects-normal/arm64/VTabView-Swift.h -serialize-diagnostics-path /Users/builder/builds/UKfvDsi8u/1/finestructure/swiftpackageindex-builder/spi-builder-workspace/.derivedData/Build/Intermediates.noindex/swiftui-vertical-tab-view.build/Debug-watchos/VTabView.build/Objects-normal/arm64/VTabView-master-emit-module.dia -emit-dependencies-path /Users/builder/builds/UKfvDsi8u/1/finestructure/swiftpackageindex-builder/spi-builder-workspace/.derivedData/Build/Intermediates.noindex/swiftui-vertical-tab-view.build/Debug-watchos/VTabView.build/Objects-normal/arm64/VTabView-master-emit-module.d -parse-as-library -o /Users/builder/builds/UKfvDsi8u/1/finestructure/swiftpackageindex-builder/spi-builder-workspace/.derivedData/Build/Intermediates.noindex/swiftui-vertical-tab-view.build/Debug-watchos/VTabView.build/Objects-normal/arm64/VTabView.swiftmodule -emit-abi-descriptor-path /Users/builder/builds/UKfvDsi8u/1/finestructure/swiftpackageindex-builder/spi-builder-workspace/.derivedData/Build/Intermediates.noindex/swiftui-vertical-tab-view.build/Debug-watchos/VTabView.build/Objects-normal/arm64/VTabView.abi.json
SwiftCompile normal arm64 Compiling\ VTabView.swift /Users/builder/builds/UKfvDsi8u/1/finestructure/swiftpackageindex-builder/spi-builder-workspace/Sources/VTabView/VTabView.swift (in target 'VTabView' from project 'swiftui-vertical-tab-view')
    cd /Users/builder/builds/UKfvDsi8u/1/finestructure/swiftpackageindex-builder/spi-builder-workspace
    builtin-swiftTaskExecution -- /Applications/Xcode-15.3.0-Beta.2.app/Contents/Developer/Toolchains/XcodeDefault.xctoolchain/usr/bin/swift-frontend -frontend -c -primary-file /Users/builder/builds/UKfvDsi8u/1/finestructure/swiftpackageindex-builder/spi-builder-workspace/Sources/VTabView/VTabView.swift -emit-dependencies-path /Users/builder/builds/UKfvDsi8u/1/finestructure/swiftpackageindex-builder/spi-builder-workspace/.derivedData/Build/Intermediates.noindex/swiftui-vertical-tab-view.build/Debug-watchos/VTabView.build/Objects-normal/arm64/VTabView.d -emit-const-values-path /Users/builder/builds/UKfvDsi8u/1/finestructure/swiftpackageindex-builder/spi-builder-workspace/.derivedData/Build/Intermediates.noindex/swiftui-vertical-tab-view.build/Debug-watchos/VTabView.build/Objects-normal/arm64/VTabView.swiftconstvalues -emit-reference-dependencies-path /Users/builder/builds/UKfvDsi8u/1/finestructure/swiftpackageindex-builder/spi-builder-workspace/.derivedData/Build/Intermediates.noindex/swiftui-vertical-tab-view.build/Debug-watchos/VTabView.build/Objects-normal/arm64/VTabView.swiftdeps -serialize-diagnostics-path /Users/builder/builds/UKfvDsi8u/1/finestructure/swiftpackageindex-builder/spi-builder-workspace/.derivedData/Build/Intermediates.noindex/swiftui-vertical-tab-view.build/Debug-watchos/VTabView.build/Objects-normal/arm64/VTabView.dia -target arm64-apple-watchos6.0 -Xllvm -aarch64-use-tbi -enable-objc-interop -stack-check -sdk /Applications/Xcode-15.3.0-Beta.2.app/Contents/Developer/Platforms/WatchOS.platform/Developer/SDKs/WatchOS10.4.sdk -I /Users/builder/builds/UKfvDsi8u/1/finestructure/swiftpackageindex-builder/spi-builder-workspace/.derivedData/Build/Products/Debug-watchos -I /Applications/Xcode-15.3.0-Beta.2.app/Contents/Developer/Platforms/WatchOS.platform/Developer/usr/lib -F /Users/builder/builds/UKfvDsi8u/1/finestructure/swiftpackageindex-builder/spi-builder-workspace/.derivedData/Build/Products/Debug-watchos -F /Applications/Xcode-15.3.0-Beta.2.app/Contents/Developer/Platforms/WatchOS.platform/Developer/Library/Frameworks -F /Applications/Xcode-15.3.0-Beta.2.app/Contents/Developer/Platforms/WatchOS.platform/Developer/SDKs/WatchOS10.4.sdk/Developer/Library/Frameworks -no-color-diagnostics -enable-testing -g -module-cache-path /Users/builder/builds/UKfvDsi8u/1/finestructure/swiftpackageindex-builder/spi-builder-workspace/.derivedData/ModuleCache.noindex -swift-version 5 -enforce-exclusivity\=checked -Onone -D SWIFT_PACKAGE -D DEBUG -D Xcode -serialize-debugging-options -const-gather-protocols-file /Users/builder/builds/UKfvDsi8u/1/finestructure/swiftpackageindex-builder/spi-builder-workspace/.derivedData/Build/Intermediates.noindex/swiftui-vertical-tab-view.build/Debug-watchos/VTabView.build/Objects-normal/arm64/VTabView_const_extract_protocols.json -empty-abi-descriptor -validate-clang-modules-once -clang-build-session-file /Users/builder/builds/UKfvDsi8u/1/finestructure/swiftpackageindex-builder/spi-builder-workspace/.derivedData/ModuleCache.noindex/Session.modulevalidation -Xcc -working-directory -Xcc /Users/builder/builds/UKfvDsi8u/1/finestructure/swiftpackageindex-builder/spi-builder-workspace -resource-dir /Applications/Xcode-15.3.0-Beta.2.app/Contents/Developer/Toolchains/XcodeDefault.xctoolchain/usr/lib/swift -enable-anonymous-context-mangled-names -Xcc -ivfsstatcache -Xcc /Users/builder/builds/UKfvDsi8u/1/finestructure/swiftpackageindex-builder/spi-builder-workspace/.derivedData/SDKStatCaches.noindex/watchos10.4-21T5196c-188b4c5c5639cdba02b95625249bd203.sdkstatcache -Xcc -I/Users/builder/builds/UKfvDsi8u/1/finestructure/swiftpackageindex-builder/spi-builder-workspace/.derivedData/Build/Intermediates.noindex/swiftui-vertical-tab-view.build/Debug-watchos/VTabView.build/swift-overrides.hmap -Xcc -I/Users/builder/builds/UKfvDsi8u/1/finestructure/swiftpackageindex-builder/spi-builder-workspace/.derivedData/Build/Products/Debug-watchos/include -Xcc -I/Users/builder/builds/UKfvDsi8u/1/finestructure/swiftpackageindex-builder/spi-builder-workspace/.derivedData/Build/Intermediates.noindex/swiftui-vertical-tab-view.build/Debug-watchos/VTabView.build/DerivedSources-normal/arm64 -Xcc -I/Users/builder/builds/UKfvDsi8u/1/finestructure/swiftpackageindex-builder/spi-builder-workspace/.derivedData/Build/Intermediates.noindex/swiftui-vertical-tab-view.build/Debug-watchos/VTabView.build/DerivedSources/arm64 -Xcc -I/Users/builder/builds/UKfvDsi8u/1/finestructure/swiftpackageindex-builder/spi-builder-workspace/.derivedData/Build/Intermediates.noindex/swiftui-vertical-tab-view.build/Debug-watchos/VTabView.build/DerivedSources -Xcc -DSWIFT_PACKAGE -Xcc -DDEBUG\=1 -module-name VTabView -frontend-parseable-output -disable-clang-spi -target-sdk-version 10.4 -target-sdk-name watchos10.4 -external-plugin-path /Applications/Xcode-15.3.0-Beta.2.app/Contents/Developer/Platforms/WatchOS.platform/Developer/SDKs/WatchOS10.4.sdk/usr/lib/swift/host/plugins\#/Applications/Xcode-15.3.0-Beta.2.app/Contents/Developer/Platforms/WatchOS.platform/Developer/SDKs/WatchOS10.4.sdk/usr/bin/swift-plugin-server -external-plugin-path /Applications/Xcode-15.3.0-Beta.2.app/Contents/Developer/Platforms/WatchOS.platform/Developer/SDKs/WatchOS10.4.sdk/usr/local/lib/swift/host/plugins\#/Applications/Xcode-15.3.0-Beta.2.app/Contents/Developer/Platforms/WatchOS.platform/Developer/SDKs/WatchOS10.4.sdk/usr/bin/swift-plugin-server -external-plugin-path /Applications/Xcode-15.3.0-Beta.2.app/Contents/Developer/Platforms/WatchOS.platform/Developer/usr/lib/swift/host/plugins\#/Applications/Xcode-15.3.0-Beta.2.app/Contents/Developer/Platforms/WatchOS.platform/Developer/usr/bin/swift-plugin-server -external-plugin-path /Applications/Xcode-15.3.0-Beta.2.app/Contents/Developer/Platforms/WatchOS.platform/Developer/usr/local/lib/swift/host/plugins\#/Applications/Xcode-15.3.0-Beta.2.app/Contents/Developer/Platforms/WatchOS.platform/Developer/usr/bin/swift-plugin-server -plugin-path /Applications/Xcode-15.3.0-Beta.2.app/Contents/Developer/Toolchains/XcodeDefault.xctoolchain/usr/lib/swift/host/plugins -plugin-path /Applications/Xcode-15.3.0-Beta.2.app/Contents/Developer/Toolchains/XcodeDefault.xctoolchain/usr/local/lib/swift/host/plugins -parse-as-library -o /Users/builder/builds/UKfvDsi8u/1/finestructure/swiftpackageindex-builder/spi-builder-workspace/.derivedData/Build/Intermediates.noindex/swiftui-vertical-tab-view.build/Debug-watchos/VTabView.build/Objects-normal/arm64/VTabView.o -index-unit-output-path /swiftui-vertical-tab-view.build/Debug-watchos/VTabView.build/Objects-normal/arm64/VTabView.o -index-store-path /Users/builder/builds/UKfvDsi8u/1/finestructure/swiftpackageindex-builder/spi-builder-workspace/.derivedData/Index.noindex/DataStore -index-system-modules
SwiftCompile normal arm64 /Users/builder/builds/UKfvDsi8u/1/finestructure/swiftpackageindex-builder/spi-builder-workspace/Sources/VTabView/VTabView.swift (in target 'VTabView' from project 'swiftui-vertical-tab-view')
    cd /Users/builder/builds/UKfvDsi8u/1/finestructure/swiftpackageindex-builder/spi-builder-workspace
    /Applications/Xcode-15.3.0-Beta.2.app/Contents/Developer/Toolchains/XcodeDefault.xctoolchain/usr/bin/swift-frontend -c -primary-file /Users/builder/builds/UKfvDsi8u/1/finestructure/swiftpackageindex-builder/spi-builder-workspace/Sources/VTabView/VTabView.swift -emit-dependencies-path /Users/builder/builds/UKfvDsi8u/1/finestructure/swiftpackageindex-builder/spi-builder-workspace/.derivedData/Build/Intermediates.noindex/swiftui-vertical-tab-view.build/Debug-watchos/VTabView.build/Objects-normal/arm64/VTabView.d -emit-const-values-path /Users/builder/builds/UKfvDsi8u/1/finestructure/swiftpackageindex-builder/spi-builder-workspace/.derivedData/Build/Intermediates.noindex/swiftui-vertical-tab-view.build/Debug-watchos/VTabView.build/Objects-normal/arm64/VTabView.swiftconstvalues -emit-reference-dependencies-path /Users/builder/builds/UKfvDsi8u/1/finestructure/swiftpackageindex-builder/spi-builder-workspace/.derivedData/Build/Intermediates.noindex/swiftui-vertical-tab-view.build/Debug-watchos/VTabView.build/Objects-normal/arm64/VTabView.swiftdeps -serialize-diagnostics-path /Users/builder/builds/UKfvDsi8u/1/finestructure/swiftpackageindex-builder/spi-builder-workspace/.derivedData/Build/Intermediates.noindex/swiftui-vertical-tab-view.build/Debug-watchos/VTabView.build/Objects-normal/arm64/VTabView.dia -target arm64-apple-watchos6.0 -Xllvm -aarch64-use-tbi -enable-objc-interop -stack-check -sdk /Applications/Xcode-15.3.0-Beta.2.app/Contents/Developer/Platforms/WatchOS.platform/Developer/SDKs/WatchOS10.4.sdk -I /Users/builder/builds/UKfvDsi8u/1/finestructure/swiftpackageindex-builder/spi-builder-workspace/.derivedData/Build/Products/Debug-watchos -I /Applications/Xcode-15.3.0-Beta.2.app/Contents/Developer/Platforms/WatchOS.platform/Developer/usr/lib -F /Users/builder/builds/UKfvDsi8u/1/finestructure/swiftpackageindex-builder/spi-builder-workspace/.derivedData/Build/Products/Debug-watchos -F /Applications/Xcode-15.3.0-Beta.2.app/Contents/Developer/Platforms/WatchOS.platform/Developer/Library/Frameworks -F /Applications/Xcode-15.3.0-Beta.2.app/Contents/Developer/Platforms/WatchOS.platform/Developer/SDKs/WatchOS10.4.sdk/Developer/Library/Frameworks -no-color-diagnostics -enable-testing -g -module-cache-path /Users/builder/builds/UKfvDsi8u/1/finestructure/swiftpackageindex-builder/spi-builder-workspace/.derivedData/ModuleCache.noindex -swift-version 5 -enforce-exclusivity\=checked -Onone -D SWIFT_PACKAGE -D DEBUG -D Xcode -serialize-debugging-options -const-gather-protocols-file /Users/builder/builds/UKfvDsi8u/1/finestructure/swiftpackageindex-builder/spi-builder-workspace/.derivedData/Build/Intermediates.noindex/swiftui-vertical-tab-view.build/Debug-watchos/VTabView.build/Objects-normal/arm64/VTabView_const_extract_protocols.json -empty-abi-descriptor -validate-clang-modules-once -clang-build-session-file /Users/builder/builds/UKfvDsi8u/1/finestructure/swiftpackageindex-builder/spi-builder-workspace/.derivedData/ModuleCache.noindex/Session.modulevalidation -Xcc -working-directory -Xcc /Users/builder/builds/UKfvDsi8u/1/finestructure/swiftpackageindex-builder/spi-builder-workspace -resource-dir /Applications/Xcode-15.3.0-Beta.2.app/Contents/Developer/Toolchains/XcodeDefault.xctoolchain/usr/lib/swift -enable-anonymous-context-mangled-names -Xcc -ivfsstatcache -Xcc /Users/builder/builds/UKfvDsi8u/1/finestructure/swiftpackageindex-builder/spi-builder-workspace/.derivedData/SDKStatCaches.noindex/watchos10.4-21T5196c-188b4c5c5639cdba02b95625249bd203.sdkstatcache -Xcc -I/Users/builder/builds/UKfvDsi8u/1/finestructure/swiftpackageindex-builder/spi-builder-workspace/.derivedData/Build/Intermediates.noindex/swiftui-vertical-tab-view.build/Debug-watchos/VTabView.build/swift-overrides.hmap -Xcc -I/Users/builder/builds/UKfvDsi8u/1/finestructure/swiftpackageindex-builder/spi-builder-workspace/.derivedData/Build/Products/Debug-watchos/include -Xcc -I/Users/builder/builds/UKfvDsi8u/1/finestructure/swiftpackageindex-builder/spi-builder-workspace/.derivedData/Build/Intermediates.noindex/swiftui-vertical-tab-view.build/Debug-watchos/VTabView.build/DerivedSources-normal/arm64 -Xcc -I/Users/builder/builds/UKfvDsi8u/1/finestructure/swiftpackageindex-builder/spi-builder-workspace/.derivedData/Build/Intermediates.noindex/swiftui-vertical-tab-view.build/Debug-watchos/VTabView.build/DerivedSources/arm64 -Xcc -I/Users/builder/builds/UKfvDsi8u/1/finestructure/swiftpackageindex-builder/spi-builder-workspace/.derivedData/Build/Intermediates.noindex/swiftui-vertical-tab-view.build/Debug-watchos/VTabView.build/DerivedSources -Xcc -DSWIFT_PACKAGE -Xcc -DDEBUG\=1 -module-name VTabView -frontend-parseable-output -disable-clang-spi -target-sdk-version 10.4 -target-sdk-name watchos10.4 -external-plugin-path /Applications/Xcode-15.3.0-Beta.2.app/Contents/Developer/Platforms/WatchOS.platform/Developer/SDKs/WatchOS10.4.sdk/usr/lib/swift/host/plugins\#/Applications/Xcode-15.3.0-Beta.2.app/Contents/Developer/Platforms/WatchOS.platform/Developer/SDKs/WatchOS10.4.sdk/usr/bin/swift-plugin-server -external-plugin-path /Applications/Xcode-15.3.0-Beta.2.app/Contents/Developer/Platforms/WatchOS.platform/Developer/SDKs/WatchOS10.4.sdk/usr/local/lib/swift/host/plugins\#/Applications/Xcode-15.3.0-Beta.2.app/Contents/Developer/Platforms/WatchOS.platform/Developer/SDKs/WatchOS10.4.sdk/usr/bin/swift-plugin-server -external-plugin-path /Applications/Xcode-15.3.0-Beta.2.app/Contents/Developer/Platforms/WatchOS.platform/Developer/usr/lib/swift/host/plugins\#/Applications/Xcode-15.3.0-Beta.2.app/Contents/Developer/Platforms/WatchOS.platform/Developer/usr/bin/swift-plugin-server -external-plugin-path /Applications/Xcode-15.3.0-Beta.2.app/Contents/Developer/Platforms/WatchOS.platform/Developer/usr/local/lib/swift/host/plugins\#/Applications/Xcode-15.3.0-Beta.2.app/Contents/Developer/Platforms/WatchOS.platform/Developer/usr/bin/swift-plugin-server -plugin-path /Applications/Xcode-15.3.0-Beta.2.app/Contents/Developer/Toolchains/XcodeDefault.xctoolchain/usr/lib/swift/host/plugins -plugin-path /Applications/Xcode-15.3.0-Beta.2.app/Contents/Developer/Toolchains/XcodeDefault.xctoolchain/usr/local/lib/swift/host/plugins -parse-as-library -o /Users/builder/builds/UKfvDsi8u/1/finestructure/swiftpackageindex-builder/spi-builder-workspace/.derivedData/Build/Intermediates.noindex/swiftui-vertical-tab-view.build/Debug-watchos/VTabView.build/Objects-normal/arm64/VTabView.o -index-unit-output-path /swiftui-vertical-tab-view.build/Debug-watchos/VTabView.build/Objects-normal/arm64/VTabView.o -index-store-path /Users/builder/builds/UKfvDsi8u/1/finestructure/swiftpackageindex-builder/spi-builder-workspace/.derivedData/Index.noindex/DataStore -index-system-modules
/Users/builder/builds/UKfvDsi8u/1/finestructure/swiftpackageindex-builder/spi-builder-workspace/Sources/VTabView/VTabView.swift:64:13: error: 'TabView' is only available in watchOS 7.0 or newer
            TabView(selection: selection) {
            ^
/Users/builder/builds/UKfvDsi8u/1/finestructure/swiftpackageindex-builder/spi-builder-workspace/Sources/VTabView/VTabView.swift:64:13: note: add 'if #available' version check
            TabView(selection: selection) {
            ^
/Users/builder/builds/UKfvDsi8u/1/finestructure/swiftpackageindex-builder/spi-builder-workspace/Sources/VTabView/VTabView.swift:62:16: note: add @available attribute to enclosing property
    public var body: some View {
               ^
/Users/builder/builds/UKfvDsi8u/1/finestructure/swiftpackageindex-builder/spi-builder-workspace/Sources/VTabView/VTabView.swift:37:15: note: add @available attribute to enclosing generic struct
public struct VTabView<Content, SelectionValue>: View where Content: View, SelectionValue: Hashable {
              ^
SwiftDriverJobDiscovery normal arm64_32 Emitting module for VTabView (in target 'VTabView' from project 'swiftui-vertical-tab-view')
SwiftDriver\ Compilation\ Requirements VTabView normal arm64_32 com.apple.xcode.tools.swift.compiler (in target 'VTabView' from project 'swiftui-vertical-tab-view')
    cd /Users/builder/builds/UKfvDsi8u/1/finestructure/swiftpackageindex-builder/spi-builder-workspace
    builtin-Swift-Compilation-Requirements -- /Applications/Xcode-15.3.0-Beta.2.app/Contents/Developer/Toolchains/XcodeDefault.xctoolchain/usr/bin/swiftc -module-name VTabView -Onone -enforce-exclusivity\=checked @/Users/builder/builds/UKfvDsi8u/1/finestructure/swiftpackageindex-builder/spi-builder-workspace/.derivedData/Build/Intermediates.noindex/swiftui-vertical-tab-view.build/Debug-watchos/VTabView.build/Objects-normal/arm64_32/VTabView.SwiftFileList -DSWIFT_PACKAGE -DDEBUG -DXcode -sdk /Applications/Xcode-15.3.0-Beta.2.app/Contents/Developer/Platforms/WatchOS.platform/Developer/SDKs/WatchOS10.4.sdk -target arm64_32-apple-watchos6.0 -g -module-cache-path /Users/builder/builds/UKfvDsi8u/1/finestructure/swiftpackageindex-builder/spi-builder-workspace/.derivedData/ModuleCache.noindex -Xfrontend -serialize-debugging-options -enable-testing -index-store-path /Users/builder/builds/UKfvDsi8u/1/finestructure/swiftpackageindex-builder/spi-builder-workspace/.derivedData/Index.noindex/DataStore -swift-version 5 -I /Users/builder/builds/UKfvDsi8u/1/finestructure/swiftpackageindex-builder/spi-builder-workspace/.derivedData/Build/Products/Debug-watchos -I /Applications/Xcode-15.3.0-Beta.2.app/Contents/Developer/Platforms/WatchOS.platform/Developer/usr/lib -F /Users/builder/builds/UKfvDsi8u/1/finestructure/swiftpackageindex-builder/spi-builder-workspace/.derivedData/Build/Products/Debug-watchos -F /Applications/Xcode-15.3.0-Beta.2.app/Contents/Developer/Platforms/WatchOS.platform/Developer/Library/Frameworks -F /Applications/Xcode-15.3.0-Beta.2.app/Contents/Developer/Platforms/WatchOS.platform/Developer/SDKs/WatchOS10.4.sdk/Developer/Library/Frameworks -parse-as-library -c -j8 -enable-batch-mode -incremental -Xcc -ivfsstatcache -Xcc /Users/builder/builds/UKfvDsi8u/1/finestructure/swiftpackageindex-builder/spi-builder-workspace/.derivedData/SDKStatCaches.noindex/watchos10.4-21T5196c-188b4c5c5639cdba02b95625249bd203.sdkstatcache -output-file-map /Users/builder/builds/UKfvDsi8u/1/finestructure/swiftpackageindex-builder/spi-builder-workspace/.derivedData/Build/Intermediates.noindex/swiftui-vertical-tab-view.build/Debug-watchos/VTabView.build/Objects-normal/arm64_32/VTabView-OutputFileMap.json -use-frontend-parseable-output -save-temps -no-color-diagnostics -serialize-diagnostics -emit-dependencies -emit-module -emit-module-path /Users/builder/builds/UKfvDsi8u/1/finestructure/swiftpackageindex-builder/spi-builder-workspace/.derivedData/Build/Intermediates.noindex/swiftui-vertical-tab-view.build/Debug-watchos/VTabView.build/Objects-normal/arm64_32/VTabView.swiftmodule -validate-clang-modules-once -clang-build-session-file /Users/builder/builds/UKfvDsi8u/1/finestructure/swiftpackageindex-builder/spi-builder-workspace/.derivedData/ModuleCache.noindex/Session.modulevalidation -Xcc -I/Users/builder/builds/UKfvDsi8u/1/finestructure/swiftpackageindex-builder/spi-builder-workspace/.derivedData/Build/Intermediates.noindex/swiftui-vertical-tab-view.build/Debug-watchos/VTabView.build/swift-overrides.hmap -emit-const-values -Xfrontend -const-gather-protocols-file -Xfrontend /Users/builder/builds/UKfvDsi8u/1/finestructure/swiftpackageindex-builder/spi-builder-workspace/.derivedData/Build/Intermediates.noindex/swiftui-vertical-tab-view.build/Debug-watchos/VTabView.build/Objects-normal/arm64_32/VTabView_const_extract_protocols.json -Xcc -I/Users/builder/builds/UKfvDsi8u/1/finestructure/swiftpackageindex-builder/spi-builder-workspace/.derivedData/Build/Products/Debug-watchos/include -Xcc -I/Users/builder/builds/UKfvDsi8u/1/finestructure/swiftpackageindex-builder/spi-builder-workspace/.derivedData/Build/Intermediates.noindex/swiftui-vertical-tab-view.build/Debug-watchos/VTabView.build/DerivedSources-normal/arm64_32 -Xcc -I/Users/builder/builds/UKfvDsi8u/1/finestructure/swiftpackageindex-builder/spi-builder-workspace/.derivedData/Build/Intermediates.noindex/swiftui-vertical-tab-view.build/Debug-watchos/VTabView.build/DerivedSources/arm64_32 -Xcc -I/Users/builder/builds/UKfvDsi8u/1/finestructure/swiftpackageindex-builder/spi-builder-workspace/.derivedData/Build/Intermediates.noindex/swiftui-vertical-tab-view.build/Debug-watchos/VTabView.build/DerivedSources -Xcc -DSWIFT_PACKAGE -Xcc -DDEBUG\=1 -emit-objc-header -emit-objc-header-path /Users/builder/builds/UKfvDsi8u/1/finestructure/swiftpackageindex-builder/spi-builder-workspace/.derivedData/Build/Intermediates.noindex/swiftui-vertical-tab-view.build/Debug-watchos/VTabView.build/Objects-normal/arm64_32/VTabView-Swift.h -working-directory /Users/builder/builds/UKfvDsi8u/1/finestructure/swiftpackageindex-builder/spi-builder-workspace -experimental-emit-module-separately -disable-cmo
Copy /Users/builder/builds/UKfvDsi8u/1/finestructure/swiftpackageindex-builder/spi-builder-workspace/.derivedData/Build/Products/Debug-watchos/VTabView.swiftmodule/arm64_32-apple-watchos.abi.json /Users/builder/builds/UKfvDsi8u/1/finestructure/swiftpackageindex-builder/spi-builder-workspace/.derivedData/Build/Intermediates.noindex/swiftui-vertical-tab-view.build/Debug-watchos/VTabView.build/Objects-normal/arm64_32/VTabView.abi.json (in target 'VTabView' from project 'swiftui-vertical-tab-view')
    cd /Users/builder/builds/UKfvDsi8u/1/finestructure/swiftpackageindex-builder/spi-builder-workspace
    builtin-copy -exclude .DS_Store -exclude CVS -exclude .svn -exclude .git -exclude .hg -resolve-src-symlinks -rename /Users/builder/builds/UKfvDsi8u/1/finestructure/swiftpackageindex-builder/spi-builder-workspace/.derivedData/Build/Intermediates.noindex/swiftui-vertical-tab-view.build/Debug-watchos/VTabView.build/Objects-normal/arm64_32/VTabView.abi.json /Users/builder/builds/UKfvDsi8u/1/finestructure/swiftpackageindex-builder/spi-builder-workspace/.derivedData/Build/Products/Debug-watchos/VTabView.swiftmodule/arm64_32-apple-watchos.abi.json
Copy /Users/builder/builds/UKfvDsi8u/1/finestructure/swiftpackageindex-builder/spi-builder-workspace/.derivedData/Build/Products/Debug-watchos/VTabView.swiftmodule/arm64_32-apple-watchos.swiftdoc /Users/builder/builds/UKfvDsi8u/1/finestructure/swiftpackageindex-builder/spi-builder-workspace/.derivedData/Build/Intermediates.noindex/swiftui-vertical-tab-view.build/Debug-watchos/VTabView.build/Objects-normal/arm64_32/VTabView.swiftdoc (in target 'VTabView' from project 'swiftui-vertical-tab-view')
    cd /Users/builder/builds/UKfvDsi8u/1/finestructure/swiftpackageindex-builder/spi-builder-workspace
    builtin-copy -exclude .DS_Store -exclude CVS -exclude .svn -exclude .git -exclude .hg -resolve-src-symlinks -rename /Users/builder/builds/UKfvDsi8u/1/finestructure/swiftpackageindex-builder/spi-builder-workspace/.derivedData/Build/Intermediates.noindex/swiftui-vertical-tab-view.build/Debug-watchos/VTabView.build/Objects-normal/arm64_32/VTabView.swiftdoc /Users/builder/builds/UKfvDsi8u/1/finestructure/swiftpackageindex-builder/spi-builder-workspace/.derivedData/Build/Products/Debug-watchos/VTabView.swiftmodule/arm64_32-apple-watchos.swiftdoc
Copy /Users/builder/builds/UKfvDsi8u/1/finestructure/swiftpackageindex-builder/spi-builder-workspace/.derivedData/Build/Products/Debug-watchos/VTabView.swiftmodule/arm64_32-apple-watchos.swiftmodule /Users/builder/builds/UKfvDsi8u/1/finestructure/swiftpackageindex-builder/spi-builder-workspace/.derivedData/Build/Intermediates.noindex/swiftui-vertical-tab-view.build/Debug-watchos/VTabView.build/Objects-normal/arm64_32/VTabView.swiftmodule (in target 'VTabView' from project 'swiftui-vertical-tab-view')
    cd /Users/builder/builds/UKfvDsi8u/1/finestructure/swiftpackageindex-builder/spi-builder-workspace
    builtin-copy -exclude .DS_Store -exclude CVS -exclude .svn -exclude .git -exclude .hg -resolve-src-symlinks -rename /Users/builder/builds/UKfvDsi8u/1/finestructure/swiftpackageindex-builder/spi-builder-workspace/.derivedData/Build/Intermediates.noindex/swiftui-vertical-tab-view.build/Debug-watchos/VTabView.build/Objects-normal/arm64_32/VTabView.swiftmodule /Users/builder/builds/UKfvDsi8u/1/finestructure/swiftpackageindex-builder/spi-builder-workspace/.derivedData/Build/Products/Debug-watchos/VTabView.swiftmodule/arm64_32-apple-watchos.swiftmodule
Copy /Users/builder/builds/UKfvDsi8u/1/finestructure/swiftpackageindex-builder/spi-builder-workspace/.derivedData/Build/Products/Debug-watchos/VTabView.swiftmodule/Project/arm64_32-apple-watchos.swiftsourceinfo /Users/builder/builds/UKfvDsi8u/1/finestructure/swiftpackageindex-builder/spi-builder-workspace/.derivedData/Build/Intermediates.noindex/swiftui-vertical-tab-view.build/Debug-watchos/VTabView.build/Objects-normal/arm64_32/VTabView.swiftsourceinfo (in target 'VTabView' from project 'swiftui-vertical-tab-view')
    cd /Users/builder/builds/UKfvDsi8u/1/finestructure/swiftpackageindex-builder/spi-builder-workspace
    builtin-copy -exclude .DS_Store -exclude CVS -exclude .svn -exclude .git -exclude .hg -resolve-src-symlinks -rename /Users/builder/builds/UKfvDsi8u/1/finestructure/swiftpackageindex-builder/spi-builder-workspace/.derivedData/Build/Intermediates.noindex/swiftui-vertical-tab-view.build/Debug-watchos/VTabView.build/Objects-normal/arm64_32/VTabView.swiftsourceinfo /Users/builder/builds/UKfvDsi8u/1/finestructure/swiftpackageindex-builder/spi-builder-workspace/.derivedData/Build/Products/Debug-watchos/VTabView.swiftmodule/Project/arm64_32-apple-watchos.swiftsourceinfo
SwiftDriverJobDiscovery normal armv7k Emitting module for VTabView (in target 'VTabView' from project 'swiftui-vertical-tab-view')
SwiftDriver\ Compilation\ Requirements VTabView normal armv7k com.apple.xcode.tools.swift.compiler (in target 'VTabView' from project 'swiftui-vertical-tab-view')
    cd /Users/builder/builds/UKfvDsi8u/1/finestructure/swiftpackageindex-builder/spi-builder-workspace
    builtin-Swift-Compilation-Requirements -- /Applications/Xcode-15.3.0-Beta.2.app/Contents/Developer/Toolchains/XcodeDefault.xctoolchain/usr/bin/swiftc -module-name VTabView -Onone -enforce-exclusivity\=checked @/Users/builder/builds/UKfvDsi8u/1/finestructure/swiftpackageindex-builder/spi-builder-workspace/.derivedData/Build/Intermediates.noindex/swiftui-vertical-tab-view.build/Debug-watchos/VTabView.build/Objects-normal/armv7k/VTabView.SwiftFileList -DSWIFT_PACKAGE -DDEBUG -DXcode -sdk /Applications/Xcode-15.3.0-Beta.2.app/Contents/Developer/Platforms/WatchOS.platform/Developer/SDKs/WatchOS10.4.sdk -target armv7k-apple-watchos6.0 -g -module-cache-path /Users/builder/builds/UKfvDsi8u/1/finestructure/swiftpackageindex-builder/spi-builder-workspace/.derivedData/ModuleCache.noindex -Xfrontend -serialize-debugging-options -enable-testing -index-store-path /Users/builder/builds/UKfvDsi8u/1/finestructure/swiftpackageindex-builder/spi-builder-workspace/.derivedData/Index.noindex/DataStore -swift-version 5 -I /Users/builder/builds/UKfvDsi8u/1/finestructure/swiftpackageindex-builder/spi-builder-workspace/.derivedData/Build/Products/Debug-watchos -I /Applications/Xcode-15.3.0-Beta.2.app/Contents/Developer/Platforms/WatchOS.platform/Developer/usr/lib -F /Users/builder/builds/UKfvDsi8u/1/finestructure/swiftpackageindex-builder/spi-builder-workspace/.derivedData/Build/Products/Debug-watchos -F /Applications/Xcode-15.3.0-Beta.2.app/Contents/Developer/Platforms/WatchOS.platform/Developer/Library/Frameworks -F /Applications/Xcode-15.3.0-Beta.2.app/Contents/Developer/Platforms/WatchOS.platform/Developer/SDKs/WatchOS10.4.sdk/Developer/Library/Frameworks -parse-as-library -c -j8 -enable-batch-mode -incremental -Xcc -ivfsstatcache -Xcc /Users/builder/builds/UKfvDsi8u/1/finestructure/swiftpackageindex-builder/spi-builder-workspace/.derivedData/SDKStatCaches.noindex/watchos10.4-21T5196c-188b4c5c5639cdba02b95625249bd203.sdkstatcache -output-file-map /Users/builder/builds/UKfvDsi8u/1/finestructure/swiftpackageindex-builder/spi-builder-workspace/.derivedData/Build/Intermediates.noindex/swiftui-vertical-tab-view.build/Debug-watchos/VTabView.build/Objects-normal/armv7k/VTabView-OutputFileMap.json -use-frontend-parseable-output -save-temps -no-color-diagnostics -serialize-diagnostics -emit-dependencies -emit-module -emit-module-path /Users/builder/builds/UKfvDsi8u/1/finestructure/swiftpackageindex-builder/spi-builder-workspace/.derivedData/Build/Intermediates.noindex/swiftui-vertical-tab-view.build/Debug-watchos/VTabView.build/Objects-normal/armv7k/VTabView.swiftmodule -validate-clang-modules-once -clang-build-session-file /Users/builder/builds/UKfvDsi8u/1/finestructure/swiftpackageindex-builder/spi-builder-workspace/.derivedData/ModuleCache.noindex/Session.modulevalidation -Xcc -I/Users/builder/builds/UKfvDsi8u/1/finestructure/swiftpackageindex-builder/spi-builder-workspace/.derivedData/Build/Intermediates.noindex/swiftui-vertical-tab-view.build/Debug-watchos/VTabView.build/swift-overrides.hmap -emit-const-values -Xfrontend -const-gather-protocols-file -Xfrontend /Users/builder/builds/UKfvDsi8u/1/finestructure/swiftpackageindex-builder/spi-builder-workspace/.derivedData/Build/Intermediates.noindex/swiftui-vertical-tab-view.build/Debug-watchos/VTabView.build/Objects-normal/armv7k/VTabView_const_extract_protocols.json -Xcc -I/Users/builder/builds/UKfvDsi8u/1/finestructure/swiftpackageindex-builder/spi-builder-workspace/.derivedData/Build/Products/Debug-watchos/include -Xcc -I/Users/builder/builds/UKfvDsi8u/1/finestructure/swiftpackageindex-builder/spi-builder-workspace/.derivedData/Build/Intermediates.noindex/swiftui-vertical-tab-view.build/Debug-watchos/VTabView.build/DerivedSources-normal/armv7k -Xcc -I/Users/builder/builds/UKfvDsi8u/1/finestructure/swiftpackageindex-builder/spi-builder-workspace/.derivedData/Build/Intermediates.noindex/swiftui-vertical-tab-view.build/Debug-watchos/VTabView.build/DerivedSources/armv7k -Xcc -I/Users/builder/builds/UKfvDsi8u/1/finestructure/swiftpackageindex-builder/spi-builder-workspace/.derivedData/Build/Intermediates.noindex/swiftui-vertical-tab-view.build/Debug-watchos/VTabView.build/DerivedSources -Xcc -DSWIFT_PACKAGE -Xcc -DDEBUG\=1 -emit-objc-header -emit-objc-header-path /Users/builder/builds/UKfvDsi8u/1/finestructure/swiftpackageindex-builder/spi-builder-workspace/.derivedData/Build/Intermediates.noindex/swiftui-vertical-tab-view.build/Debug-watchos/VTabView.build/Objects-normal/armv7k/VTabView-Swift.h -working-directory /Users/builder/builds/UKfvDsi8u/1/finestructure/swiftpackageindex-builder/spi-builder-workspace -experimental-emit-module-separately -disable-cmo
Copy /Users/builder/builds/UKfvDsi8u/1/finestructure/swiftpackageindex-builder/spi-builder-workspace/.derivedData/Build/Products/Debug-watchos/VTabView.swiftmodule/armv7k-apple-watchos.swiftdoc /Users/builder/builds/UKfvDsi8u/1/finestructure/swiftpackageindex-builder/spi-builder-workspace/.derivedData/Build/Intermediates.noindex/swiftui-vertical-tab-view.build/Debug-watchos/VTabView.build/Objects-normal/armv7k/VTabView.swiftdoc (in target 'VTabView' from project 'swiftui-vertical-tab-view')
    cd /Users/builder/builds/UKfvDsi8u/1/finestructure/swiftpackageindex-builder/spi-builder-workspace
    builtin-copy -exclude .DS_Store -exclude CVS -exclude .svn -exclude .git -exclude .hg -resolve-src-symlinks -rename /Users/builder/builds/UKfvDsi8u/1/finestructure/swiftpackageindex-builder/spi-builder-workspace/.derivedData/Build/Intermediates.noindex/swiftui-vertical-tab-view.build/Debug-watchos/VTabView.build/Objects-normal/armv7k/VTabView.swiftdoc /Users/builder/builds/UKfvDsi8u/1/finestructure/swiftpackageindex-builder/spi-builder-workspace/.derivedData/Build/Products/Debug-watchos/VTabView.swiftmodule/armv7k-apple-watchos.swiftdoc
Copy /Users/builder/builds/UKfvDsi8u/1/finestructure/swiftpackageindex-builder/spi-builder-workspace/.derivedData/Build/Products/Debug-watchos/VTabView.swiftmodule/armv7k-apple-watchos.swiftmodule /Users/builder/builds/UKfvDsi8u/1/finestructure/swiftpackageindex-builder/spi-builder-workspace/.derivedData/Build/Intermediates.noindex/swiftui-vertical-tab-view.build/Debug-watchos/VTabView.build/Objects-normal/armv7k/VTabView.swiftmodule (in target 'VTabView' from project 'swiftui-vertical-tab-view')
    cd /Users/builder/builds/UKfvDsi8u/1/finestructure/swiftpackageindex-builder/spi-builder-workspace
    builtin-copy -exclude .DS_Store -exclude CVS -exclude .svn -exclude .git -exclude .hg -resolve-src-symlinks -rename /Users/builder/builds/UKfvDsi8u/1/finestructure/swiftpackageindex-builder/spi-builder-workspace/.derivedData/Build/Intermediates.noindex/swiftui-vertical-tab-view.build/Debug-watchos/VTabView.build/Objects-normal/armv7k/VTabView.swiftmodule /Users/builder/builds/UKfvDsi8u/1/finestructure/swiftpackageindex-builder/spi-builder-workspace/.derivedData/Build/Products/Debug-watchos/VTabView.swiftmodule/armv7k-apple-watchos.swiftmodule
Copy /Users/builder/builds/UKfvDsi8u/1/finestructure/swiftpackageindex-builder/spi-builder-workspace/.derivedData/Build/Products/Debug-watchos/VTabView.swiftmodule/armv7k-apple-watchos.abi.json /Users/builder/builds/UKfvDsi8u/1/finestructure/swiftpackageindex-builder/spi-builder-workspace/.derivedData/Build/Intermediates.noindex/swiftui-vertical-tab-view.build/Debug-watchos/VTabView.build/Objects-normal/armv7k/VTabView.abi.json (in target 'VTabView' from project 'swiftui-vertical-tab-view')
    cd /Users/builder/builds/UKfvDsi8u/1/finestructure/swiftpackageindex-builder/spi-builder-workspace
    builtin-copy -exclude .DS_Store -exclude CVS -exclude .svn -exclude .git -exclude .hg -resolve-src-symlinks -rename /Users/builder/builds/UKfvDsi8u/1/finestructure/swiftpackageindex-builder/spi-builder-workspace/.derivedData/Build/Intermediates.noindex/swiftui-vertical-tab-view.build/Debug-watchos/VTabView.build/Objects-normal/armv7k/VTabView.abi.json /Users/builder/builds/UKfvDsi8u/1/finestructure/swiftpackageindex-builder/spi-builder-workspace/.derivedData/Build/Products/Debug-watchos/VTabView.swiftmodule/armv7k-apple-watchos.abi.json
Copy /Users/builder/builds/UKfvDsi8u/1/finestructure/swiftpackageindex-builder/spi-builder-workspace/.derivedData/Build/Products/Debug-watchos/VTabView.swiftmodule/Project/armv7k-apple-watchos.swiftsourceinfo /Users/builder/builds/UKfvDsi8u/1/finestructure/swiftpackageindex-builder/spi-builder-workspace/.derivedData/Build/Intermediates.noindex/swiftui-vertical-tab-view.build/Debug-watchos/VTabView.build/Objects-normal/armv7k/VTabView.swiftsourceinfo (in target 'VTabView' from project 'swiftui-vertical-tab-view')
    cd /Users/builder/builds/UKfvDsi8u/1/finestructure/swiftpackageindex-builder/spi-builder-workspace
    builtin-copy -exclude .DS_Store -exclude CVS -exclude .svn -exclude .git -exclude .hg -resolve-src-symlinks -rename /Users/builder/builds/UKfvDsi8u/1/finestructure/swiftpackageindex-builder/spi-builder-workspace/.derivedData/Build/Intermediates.noindex/swiftui-vertical-tab-view.build/Debug-watchos/VTabView.build/Objects-normal/armv7k/VTabView.swiftsourceinfo /Users/builder/builds/UKfvDsi8u/1/finestructure/swiftpackageindex-builder/spi-builder-workspace/.derivedData/Build/Products/Debug-watchos/VTabView.swiftmodule/Project/armv7k-apple-watchos.swiftsourceinfo
SwiftDriverJobDiscovery normal arm64 Emitting module for VTabView (in target 'VTabView' from project 'swiftui-vertical-tab-view')
SwiftDriver\ Compilation\ Requirements VTabView normal arm64 com.apple.xcode.tools.swift.compiler (in target 'VTabView' from project 'swiftui-vertical-tab-view')
    cd /Users/builder/builds/UKfvDsi8u/1/finestructure/swiftpackageindex-builder/spi-builder-workspace
    builtin-Swift-Compilation-Requirements -- /Applications/Xcode-15.3.0-Beta.2.app/Contents/Developer/Toolchains/XcodeDefault.xctoolchain/usr/bin/swiftc -module-name VTabView -Onone -enforce-exclusivity\=checked @/Users/builder/builds/UKfvDsi8u/1/finestructure/swiftpackageindex-builder/spi-builder-workspace/.derivedData/Build/Intermediates.noindex/swiftui-vertical-tab-view.build/Debug-watchos/VTabView.build/Objects-normal/arm64/VTabView.SwiftFileList -DSWIFT_PACKAGE -DDEBUG -DXcode -sdk /Applications/Xcode-15.3.0-Beta.2.app/Contents/Developer/Platforms/WatchOS.platform/Developer/SDKs/WatchOS10.4.sdk -target arm64-apple-watchos6.0 -g -module-cache-path /Users/builder/builds/UKfvDsi8u/1/finestructure/swiftpackageindex-builder/spi-builder-workspace/.derivedData/ModuleCache.noindex -Xfrontend -serialize-debugging-options -enable-testing -index-store-path /Users/builder/builds/UKfvDsi8u/1/finestructure/swiftpackageindex-builder/spi-builder-workspace/.derivedData/Index.noindex/DataStore -swift-version 5 -I /Users/builder/builds/UKfvDsi8u/1/finestructure/swiftpackageindex-builder/spi-builder-workspace/.derivedData/Build/Products/Debug-watchos -I /Applications/Xcode-15.3.0-Beta.2.app/Contents/Developer/Platforms/WatchOS.platform/Developer/usr/lib -F /Users/builder/builds/UKfvDsi8u/1/finestructure/swiftpackageindex-builder/spi-builder-workspace/.derivedData/Build/Products/Debug-watchos -F /Applications/Xcode-15.3.0-Beta.2.app/Contents/Developer/Platforms/WatchOS.platform/Developer/Library/Frameworks -F /Applications/Xcode-15.3.0-Beta.2.app/Contents/Developer/Platforms/WatchOS.platform/Developer/SDKs/WatchOS10.4.sdk/Developer/Library/Frameworks -parse-as-library -c -j8 -enable-batch-mode -incremental -Xcc -ivfsstatcache -Xcc /Users/builder/builds/UKfvDsi8u/1/finestructure/swiftpackageindex-builder/spi-builder-workspace/.derivedData/SDKStatCaches.noindex/watchos10.4-21T5196c-188b4c5c5639cdba02b95625249bd203.sdkstatcache -output-file-map /Users/builder/builds/UKfvDsi8u/1/finestructure/swiftpackageindex-builder/spi-builder-workspace/.derivedData/Build/Intermediates.noindex/swiftui-vertical-tab-view.build/Debug-watchos/VTabView.build/Objects-normal/arm64/VTabView-OutputFileMap.json -use-frontend-parseable-output -save-temps -no-color-diagnostics -serialize-diagnostics -emit-dependencies -emit-module -emit-module-path /Users/builder/builds/UKfvDsi8u/1/finestructure/swiftpackageindex-builder/spi-builder-workspace/.derivedData/Build/Intermediates.noindex/swiftui-vertical-tab-view.build/Debug-watchos/VTabView.build/Objects-normal/arm64/VTabView.swiftmodule -validate-clang-modules-once -clang-build-session-file /Users/builder/builds/UKfvDsi8u/1/finestructure/swiftpackageindex-builder/spi-builder-workspace/.derivedData/ModuleCache.noindex/Session.modulevalidation -Xcc -I/Users/builder/builds/UKfvDsi8u/1/finestructure/swiftpackageindex-builder/spi-builder-workspace/.derivedData/Build/Intermediates.noindex/swiftui-vertical-tab-view.build/Debug-watchos/VTabView.build/swift-overrides.hmap -emit-const-values -Xfrontend -const-gather-protocols-file -Xfrontend /Users/builder/builds/UKfvDsi8u/1/finestructure/swiftpackageindex-builder/spi-builder-workspace/.derivedData/Build/Intermediates.noindex/swiftui-vertical-tab-view.build/Debug-watchos/VTabView.build/Objects-normal/arm64/VTabView_const_extract_protocols.json -Xcc -I/Users/builder/builds/UKfvDsi8u/1/finestructure/swiftpackageindex-builder/spi-builder-workspace/.derivedData/Build/Products/Debug-watchos/include -Xcc -I/Users/builder/builds/UKfvDsi8u/1/finestructure/swiftpackageindex-builder/spi-builder-workspace/.derivedData/Build/Intermediates.noindex/swiftui-vertical-tab-view.build/Debug-watchos/VTabView.build/DerivedSources-normal/arm64 -Xcc -I/Users/builder/builds/UKfvDsi8u/1/finestructure/swiftpackageindex-builder/spi-builder-workspace/.derivedData/Build/Intermediates.noindex/swiftui-vertical-tab-view.build/Debug-watchos/VTabView.build/DerivedSources/arm64 -Xcc -I/Users/builder/builds/UKfvDsi8u/1/finestructure/swiftpackageindex-builder/spi-builder-workspace/.derivedData/Build/Intermediates.noindex/swiftui-vertical-tab-view.build/Debug-watchos/VTabView.build/DerivedSources -Xcc -DSWIFT_PACKAGE -Xcc -DDEBUG\=1 -emit-objc-header -emit-objc-header-path /Users/builder/builds/UKfvDsi8u/1/finestructure/swiftpackageindex-builder/spi-builder-workspace/.derivedData/Build/Intermediates.noindex/swiftui-vertical-tab-view.build/Debug-watchos/VTabView.build/Objects-normal/arm64/VTabView-Swift.h -working-directory /Users/builder/builds/UKfvDsi8u/1/finestructure/swiftpackageindex-builder/spi-builder-workspace -experimental-emit-module-separately -disable-cmo
SwiftMergeGeneratedHeaders /Users/builder/builds/UKfvDsi8u/1/finestructure/swiftpackageindex-builder/spi-builder-workspace/.derivedData/Build/Intermediates.noindex/GeneratedModuleMaps-watchos/VTabView-Swift.h /Users/builder/builds/UKfvDsi8u/1/finestructure/swiftpackageindex-builder/spi-builder-workspace/.derivedData/Build/Intermediates.noindex/swiftui-vertical-tab-view.build/Debug-watchos/VTabView.build/Objects-normal/arm64/VTabView-Swift.h /Users/builder/builds/UKfvDsi8u/1/finestructure/swiftpackageindex-builder/spi-builder-workspace/.derivedData/Build/Intermediates.noindex/swiftui-vertical-tab-view.build/Debug-watchos/VTabView.build/Objects-normal/arm64_32/VTabView-Swift.h /Users/builder/builds/UKfvDsi8u/1/finestructure/swiftpackageindex-builder/spi-builder-workspace/.derivedData/Build/Intermediates.noindex/swiftui-vertical-tab-view.build/Debug-watchos/VTabView.build/Objects-normal/armv7k/VTabView-Swift.h (in target 'VTabView' from project 'swiftui-vertical-tab-view')
    cd /Users/builder/builds/UKfvDsi8u/1/finestructure/swiftpackageindex-builder/spi-builder-workspace
    builtin-swiftHeaderTool -arch arm64 /Users/builder/builds/UKfvDsi8u/1/finestructure/swiftpackageindex-builder/spi-builder-workspace/.derivedData/Build/Intermediates.noindex/swiftui-vertical-tab-view.build/Debug-watchos/VTabView.build/Objects-normal/arm64/VTabView-Swift.h -arch arm64_32 /Users/builder/builds/UKfvDsi8u/1/finestructure/swiftpackageindex-builder/spi-builder-workspace/.derivedData/Build/Intermediates.noindex/swiftui-vertical-tab-view.build/Debug-watchos/VTabView.build/Objects-normal/arm64_32/VTabView-Swift.h -arch armv7k /Users/builder/builds/UKfvDsi8u/1/finestructure/swiftpackageindex-builder/spi-builder-workspace/.derivedData/Build/Intermediates.noindex/swiftui-vertical-tab-view.build/Debug-watchos/VTabView.build/Objects-normal/armv7k/VTabView-Swift.h -o /Users/builder/builds/UKfvDsi8u/1/finestructure/swiftpackageindex-builder/spi-builder-workspace/.derivedData/Build/Intermediates.noindex/GeneratedModuleMaps-watchos/VTabView-Swift.h
Copy /Users/builder/builds/UKfvDsi8u/1/finestructure/swiftpackageindex-builder/spi-builder-workspace/.derivedData/Build/Products/Debug-watchos/VTabView.swiftmodule/arm64-apple-watchos.swiftmodule /Users/builder/builds/UKfvDsi8u/1/finestructure/swiftpackageindex-builder/spi-builder-workspace/.derivedData/Build/Intermediates.noindex/swiftui-vertical-tab-view.build/Debug-watchos/VTabView.build/Objects-normal/arm64/VTabView.swiftmodule (in target 'VTabView' from project 'swiftui-vertical-tab-view')
    cd /Users/builder/builds/UKfvDsi8u/1/finestructure/swiftpackageindex-builder/spi-builder-workspace
    builtin-copy -exclude .DS_Store -exclude CVS -exclude .svn -exclude .git -exclude .hg -resolve-src-symlinks -rename /Users/builder/builds/UKfvDsi8u/1/finestructure/swiftpackageindex-builder/spi-builder-workspace/.derivedData/Build/Intermediates.noindex/swiftui-vertical-tab-view.build/Debug-watchos/VTabView.build/Objects-normal/arm64/VTabView.swiftmodule /Users/builder/builds/UKfvDsi8u/1/finestructure/swiftpackageindex-builder/spi-builder-workspace/.derivedData/Build/Products/Debug-watchos/VTabView.swiftmodule/arm64-apple-watchos.swiftmodule
Copy /Users/builder/builds/UKfvDsi8u/1/finestructure/swiftpackageindex-builder/spi-builder-workspace/.derivedData/Build/Products/Debug-watchos/VTabView.swiftmodule/arm64-apple-watchos.swiftdoc /Users/builder/builds/UKfvDsi8u/1/finestructure/swiftpackageindex-builder/spi-builder-workspace/.derivedData/Build/Intermediates.noindex/swiftui-vertical-tab-view.build/Debug-watchos/VTabView.build/Objects-normal/arm64/VTabView.swiftdoc (in target 'VTabView' from project 'swiftui-vertical-tab-view')
    cd /Users/builder/builds/UKfvDsi8u/1/finestructure/swiftpackageindex-builder/spi-builder-workspace
    builtin-copy -exclude .DS_Store -exclude CVS -exclude .svn -exclude .git -exclude .hg -resolve-src-symlinks -rename /Users/builder/builds/UKfvDsi8u/1/finestructure/swiftpackageindex-builder/spi-builder-workspace/.derivedData/Build/Intermediates.noindex/swiftui-vertical-tab-view.build/Debug-watchos/VTabView.build/Objects-normal/arm64/VTabView.swiftdoc /Users/builder/builds/UKfvDsi8u/1/finestructure/swiftpackageindex-builder/spi-builder-workspace/.derivedData/Build/Products/Debug-watchos/VTabView.swiftmodule/arm64-apple-watchos.swiftdoc
Copy /Users/builder/builds/UKfvDsi8u/1/finestructure/swiftpackageindex-builder/spi-builder-workspace/.derivedData/Build/Products/Debug-watchos/VTabView.swiftmodule/arm64-apple-watchos.abi.json /Users/builder/builds/UKfvDsi8u/1/finestructure/swiftpackageindex-builder/spi-builder-workspace/.derivedData/Build/Intermediates.noindex/swiftui-vertical-tab-view.build/Debug-watchos/VTabView.build/Objects-normal/arm64/VTabView.abi.json (in target 'VTabView' from project 'swiftui-vertical-tab-view')
    cd /Users/builder/builds/UKfvDsi8u/1/finestructure/swiftpackageindex-builder/spi-builder-workspace
    builtin-copy -exclude .DS_Store -exclude CVS -exclude .svn -exclude .git -exclude .hg -resolve-src-symlinks -rename /Users/builder/builds/UKfvDsi8u/1/finestructure/swiftpackageindex-builder/spi-builder-workspace/.derivedData/Build/Intermediates.noindex/swiftui-vertical-tab-view.build/Debug-watchos/VTabView.build/Objects-normal/arm64/VTabView.abi.json /Users/builder/builds/UKfvDsi8u/1/finestructure/swiftpackageindex-builder/spi-builder-workspace/.derivedData/Build/Products/Debug-watchos/VTabView.swiftmodule/arm64-apple-watchos.abi.json
Copy /Users/builder/builds/UKfvDsi8u/1/finestructure/swiftpackageindex-builder/spi-builder-workspace/.derivedData/Build/Products/Debug-watchos/VTabView.swiftmodule/Project/arm64-apple-watchos.swiftsourceinfo /Users/builder/builds/UKfvDsi8u/1/finestructure/swiftpackageindex-builder/spi-builder-workspace/.derivedData/Build/Intermediates.noindex/swiftui-vertical-tab-view.build/Debug-watchos/VTabView.build/Objects-normal/arm64/VTabView.swiftsourceinfo (in target 'VTabView' from project 'swiftui-vertical-tab-view')
    cd /Users/builder/builds/UKfvDsi8u/1/finestructure/swiftpackageindex-builder/spi-builder-workspace
    builtin-copy -exclude .DS_Store -exclude CVS -exclude .svn -exclude .git -exclude .hg -resolve-src-symlinks -rename /Users/builder/builds/UKfvDsi8u/1/finestructure/swiftpackageindex-builder/spi-builder-workspace/.derivedData/Build/Intermediates.noindex/swiftui-vertical-tab-view.build/Debug-watchos/VTabView.build/Objects-normal/arm64/VTabView.swiftsourceinfo /Users/builder/builds/UKfvDsi8u/1/finestructure/swiftpackageindex-builder/spi-builder-workspace/.derivedData/Build/Products/Debug-watchos/VTabView.swiftmodule/Project/arm64-apple-watchos.swiftsourceinfo
2024-02-15 08:32:53.989 xcodebuild[5824:13169628] Requested but did not find extension point with identifier Xcode.DVTDeviceFoundation.Aspect for extension Xcode.IDEiOSSupportCore.Aspect.NBDD of plug-in com.apple.dt.IDE.IDEiOSSupportCore
2024-02-15 08:32:54.583 xcodebuild[5824:13169628] [MT] DVTPlugInQuery: Requested but did not find extension point with identifier 'Xcode.DVTDeviceFoundation.CompatibleDeviceFamilyPair'. This is programmer error; code should only request extension points that are defined by itself or its dependencies.
** BUILD FAILED **
The following build commands failed:
	SwiftCompile normal armv7k /Users/builder/builds/UKfvDsi8u/1/finestructure/swiftpackageindex-builder/spi-builder-workspace/Sources/VTabView/VTabView.swift (in target 'VTabView' from project 'swiftui-vertical-tab-view')
	SwiftCompile normal armv7k Compiling\ VTabView.swift /Users/builder/builds/UKfvDsi8u/1/finestructure/swiftpackageindex-builder/spi-builder-workspace/Sources/VTabView/VTabView.swift (in target 'VTabView' from project 'swiftui-vertical-tab-view')
	SwiftCompile normal arm64_32 Compiling\ VTabView.swift /Users/builder/builds/UKfvDsi8u/1/finestructure/swiftpackageindex-builder/spi-builder-workspace/Sources/VTabView/VTabView.swift (in target 'VTabView' from project 'swiftui-vertical-tab-view')
	SwiftCompile normal arm64_32 /Users/builder/builds/UKfvDsi8u/1/finestructure/swiftpackageindex-builder/spi-builder-workspace/Sources/VTabView/VTabView.swift (in target 'VTabView' from project 'swiftui-vertical-tab-view')
	SwiftCompile normal arm64 /Users/builder/builds/UKfvDsi8u/1/finestructure/swiftpackageindex-builder/spi-builder-workspace/Sources/VTabView/VTabView.swift (in target 'VTabView' from project 'swiftui-vertical-tab-view')
(5 failures)
Command line invocation:
    /Applications/Xcode-15.3.0-Beta.2.app/Contents/Developer/usr/bin/xcodebuild -IDEClonedSourcePackagesDirPathOverride=/Users/builder/builds/UKfvDsi8u/1/finestructure/swiftpackageindex-builder/spi-builder-workspace/.dependencies -skipMacroValidation -skipPackagePluginValidation -derivedDataPath /Users/builder/builds/UKfvDsi8u/1/finestructure/swiftpackageindex-builder/spi-builder-workspace/.derivedData build -scheme swiftui-vertical-tab-view -destination generic/platform=watchos
User defaults from command line:
    IDEClonedSourcePackagesDirPathOverride = /Users/builder/builds/UKfvDsi8u/1/finestructure/swiftpackageindex-builder/spi-builder-workspace/.dependencies
    IDEDerivedDataPathOverride = /Users/builder/builds/UKfvDsi8u/1/finestructure/swiftpackageindex-builder/spi-builder-workspace/.derivedData
    IDEPackageSupportUseBuiltinSCM = YES
Resolve Package Graph
Resolved source packages:
  swiftui-vertical-tab-view: /Users/builder/builds/UKfvDsi8u/1/finestructure/swiftpackageindex-builder/spi-builder-workspace
Prepare packages
ComputeTargetDependencyGraph
note: Building targets in dependency order
note: Target dependency graph (2 targets)
    Target 'VTabView' in project 'swiftui-vertical-tab-view'
        ➜ Explicit dependency on target 'VTabView' in project 'swiftui-vertical-tab-view'
    Target 'VTabView' in project 'swiftui-vertical-tab-view' (no dependencies)
GatherProvisioningInputs
CreateBuildDescription
ClangStatCache /Applications/Xcode-15.3.0-Beta.2.app/Contents/Developer/Toolchains/XcodeDefault.xctoolchain/usr/bin/clang-stat-cache /Applications/Xcode-15.3.0-Beta.2.app/Contents/Developer/Platforms/WatchOS.platform/Developer/SDKs/WatchOS10.4.sdk /Users/builder/builds/UKfvDsi8u/1/finestructure/swiftpackageindex-builder/spi-builder-workspace/.derivedData/SDKStatCaches.noindex/watchos10.4-21T5196c-188b4c5c5639cdba02b95625249bd203.sdkstatcache
    cd /Users/builder/builds/UKfvDsi8u/1/finestructure/swiftpackageindex-builder/spi-builder-workspace/.swiftpm/xcode
    /Applications/Xcode-15.3.0-Beta.2.app/Contents/Developer/Toolchains/XcodeDefault.xctoolchain/usr/bin/clang-stat-cache /Applications/Xcode-15.3.0-Beta.2.app/Contents/Developer/Platforms/WatchOS.platform/Developer/SDKs/WatchOS10.4.sdk -o /Users/builder/builds/UKfvDsi8u/1/finestructure/swiftpackageindex-builder/spi-builder-workspace/.derivedData/SDKStatCaches.noindex/watchos10.4-21T5196c-188b4c5c5639cdba02b95625249bd203.sdkstatcache
SwiftDriver VTabView normal arm64_32 com.apple.xcode.tools.swift.compiler (in target 'VTabView' from project 'swiftui-vertical-tab-view')
    cd /Users/builder/builds/UKfvDsi8u/1/finestructure/swiftpackageindex-builder/spi-builder-workspace
    builtin-SwiftDriver -- /Applications/Xcode-15.3.0-Beta.2.app/Contents/Developer/Toolchains/XcodeDefault.xctoolchain/usr/bin/swiftc -module-name VTabView -Onone -enforce-exclusivity\=checked @/Users/builder/builds/UKfvDsi8u/1/finestructure/swiftpackageindex-builder/spi-builder-workspace/.derivedData/Build/Intermediates.noindex/swiftui-vertical-tab-view.build/Debug-watchos/VTabView.build/Objects-normal/arm64_32/VTabView.SwiftFileList -DSWIFT_PACKAGE -DDEBUG -DXcode -sdk /Applications/Xcode-15.3.0-Beta.2.app/Contents/Developer/Platforms/WatchOS.platform/Developer/SDKs/WatchOS10.4.sdk -target arm64_32-apple-watchos6.0 -g -module-cache-path /Users/builder/builds/UKfvDsi8u/1/finestructure/swiftpackageindex-builder/spi-builder-workspace/.derivedData/ModuleCache.noindex -Xfrontend -serialize-debugging-options -enable-testing -index-store-path /Users/builder/builds/UKfvDsi8u/1/finestructure/swiftpackageindex-builder/spi-builder-workspace/.derivedData/Index.noindex/DataStore -swift-version 5 -I /Users/builder/builds/UKfvDsi8u/1/finestructure/swiftpackageindex-builder/spi-builder-workspace/.derivedData/Build/Products/Debug-watchos -I /Applications/Xcode-15.3.0-Beta.2.app/Contents/Developer/Platforms/WatchOS.platform/Developer/usr/lib -F /Users/builder/builds/UKfvDsi8u/1/finestructure/swiftpackageindex-builder/spi-builder-workspace/.derivedData/Build/Products/Debug-watchos -F /Applications/Xcode-15.3.0-Beta.2.app/Contents/Developer/Platforms/WatchOS.platform/Developer/Library/Frameworks -F /Applications/Xcode-15.3.0-Beta.2.app/Contents/Developer/Platforms/WatchOS.platform/Developer/SDKs/WatchOS10.4.sdk/Developer/Library/Frameworks -parse-as-library -c -j8 -enable-batch-mode -incremental -Xcc -ivfsstatcache -Xcc /Users/builder/builds/UKfvDsi8u/1/finestructure/swiftpackageindex-builder/spi-builder-workspace/.derivedData/SDKStatCaches.noindex/watchos10.4-21T5196c-188b4c5c5639cdba02b95625249bd203.sdkstatcache -output-file-map /Users/builder/builds/UKfvDsi8u/1/finestructure/swiftpackageindex-builder/spi-builder-workspace/.derivedData/Build/Intermediates.noindex/swiftui-vertical-tab-view.build/Debug-watchos/VTabView.build/Objects-normal/arm64_32/VTabView-OutputFileMap.json -use-frontend-parseable-output -save-temps -no-color-diagnostics -serialize-diagnostics -emit-dependencies -emit-module -emit-module-path /Users/builder/builds/UKfvDsi8u/1/finestructure/swiftpackageindex-builder/spi-builder-workspace/.derivedData/Build/Intermediates.noindex/swiftui-vertical-tab-view.build/Debug-watchos/VTabView.build/Objects-normal/arm64_32/VTabView.swiftmodule -validate-clang-modules-once -clang-build-session-file /Users/builder/builds/UKfvDsi8u/1/finestructure/swiftpackageindex-builder/spi-builder-workspace/.derivedData/ModuleCache.noindex/Session.modulevalidation -Xcc -I/Users/builder/builds/UKfvDsi8u/1/finestructure/swiftpackageindex-builder/spi-builder-workspace/.derivedData/Build/Intermediates.noindex/swiftui-vertical-tab-view.build/Debug-watchos/VTabView.build/swift-overrides.hmap -emit-const-values -Xfrontend -const-gather-protocols-file -Xfrontend /Users/builder/builds/UKfvDsi8u/1/finestructure/swiftpackageindex-builder/spi-builder-workspace/.derivedData/Build/Intermediates.noindex/swiftui-vertical-tab-view.build/Debug-watchos/VTabView.build/Objects-normal/arm64_32/VTabView_const_extract_protocols.json -Xcc -I/Users/builder/builds/UKfvDsi8u/1/finestructure/swiftpackageindex-builder/spi-builder-workspace/.derivedData/Build/Products/Debug-watchos/include -Xcc -I/Users/builder/builds/UKfvDsi8u/1/finestructure/swiftpackageindex-builder/spi-builder-workspace/.derivedData/Build/Intermediates.noindex/swiftui-vertical-tab-view.build/Debug-watchos/VTabView.build/DerivedSources-normal/arm64_32 -Xcc -I/Users/builder/builds/UKfvDsi8u/1/finestructure/swiftpackageindex-builder/spi-builder-workspace/.derivedData/Build/Intermediates.noindex/swiftui-vertical-tab-view.build/Debug-watchos/VTabView.build/DerivedSources/arm64_32 -Xcc -I/Users/builder/builds/UKfvDsi8u/1/finestructure/swiftpackageindex-builder/spi-builder-workspace/.derivedData/Build/Intermediates.noindex/swiftui-vertical-tab-view.build/Debug-watchos/VTabView.build/DerivedSources -Xcc -DSWIFT_PACKAGE -Xcc -DDEBUG\=1 -emit-objc-header -emit-objc-header-path /Users/builder/builds/UKfvDsi8u/1/finestructure/swiftpackageindex-builder/spi-builder-workspace/.derivedData/Build/Intermediates.noindex/swiftui-vertical-tab-view.build/Debug-watchos/VTabView.build/Objects-normal/arm64_32/VTabView-Swift.h -working-directory /Users/builder/builds/UKfvDsi8u/1/finestructure/swiftpackageindex-builder/spi-builder-workspace -experimental-emit-module-separately -disable-cmo
SwiftDriver VTabView normal arm64 com.apple.xcode.tools.swift.compiler (in target 'VTabView' from project 'swiftui-vertical-tab-view')
    cd /Users/builder/builds/UKfvDsi8u/1/finestructure/swiftpackageindex-builder/spi-builder-workspace
    builtin-SwiftDriver -- /Applications/Xcode-15.3.0-Beta.2.app/Contents/Developer/Toolchains/XcodeDefault.xctoolchain/usr/bin/swiftc -module-name VTabView -Onone -enforce-exclusivity\=checked @/Users/builder/builds/UKfvDsi8u/1/finestructure/swiftpackageindex-builder/spi-builder-workspace/.derivedData/Build/Intermediates.noindex/swiftui-vertical-tab-view.build/Debug-watchos/VTabView.build/Objects-normal/arm64/VTabView.SwiftFileList -DSWIFT_PACKAGE -DDEBUG -DXcode -sdk /Applications/Xcode-15.3.0-Beta.2.app/Contents/Developer/Platforms/WatchOS.platform/Developer/SDKs/WatchOS10.4.sdk -target arm64-apple-watchos6.0 -g -module-cache-path /Users/builder/builds/UKfvDsi8u/1/finestructure/swiftpackageindex-builder/spi-builder-workspace/.derivedData/ModuleCache.noindex -Xfrontend -serialize-debugging-options -enable-testing -index-store-path /Users/builder/builds/UKfvDsi8u/1/finestructure/swiftpackageindex-builder/spi-builder-workspace/.derivedData/Index.noindex/DataStore -swift-version 5 -I /Users/builder/builds/UKfvDsi8u/1/finestructure/swiftpackageindex-builder/spi-builder-workspace/.derivedData/Build/Products/Debug-watchos -I /Applications/Xcode-15.3.0-Beta.2.app/Contents/Developer/Platforms/WatchOS.platform/Developer/usr/lib -F /Users/builder/builds/UKfvDsi8u/1/finestructure/swiftpackageindex-builder/spi-builder-workspace/.derivedData/Build/Products/Debug-watchos -F /Applications/Xcode-15.3.0-Beta.2.app/Contents/Developer/Platforms/WatchOS.platform/Developer/Library/Frameworks -F /Applications/Xcode-15.3.0-Beta.2.app/Contents/Developer/Platforms/WatchOS.platform/Developer/SDKs/WatchOS10.4.sdk/Developer/Library/Frameworks -parse-as-library -c -j8 -enable-batch-mode -incremental -Xcc -ivfsstatcache -Xcc /Users/builder/builds/UKfvDsi8u/1/finestructure/swiftpackageindex-builder/spi-builder-workspace/.derivedData/SDKStatCaches.noindex/watchos10.4-21T5196c-188b4c5c5639cdba02b95625249bd203.sdkstatcache -output-file-map /Users/builder/builds/UKfvDsi8u/1/finestructure/swiftpackageindex-builder/spi-builder-workspace/.derivedData/Build/Intermediates.noindex/swiftui-vertical-tab-view.build/Debug-watchos/VTabView.build/Objects-normal/arm64/VTabView-OutputFileMap.json -use-frontend-parseable-output -save-temps -no-color-diagnostics -serialize-diagnostics -emit-dependencies -emit-module -emit-module-path /Users/builder/builds/UKfvDsi8u/1/finestructure/swiftpackageindex-builder/spi-builder-workspace/.derivedData/Build/Intermediates.noindex/swiftui-vertical-tab-view.build/Debug-watchos/VTabView.build/Objects-normal/arm64/VTabView.swiftmodule -validate-clang-modules-once -clang-build-session-file /Users/builder/builds/UKfvDsi8u/1/finestructure/swiftpackageindex-builder/spi-builder-workspace/.derivedData/ModuleCache.noindex/Session.modulevalidation -Xcc -I/Users/builder/builds/UKfvDsi8u/1/finestructure/swiftpackageindex-builder/spi-builder-workspace/.derivedData/Build/Intermediates.noindex/swiftui-vertical-tab-view.build/Debug-watchos/VTabView.build/swift-overrides.hmap -emit-const-values -Xfrontend -const-gather-protocols-file -Xfrontend /Users/builder/builds/UKfvDsi8u/1/finestructure/swiftpackageindex-builder/spi-builder-workspace/.derivedData/Build/Intermediates.noindex/swiftui-vertical-tab-view.build/Debug-watchos/VTabView.build/Objects-normal/arm64/VTabView_const_extract_protocols.json -Xcc -I/Users/builder/builds/UKfvDsi8u/1/finestructure/swiftpackageindex-builder/spi-builder-workspace/.derivedData/Build/Products/Debug-watchos/include -Xcc -I/Users/builder/builds/UKfvDsi8u/1/finestructure/swiftpackageindex-builder/spi-builder-workspace/.derivedData/Build/Intermediates.noindex/swiftui-vertical-tab-view.build/Debug-watchos/VTabView.build/DerivedSources-normal/arm64 -Xcc -I/Users/builder/builds/UKfvDsi8u/1/finestructure/swiftpackageindex-builder/spi-builder-workspace/.derivedData/Build/Intermediates.noindex/swiftui-vertical-tab-view.build/Debug-watchos/VTabView.build/DerivedSources/arm64 -Xcc -I/Users/builder/builds/UKfvDsi8u/1/finestructure/swiftpackageindex-builder/spi-builder-workspace/.derivedData/Build/Intermediates.noindex/swiftui-vertical-tab-view.build/Debug-watchos/VTabView.build/DerivedSources -Xcc -DSWIFT_PACKAGE -Xcc -DDEBUG\=1 -emit-objc-header -emit-objc-header-path /Users/builder/builds/UKfvDsi8u/1/finestructure/swiftpackageindex-builder/spi-builder-workspace/.derivedData/Build/Intermediates.noindex/swiftui-vertical-tab-view.build/Debug-watchos/VTabView.build/Objects-normal/arm64/VTabView-Swift.h -working-directory /Users/builder/builds/UKfvDsi8u/1/finestructure/swiftpackageindex-builder/spi-builder-workspace -experimental-emit-module-separately -disable-cmo
SwiftDriver VTabView normal armv7k com.apple.xcode.tools.swift.compiler (in target 'VTabView' from project 'swiftui-vertical-tab-view')
    cd /Users/builder/builds/UKfvDsi8u/1/finestructure/swiftpackageindex-builder/spi-builder-workspace
    builtin-SwiftDriver -- /Applications/Xcode-15.3.0-Beta.2.app/Contents/Developer/Toolchains/XcodeDefault.xctoolchain/usr/bin/swiftc -module-name VTabView -Onone -enforce-exclusivity\=checked @/Users/builder/builds/UKfvDsi8u/1/finestructure/swiftpackageindex-builder/spi-builder-workspace/.derivedData/Build/Intermediates.noindex/swiftui-vertical-tab-view.build/Debug-watchos/VTabView.build/Objects-normal/armv7k/VTabView.SwiftFileList -DSWIFT_PACKAGE -DDEBUG -DXcode -sdk /Applications/Xcode-15.3.0-Beta.2.app/Contents/Developer/Platforms/WatchOS.platform/Developer/SDKs/WatchOS10.4.sdk -target armv7k-apple-watchos6.0 -g -module-cache-path /Users/builder/builds/UKfvDsi8u/1/finestructure/swiftpackageindex-builder/spi-builder-workspace/.derivedData/ModuleCache.noindex -Xfrontend -serialize-debugging-options -enable-testing -index-store-path /Users/builder/builds/UKfvDsi8u/1/finestructure/swiftpackageindex-builder/spi-builder-workspace/.derivedData/Index.noindex/DataStore -swift-version 5 -I /Users/builder/builds/UKfvDsi8u/1/finestructure/swiftpackageindex-builder/spi-builder-workspace/.derivedData/Build/Products/Debug-watchos -I /Applications/Xcode-15.3.0-Beta.2.app/Contents/Developer/Platforms/WatchOS.platform/Developer/usr/lib -F /Users/builder/builds/UKfvDsi8u/1/finestructure/swiftpackageindex-builder/spi-builder-workspace/.derivedData/Build/Products/Debug-watchos -F /Applications/Xcode-15.3.0-Beta.2.app/Contents/Developer/Platforms/WatchOS.platform/Developer/Library/Frameworks -F /Applications/Xcode-15.3.0-Beta.2.app/Contents/Developer/Platforms/WatchOS.platform/Developer/SDKs/WatchOS10.4.sdk/Developer/Library/Frameworks -parse-as-library -c -j8 -enable-batch-mode -incremental -Xcc -ivfsstatcache -Xcc /Users/builder/builds/UKfvDsi8u/1/finestructure/swiftpackageindex-builder/spi-builder-workspace/.derivedData/SDKStatCaches.noindex/watchos10.4-21T5196c-188b4c5c5639cdba02b95625249bd203.sdkstatcache -output-file-map /Users/builder/builds/UKfvDsi8u/1/finestructure/swiftpackageindex-builder/spi-builder-workspace/.derivedData/Build/Intermediates.noindex/swiftui-vertical-tab-view.build/Debug-watchos/VTabView.build/Objects-normal/armv7k/VTabView-OutputFileMap.json -use-frontend-parseable-output -save-temps -no-color-diagnostics -serialize-diagnostics -emit-dependencies -emit-module -emit-module-path /Users/builder/builds/UKfvDsi8u/1/finestructure/swiftpackageindex-builder/spi-builder-workspace/.derivedData/Build/Intermediates.noindex/swiftui-vertical-tab-view.build/Debug-watchos/VTabView.build/Objects-normal/armv7k/VTabView.swiftmodule -validate-clang-modules-once -clang-build-session-file /Users/builder/builds/UKfvDsi8u/1/finestructure/swiftpackageindex-builder/spi-builder-workspace/.derivedData/ModuleCache.noindex/Session.modulevalidation -Xcc -I/Users/builder/builds/UKfvDsi8u/1/finestructure/swiftpackageindex-builder/spi-builder-workspace/.derivedData/Build/Intermediates.noindex/swiftui-vertical-tab-view.build/Debug-watchos/VTabView.build/swift-overrides.hmap -emit-const-values -Xfrontend -const-gather-protocols-file -Xfrontend /Users/builder/builds/UKfvDsi8u/1/finestructure/swiftpackageindex-builder/spi-builder-workspace/.derivedData/Build/Intermediates.noindex/swiftui-vertical-tab-view.build/Debug-watchos/VTabView.build/Objects-normal/armv7k/VTabView_const_extract_protocols.json -Xcc -I/Users/builder/builds/UKfvDsi8u/1/finestructure/swiftpackageindex-builder/spi-builder-workspace/.derivedData/Build/Products/Debug-watchos/include -Xcc -I/Users/builder/builds/UKfvDsi8u/1/finestructure/swiftpackageindex-builder/spi-builder-workspace/.derivedData/Build/Intermediates.noindex/swiftui-vertical-tab-view.build/Debug-watchos/VTabView.build/DerivedSources-normal/armv7k -Xcc -I/Users/builder/builds/UKfvDsi8u/1/finestructure/swiftpackageindex-builder/spi-builder-workspace/.derivedData/Build/Intermediates.noindex/swiftui-vertical-tab-view.build/Debug-watchos/VTabView.build/DerivedSources/armv7k -Xcc -I/Users/builder/builds/UKfvDsi8u/1/finestructure/swiftpackageindex-builder/spi-builder-workspace/.derivedData/Build/Intermediates.noindex/swiftui-vertical-tab-view.build/Debug-watchos/VTabView.build/DerivedSources -Xcc -DSWIFT_PACKAGE -Xcc -DDEBUG\=1 -emit-objc-header -emit-objc-header-path /Users/builder/builds/UKfvDsi8u/1/finestructure/swiftpackageindex-builder/spi-builder-workspace/.derivedData/Build/Intermediates.noindex/swiftui-vertical-tab-view.build/Debug-watchos/VTabView.build/Objects-normal/armv7k/VTabView-Swift.h -working-directory /Users/builder/builds/UKfvDsi8u/1/finestructure/swiftpackageindex-builder/spi-builder-workspace -experimental-emit-module-separately -disable-cmo
SwiftEmitModule normal armv7k Emitting\ module\ for\ VTabView (in target 'VTabView' from project 'swiftui-vertical-tab-view')
    cd /Users/builder/builds/UKfvDsi8u/1/finestructure/swiftpackageindex-builder/spi-builder-workspace
    builtin-swiftTaskExecution -- /Applications/Xcode-15.3.0-Beta.2.app/Contents/Developer/Toolchains/XcodeDefault.xctoolchain/usr/bin/swift-frontend -frontend -emit-module -experimental-skip-non-inlinable-function-bodies-without-types /Users/builder/builds/UKfvDsi8u/1/finestructure/swiftpackageindex-builder/spi-builder-workspace/Sources/VTabView/VTabView.swift -target armv7k-apple-watchos6.0 -enable-objc-interop -stack-check -sdk /Applications/Xcode-15.3.0-Beta.2.app/Contents/Developer/Platforms/WatchOS.platform/Developer/SDKs/WatchOS10.4.sdk -I /Users/builder/builds/UKfvDsi8u/1/finestructure/swiftpackageindex-builder/spi-builder-workspace/.derivedData/Build/Products/Debug-watchos -I /Applications/Xcode-15.3.0-Beta.2.app/Contents/Developer/Platforms/WatchOS.platform/Developer/usr/lib -F /Users/builder/builds/UKfvDsi8u/1/finestructure/swiftpackageindex-builder/spi-builder-workspace/.derivedData/Build/Products/Debug-watchos -F /Applications/Xcode-15.3.0-Beta.2.app/Contents/Developer/Platforms/WatchOS.platform/Developer/Library/Frameworks -F /Applications/Xcode-15.3.0-Beta.2.app/Contents/Developer/Platforms/WatchOS.platform/Developer/SDKs/WatchOS10.4.sdk/Developer/Library/Frameworks -no-color-diagnostics -enable-testing -g -module-cache-path /Users/builder/builds/UKfvDsi8u/1/finestructure/swiftpackageindex-builder/spi-builder-workspace/.derivedData/ModuleCache.noindex -swift-version 5 -enforce-exclusivity\=checked -Onone -D SWIFT_PACKAGE -D DEBUG -D Xcode -serialize-debugging-options -const-gather-protocols-file /Users/builder/builds/UKfvDsi8u/1/finestructure/swiftpackageindex-builder/spi-builder-workspace/.derivedData/Build/Intermediates.noindex/swiftui-vertical-tab-view.build/Debug-watchos/VTabView.build/Objects-normal/armv7k/VTabView_const_extract_protocols.json -empty-abi-descriptor -validate-clang-modules-once -clang-build-session-file /Users/builder/builds/UKfvDsi8u/1/finestructure/swiftpackageindex-builder/spi-builder-workspace/.derivedData/ModuleCache.noindex/Session.modulevalidation -Xcc -working-directory -Xcc /Users/builder/builds/UKfvDsi8u/1/finestructure/swiftpackageindex-builder/spi-builder-workspace -resource-dir /Applications/Xcode-15.3.0-Beta.2.app/Contents/Developer/Toolchains/XcodeDefault.xctoolchain/usr/lib/swift -enable-anonymous-context-mangled-names -Xcc -ivfsstatcache -Xcc /Users/builder/builds/UKfvDsi8u/1/finestructure/swiftpackageindex-builder/spi-builder-workspace/.derivedData/SDKStatCaches.noindex/watchos10.4-21T5196c-188b4c5c5639cdba02b95625249bd203.sdkstatcache -Xcc -I/Users/builder/builds/UKfvDsi8u/1/finestructure/swiftpackageindex-builder/spi-builder-workspace/.derivedData/Build/Intermediates.noindex/swiftui-vertical-tab-view.build/Debug-watchos/VTabView.build/swift-overrides.hmap -Xcc -I/Users/builder/builds/UKfvDsi8u/1/finestructure/swiftpackageindex-builder/spi-builder-workspace/.derivedData/Build/Products/Debug-watchos/include -Xcc -I/Users/builder/builds/UKfvDsi8u/1/finestructure/swiftpackageindex-builder/spi-builder-workspace/.derivedData/Build/Intermediates.noindex/swiftui-vertical-tab-view.build/Debug-watchos/VTabView.build/DerivedSources-normal/armv7k -Xcc -I/Users/builder/builds/UKfvDsi8u/1/finestructure/swiftpackageindex-builder/spi-builder-workspace/.derivedData/Build/Intermediates.noindex/swiftui-vertical-tab-view.build/Debug-watchos/VTabView.build/DerivedSources/armv7k -Xcc -I/Users/builder/builds/UKfvDsi8u/1/finestructure/swiftpackageindex-builder/spi-builder-workspace/.derivedData/Build/Intermediates.noindex/swiftui-vertical-tab-view.build/Debug-watchos/VTabView.build/DerivedSources -Xcc -DSWIFT_PACKAGE -Xcc -DDEBUG\=1 -module-name VTabView -disable-clang-spi -target-sdk-version 10.4 -target-sdk-name watchos10.4 -external-plugin-path /Applications/Xcode-15.3.0-Beta.2.app/Contents/Developer/Platforms/WatchOS.platform/Developer/SDKs/WatchOS10.4.sdk/usr/lib/swift/host/plugins\#/Applications/Xcode-15.3.0-Beta.2.app/Contents/Developer/Platforms/WatchOS.platform/Developer/SDKs/WatchOS10.4.sdk/usr/bin/swift-plugin-server -external-plugin-path /Applications/Xcode-15.3.0-Beta.2.app/Contents/Developer/Platforms/WatchOS.platform/Developer/SDKs/WatchOS10.4.sdk/usr/local/lib/swift/host/plugins\#/Applications/Xcode-15.3.0-Beta.2.app/Contents/Developer/Platforms/WatchOS.platform/Developer/SDKs/WatchOS10.4.sdk/usr/bin/swift-plugin-server -external-plugin-path /Applications/Xcode-15.3.0-Beta.2.app/Contents/Developer/Platforms/WatchOS.platform/Developer/usr/lib/swift/host/plugins\#/Applications/Xcode-15.3.0-Beta.2.app/Contents/Developer/Platforms/WatchOS.platform/Developer/usr/bin/swift-plugin-server -external-plugin-path /Applications/Xcode-15.3.0-Beta.2.app/Contents/Developer/Platforms/WatchOS.platform/Developer/usr/local/lib/swift/host/plugins\#/Applications/Xcode-15.3.0-Beta.2.app/Contents/Developer/Platforms/WatchOS.platform/Developer/usr/bin/swift-plugin-server -plugin-path /Applications/Xcode-15.3.0-Beta.2.app/Contents/Developer/Toolchains/XcodeDefault.xctoolchain/usr/lib/swift/host/plugins -plugin-path /Applications/Xcode-15.3.0-Beta.2.app/Contents/Developer/Toolchains/XcodeDefault.xctoolchain/usr/local/lib/swift/host/plugins -emit-module-doc-path /Users/builder/builds/UKfvDsi8u/1/finestructure/swiftpackageindex-builder/spi-builder-workspace/.derivedData/Build/Intermediates.noindex/swiftui-vertical-tab-view.build/Debug-watchos/VTabView.build/Objects-normal/armv7k/VTabView.swiftdoc -emit-module-source-info-path /Users/builder/builds/UKfvDsi8u/1/finestructure/swiftpackageindex-builder/spi-builder-workspace/.derivedData/Build/Intermediates.noindex/swiftui-vertical-tab-view.build/Debug-watchos/VTabView.build/Objects-normal/armv7k/VTabView.swiftsourceinfo -emit-objc-header-path /Users/builder/builds/UKfvDsi8u/1/finestructure/swiftpackageindex-builder/spi-builder-workspace/.derivedData/Build/Intermediates.noindex/swiftui-vertical-tab-view.build/Debug-watchos/VTabView.build/Objects-normal/armv7k/VTabView-Swift.h -serialize-diagnostics-path /Users/builder/builds/UKfvDsi8u/1/finestructure/swiftpackageindex-builder/spi-builder-workspace/.derivedData/Build/Intermediates.noindex/swiftui-vertical-tab-view.build/Debug-watchos/VTabView.build/Objects-normal/armv7k/VTabView-master-emit-module.dia -emit-dependencies-path /Users/builder/builds/UKfvDsi8u/1/finestructure/swiftpackageindex-builder/spi-builder-workspace/.derivedData/Build/Intermediates.noindex/swiftui-vertical-tab-view.build/Debug-watchos/VTabView.build/Objects-normal/armv7k/VTabView-master-emit-module.d -parse-as-library -o /Users/builder/builds/UKfvDsi8u/1/finestructure/swiftpackageindex-builder/spi-builder-workspace/.derivedData/Build/Intermediates.noindex/swiftui-vertical-tab-view.build/Debug-watchos/VTabView.build/Objects-normal/armv7k/VTabView.swiftmodule -emit-abi-descriptor-path /Users/builder/builds/UKfvDsi8u/1/finestructure/swiftpackageindex-builder/spi-builder-workspace/.derivedData/Build/Intermediates.noindex/swiftui-vertical-tab-view.build/Debug-watchos/VTabView.build/Objects-normal/armv7k/VTabView.abi.json
SwiftEmitModule normal arm64_32 Emitting\ module\ for\ VTabView (in target 'VTabView' from project 'swiftui-vertical-tab-view')
    cd /Users/builder/builds/UKfvDsi8u/1/finestructure/swiftpackageindex-builder/spi-builder-workspace
    builtin-swiftTaskExecution -- /Applications/Xcode-15.3.0-Beta.2.app/Contents/Developer/Toolchains/XcodeDefault.xctoolchain/usr/bin/swift-frontend -frontend -emit-module -experimental-skip-non-inlinable-function-bodies-without-types /Users/builder/builds/UKfvDsi8u/1/finestructure/swiftpackageindex-builder/spi-builder-workspace/Sources/VTabView/VTabView.swift -target arm64_32-apple-watchos6.0 -enable-objc-interop -sdk /Applications/Xcode-15.3.0-Beta.2.app/Contents/Developer/Platforms/WatchOS.platform/Developer/SDKs/WatchOS10.4.sdk -I /Users/builder/builds/UKfvDsi8u/1/finestructure/swiftpackageindex-builder/spi-builder-workspace/.derivedData/Build/Products/Debug-watchos -I /Applications/Xcode-15.3.0-Beta.2.app/Contents/Developer/Platforms/WatchOS.platform/Developer/usr/lib -F /Users/builder/builds/UKfvDsi8u/1/finestructure/swiftpackageindex-builder/spi-builder-workspace/.derivedData/Build/Products/Debug-watchos -F /Applications/Xcode-15.3.0-Beta.2.app/Contents/Developer/Platforms/WatchOS.platform/Developer/Library/Frameworks -F /Applications/Xcode-15.3.0-Beta.2.app/Contents/Developer/Platforms/WatchOS.platform/Developer/SDKs/WatchOS10.4.sdk/Developer/Library/Frameworks -no-color-diagnostics -enable-testing -g -module-cache-path /Users/builder/builds/UKfvDsi8u/1/finestructure/swiftpackageindex-builder/spi-builder-workspace/.derivedData/ModuleCache.noindex -swift-version 5 -enforce-exclusivity\=checked -Onone -D SWIFT_PACKAGE -D DEBUG -D Xcode -serialize-debugging-options -const-gather-protocols-file /Users/builder/builds/UKfvDsi8u/1/finestructure/swiftpackageindex-builder/spi-builder-workspace/.derivedData/Build/Intermediates.noindex/swiftui-vertical-tab-view.build/Debug-watchos/VTabView.build/Objects-normal/arm64_32/VTabView_const_extract_protocols.json -empty-abi-descriptor -validate-clang-modules-once -clang-build-session-file /Users/builder/builds/UKfvDsi8u/1/finestructure/swiftpackageindex-builder/spi-builder-workspace/.derivedData/ModuleCache.noindex/Session.modulevalidation -Xcc -working-directory -Xcc /Users/builder/builds/UKfvDsi8u/1/finestructure/swiftpackageindex-builder/spi-builder-workspace -resource-dir /Applications/Xcode-15.3.0-Beta.2.app/Contents/Developer/Toolchains/XcodeDefault.xctoolchain/usr/lib/swift -enable-anonymous-context-mangled-names -Xcc -ivfsstatcache -Xcc /Users/builder/builds/UKfvDsi8u/1/finestructure/swiftpackageindex-builder/spi-builder-workspace/.derivedData/SDKStatCaches.noindex/watchos10.4-21T5196c-188b4c5c5639cdba02b95625249bd203.sdkstatcache -Xcc -I/Users/builder/builds/UKfvDsi8u/1/finestructure/swiftpackageindex-builder/spi-builder-workspace/.derivedData/Build/Intermediates.noindex/swiftui-vertical-tab-view.build/Debug-watchos/VTabView.build/swift-overrides.hmap -Xcc -I/Users/builder/builds/UKfvDsi8u/1/finestructure/swiftpackageindex-builder/spi-builder-workspace/.derivedData/Build/Products/Debug-watchos/include -Xcc -I/Users/builder/builds/UKfvDsi8u/1/finestructure/swiftpackageindex-builder/spi-builder-workspace/.derivedData/Build/Intermediates.noindex/swiftui-vertical-tab-view.build/Debug-watchos/VTabView.build/DerivedSources-normal/arm64_32 -Xcc -I/Users/builder/builds/UKfvDsi8u/1/finestructure/swiftpackageindex-builder/spi-builder-workspace/.derivedData/Build/Intermediates.noindex/swiftui-vertical-tab-view.build/Debug-watchos/VTabView.build/DerivedSources/arm64_32 -Xcc -I/Users/builder/builds/UKfvDsi8u/1/finestructure/swiftpackageindex-builder/spi-builder-workspace/.derivedData/Build/Intermediates.noindex/swiftui-vertical-tab-view.build/Debug-watchos/VTabView.build/DerivedSources -Xcc -DSWIFT_PACKAGE -Xcc -DDEBUG\=1 -module-name VTabView -disable-clang-spi -target-sdk-version 10.4 -target-sdk-name watchos10.4 -external-plugin-path /Applications/Xcode-15.3.0-Beta.2.app/Contents/Developer/Platforms/WatchOS.platform/Developer/SDKs/WatchOS10.4.sdk/usr/lib/swift/host/plugins\#/Applications/Xcode-15.3.0-Beta.2.app/Contents/Developer/Platforms/WatchOS.platform/Developer/SDKs/WatchOS10.4.sdk/usr/bin/swift-plugin-server -external-plugin-path /Applications/Xcode-15.3.0-Beta.2.app/Contents/Developer/Platforms/WatchOS.platform/Developer/SDKs/WatchOS10.4.sdk/usr/local/lib/swift/host/plugins\#/Applications/Xcode-15.3.0-Beta.2.app/Contents/Developer/Platforms/WatchOS.platform/Developer/SDKs/WatchOS10.4.sdk/usr/bin/swift-plugin-server -external-plugin-path /Applications/Xcode-15.3.0-Beta.2.app/Contents/Developer/Platforms/WatchOS.platform/Developer/usr/lib/swift/host/plugins\#/Applications/Xcode-15.3.0-Beta.2.app/Contents/Developer/Platforms/WatchOS.platform/Developer/usr/bin/swift-plugin-server -external-plugin-path /Applications/Xcode-15.3.0-Beta.2.app/Contents/Developer/Platforms/WatchOS.platform/Developer/usr/local/lib/swift/host/plugins\#/Applications/Xcode-15.3.0-Beta.2.app/Contents/Developer/Platforms/WatchOS.platform/Developer/usr/bin/swift-plugin-server -plugin-path /Applications/Xcode-15.3.0-Beta.2.app/Contents/Developer/Toolchains/XcodeDefault.xctoolchain/usr/lib/swift/host/plugins -plugin-path /Applications/Xcode-15.3.0-Beta.2.app/Contents/Developer/Toolchains/XcodeDefault.xctoolchain/usr/local/lib/swift/host/plugins -emit-module-doc-path /Users/builder/builds/UKfvDsi8u/1/finestructure/swiftpackageindex-builder/spi-builder-workspace/.derivedData/Build/Intermediates.noindex/swiftui-vertical-tab-view.build/Debug-watchos/VTabView.build/Objects-normal/arm64_32/VTabView.swiftdoc -emit-module-source-info-path /Users/builder/builds/UKfvDsi8u/1/finestructure/swiftpackageindex-builder/spi-builder-workspace/.derivedData/Build/Intermediates.noindex/swiftui-vertical-tab-view.build/Debug-watchos/VTabView.build/Objects-normal/arm64_32/VTabView.swiftsourceinfo -emit-objc-header-path /Users/builder/builds/UKfvDsi8u/1/finestructure/swiftpackageindex-builder/spi-builder-workspace/.derivedData/Build/Intermediates.noindex/swiftui-vertical-tab-view.build/Debug-watchos/VTabView.build/Objects-normal/arm64_32/VTabView-Swift.h -serialize-diagnostics-path /Users/builder/builds/UKfvDsi8u/1/finestructure/swiftpackageindex-builder/spi-builder-workspace/.derivedData/Build/Intermediates.noindex/swiftui-vertical-tab-view.build/Debug-watchos/VTabView.build/Objects-normal/arm64_32/VTabView-master-emit-module.dia -emit-dependencies-path /Users/builder/builds/UKfvDsi8u/1/finestructure/swiftpackageindex-builder/spi-builder-workspace/.derivedData/Build/Intermediates.noindex/swiftui-vertical-tab-view.build/Debug-watchos/VTabView.build/Objects-normal/arm64_32/VTabView-master-emit-module.d -parse-as-library -o /Users/builder/builds/UKfvDsi8u/1/finestructure/swiftpackageindex-builder/spi-builder-workspace/.derivedData/Build/Intermediates.noindex/swiftui-vertical-tab-view.build/Debug-watchos/VTabView.build/Objects-normal/arm64_32/VTabView.swiftmodule -emit-abi-descriptor-path /Users/builder/builds/UKfvDsi8u/1/finestructure/swiftpackageindex-builder/spi-builder-workspace/.derivedData/Build/Intermediates.noindex/swiftui-vertical-tab-view.build/Debug-watchos/VTabView.build/Objects-normal/arm64_32/VTabView.abi.json
SwiftCompile normal arm64 Compiling\ VTabView.swift /Users/builder/builds/UKfvDsi8u/1/finestructure/swiftpackageindex-builder/spi-builder-workspace/Sources/VTabView/VTabView.swift (in target 'VTabView' from project 'swiftui-vertical-tab-view')
    cd /Users/builder/builds/UKfvDsi8u/1/finestructure/swiftpackageindex-builder/spi-builder-workspace
    builtin-swiftTaskExecution -- /Applications/Xcode-15.3.0-Beta.2.app/Contents/Developer/Toolchains/XcodeDefault.xctoolchain/usr/bin/swift-frontend -frontend -c -primary-file /Users/builder/builds/UKfvDsi8u/1/finestructure/swiftpackageindex-builder/spi-builder-workspace/Sources/VTabView/VTabView.swift -emit-dependencies-path /Users/builder/builds/UKfvDsi8u/1/finestructure/swiftpackageindex-builder/spi-builder-workspace/.derivedData/Build/Intermediates.noindex/swiftui-vertical-tab-view.build/Debug-watchos/VTabView.build/Objects-normal/arm64/VTabView.d -emit-const-values-path /Users/builder/builds/UKfvDsi8u/1/finestructure/swiftpackageindex-builder/spi-builder-workspace/.derivedData/Build/Intermediates.noindex/swiftui-vertical-tab-view.build/Debug-watchos/VTabView.build/Objects-normal/arm64/VTabView.swiftconstvalues -emit-reference-dependencies-path /Users/builder/builds/UKfvDsi8u/1/finestructure/swiftpackageindex-builder/spi-builder-workspace/.derivedData/Build/Intermediates.noindex/swiftui-vertical-tab-view.build/Debug-watchos/VTabView.build/Objects-normal/arm64/VTabView.swiftdeps -serialize-diagnostics-path /Users/builder/builds/UKfvDsi8u/1/finestructure/swiftpackageindex-builder/spi-builder-workspace/.derivedData/Build/Intermediates.noindex/swiftui-vertical-tab-view.build/Debug-watchos/VTabView.build/Objects-normal/arm64/VTabView.dia -target arm64-apple-watchos6.0 -Xllvm -aarch64-use-tbi -enable-objc-interop -stack-check -sdk /Applications/Xcode-15.3.0-Beta.2.app/Contents/Developer/Platforms/WatchOS.platform/Developer/SDKs/WatchOS10.4.sdk -I /Users/builder/builds/UKfvDsi8u/1/finestructure/swiftpackageindex-builder/spi-builder-workspace/.derivedData/Build/Products/Debug-watchos -I /Applications/Xcode-15.3.0-Beta.2.app/Contents/Developer/Platforms/WatchOS.platform/Developer/usr/lib -F /Users/builder/builds/UKfvDsi8u/1/finestructure/swiftpackageindex-builder/spi-builder-workspace/.derivedData/Build/Products/Debug-watchos -F /Applications/Xcode-15.3.0-Beta.2.app/Contents/Developer/Platforms/WatchOS.platform/Developer/Library/Frameworks -F /Applications/Xcode-15.3.0-Beta.2.app/Contents/Developer/Platforms/WatchOS.platform/Developer/SDKs/WatchOS10.4.sdk/Developer/Library/Frameworks -no-color-diagnostics -enable-testing -g -module-cache-path /Users/builder/builds/UKfvDsi8u/1/finestructure/swiftpackageindex-builder/spi-builder-workspace/.derivedData/ModuleCache.noindex -swift-version 5 -enforce-exclusivity\=checked -Onone -D SWIFT_PACKAGE -D DEBUG -D Xcode -serialize-debugging-options -const-gather-protocols-file /Users/builder/builds/UKfvDsi8u/1/finestructure/swiftpackageindex-builder/spi-builder-workspace/.derivedData/Build/Intermediates.noindex/swiftui-vertical-tab-view.build/Debug-watchos/VTabView.build/Objects-normal/arm64/VTabView_const_extract_protocols.json -empty-abi-descriptor -validate-clang-modules-once -clang-build-session-file /Users/builder/builds/UKfvDsi8u/1/finestructure/swiftpackageindex-builder/spi-builder-workspace/.derivedData/ModuleCache.noindex/Session.modulevalidation -Xcc -working-directory -Xcc /Users/builder/builds/UKfvDsi8u/1/finestructure/swiftpackageindex-builder/spi-builder-workspace -resource-dir /Applications/Xcode-15.3.0-Beta.2.app/Contents/Developer/Toolchains/XcodeDefault.xctoolchain/usr/lib/swift -enable-anonymous-context-mangled-names -Xcc -ivfsstatcache -Xcc /Users/builder/builds/UKfvDsi8u/1/finestructure/swiftpackageindex-builder/spi-builder-workspace/.derivedData/SDKStatCaches.noindex/watchos10.4-21T5196c-188b4c5c5639cdba02b95625249bd203.sdkstatcache -Xcc -I/Users/builder/builds/UKfvDsi8u/1/finestructure/swiftpackageindex-builder/spi-builder-workspace/.derivedData/Build/Intermediates.noindex/swiftui-vertical-tab-view.build/Debug-watchos/VTabView.build/swift-overrides.hmap -Xcc -I/Users/builder/builds/UKfvDsi8u/1/finestructure/swiftpackageindex-builder/spi-builder-workspace/.derivedData/Build/Products/Debug-watchos/include -Xcc -I/Users/builder/builds/UKfvDsi8u/1/finestructure/swiftpackageindex-builder/spi-builder-workspace/.derivedData/Build/Intermediates.noindex/swiftui-vertical-tab-view.build/Debug-watchos/VTabView.build/DerivedSources-normal/arm64 -Xcc -I/Users/builder/builds/UKfvDsi8u/1/finestructure/swiftpackageindex-builder/spi-builder-workspace/.derivedData/Build/Intermediates.noindex/swiftui-vertical-tab-view.build/Debug-watchos/VTabView.build/DerivedSources/arm64 -Xcc -I/Users/builder/builds/UKfvDsi8u/1/finestructure/swiftpackageindex-builder/spi-builder-workspace/.derivedData/Build/Intermediates.noindex/swiftui-vertical-tab-view.build/Debug-watchos/VTabView.build/DerivedSources -Xcc -DSWIFT_PACKAGE -Xcc -DDEBUG\=1 -module-name VTabView -frontend-parseable-output -disable-clang-spi -target-sdk-version 10.4 -target-sdk-name watchos10.4 -external-plugin-path /Applications/Xcode-15.3.0-Beta.2.app/Contents/Developer/Platforms/WatchOS.platform/Developer/SDKs/WatchOS10.4.sdk/usr/lib/swift/host/plugins\#/Applications/Xcode-15.3.0-Beta.2.app/Contents/Developer/Platforms/WatchOS.platform/Developer/SDKs/WatchOS10.4.sdk/usr/bin/swift-plugin-server -external-plugin-path /Applications/Xcode-15.3.0-Beta.2.app/Contents/Developer/Platforms/WatchOS.platform/Developer/SDKs/WatchOS10.4.sdk/usr/local/lib/swift/host/plugins\#/Applications/Xcode-15.3.0-Beta.2.app/Contents/Developer/Platforms/WatchOS.platform/Developer/SDKs/WatchOS10.4.sdk/usr/bin/swift-plugin-server -external-plugin-path /Applications/Xcode-15.3.0-Beta.2.app/Contents/Developer/Platforms/WatchOS.platform/Developer/usr/lib/swift/host/plugins\#/Applications/Xcode-15.3.0-Beta.2.app/Contents/Developer/Platforms/WatchOS.platform/Developer/usr/bin/swift-plugin-server -external-plugin-path /Applications/Xcode-15.3.0-Beta.2.app/Contents/Developer/Platforms/WatchOS.platform/Developer/usr/local/lib/swift/host/plugins\#/Applications/Xcode-15.3.0-Beta.2.app/Contents/Developer/Platforms/WatchOS.platform/Developer/usr/bin/swift-plugin-server -plugin-path /Applications/Xcode-15.3.0-Beta.2.app/Contents/Developer/Toolchains/XcodeDefault.xctoolchain/usr/lib/swift/host/plugins -plugin-path /Applications/Xcode-15.3.0-Beta.2.app/Contents/Developer/Toolchains/XcodeDefault.xctoolchain/usr/local/lib/swift/host/plugins -parse-as-library -o /Users/builder/builds/UKfvDsi8u/1/finestructure/swiftpackageindex-builder/spi-builder-workspace/.derivedData/Build/Intermediates.noindex/swiftui-vertical-tab-view.build/Debug-watchos/VTabView.build/Objects-normal/arm64/VTabView.o -index-unit-output-path /swiftui-vertical-tab-view.build/Debug-watchos/VTabView.build/Objects-normal/arm64/VTabView.o -index-store-path /Users/builder/builds/UKfvDsi8u/1/finestructure/swiftpackageindex-builder/spi-builder-workspace/.derivedData/Index.noindex/DataStore -index-system-modules
SwiftCompile normal arm64 /Users/builder/builds/UKfvDsi8u/1/finestructure/swiftpackageindex-builder/spi-builder-workspace/Sources/VTabView/VTabView.swift (in target 'VTabView' from project 'swiftui-vertical-tab-view')
    cd /Users/builder/builds/UKfvDsi8u/1/finestructure/swiftpackageindex-builder/spi-builder-workspace
    /Applications/Xcode-15.3.0-Beta.2.app/Contents/Developer/Toolchains/XcodeDefault.xctoolchain/usr/bin/swift-frontend -c -primary-file /Users/builder/builds/UKfvDsi8u/1/finestructure/swiftpackageindex-builder/spi-builder-workspace/Sources/VTabView/VTabView.swift -emit-dependencies-path /Users/builder/builds/UKfvDsi8u/1/finestructure/swiftpackageindex-builder/spi-builder-workspace/.derivedData/Build/Intermediates.noindex/swiftui-vertical-tab-view.build/Debug-watchos/VTabView.build/Objects-normal/arm64/VTabView.d -emit-const-values-path /Users/builder/builds/UKfvDsi8u/1/finestructure/swiftpackageindex-builder/spi-builder-workspace/.derivedData/Build/Intermediates.noindex/swiftui-vertical-tab-view.build/Debug-watchos/VTabView.build/Objects-normal/arm64/VTabView.swiftconstvalues -emit-reference-dependencies-path /Users/builder/builds/UKfvDsi8u/1/finestructure/swiftpackageindex-builder/spi-builder-workspace/.derivedData/Build/Intermediates.noindex/swiftui-vertical-tab-view.build/Debug-watchos/VTabView.build/Objects-normal/arm64/VTabView.swiftdeps -serialize-diagnostics-path /Users/builder/builds/UKfvDsi8u/1/finestructure/swiftpackageindex-builder/spi-builder-workspace/.derivedData/Build/Intermediates.noindex/swiftui-vertical-tab-view.build/Debug-watchos/VTabView.build/Objects-normal/arm64/VTabView.dia -target arm64-apple-watchos6.0 -Xllvm -aarch64-use-tbi -enable-objc-interop -stack-check -sdk /Applications/Xcode-15.3.0-Beta.2.app/Contents/Developer/Platforms/WatchOS.platform/Developer/SDKs/WatchOS10.4.sdk -I /Users/builder/builds/UKfvDsi8u/1/finestructure/swiftpackageindex-builder/spi-builder-workspace/.derivedData/Build/Products/Debug-watchos -I /Applications/Xcode-15.3.0-Beta.2.app/Contents/Developer/Platforms/WatchOS.platform/Developer/usr/lib -F /Users/builder/builds/UKfvDsi8u/1/finestructure/swiftpackageindex-builder/spi-builder-workspace/.derivedData/Build/Products/Debug-watchos -F /Applications/Xcode-15.3.0-Beta.2.app/Contents/Developer/Platforms/WatchOS.platform/Developer/Library/Frameworks -F /Applications/Xcode-15.3.0-Beta.2.app/Contents/Developer/Platforms/WatchOS.platform/Developer/SDKs/WatchOS10.4.sdk/Developer/Library/Frameworks -no-color-diagnostics -enable-testing -g -module-cache-path /Users/builder/builds/UKfvDsi8u/1/finestructure/swiftpackageindex-builder/spi-builder-workspace/.derivedData/ModuleCache.noindex -swift-version 5 -enforce-exclusivity\=checked -Onone -D SWIFT_PACKAGE -D DEBUG -D Xcode -serialize-debugging-options -const-gather-protocols-file /Users/builder/builds/UKfvDsi8u/1/finestructure/swiftpackageindex-builder/spi-builder-workspace/.derivedData/Build/Intermediates.noindex/swiftui-vertical-tab-view.build/Debug-watchos/VTabView.build/Objects-normal/arm64/VTabView_const_extract_protocols.json -empty-abi-descriptor -validate-clang-modules-once -clang-build-session-file /Users/builder/builds/UKfvDsi8u/1/finestructure/swiftpackageindex-builder/spi-builder-workspace/.derivedData/ModuleCache.noindex/Session.modulevalidation -Xcc -working-directory -Xcc /Users/builder/builds/UKfvDsi8u/1/finestructure/swiftpackageindex-builder/spi-builder-workspace -resource-dir /Applications/Xcode-15.3.0-Beta.2.app/Contents/Developer/Toolchains/XcodeDefault.xctoolchain/usr/lib/swift -enable-anonymous-context-mangled-names -Xcc -ivfsstatcache -Xcc /Users/builder/builds/UKfvDsi8u/1/finestructure/swiftpackageindex-builder/spi-builder-workspace/.derivedData/SDKStatCaches.noindex/watchos10.4-21T5196c-188b4c5c5639cdba02b95625249bd203.sdkstatcache -Xcc -I/Users/builder/builds/UKfvDsi8u/1/finestructure/swiftpackageindex-builder/spi-builder-workspace/.derivedData/Build/Intermediates.noindex/swiftui-vertical-tab-view.build/Debug-watchos/VTabView.build/swift-overrides.hmap -Xcc -I/Users/builder/builds/UKfvDsi8u/1/finestructure/swiftpackageindex-builder/spi-builder-workspace/.derivedData/Build/Products/Debug-watchos/include -Xcc -I/Users/builder/builds/UKfvDsi8u/1/finestructure/swiftpackageindex-builder/spi-builder-workspace/.derivedData/Build/Intermediates.noindex/swiftui-vertical-tab-view.build/Debug-watchos/VTabView.build/DerivedSources-normal/arm64 -Xcc -I/Users/builder/builds/UKfvDsi8u/1/finestructure/swiftpackageindex-builder/spi-builder-workspace/.derivedData/Build/Intermediates.noindex/swiftui-vertical-tab-view.build/Debug-watchos/VTabView.build/DerivedSources/arm64 -Xcc -I/Users/builder/builds/UKfvDsi8u/1/finestructure/swiftpackageindex-builder/spi-builder-workspace/.derivedData/Build/Intermediates.noindex/swiftui-vertical-tab-view.build/Debug-watchos/VTabView.build/DerivedSources -Xcc -DSWIFT_PACKAGE -Xcc -DDEBUG\=1 -module-name VTabView -frontend-parseable-output -disable-clang-spi -target-sdk-version 10.4 -target-sdk-name watchos10.4 -external-plugin-path /Applications/Xcode-15.3.0-Beta.2.app/Contents/Developer/Platforms/WatchOS.platform/Developer/SDKs/WatchOS10.4.sdk/usr/lib/swift/host/plugins\#/Applications/Xcode-15.3.0-Beta.2.app/Contents/Developer/Platforms/WatchOS.platform/Developer/SDKs/WatchOS10.4.sdk/usr/bin/swift-plugin-server -external-plugin-path /Applications/Xcode-15.3.0-Beta.2.app/Contents/Developer/Platforms/WatchOS.platform/Developer/SDKs/WatchOS10.4.sdk/usr/local/lib/swift/host/plugins\#/Applications/Xcode-15.3.0-Beta.2.app/Contents/Developer/Platforms/WatchOS.platform/Developer/SDKs/WatchOS10.4.sdk/usr/bin/swift-plugin-server -external-plugin-path /Applications/Xcode-15.3.0-Beta.2.app/Contents/Developer/Platforms/WatchOS.platform/Developer/usr/lib/swift/host/plugins\#/Applications/Xcode-15.3.0-Beta.2.app/Contents/Developer/Platforms/WatchOS.platform/Developer/usr/bin/swift-plugin-server -external-plugin-path /Applications/Xcode-15.3.0-Beta.2.app/Contents/Developer/Platforms/WatchOS.platform/Developer/usr/local/lib/swift/host/plugins\#/Applications/Xcode-15.3.0-Beta.2.app/Contents/Developer/Platforms/WatchOS.platform/Developer/usr/bin/swift-plugin-server -plugin-path /Applications/Xcode-15.3.0-Beta.2.app/Contents/Developer/Toolchains/XcodeDefault.xctoolchain/usr/lib/swift/host/plugins -plugin-path /Applications/Xcode-15.3.0-Beta.2.app/Contents/Developer/Toolchains/XcodeDefault.xctoolchain/usr/local/lib/swift/host/plugins -parse-as-library -o /Users/builder/builds/UKfvDsi8u/1/finestructure/swiftpackageindex-builder/spi-builder-workspace/.derivedData/Build/Intermediates.noindex/swiftui-vertical-tab-view.build/Debug-watchos/VTabView.build/Objects-normal/arm64/VTabView.o -index-unit-output-path /swiftui-vertical-tab-view.build/Debug-watchos/VTabView.build/Objects-normal/arm64/VTabView.o -index-store-path /Users/builder/builds/UKfvDsi8u/1/finestructure/swiftpackageindex-builder/spi-builder-workspace/.derivedData/Index.noindex/DataStore -index-system-modules
/Users/builder/builds/UKfvDsi8u/1/finestructure/swiftpackageindex-builder/spi-builder-workspace/Sources/VTabView/VTabView.swift:64:13: error: 'TabView' is only available in watchOS 7.0 or newer
            TabView(selection: selection) {
            ^
/Users/builder/builds/UKfvDsi8u/1/finestructure/swiftpackageindex-builder/spi-builder-workspace/Sources/VTabView/VTabView.swift:64:13: note: add 'if #available' version check
            TabView(selection: selection) {
            ^
/Users/builder/builds/UKfvDsi8u/1/finestructure/swiftpackageindex-builder/spi-builder-workspace/Sources/VTabView/VTabView.swift:62:16: note: add @available attribute to enclosing property
    public var body: some View {
               ^
/Users/builder/builds/UKfvDsi8u/1/finestructure/swiftpackageindex-builder/spi-builder-workspace/Sources/VTabView/VTabView.swift:37:15: note: add @available attribute to enclosing generic struct
public struct VTabView<Content, SelectionValue>: View where Content: View, SelectionValue: Hashable {
              ^
SwiftCompile normal armv7k Compiling\ VTabView.swift /Users/builder/builds/UKfvDsi8u/1/finestructure/swiftpackageindex-builder/spi-builder-workspace/Sources/VTabView/VTabView.swift (in target 'VTabView' from project 'swiftui-vertical-tab-view')
    cd /Users/builder/builds/UKfvDsi8u/1/finestructure/swiftpackageindex-builder/spi-builder-workspace
    builtin-swiftTaskExecution -- /Applications/Xcode-15.3.0-Beta.2.app/Contents/Developer/Toolchains/XcodeDefault.xctoolchain/usr/bin/swift-frontend -frontend -c -primary-file /Users/builder/builds/UKfvDsi8u/1/finestructure/swiftpackageindex-builder/spi-builder-workspace/Sources/VTabView/VTabView.swift -emit-dependencies-path /Users/builder/builds/UKfvDsi8u/1/finestructure/swiftpackageindex-builder/spi-builder-workspace/.derivedData/Build/Intermediates.noindex/swiftui-vertical-tab-view.build/Debug-watchos/VTabView.build/Objects-normal/armv7k/VTabView.d -emit-const-values-path /Users/builder/builds/UKfvDsi8u/1/finestructure/swiftpackageindex-builder/spi-builder-workspace/.derivedData/Build/Intermediates.noindex/swiftui-vertical-tab-view.build/Debug-watchos/VTabView.build/Objects-normal/armv7k/VTabView.swiftconstvalues -emit-reference-dependencies-path /Users/builder/builds/UKfvDsi8u/1/finestructure/swiftpackageindex-builder/spi-builder-workspace/.derivedData/Build/Intermediates.noindex/swiftui-vertical-tab-view.build/Debug-watchos/VTabView.build/Objects-normal/armv7k/VTabView.swiftdeps -serialize-diagnostics-path /Users/builder/builds/UKfvDsi8u/1/finestructure/swiftpackageindex-builder/spi-builder-workspace/.derivedData/Build/Intermediates.noindex/swiftui-vertical-tab-view.build/Debug-watchos/VTabView.build/Objects-normal/armv7k/VTabView.dia -target armv7k-apple-watchos6.0 -enable-objc-interop -stack-check -sdk /Applications/Xcode-15.3.0-Beta.2.app/Contents/Developer/Platforms/WatchOS.platform/Developer/SDKs/WatchOS10.4.sdk -I /Users/builder/builds/UKfvDsi8u/1/finestructure/swiftpackageindex-builder/spi-builder-workspace/.derivedData/Build/Products/Debug-watchos -I /Applications/Xcode-15.3.0-Beta.2.app/Contents/Developer/Platforms/WatchOS.platform/Developer/usr/lib -F /Users/builder/builds/UKfvDsi8u/1/finestructure/swiftpackageindex-builder/spi-builder-workspace/.derivedData/Build/Products/Debug-watchos -F /Applications/Xcode-15.3.0-Beta.2.app/Contents/Developer/Platforms/WatchOS.platform/Developer/Library/Frameworks -F /Applications/Xcode-15.3.0-Beta.2.app/Contents/Developer/Platforms/WatchOS.platform/Developer/SDKs/WatchOS10.4.sdk/Developer/Library/Frameworks -no-color-diagnostics -enable-testing -g -module-cache-path /Users/builder/builds/UKfvDsi8u/1/finestructure/swiftpackageindex-builder/spi-builder-workspace/.derivedData/ModuleCache.noindex -swift-version 5 -enforce-exclusivity\=checked -Onone -D SWIFT_PACKAGE -D DEBUG -D Xcode -serialize-debugging-options -const-gather-protocols-file /Users/builder/builds/UKfvDsi8u/1/finestructure/swiftpackageindex-builder/spi-builder-workspace/.derivedData/Build/Intermediates.noindex/swiftui-vertical-tab-view.build/Debug-watchos/VTabView.build/Objects-normal/armv7k/VTabView_const_extract_protocols.json -empty-abi-descriptor -validate-clang-modules-once -clang-build-session-file /Users/builder/builds/UKfvDsi8u/1/finestructure/swiftpackageindex-builder/spi-builder-workspace/.derivedData/ModuleCache.noindex/Session.modulevalidation -Xcc -working-directory -Xcc /Users/builder/builds/UKfvDsi8u/1/finestructure/swiftpackageindex-builder/spi-builder-workspace -resource-dir /Applications/Xcode-15.3.0-Beta.2.app/Contents/Developer/Toolchains/XcodeDefault.xctoolchain/usr/lib/swift -enable-anonymous-context-mangled-names -Xcc -ivfsstatcache -Xcc /Users/builder/builds/UKfvDsi8u/1/finestructure/swiftpackageindex-builder/spi-builder-workspace/.derivedData/SDKStatCaches.noindex/watchos10.4-21T5196c-188b4c5c5639cdba02b95625249bd203.sdkstatcache -Xcc -I/Users/builder/builds/UKfvDsi8u/1/finestructure/swiftpackageindex-builder/spi-builder-workspace/.derivedData/Build/Intermediates.noindex/swiftui-vertical-tab-view.build/Debug-watchos/VTabView.build/swift-overrides.hmap -Xcc -I/Users/builder/builds/UKfvDsi8u/1/finestructure/swiftpackageindex-builder/spi-builder-workspace/.derivedData/Build/Products/Debug-watchos/include -Xcc -I/Users/builder/builds/UKfvDsi8u/1/finestructure/swiftpackageindex-builder/spi-builder-workspace/.derivedData/Build/Intermediates.noindex/swiftui-vertical-tab-view.build/Debug-watchos/VTabView.build/DerivedSources-normal/armv7k -Xcc -I/Users/builder/builds/UKfvDsi8u/1/finestructure/swiftpackageindex-builder/spi-builder-workspace/.derivedData/Build/Intermediates.noindex/swiftui-vertical-tab-view.build/Debug-watchos/VTabView.build/DerivedSources/armv7k -Xcc -I/Users/builder/builds/UKfvDsi8u/1/finestructure/swiftpackageindex-builder/spi-builder-workspace/.derivedData/Build/Intermediates.noindex/swiftui-vertical-tab-view.build/Debug-watchos/VTabView.build/DerivedSources -Xcc -DSWIFT_PACKAGE -Xcc -DDEBUG\=1 -module-name VTabView -frontend-parseable-output -disable-clang-spi -target-sdk-version 10.4 -target-sdk-name watchos10.4 -external-plugin-path /Applications/Xcode-15.3.0-Beta.2.app/Contents/Developer/Platforms/WatchOS.platform/Developer/SDKs/WatchOS10.4.sdk/usr/lib/swift/host/plugins\#/Applications/Xcode-15.3.0-Beta.2.app/Contents/Developer/Platforms/WatchOS.platform/Developer/SDKs/WatchOS10.4.sdk/usr/bin/swift-plugin-server -external-plugin-path /Applications/Xcode-15.3.0-Beta.2.app/Contents/Developer/Platforms/WatchOS.platform/Developer/SDKs/WatchOS10.4.sdk/usr/local/lib/swift/host/plugins\#/Applications/Xcode-15.3.0-Beta.2.app/Contents/Developer/Platforms/WatchOS.platform/Developer/SDKs/WatchOS10.4.sdk/usr/bin/swift-plugin-server -external-plugin-path /Applications/Xcode-15.3.0-Beta.2.app/Contents/Developer/Platforms/WatchOS.platform/Developer/usr/lib/swift/host/plugins\#/Applications/Xcode-15.3.0-Beta.2.app/Contents/Developer/Platforms/WatchOS.platform/Developer/usr/bin/swift-plugin-server -external-plugin-path /Applications/Xcode-15.3.0-Beta.2.app/Contents/Developer/Platforms/WatchOS.platform/Developer/usr/local/lib/swift/host/plugins\#/Applications/Xcode-15.3.0-Beta.2.app/Contents/Developer/Platforms/WatchOS.platform/Developer/usr/bin/swift-plugin-server -plugin-path /Applications/Xcode-15.3.0-Beta.2.app/Contents/Developer/Toolchains/XcodeDefault.xctoolchain/usr/lib/swift/host/plugins -plugin-path /Applications/Xcode-15.3.0-Beta.2.app/Contents/Developer/Toolchains/XcodeDefault.xctoolchain/usr/local/lib/swift/host/plugins -parse-as-library -o /Users/builder/builds/UKfvDsi8u/1/finestructure/swiftpackageindex-builder/spi-builder-workspace/.derivedData/Build/Intermediates.noindex/swiftui-vertical-tab-view.build/Debug-watchos/VTabView.build/Objects-normal/armv7k/VTabView.o -index-unit-output-path /swiftui-vertical-tab-view.build/Debug-watchos/VTabView.build/Objects-normal/armv7k/VTabView.o -index-store-path /Users/builder/builds/UKfvDsi8u/1/finestructure/swiftpackageindex-builder/spi-builder-workspace/.derivedData/Index.noindex/DataStore -index-system-modules
SwiftCompile normal armv7k /Users/builder/builds/UKfvDsi8u/1/finestructure/swiftpackageindex-builder/spi-builder-workspace/Sources/VTabView/VTabView.swift (in target 'VTabView' from project 'swiftui-vertical-tab-view')
    cd /Users/builder/builds/UKfvDsi8u/1/finestructure/swiftpackageindex-builder/spi-builder-workspace
    /Applications/Xcode-15.3.0-Beta.2.app/Contents/Developer/Toolchains/XcodeDefault.xctoolchain/usr/bin/swift-frontend -c -primary-file /Users/builder/builds/UKfvDsi8u/1/finestructure/swiftpackageindex-builder/spi-builder-workspace/Sources/VTabView/VTabView.swift -emit-dependencies-path /Users/builder/builds/UKfvDsi8u/1/finestructure/swiftpackageindex-builder/spi-builder-workspace/.derivedData/Build/Intermediates.noindex/swiftui-vertical-tab-view.build/Debug-watchos/VTabView.build/Objects-normal/armv7k/VTabView.d -emit-const-values-path /Users/builder/builds/UKfvDsi8u/1/finestructure/swiftpackageindex-builder/spi-builder-workspace/.derivedData/Build/Intermediates.noindex/swiftui-vertical-tab-view.build/Debug-watchos/VTabView.build/Objects-normal/armv7k/VTabView.swiftconstvalues -emit-reference-dependencies-path /Users/builder/builds/UKfvDsi8u/1/finestructure/swiftpackageindex-builder/spi-builder-workspace/.derivedData/Build/Intermediates.noindex/swiftui-vertical-tab-view.build/Debug-watchos/VTabView.build/Objects-normal/armv7k/VTabView.swiftdeps -serialize-diagnostics-path /Users/builder/builds/UKfvDsi8u/1/finestructure/swiftpackageindex-builder/spi-builder-workspace/.derivedData/Build/Intermediates.noindex/swiftui-vertical-tab-view.build/Debug-watchos/VTabView.build/Objects-normal/armv7k/VTabView.dia -target armv7k-apple-watchos6.0 -enable-objc-interop -stack-check -sdk /Applications/Xcode-15.3.0-Beta.2.app/Contents/Developer/Platforms/WatchOS.platform/Developer/SDKs/WatchOS10.4.sdk -I /Users/builder/builds/UKfvDsi8u/1/finestructure/swiftpackageindex-builder/spi-builder-workspace/.derivedData/Build/Products/Debug-watchos -I /Applications/Xcode-15.3.0-Beta.2.app/Contents/Developer/Platforms/WatchOS.platform/Developer/usr/lib -F /Users/builder/builds/UKfvDsi8u/1/finestructure/swiftpackageindex-builder/spi-builder-workspace/.derivedData/Build/Products/Debug-watchos -F /Applications/Xcode-15.3.0-Beta.2.app/Contents/Developer/Platforms/WatchOS.platform/Developer/Library/Frameworks -F /Applications/Xcode-15.3.0-Beta.2.app/Contents/Developer/Platforms/WatchOS.platform/Developer/SDKs/WatchOS10.4.sdk/Developer/Library/Frameworks -no-color-diagnostics -enable-testing -g -module-cache-path /Users/builder/builds/UKfvDsi8u/1/finestructure/swiftpackageindex-builder/spi-builder-workspace/.derivedData/ModuleCache.noindex -swift-version 5 -enforce-exclusivity\=checked -Onone -D SWIFT_PACKAGE -D DEBUG -D Xcode -serialize-debugging-options -const-gather-protocols-file /Users/builder/builds/UKfvDsi8u/1/finestructure/swiftpackageindex-builder/spi-builder-workspace/.derivedData/Build/Intermediates.noindex/swiftui-vertical-tab-view.build/Debug-watchos/VTabView.build/Objects-normal/armv7k/VTabView_const_extract_protocols.json -empty-abi-descriptor -validate-clang-modules-once -clang-build-session-file /Users/builder/builds/UKfvDsi8u/1/finestructure/swiftpackageindex-builder/spi-builder-workspace/.derivedData/ModuleCache.noindex/Session.modulevalidation -Xcc -working-directory -Xcc /Users/builder/builds/UKfvDsi8u/1/finestructure/swiftpackageindex-builder/spi-builder-workspace -resource-dir /Applications/Xcode-15.3.0-Beta.2.app/Contents/Developer/Toolchains/XcodeDefault.xctoolchain/usr/lib/swift -enable-anonymous-context-mangled-names -Xcc -ivfsstatcache -Xcc /Users/builder/builds/UKfvDsi8u/1/finestructure/swiftpackageindex-builder/spi-builder-workspace/.derivedData/SDKStatCaches.noindex/watchos10.4-21T5196c-188b4c5c5639cdba02b95625249bd203.sdkstatcache -Xcc -I/Users/builder/builds/UKfvDsi8u/1/finestructure/swiftpackageindex-builder/spi-builder-workspace/.derivedData/Build/Intermediates.noindex/swiftui-vertical-tab-view.build/Debug-watchos/VTabView.build/swift-overrides.hmap -Xcc -I/Users/builder/builds/UKfvDsi8u/1/finestructure/swiftpackageindex-builder/spi-builder-workspace/.derivedData/Build/Products/Debug-watchos/include -Xcc -I/Users/builder/builds/UKfvDsi8u/1/finestructure/swiftpackageindex-builder/spi-builder-workspace/.derivedData/Build/Intermediates.noindex/swiftui-vertical-tab-view.build/Debug-watchos/VTabView.build/DerivedSources-normal/armv7k -Xcc -I/Users/builder/builds/UKfvDsi8u/1/finestructure/swiftpackageindex-builder/spi-builder-workspace/.derivedData/Build/Intermediates.noindex/swiftui-vertical-tab-view.build/Debug-watchos/VTabView.build/DerivedSources/armv7k -Xcc -I/Users/builder/builds/UKfvDsi8u/1/finestructure/swiftpackageindex-builder/spi-builder-workspace/.derivedData/Build/Intermediates.noindex/swiftui-vertical-tab-view.build/Debug-watchos/VTabView.build/DerivedSources -Xcc -DSWIFT_PACKAGE -Xcc -DDEBUG\=1 -module-name VTabView -frontend-parseable-output -disable-clang-spi -target-sdk-version 10.4 -target-sdk-name watchos10.4 -external-plugin-path /Applications/Xcode-15.3.0-Beta.2.app/Contents/Developer/Platforms/WatchOS.platform/Developer/SDKs/WatchOS10.4.sdk/usr/lib/swift/host/plugins\#/Applications/Xcode-15.3.0-Beta.2.app/Contents/Developer/Platforms/WatchOS.platform/Developer/SDKs/WatchOS10.4.sdk/usr/bin/swift-plugin-server -external-plugin-path /Applications/Xcode-15.3.0-Beta.2.app/Contents/Developer/Platforms/WatchOS.platform/Developer/SDKs/WatchOS10.4.sdk/usr/local/lib/swift/host/plugins\#/Applications/Xcode-15.3.0-Beta.2.app/Contents/Developer/Platforms/WatchOS.platform/Developer/SDKs/WatchOS10.4.sdk/usr/bin/swift-plugin-server -external-plugin-path /Applications/Xcode-15.3.0-Beta.2.app/Contents/Developer/Platforms/WatchOS.platform/Developer/usr/lib/swift/host/plugins\#/Applications/Xcode-15.3.0-Beta.2.app/Contents/Developer/Platforms/WatchOS.platform/Developer/usr/bin/swift-plugin-server -external-plugin-path /Applications/Xcode-15.3.0-Beta.2.app/Contents/Developer/Platforms/WatchOS.platform/Developer/usr/local/lib/swift/host/plugins\#/Applications/Xcode-15.3.0-Beta.2.app/Contents/Developer/Platforms/WatchOS.platform/Developer/usr/bin/swift-plugin-server -plugin-path /Applications/Xcode-15.3.0-Beta.2.app/Contents/Developer/Toolchains/XcodeDefault.xctoolchain/usr/lib/swift/host/plugins -plugin-path /Applications/Xcode-15.3.0-Beta.2.app/Contents/Developer/Toolchains/XcodeDefault.xctoolchain/usr/local/lib/swift/host/plugins -parse-as-library -o /Users/builder/builds/UKfvDsi8u/1/finestructure/swiftpackageindex-builder/spi-builder-workspace/.derivedData/Build/Intermediates.noindex/swiftui-vertical-tab-view.build/Debug-watchos/VTabView.build/Objects-normal/armv7k/VTabView.o -index-unit-output-path /swiftui-vertical-tab-view.build/Debug-watchos/VTabView.build/Objects-normal/armv7k/VTabView.o -index-store-path /Users/builder/builds/UKfvDsi8u/1/finestructure/swiftpackageindex-builder/spi-builder-workspace/.derivedData/Index.noindex/DataStore -index-system-modules
/Users/builder/builds/UKfvDsi8u/1/finestructure/swiftpackageindex-builder/spi-builder-workspace/Sources/VTabView/VTabView.swift:64:13: error: 'TabView' is only available in watchOS 7.0 or newer
            TabView(selection: selection) {
            ^
/Users/builder/builds/UKfvDsi8u/1/finestructure/swiftpackageindex-builder/spi-builder-workspace/Sources/VTabView/VTabView.swift:64:13: note: add 'if #available' version check
            TabView(selection: selection) {
            ^
/Users/builder/builds/UKfvDsi8u/1/finestructure/swiftpackageindex-builder/spi-builder-workspace/Sources/VTabView/VTabView.swift:62:16: note: add @available attribute to enclosing property
    public var body: some View {
               ^
/Users/builder/builds/UKfvDsi8u/1/finestructure/swiftpackageindex-builder/spi-builder-workspace/Sources/VTabView/VTabView.swift:37:15: note: add @available attribute to enclosing generic struct
public struct VTabView<Content, SelectionValue>: View where Content: View, SelectionValue: Hashable {
              ^
SwiftEmitModule normal arm64 Emitting\ module\ for\ VTabView (in target 'VTabView' from project 'swiftui-vertical-tab-view')
    cd /Users/builder/builds/UKfvDsi8u/1/finestructure/swiftpackageindex-builder/spi-builder-workspace
    builtin-swiftTaskExecution -- /Applications/Xcode-15.3.0-Beta.2.app/Contents/Developer/Toolchains/XcodeDefault.xctoolchain/usr/bin/swift-frontend -frontend -emit-module -experimental-skip-non-inlinable-function-bodies-without-types /Users/builder/builds/UKfvDsi8u/1/finestructure/swiftpackageindex-builder/spi-builder-workspace/Sources/VTabView/VTabView.swift -target arm64-apple-watchos6.0 -Xllvm -aarch64-use-tbi -enable-objc-interop -stack-check -sdk /Applications/Xcode-15.3.0-Beta.2.app/Contents/Developer/Platforms/WatchOS.platform/Developer/SDKs/WatchOS10.4.sdk -I /Users/builder/builds/UKfvDsi8u/1/finestructure/swiftpackageindex-builder/spi-builder-workspace/.derivedData/Build/Products/Debug-watchos -I /Applications/Xcode-15.3.0-Beta.2.app/Contents/Developer/Platforms/WatchOS.platform/Developer/usr/lib -F /Users/builder/builds/UKfvDsi8u/1/finestructure/swiftpackageindex-builder/spi-builder-workspace/.derivedData/Build/Products/Debug-watchos -F /Applications/Xcode-15.3.0-Beta.2.app/Contents/Developer/Platforms/WatchOS.platform/Developer/Library/Frameworks -F /Applications/Xcode-15.3.0-Beta.2.app/Contents/Developer/Platforms/WatchOS.platform/Developer/SDKs/WatchOS10.4.sdk/Developer/Library/Frameworks -no-color-diagnostics -enable-testing -g -module-cache-path /Users/builder/builds/UKfvDsi8u/1/finestructure/swiftpackageindex-builder/spi-builder-workspace/.derivedData/ModuleCache.noindex -swift-version 5 -enforce-exclusivity\=checked -Onone -D SWIFT_PACKAGE -D DEBUG -D Xcode -serialize-debugging-options -const-gather-protocols-file /Users/builder/builds/UKfvDsi8u/1/finestructure/swiftpackageindex-builder/spi-builder-workspace/.derivedData/Build/Intermediates.noindex/swiftui-vertical-tab-view.build/Debug-watchos/VTabView.build/Objects-normal/arm64/VTabView_const_extract_protocols.json -empty-abi-descriptor -validate-clang-modules-once -clang-build-session-file /Users/builder/builds/UKfvDsi8u/1/finestructure/swiftpackageindex-builder/spi-builder-workspace/.derivedData/ModuleCache.noindex/Session.modulevalidation -Xcc -working-directory -Xcc /Users/builder/builds/UKfvDsi8u/1/finestructure/swiftpackageindex-builder/spi-builder-workspace -resource-dir /Applications/Xcode-15.3.0-Beta.2.app/Contents/Developer/Toolchains/XcodeDefault.xctoolchain/usr/lib/swift -enable-anonymous-context-mangled-names -Xcc -ivfsstatcache -Xcc /Users/builder/builds/UKfvDsi8u/1/finestructure/swiftpackageindex-builder/spi-builder-workspace/.derivedData/SDKStatCaches.noindex/watchos10.4-21T5196c-188b4c5c5639cdba02b95625249bd203.sdkstatcache -Xcc -I/Users/builder/builds/UKfvDsi8u/1/finestructure/swiftpackageindex-builder/spi-builder-workspace/.derivedData/Build/Intermediates.noindex/swiftui-vertical-tab-view.build/Debug-watchos/VTabView.build/swift-overrides.hmap -Xcc -I/Users/builder/builds/UKfvDsi8u/1/finestructure/swiftpackageindex-builder/spi-builder-workspace/.derivedData/Build/Products/Debug-watchos/include -Xcc -I/Users/builder/builds/UKfvDsi8u/1/finestructure/swiftpackageindex-builder/spi-builder-workspace/.derivedData/Build/Intermediates.noindex/swiftui-vertical-tab-view.build/Debug-watchos/VTabView.build/DerivedSources-normal/arm64 -Xcc -I/Users/builder/builds/UKfvDsi8u/1/finestructure/swiftpackageindex-builder/spi-builder-workspace/.derivedData/Build/Intermediates.noindex/swiftui-vertical-tab-view.build/Debug-watchos/VTabView.build/DerivedSources/arm64 -Xcc -I/Users/builder/builds/UKfvDsi8u/1/finestructure/swiftpackageindex-builder/spi-builder-workspace/.derivedData/Build/Intermediates.noindex/swiftui-vertical-tab-view.build/Debug-watchos/VTabView.build/DerivedSources -Xcc -DSWIFT_PACKAGE -Xcc -DDEBUG\=1 -module-name VTabView -disable-clang-spi -target-sdk-version 10.4 -target-sdk-name watchos10.4 -external-plugin-path /Applications/Xcode-15.3.0-Beta.2.app/Contents/Developer/Platforms/WatchOS.platform/Developer/SDKs/WatchOS10.4.sdk/usr/lib/swift/host/plugins\#/Applications/Xcode-15.3.0-Beta.2.app/Contents/Developer/Platforms/WatchOS.platform/Developer/SDKs/WatchOS10.4.sdk/usr/bin/swift-plugin-server -external-plugin-path /Applications/Xcode-15.3.0-Beta.2.app/Contents/Developer/Platforms/WatchOS.platform/Developer/SDKs/WatchOS10.4.sdk/usr/local/lib/swift/host/plugins\#/Applications/Xcode-15.3.0-Beta.2.app/Contents/Developer/Platforms/WatchOS.platform/Developer/SDKs/WatchOS10.4.sdk/usr/bin/swift-plugin-server -external-plugin-path /Applications/Xcode-15.3.0-Beta.2.app/Contents/Developer/Platforms/WatchOS.platform/Developer/usr/lib/swift/host/plugins\#/Applications/Xcode-15.3.0-Beta.2.app/Contents/Developer/Platforms/WatchOS.platform/Developer/usr/bin/swift-plugin-server -external-plugin-path /Applications/Xcode-15.3.0-Beta.2.app/Contents/Developer/Platforms/WatchOS.platform/Developer/usr/local/lib/swift/host/plugins\#/Applications/Xcode-15.3.0-Beta.2.app/Contents/Developer/Platforms/WatchOS.platform/Developer/usr/bin/swift-plugin-server -plugin-path /Applications/Xcode-15.3.0-Beta.2.app/Contents/Developer/Toolchains/XcodeDefault.xctoolchain/usr/lib/swift/host/plugins -plugin-path /Applications/Xcode-15.3.0-Beta.2.app/Contents/Developer/Toolchains/XcodeDefault.xctoolchain/usr/local/lib/swift/host/plugins -emit-module-doc-path /Users/builder/builds/UKfvDsi8u/1/finestructure/swiftpackageindex-builder/spi-builder-workspace/.derivedData/Build/Intermediates.noindex/swiftui-vertical-tab-view.build/Debug-watchos/VTabView.build/Objects-normal/arm64/VTabView.swiftdoc -emit-module-source-info-path /Users/builder/builds/UKfvDsi8u/1/finestructure/swiftpackageindex-builder/spi-builder-workspace/.derivedData/Build/Intermediates.noindex/swiftui-vertical-tab-view.build/Debug-watchos/VTabView.build/Objects-normal/arm64/VTabView.swiftsourceinfo -emit-objc-header-path /Users/builder/builds/UKfvDsi8u/1/finestructure/swiftpackageindex-builder/spi-builder-workspace/.derivedData/Build/Intermediates.noindex/swiftui-vertical-tab-view.build/Debug-watchos/VTabView.build/Objects-normal/arm64/VTabView-Swift.h -serialize-diagnostics-path /Users/builder/builds/UKfvDsi8u/1/finestructure/swiftpackageindex-builder/spi-builder-workspace/.derivedData/Build/Intermediates.noindex/swiftui-vertical-tab-view.build/Debug-watchos/VTabView.build/Objects-normal/arm64/VTabView-master-emit-module.dia -emit-dependencies-path /Users/builder/builds/UKfvDsi8u/1/finestructure/swiftpackageindex-builder/spi-builder-workspace/.derivedData/Build/Intermediates.noindex/swiftui-vertical-tab-view.build/Debug-watchos/VTabView.build/Objects-normal/arm64/VTabView-master-emit-module.d -parse-as-library -o /Users/builder/builds/UKfvDsi8u/1/finestructure/swiftpackageindex-builder/spi-builder-workspace/.derivedData/Build/Intermediates.noindex/swiftui-vertical-tab-view.build/Debug-watchos/VTabView.build/Objects-normal/arm64/VTabView.swiftmodule -emit-abi-descriptor-path /Users/builder/builds/UKfvDsi8u/1/finestructure/swiftpackageindex-builder/spi-builder-workspace/.derivedData/Build/Intermediates.noindex/swiftui-vertical-tab-view.build/Debug-watchos/VTabView.build/Objects-normal/arm64/VTabView.abi.json
SwiftCompile normal arm64_32 Compiling\ VTabView.swift /Users/builder/builds/UKfvDsi8u/1/finestructure/swiftpackageindex-builder/spi-builder-workspace/Sources/VTabView/VTabView.swift (in target 'VTabView' from project 'swiftui-vertical-tab-view')
    cd /Users/builder/builds/UKfvDsi8u/1/finestructure/swiftpackageindex-builder/spi-builder-workspace
    builtin-swiftTaskExecution -- /Applications/Xcode-15.3.0-Beta.2.app/Contents/Developer/Toolchains/XcodeDefault.xctoolchain/usr/bin/swift-frontend -frontend -c -primary-file /Users/builder/builds/UKfvDsi8u/1/finestructure/swiftpackageindex-builder/spi-builder-workspace/Sources/VTabView/VTabView.swift -emit-dependencies-path /Users/builder/builds/UKfvDsi8u/1/finestructure/swiftpackageindex-builder/spi-builder-workspace/.derivedData/Build/Intermediates.noindex/swiftui-vertical-tab-view.build/Debug-watchos/VTabView.build/Objects-normal/arm64_32/VTabView.d -emit-const-values-path /Users/builder/builds/UKfvDsi8u/1/finestructure/swiftpackageindex-builder/spi-builder-workspace/.derivedData/Build/Intermediates.noindex/swiftui-vertical-tab-view.build/Debug-watchos/VTabView.build/Objects-normal/arm64_32/VTabView.swiftconstvalues -emit-reference-dependencies-path /Users/builder/builds/UKfvDsi8u/1/finestructure/swiftpackageindex-builder/spi-builder-workspace/.derivedData/Build/Intermediates.noindex/swiftui-vertical-tab-view.build/Debug-watchos/VTabView.build/Objects-normal/arm64_32/VTabView.swiftdeps -serialize-diagnostics-path /Users/builder/builds/UKfvDsi8u/1/finestructure/swiftpackageindex-builder/spi-builder-workspace/.derivedData/Build/Intermediates.noindex/swiftui-vertical-tab-view.build/Debug-watchos/VTabView.build/Objects-normal/arm64_32/VTabView.dia -target arm64_32-apple-watchos6.0 -enable-objc-interop -sdk /Applications/Xcode-15.3.0-Beta.2.app/Contents/Developer/Platforms/WatchOS.platform/Developer/SDKs/WatchOS10.4.sdk -I /Users/builder/builds/UKfvDsi8u/1/finestructure/swiftpackageindex-builder/spi-builder-workspace/.derivedData/Build/Products/Debug-watchos -I /Applications/Xcode-15.3.0-Beta.2.app/Contents/Developer/Platforms/WatchOS.platform/Developer/usr/lib -F /Users/builder/builds/UKfvDsi8u/1/finestructure/swiftpackageindex-builder/spi-builder-workspace/.derivedData/Build/Products/Debug-watchos -F /Applications/Xcode-15.3.0-Beta.2.app/Contents/Developer/Platforms/WatchOS.platform/Developer/Library/Frameworks -F /Applications/Xcode-15.3.0-Beta.2.app/Contents/Developer/Platforms/WatchOS.platform/Developer/SDKs/WatchOS10.4.sdk/Developer/Library/Frameworks -no-color-diagnostics -enable-testing -g -module-cache-path /Users/builder/builds/UKfvDsi8u/1/finestructure/swiftpackageindex-builder/spi-builder-workspace/.derivedData/ModuleCache.noindex -swift-version 5 -enforce-exclusivity\=checked -Onone -D SWIFT_PACKAGE -D DEBUG -D Xcode -serialize-debugging-options -const-gather-protocols-file /Users/builder/builds/UKfvDsi8u/1/finestructure/swiftpackageindex-builder/spi-builder-workspace/.derivedData/Build/Intermediates.noindex/swiftui-vertical-tab-view.build/Debug-watchos/VTabView.build/Objects-normal/arm64_32/VTabView_const_extract_protocols.json -empty-abi-descriptor -validate-clang-modules-once -clang-build-session-file /Users/builder/builds/UKfvDsi8u/1/finestructure/swiftpackageindex-builder/spi-builder-workspace/.derivedData/ModuleCache.noindex/Session.modulevalidation -Xcc -working-directory -Xcc /Users/builder/builds/UKfvDsi8u/1/finestructure/swiftpackageindex-builder/spi-builder-workspace -resource-dir /Applications/Xcode-15.3.0-Beta.2.app/Contents/Developer/Toolchains/XcodeDefault.xctoolchain/usr/lib/swift -enable-anonymous-context-mangled-names -Xcc -ivfsstatcache -Xcc /Users/builder/builds/UKfvDsi8u/1/finestructure/swiftpackageindex-builder/spi-builder-workspace/.derivedData/SDKStatCaches.noindex/watchos10.4-21T5196c-188b4c5c5639cdba02b95625249bd203.sdkstatcache -Xcc -I/Users/builder/builds/UKfvDsi8u/1/finestructure/swiftpackageindex-builder/spi-builder-workspace/.derivedData/Build/Intermediates.noindex/swiftui-vertical-tab-view.build/Debug-watchos/VTabView.build/swift-overrides.hmap -Xcc -I/Users/builder/builds/UKfvDsi8u/1/finestructure/swiftpackageindex-builder/spi-builder-workspace/.derivedData/Build/Products/Debug-watchos/include -Xcc -I/Users/builder/builds/UKfvDsi8u/1/finestructure/swiftpackageindex-builder/spi-builder-workspace/.derivedData/Build/Intermediates.noindex/swiftui-vertical-tab-view.build/Debug-watchos/VTabView.build/DerivedSources-normal/arm64_32 -Xcc -I/Users/builder/builds/UKfvDsi8u/1/finestructure/swiftpackageindex-builder/spi-builder-workspace/.derivedData/Build/Intermediates.noindex/swiftui-vertical-tab-view.build/Debug-watchos/VTabView.build/DerivedSources/arm64_32 -Xcc -I/Users/builder/builds/UKfvDsi8u/1/finestructure/swiftpackageindex-builder/spi-builder-workspace/.derivedData/Build/Intermediates.noindex/swiftui-vertical-tab-view.build/Debug-watchos/VTabView.build/DerivedSources -Xcc -DSWIFT_PACKAGE -Xcc -DDEBUG\=1 -module-name VTabView -frontend-parseable-output -disable-clang-spi -target-sdk-version 10.4 -target-sdk-name watchos10.4 -external-plugin-path /Applications/Xcode-15.3.0-Beta.2.app/Contents/Developer/Platforms/WatchOS.platform/Developer/SDKs/WatchOS10.4.sdk/usr/lib/swift/host/plugins\#/Applications/Xcode-15.3.0-Beta.2.app/Contents/Developer/Platforms/WatchOS.platform/Developer/SDKs/WatchOS10.4.sdk/usr/bin/swift-plugin-server -external-plugin-path /Applications/Xcode-15.3.0-Beta.2.app/Contents/Developer/Platforms/WatchOS.platform/Developer/SDKs/WatchOS10.4.sdk/usr/local/lib/swift/host/plugins\#/Applications/Xcode-15.3.0-Beta.2.app/Contents/Developer/Platforms/WatchOS.platform/Developer/SDKs/WatchOS10.4.sdk/usr/bin/swift-plugin-server -external-plugin-path /Applications/Xcode-15.3.0-Beta.2.app/Contents/Developer/Platforms/WatchOS.platform/Developer/usr/lib/swift/host/plugins\#/Applications/Xcode-15.3.0-Beta.2.app/Contents/Developer/Platforms/WatchOS.platform/Developer/usr/bin/swift-plugin-server -external-plugin-path /Applications/Xcode-15.3.0-Beta.2.app/Contents/Developer/Platforms/WatchOS.platform/Developer/usr/local/lib/swift/host/plugins\#/Applications/Xcode-15.3.0-Beta.2.app/Contents/Developer/Platforms/WatchOS.platform/Developer/usr/bin/swift-plugin-server -plugin-path /Applications/Xcode-15.3.0-Beta.2.app/Contents/Developer/Toolchains/XcodeDefault.xctoolchain/usr/lib/swift/host/plugins -plugin-path /Applications/Xcode-15.3.0-Beta.2.app/Contents/Developer/Toolchains/XcodeDefault.xctoolchain/usr/local/lib/swift/host/plugins -parse-as-library -o /Users/builder/builds/UKfvDsi8u/1/finestructure/swiftpackageindex-builder/spi-builder-workspace/.derivedData/Build/Intermediates.noindex/swiftui-vertical-tab-view.build/Debug-watchos/VTabView.build/Objects-normal/arm64_32/VTabView.o -index-unit-output-path /swiftui-vertical-tab-view.build/Debug-watchos/VTabView.build/Objects-normal/arm64_32/VTabView.o -index-store-path /Users/builder/builds/UKfvDsi8u/1/finestructure/swiftpackageindex-builder/spi-builder-workspace/.derivedData/Index.noindex/DataStore -index-system-modules
SwiftCompile normal arm64_32 /Users/builder/builds/UKfvDsi8u/1/finestructure/swiftpackageindex-builder/spi-builder-workspace/Sources/VTabView/VTabView.swift (in target 'VTabView' from project 'swiftui-vertical-tab-view')
    cd /Users/builder/builds/UKfvDsi8u/1/finestructure/swiftpackageindex-builder/spi-builder-workspace
    /Applications/Xcode-15.3.0-Beta.2.app/Contents/Developer/Toolchains/XcodeDefault.xctoolchain/usr/bin/swift-frontend -c -primary-file /Users/builder/builds/UKfvDsi8u/1/finestructure/swiftpackageindex-builder/spi-builder-workspace/Sources/VTabView/VTabView.swift -emit-dependencies-path /Users/builder/builds/UKfvDsi8u/1/finestructure/swiftpackageindex-builder/spi-builder-workspace/.derivedData/Build/Intermediates.noindex/swiftui-vertical-tab-view.build/Debug-watchos/VTabView.build/Objects-normal/arm64_32/VTabView.d -emit-const-values-path /Users/builder/builds/UKfvDsi8u/1/finestructure/swiftpackageindex-builder/spi-builder-workspace/.derivedData/Build/Intermediates.noindex/swiftui-vertical-tab-view.build/Debug-watchos/VTabView.build/Objects-normal/arm64_32/VTabView.swiftconstvalues -emit-reference-dependencies-path /Users/builder/builds/UKfvDsi8u/1/finestructure/swiftpackageindex-builder/spi-builder-workspace/.derivedData/Build/Intermediates.noindex/swiftui-vertical-tab-view.build/Debug-watchos/VTabView.build/Objects-normal/arm64_32/VTabView.swiftdeps -serialize-diagnostics-path /Users/builder/builds/UKfvDsi8u/1/finestructure/swiftpackageindex-builder/spi-builder-workspace/.derivedData/Build/Intermediates.noindex/swiftui-vertical-tab-view.build/Debug-watchos/VTabView.build/Objects-normal/arm64_32/VTabView.dia -target arm64_32-apple-watchos6.0 -enable-objc-interop -sdk /Applications/Xcode-15.3.0-Beta.2.app/Contents/Developer/Platforms/WatchOS.platform/Developer/SDKs/WatchOS10.4.sdk -I /Users/builder/builds/UKfvDsi8u/1/finestructure/swiftpackageindex-builder/spi-builder-workspace/.derivedData/Build/Products/Debug-watchos -I /Applications/Xcode-15.3.0-Beta.2.app/Contents/Developer/Platforms/WatchOS.platform/Developer/usr/lib -F /Users/builder/builds/UKfvDsi8u/1/finestructure/swiftpackageindex-builder/spi-builder-workspace/.derivedData/Build/Products/Debug-watchos -F /Applications/Xcode-15.3.0-Beta.2.app/Contents/Developer/Platforms/WatchOS.platform/Developer/Library/Frameworks -F /Applications/Xcode-15.3.0-Beta.2.app/Contents/Developer/Platforms/WatchOS.platform/Developer/SDKs/WatchOS10.4.sdk/Developer/Library/Frameworks -no-color-diagnostics -enable-testing -g -module-cache-path /Users/builder/builds/UKfvDsi8u/1/finestructure/swiftpackageindex-builder/spi-builder-workspace/.derivedData/ModuleCache.noindex -swift-version 5 -enforce-exclusivity\=checked -Onone -D SWIFT_PACKAGE -D DEBUG -D Xcode -serialize-debugging-options -const-gather-protocols-file /Users/builder/builds/UKfvDsi8u/1/finestructure/swiftpackageindex-builder/spi-builder-workspace/.derivedData/Build/Intermediates.noindex/swiftui-vertical-tab-view.build/Debug-watchos/VTabView.build/Objects-normal/arm64_32/VTabView_const_extract_protocols.json -empty-abi-descriptor -validate-clang-modules-once -clang-build-session-file /Users/builder/builds/UKfvDsi8u/1/finestructure/swiftpackageindex-builder/spi-builder-workspace/.derivedData/ModuleCache.noindex/Session.modulevalidation -Xcc -working-directory -Xcc /Users/builder/builds/UKfvDsi8u/1/finestructure/swiftpackageindex-builder/spi-builder-workspace -resource-dir /Applications/Xcode-15.3.0-Beta.2.app/Contents/Developer/Toolchains/XcodeDefault.xctoolchain/usr/lib/swift -enable-anonymous-context-mangled-names -Xcc -ivfsstatcache -Xcc /Users/builder/builds/UKfvDsi8u/1/finestructure/swiftpackageindex-builder/spi-builder-workspace/.derivedData/SDKStatCaches.noindex/watchos10.4-21T5196c-188b4c5c5639cdba02b95625249bd203.sdkstatcache -Xcc -I/Users/builder/builds/UKfvDsi8u/1/finestructure/swiftpackageindex-builder/spi-builder-workspace/.derivedData/Build/Intermediates.noindex/swiftui-vertical-tab-view.build/Debug-watchos/VTabView.build/swift-overrides.hmap -Xcc -I/Users/builder/builds/UKfvDsi8u/1/finestructure/swiftpackageindex-builder/spi-builder-workspace/.derivedData/Build/Products/Debug-watchos/include -Xcc -I/Users/builder/builds/UKfvDsi8u/1/finestructure/swiftpackageindex-builder/spi-builder-workspace/.derivedData/Build/Intermediates.noindex/swiftui-vertical-tab-view.build/Debug-watchos/VTabView.build/DerivedSources-normal/arm64_32 -Xcc -I/Users/builder/builds/UKfvDsi8u/1/finestructure/swiftpackageindex-builder/spi-builder-workspace/.derivedData/Build/Intermediates.noindex/swiftui-vertical-tab-view.build/Debug-watchos/VTabView.build/DerivedSources/arm64_32 -Xcc -I/Users/builder/builds/UKfvDsi8u/1/finestructure/swiftpackageindex-builder/spi-builder-workspace/.derivedData/Build/Intermediates.noindex/swiftui-vertical-tab-view.build/Debug-watchos/VTabView.build/DerivedSources -Xcc -DSWIFT_PACKAGE -Xcc -DDEBUG\=1 -module-name VTabView -frontend-parseable-output -disable-clang-spi -target-sdk-version 10.4 -target-sdk-name watchos10.4 -external-plugin-path /Applications/Xcode-15.3.0-Beta.2.app/Contents/Developer/Platforms/WatchOS.platform/Developer/SDKs/WatchOS10.4.sdk/usr/lib/swift/host/plugins\#/Applications/Xcode-15.3.0-Beta.2.app/Contents/Developer/Platforms/WatchOS.platform/Developer/SDKs/WatchOS10.4.sdk/usr/bin/swift-plugin-server -external-plugin-path /Applications/Xcode-15.3.0-Beta.2.app/Contents/Developer/Platforms/WatchOS.platform/Developer/SDKs/WatchOS10.4.sdk/usr/local/lib/swift/host/plugins\#/Applications/Xcode-15.3.0-Beta.2.app/Contents/Developer/Platforms/WatchOS.platform/Developer/SDKs/WatchOS10.4.sdk/usr/bin/swift-plugin-server -external-plugin-path /Applications/Xcode-15.3.0-Beta.2.app/Contents/Developer/Platforms/WatchOS.platform/Developer/usr/lib/swift/host/plugins\#/Applications/Xcode-15.3.0-Beta.2.app/Contents/Developer/Platforms/WatchOS.platform/Developer/usr/bin/swift-plugin-server -external-plugin-path /Applications/Xcode-15.3.0-Beta.2.app/Contents/Developer/Platforms/WatchOS.platform/Developer/usr/local/lib/swift/host/plugins\#/Applications/Xcode-15.3.0-Beta.2.app/Contents/Developer/Platforms/WatchOS.platform/Developer/usr/bin/swift-plugin-server -plugin-path /Applications/Xcode-15.3.0-Beta.2.app/Contents/Developer/Toolchains/XcodeDefault.xctoolchain/usr/lib/swift/host/plugins -plugin-path /Applications/Xcode-15.3.0-Beta.2.app/Contents/Developer/Toolchains/XcodeDefault.xctoolchain/usr/local/lib/swift/host/plugins -parse-as-library -o /Users/builder/builds/UKfvDsi8u/1/finestructure/swiftpackageindex-builder/spi-builder-workspace/.derivedData/Build/Intermediates.noindex/swiftui-vertical-tab-view.build/Debug-watchos/VTabView.build/Objects-normal/arm64_32/VTabView.o -index-unit-output-path /swiftui-vertical-tab-view.build/Debug-watchos/VTabView.build/Objects-normal/arm64_32/VTabView.o -index-store-path /Users/builder/builds/UKfvDsi8u/1/finestructure/swiftpackageindex-builder/spi-builder-workspace/.derivedData/Index.noindex/DataStore -index-system-modules
/Users/builder/builds/UKfvDsi8u/1/finestructure/swiftpackageindex-builder/spi-builder-workspace/Sources/VTabView/VTabView.swift:64:13: error: 'TabView' is only available in watchOS 7.0 or newer
            TabView(selection: selection) {
            ^
/Users/builder/builds/UKfvDsi8u/1/finestructure/swiftpackageindex-builder/spi-builder-workspace/Sources/VTabView/VTabView.swift:64:13: note: add 'if #available' version check
            TabView(selection: selection) {
            ^
/Users/builder/builds/UKfvDsi8u/1/finestructure/swiftpackageindex-builder/spi-builder-workspace/Sources/VTabView/VTabView.swift:62:16: note: add @available attribute to enclosing property
    public var body: some View {
               ^
/Users/builder/builds/UKfvDsi8u/1/finestructure/swiftpackageindex-builder/spi-builder-workspace/Sources/VTabView/VTabView.swift:37:15: note: add @available attribute to enclosing generic struct
public struct VTabView<Content, SelectionValue>: View where Content: View, SelectionValue: Hashable {
              ^
2024-02-15 08:32:58.428 xcodebuild[5968:13170210] Requested but did not find extension point with identifier Xcode.DVTDeviceFoundation.Aspect for extension Xcode.IDEiOSSupportCore.Aspect.NBDD of plug-in com.apple.dt.IDE.IDEiOSSupportCore
2024-02-15 08:32:58.759 xcodebuild[5968:13170210] [MT] DVTPlugInQuery: Requested but did not find extension point with identifier 'Xcode.DVTDeviceFoundation.CompatibleDeviceFamilyPair'. This is programmer error; code should only request extension points that are defined by itself or its dependencies.
** BUILD FAILED **
The following build commands failed:
	SwiftCompile normal arm64 /Users/builder/builds/UKfvDsi8u/1/finestructure/swiftpackageindex-builder/spi-builder-workspace/Sources/VTabView/VTabView.swift (in target 'VTabView' from project 'swiftui-vertical-tab-view')
	SwiftCompile normal arm64 Compiling\ VTabView.swift /Users/builder/builds/UKfvDsi8u/1/finestructure/swiftpackageindex-builder/spi-builder-workspace/Sources/VTabView/VTabView.swift (in target 'VTabView' from project 'swiftui-vertical-tab-view')
	SwiftCompile normal armv7k /Users/builder/builds/UKfvDsi8u/1/finestructure/swiftpackageindex-builder/spi-builder-workspace/Sources/VTabView/VTabView.swift (in target 'VTabView' from project 'swiftui-vertical-tab-view')
	SwiftCompile normal armv7k Compiling\ VTabView.swift /Users/builder/builds/UKfvDsi8u/1/finestructure/swiftpackageindex-builder/spi-builder-workspace/Sources/VTabView/VTabView.swift (in target 'VTabView' from project 'swiftui-vertical-tab-view')
	SwiftCompile normal arm64_32 /Users/builder/builds/UKfvDsi8u/1/finestructure/swiftpackageindex-builder/spi-builder-workspace/Sources/VTabView/VTabView.swift (in target 'VTabView' from project 'swiftui-vertical-tab-view')
	SwiftCompile normal arm64_32 Compiling\ VTabView.swift /Users/builder/builds/UKfvDsi8u/1/finestructure/swiftpackageindex-builder/spi-builder-workspace/Sources/VTabView/VTabView.swift (in target 'VTabView' from project 'swiftui-vertical-tab-view')
(6 failures)
BUILD FAILURE 5.10 watchOS

Build Machine: Mac 7