The Swift Package Index logo.Swift Package Index

Build Information

Failed to build SwiftHelpers, reference main (ccedc3), with Swift 6.4 for watchOS using Xcode 27.0 on 23 Sep 2026 05:13:41 UTC.

Build Command

env DEVELOPER_DIR=/Applications/Xcode-27.0.0-Release.Candidate.app xcrun xcodebuild -IDEClonedSourcePackagesDirPathOverride=$PWD/.dependencies -skipMacroValidation -skipPackagePluginValidation -derivedDataPath $PWD/.derivedData build -scheme SwiftHelpers-Package -destination generic/platform=watchOS

Build Log

Copy /Users/admin/builder/spi-builder-workspace/.derivedData/Build/Products/Debug-watchos/StandardLibraryHelpers.swiftmodule/arm64_32-apple-watchos.abi.json /Users/admin/builder/spi-builder-workspace/.derivedData/Build/Intermediates.noindex/SwiftHelpers.build/Debug-watchos/StandardLibraryHelpers-t.build/Objects-normal/arm64_32/StandardLibraryHelpers.abi.json (in target 'StandardLibraryHelpers' from project 'SwiftHelpers')
    cd /Users/admin/builder/spi-builder-workspace
    builtin-copy -exclude .DS_Store -exclude CVS -exclude .svn -exclude .git -exclude .hg -resolve-src-symlinks -rename /Users/admin/builder/spi-builder-workspace/.derivedData/Build/Intermediates.noindex/SwiftHelpers.build/Debug-watchos/StandardLibraryHelpers-t.build/Objects-normal/arm64_32/StandardLibraryHelpers.abi.json /Users/admin/builder/spi-builder-workspace/.derivedData/Build/Products/Debug-watchos/StandardLibraryHelpers.swiftmodule/arm64_32-apple-watchos.abi.json
Copy /Users/admin/builder/spi-builder-workspace/.derivedData/Build/Products/Debug-watchos/StandardLibraryHelpers.swiftmodule/arm64-apple-watchos.swiftmodule /Users/admin/builder/spi-builder-workspace/.derivedData/Build/Intermediates.noindex/SwiftHelpers.build/Debug-watchos/StandardLibraryHelpers-t.build/Objects-normal/arm64/StandardLibraryHelpers.swiftmodule (in target 'StandardLibraryHelpers' from project 'SwiftHelpers')
    cd /Users/admin/builder/spi-builder-workspace
    builtin-copy -exclude .DS_Store -exclude CVS -exclude .svn -exclude .git -exclude .hg -resolve-src-symlinks -rename /Users/admin/builder/spi-builder-workspace/.derivedData/Build/Intermediates.noindex/SwiftHelpers.build/Debug-watchos/StandardLibraryHelpers-t.build/Objects-normal/arm64/StandardLibraryHelpers.swiftmodule /Users/admin/builder/spi-builder-workspace/.derivedData/Build/Products/Debug-watchos/StandardLibraryHelpers.swiftmodule/arm64-apple-watchos.swiftmodule
Copy /Users/admin/builder/spi-builder-workspace/.derivedData/Build/Products/Debug-watchos/StandardLibraryHelpers.swiftmodule/arm64-apple-watchos.swiftdoc /Users/admin/builder/spi-builder-workspace/.derivedData/Build/Intermediates.noindex/SwiftHelpers.build/Debug-watchos/StandardLibraryHelpers-t.build/Objects-normal/arm64/StandardLibraryHelpers.swiftdoc (in target 'StandardLibraryHelpers' from project 'SwiftHelpers')
    cd /Users/admin/builder/spi-builder-workspace
    builtin-copy -exclude .DS_Store -exclude CVS -exclude .svn -exclude .git -exclude .hg -resolve-src-symlinks -rename /Users/admin/builder/spi-builder-workspace/.derivedData/Build/Intermediates.noindex/SwiftHelpers.build/Debug-watchos/StandardLibraryHelpers-t.build/Objects-normal/arm64/StandardLibraryHelpers.swiftdoc /Users/admin/builder/spi-builder-workspace/.derivedData/Build/Products/Debug-watchos/StandardLibraryHelpers.swiftmodule/arm64-apple-watchos.swiftdoc
Copy /Users/admin/builder/spi-builder-workspace/.derivedData/Build/Products/Debug-watchos/StandardLibraryHelpers.swiftmodule/arm64-apple-watchos.abi.json /Users/admin/builder/spi-builder-workspace/.derivedData/Build/Intermediates.noindex/SwiftHelpers.build/Debug-watchos/StandardLibraryHelpers-t.build/Objects-normal/arm64/StandardLibraryHelpers.abi.json (in target 'StandardLibraryHelpers' from project 'SwiftHelpers')
    cd /Users/admin/builder/spi-builder-workspace
    builtin-copy -exclude .DS_Store -exclude CVS -exclude .svn -exclude .git -exclude .hg -resolve-src-symlinks -rename /Users/admin/builder/spi-builder-workspace/.derivedData/Build/Intermediates.noindex/SwiftHelpers.build/Debug-watchos/StandardLibraryHelpers-t.build/Objects-normal/arm64/StandardLibraryHelpers.abi.json /Users/admin/builder/spi-builder-workspace/.derivedData/Build/Products/Debug-watchos/StandardLibraryHelpers.swiftmodule/arm64-apple-watchos.abi.json
Copy /Users/admin/builder/spi-builder-workspace/.derivedData/Build/Products/Debug-watchos/StandardLibraryHelpers.swiftmodule/Project/arm64_32-apple-watchos.swiftsourceinfo /Users/admin/builder/spi-builder-workspace/.derivedData/Build/Intermediates.noindex/SwiftHelpers.build/Debug-watchos/StandardLibraryHelpers-t.build/Objects-normal/arm64_32/StandardLibraryHelpers.swiftsourceinfo (in target 'StandardLibraryHelpers' from project 'SwiftHelpers')
    cd /Users/admin/builder/spi-builder-workspace
    builtin-copy -exclude .DS_Store -exclude CVS -exclude .svn -exclude .git -exclude .hg -resolve-src-symlinks -rename /Users/admin/builder/spi-builder-workspace/.derivedData/Build/Intermediates.noindex/SwiftHelpers.build/Debug-watchos/StandardLibraryHelpers-t.build/Objects-normal/arm64_32/StandardLibraryHelpers.swiftsourceinfo /Users/admin/builder/spi-builder-workspace/.derivedData/Build/Products/Debug-watchos/StandardLibraryHelpers.swiftmodule/Project/arm64_32-apple-watchos.swiftsourceinfo
Copy /Users/admin/builder/spi-builder-workspace/.derivedData/Build/Products/Debug-watchos/StandardLibraryHelpers.swiftmodule/Project/arm64-apple-watchos.swiftsourceinfo /Users/admin/builder/spi-builder-workspace/.derivedData/Build/Intermediates.noindex/SwiftHelpers.build/Debug-watchos/StandardLibraryHelpers-t.build/Objects-normal/arm64/StandardLibraryHelpers.swiftsourceinfo (in target 'StandardLibraryHelpers' from project 'SwiftHelpers')
    cd /Users/admin/builder/spi-builder-workspace
    builtin-copy -exclude .DS_Store -exclude CVS -exclude .svn -exclude .git -exclude .hg -resolve-src-symlinks -rename /Users/admin/builder/spi-builder-workspace/.derivedData/Build/Intermediates.noindex/SwiftHelpers.build/Debug-watchos/StandardLibraryHelpers-t.build/Objects-normal/arm64/StandardLibraryHelpers.swiftsourceinfo /Users/admin/builder/spi-builder-workspace/.derivedData/Build/Products/Debug-watchos/StandardLibraryHelpers.swiftmodule/Project/arm64-apple-watchos.swiftsourceinfo
SwiftEmitModule normal arm64 Emitting\ module\ for\ FoundationLegacyHelpers (in target 'FoundationLegacyHelpers' from project 'SwiftHelpers')
SwiftCompile normal arm64 (in target 'FoundationLegacyHelpers' from project 'SwiftHelpers')
    cd /Users/admin/builder/spi-builder-workspace/.swiftpm/xcode

SwiftEmitModule normal arm64_32 Emitting\ module\ for\ FoundationLegacyHelpers (in target 'FoundationLegacyHelpers' from project 'SwiftHelpers')
SwiftCompile normal arm64_32 (in target 'FoundationLegacyHelpers' from project 'SwiftHelpers')
    cd /Users/admin/builder/spi-builder-workspace/.swiftpm/xcode

SwiftDriverJobDiscovery normal arm64 Emitting module for LoggingHelpers (in target 'LoggingHelpers' from project 'SwiftHelpers')
SwiftEmitModule normal arm64_32 Emitting\ module\ for\ ExitCodeHelpers (in target 'ExitCodeHelpers' from project 'SwiftHelpers')
SwiftCompile normal arm64_32 (in target 'ExitCodeHelpers' from project 'SwiftHelpers')
    cd /Users/admin/builder/spi-builder-workspace/.swiftpm/xcode

SwiftDriverJobDiscovery normal arm64_32 Emitting module for LoggingHelpers (in target 'LoggingHelpers' from project 'SwiftHelpers')
SwiftDriver\ Compilation\ Requirements LoggingHelpers normal arm64_32 com.apple.xcode.tools.swift.compiler (in target 'LoggingHelpers' from project 'SwiftHelpers')
    cd /Users/admin/builder/spi-builder-workspace/.swiftpm/xcode
    builtin-Swift-Compilation-Requirements -- /Applications/Xcode-27.0.0-Release.Candidate.app/Contents/Developer/Toolchains/XcodeDefault.xctoolchain/usr/bin/swiftc -parse-as-library -module-name LoggingHelpers -Onone @/Users/admin/builder/spi-builder-workspace/.derivedData/Build/Intermediates.noindex/SwiftHelpers.build/Debug-watchos/LoggingHelpers-t.build/Objects-normal/arm64_32/LoggingHelpers.SwiftFileList -DSWIFT_PACKAGE -DDEBUG -DSWIFT_MODULE_RESOURCE_BUNDLE_UNAVAILABLE -DXcode -enable-upcoming-feature MemberImportVisibility -plugin-path /Applications/Xcode-27.0.0-Release.Candidate.app/Contents/Developer/Toolchains/XcodeDefault.xctoolchain/usr/lib/swift/host/plugins/testing -enable-experimental-feature DebugDescriptionMacro -sdk /Applications/Xcode-27.0.0-Release.Candidate.app/Contents/Developer/Platforms/WatchOS.platform/Developer/SDKs/WatchOS27.0.sdk -target arm64_32-apple-watchos9.0 -g -module-cache-path /Users/admin/builder/spi-builder-workspace/.derivedData/ModuleCache.noindex -Xfrontend -serialize-debugging-options -profile-coverage-mapping -profile-generate -enable-testing -index-store-path /Users/admin/builder/spi-builder-workspace/.derivedData/Index.noindex/DataStore -Xcc -D_LIBCPP_HARDENING_MODE\=_LIBCPP_HARDENING_MODE_DEBUG -swift-version 6 -I /Users/admin/builder/spi-builder-workspace/.derivedData/Build/Products/Debug-watchos -Isystem /Applications/Xcode-27.0.0-Release.Candidate.app/Contents/Developer/Platforms/WatchOS.platform/Developer/usr/lib -F /Users/admin/builder/spi-builder-workspace/.derivedData/Build/Products/Debug-watchos -F /Applications/Xcode-27.0.0-Release.Candidate.app/Contents/Developer/Platforms/WatchOS.platform/Developer/Library/Frameworks -F /Applications/Xcode-27.0.0-Release.Candidate.app/Contents/Developer/Platforms/WatchOS.platform/Developer/SDKs/WatchOS27.0.sdk/Developer/Library/Frameworks -c -j10 -enable-batch-mode -incremental -Xcc -ivfsstatcache -Xcc /Users/admin/builder/spi-builder-workspace/.derivedData/SDKStatCaches.noindex/watchos27.0-24R360-e829b21a6f8c9b70876ba0858053c04477534ef55a1706bf4c1112bbb242f0a2.sdkstatcache -output-file-map /Users/admin/builder/spi-builder-workspace/.derivedData/Build/Intermediates.noindex/SwiftHelpers.build/Debug-watchos/LoggingHelpers-t.build/Objects-normal/arm64_32/LoggingHelpers-OutputFileMap.json -save-temps -no-color-diagnostics -explicit-module-build -module-cache-path /Users/admin/builder/spi-builder-workspace/.derivedData/Build/Intermediates.noindex/SwiftExplicitPrecompiledModules -clang-scanner-module-cache-path /Users/admin/builder/spi-builder-workspace/.derivedData/ModuleCache.noindex -sdk-module-cache-path /Users/admin/builder/spi-builder-workspace/.derivedData/SDKExplicitPrecompiledModules -emit-dependencies -emit-module -emit-module-path /Users/admin/builder/spi-builder-workspace/.derivedData/Build/Intermediates.noindex/SwiftHelpers.build/Debug-watchos/LoggingHelpers-t.build/Objects-normal/arm64_32/LoggingHelpers.swiftmodule -serialize-diagnostics -dependency-scan-serialize-diagnostics-path /Users/admin/builder/spi-builder-workspace/.derivedData/Build/Intermediates.noindex/SwiftHelpers.build/Debug-watchos/LoggingHelpers-t.build/Objects-normal/arm64_32/LoggingHelpers-dependency-scan.dia -validate-clang-modules-once -clang-build-session-file /Users/admin/builder/spi-builder-workspace/.derivedData/ModuleCache.noindex/Session.modulevalidation -Xcc -fmodules-prune-interval\=86400 -Xcc -fmodules-prune-after\=345600 -package-name spi_builder_workspace -emit-const-values -const-gather-protocols-list /Users/admin/builder/spi-builder-workspace/.derivedData/Build/Intermediates.noindex/SwiftHelpers.build/Debug-watchos/LoggingHelpers-t.build/Objects-normal/arm64_32/LoggingHelpers_const_extract_protocols.json -Xcc -I/Users/admin/builder/spi-builder-workspace/.derivedData/Build/Products/Debug-watchos/include -Xcc -I/Users/admin/builder/spi-builder-workspace/.derivedData/Build/Intermediates.noindex/SwiftHelpers.build/Debug-watchos/LoggingHelpers-t.build/DerivedSources-normal/arm64_32 -Xcc -I/Users/admin/builder/spi-builder-workspace/.derivedData/Build/Intermediates.noindex/SwiftHelpers.build/Debug-watchos/LoggingHelpers-t.build/DerivedSources/arm64_32 -Xcc -I/Users/admin/builder/spi-builder-workspace/.derivedData/Build/Intermediates.noindex/SwiftHelpers.build/Debug-watchos/LoggingHelpers-t.build/DerivedSources -Xcc -DSWIFT_PACKAGE -Xcc -DDEBUG\=1 -emit-objc-header -emit-objc-header-path /Users/admin/builder/spi-builder-workspace/.derivedData/Build/Intermediates.noindex/SwiftHelpers.build/Debug-watchos/LoggingHelpers-t.build/Objects-normal/arm64_32/LoggingHelpers-Swift.h -working-directory /Users/admin/builder/spi-builder-workspace/.swiftpm/xcode -experimental-emit-module-separately -disable-cmo
SwiftDriverJobDiscovery normal arm64 Emitting module for FoundationLegacyHelpers (in target 'FoundationLegacyHelpers' from project 'SwiftHelpers')
SwiftDriver\ Compilation\ Requirements LoggingHelpers normal arm64 com.apple.xcode.tools.swift.compiler (in target 'LoggingHelpers' from project 'SwiftHelpers')
    cd /Users/admin/builder/spi-builder-workspace/.swiftpm/xcode
    builtin-Swift-Compilation-Requirements -- /Applications/Xcode-27.0.0-Release.Candidate.app/Contents/Developer/Toolchains/XcodeDefault.xctoolchain/usr/bin/swiftc -parse-as-library -module-name LoggingHelpers -Onone @/Users/admin/builder/spi-builder-workspace/.derivedData/Build/Intermediates.noindex/SwiftHelpers.build/Debug-watchos/LoggingHelpers-t.build/Objects-normal/arm64/LoggingHelpers.SwiftFileList -DSWIFT_PACKAGE -DDEBUG -DSWIFT_MODULE_RESOURCE_BUNDLE_UNAVAILABLE -DXcode -enable-upcoming-feature MemberImportVisibility -plugin-path /Applications/Xcode-27.0.0-Release.Candidate.app/Contents/Developer/Toolchains/XcodeDefault.xctoolchain/usr/lib/swift/host/plugins/testing -enable-experimental-feature DebugDescriptionMacro -sdk /Applications/Xcode-27.0.0-Release.Candidate.app/Contents/Developer/Platforms/WatchOS.platform/Developer/SDKs/WatchOS27.0.sdk -target arm64-apple-watchos9.0 -g -module-cache-path /Users/admin/builder/spi-builder-workspace/.derivedData/ModuleCache.noindex -Xfrontend -serialize-debugging-options -profile-coverage-mapping -profile-generate -enable-testing -index-store-path /Users/admin/builder/spi-builder-workspace/.derivedData/Index.noindex/DataStore -Xcc -D_LIBCPP_HARDENING_MODE\=_LIBCPP_HARDENING_MODE_DEBUG -swift-version 6 -I /Users/admin/builder/spi-builder-workspace/.derivedData/Build/Products/Debug-watchos -Isystem /Applications/Xcode-27.0.0-Release.Candidate.app/Contents/Developer/Platforms/WatchOS.platform/Developer/usr/lib -F /Users/admin/builder/spi-builder-workspace/.derivedData/Build/Products/Debug-watchos -F /Applications/Xcode-27.0.0-Release.Candidate.app/Contents/Developer/Platforms/WatchOS.platform/Developer/Library/Frameworks -F /Applications/Xcode-27.0.0-Release.Candidate.app/Contents/Developer/Platforms/WatchOS.platform/Developer/SDKs/WatchOS27.0.sdk/Developer/Library/Frameworks -c -j10 -enable-batch-mode -incremental -Xcc -ivfsstatcache -Xcc /Users/admin/builder/spi-builder-workspace/.derivedData/SDKStatCaches.noindex/watchos27.0-24R360-e829b21a6f8c9b70876ba0858053c04477534ef55a1706bf4c1112bbb242f0a2.sdkstatcache -output-file-map /Users/admin/builder/spi-builder-workspace/.derivedData/Build/Intermediates.noindex/SwiftHelpers.build/Debug-watchos/LoggingHelpers-t.build/Objects-normal/arm64/LoggingHelpers-OutputFileMap.json -save-temps -no-color-diagnostics -explicit-module-build -module-cache-path /Users/admin/builder/spi-builder-workspace/.derivedData/Build/Intermediates.noindex/SwiftExplicitPrecompiledModules -clang-scanner-module-cache-path /Users/admin/builder/spi-builder-workspace/.derivedData/ModuleCache.noindex -sdk-module-cache-path /Users/admin/builder/spi-builder-workspace/.derivedData/SDKExplicitPrecompiledModules -emit-dependencies -emit-module -emit-module-path /Users/admin/builder/spi-builder-workspace/.derivedData/Build/Intermediates.noindex/SwiftHelpers.build/Debug-watchos/LoggingHelpers-t.build/Objects-normal/arm64/LoggingHelpers.swiftmodule -serialize-diagnostics -dependency-scan-serialize-diagnostics-path /Users/admin/builder/spi-builder-workspace/.derivedData/Build/Intermediates.noindex/SwiftHelpers.build/Debug-watchos/LoggingHelpers-t.build/Objects-normal/arm64/LoggingHelpers-dependency-scan.dia -validate-clang-modules-once -clang-build-session-file /Users/admin/builder/spi-builder-workspace/.derivedData/ModuleCache.noindex/Session.modulevalidation -Xcc -fmodules-prune-interval\=86400 -Xcc -fmodules-prune-after\=345600 -package-name spi_builder_workspace -emit-const-values -const-gather-protocols-list /Users/admin/builder/spi-builder-workspace/.derivedData/Build/Intermediates.noindex/SwiftHelpers.build/Debug-watchos/LoggingHelpers-t.build/Objects-normal/arm64/LoggingHelpers_const_extract_protocols.json -Xcc -I/Users/admin/builder/spi-builder-workspace/.derivedData/Build/Products/Debug-watchos/include -Xcc -I/Users/admin/builder/spi-builder-workspace/.derivedData/Build/Intermediates.noindex/SwiftHelpers.build/Debug-watchos/LoggingHelpers-t.build/DerivedSources-normal/arm64 -Xcc -I/Users/admin/builder/spi-builder-workspace/.derivedData/Build/Intermediates.noindex/SwiftHelpers.build/Debug-watchos/LoggingHelpers-t.build/DerivedSources/arm64 -Xcc -I/Users/admin/builder/spi-builder-workspace/.derivedData/Build/Intermediates.noindex/SwiftHelpers.build/Debug-watchos/LoggingHelpers-t.build/DerivedSources -Xcc -DSWIFT_PACKAGE -Xcc -DDEBUG\=1 -emit-objc-header -emit-objc-header-path /Users/admin/builder/spi-builder-workspace/.derivedData/Build/Intermediates.noindex/SwiftHelpers.build/Debug-watchos/LoggingHelpers-t.build/Objects-normal/arm64/LoggingHelpers-Swift.h -working-directory /Users/admin/builder/spi-builder-workspace/.swiftpm/xcode -experimental-emit-module-separately -disable-cmo
Copy /Users/admin/builder/spi-builder-workspace/.derivedData/Build/Products/Debug-watchos/LoggingHelpers.swiftmodule/arm64_32-apple-watchos.swiftmodule /Users/admin/builder/spi-builder-workspace/.derivedData/Build/Intermediates.noindex/SwiftHelpers.build/Debug-watchos/LoggingHelpers-t.build/Objects-normal/arm64_32/LoggingHelpers.swiftmodule (in target 'LoggingHelpers' from project 'SwiftHelpers')
    cd /Users/admin/builder/spi-builder-workspace
    builtin-copy -exclude .DS_Store -exclude CVS -exclude .svn -exclude .git -exclude .hg -resolve-src-symlinks -rename /Users/admin/builder/spi-builder-workspace/.derivedData/Build/Intermediates.noindex/SwiftHelpers.build/Debug-watchos/LoggingHelpers-t.build/Objects-normal/arm64_32/LoggingHelpers.swiftmodule /Users/admin/builder/spi-builder-workspace/.derivedData/Build/Products/Debug-watchos/LoggingHelpers.swiftmodule/arm64_32-apple-watchos.swiftmodule
SwiftMergeGeneratedHeaders /Users/admin/builder/spi-builder-workspace/.derivedData/Build/Intermediates.noindex/GeneratedModuleMaps-watchos/LoggingHelpers-Swift.h /Users/admin/builder/spi-builder-workspace/.derivedData/Build/Intermediates.noindex/SwiftHelpers.build/Debug-watchos/LoggingHelpers-t.build/Objects-normal/arm64/LoggingHelpers-Swift.h /Users/admin/builder/spi-builder-workspace/.derivedData/Build/Intermediates.noindex/SwiftHelpers.build/Debug-watchos/LoggingHelpers-t.build/Objects-normal/arm64_32/LoggingHelpers-Swift.h (in target 'LoggingHelpers' from project 'SwiftHelpers')
    cd /Users/admin/builder/spi-builder-workspace
    builtin-swiftHeaderTool -arch arm64 /Users/admin/builder/spi-builder-workspace/.derivedData/Build/Intermediates.noindex/SwiftHelpers.build/Debug-watchos/LoggingHelpers-t.build/Objects-normal/arm64/LoggingHelpers-Swift.h -arch arm64_32 /Users/admin/builder/spi-builder-workspace/.derivedData/Build/Intermediates.noindex/SwiftHelpers.build/Debug-watchos/LoggingHelpers-t.build/Objects-normal/arm64_32/LoggingHelpers-Swift.h -o /Users/admin/builder/spi-builder-workspace/.derivedData/Build/Intermediates.noindex/GeneratedModuleMaps-watchos/LoggingHelpers-Swift.h
Copy /Users/admin/builder/spi-builder-workspace/.derivedData/Build/Products/Debug-watchos/LoggingHelpers.swiftmodule/arm64_32-apple-watchos.swiftdoc /Users/admin/builder/spi-builder-workspace/.derivedData/Build/Intermediates.noindex/SwiftHelpers.build/Debug-watchos/LoggingHelpers-t.build/Objects-normal/arm64_32/LoggingHelpers.swiftdoc (in target 'LoggingHelpers' from project 'SwiftHelpers')
    cd /Users/admin/builder/spi-builder-workspace
    builtin-copy -exclude .DS_Store -exclude CVS -exclude .svn -exclude .git -exclude .hg -resolve-src-symlinks -rename /Users/admin/builder/spi-builder-workspace/.derivedData/Build/Intermediates.noindex/SwiftHelpers.build/Debug-watchos/LoggingHelpers-t.build/Objects-normal/arm64_32/LoggingHelpers.swiftdoc /Users/admin/builder/spi-builder-workspace/.derivedData/Build/Products/Debug-watchos/LoggingHelpers.swiftmodule/arm64_32-apple-watchos.swiftdoc
Copy /Users/admin/builder/spi-builder-workspace/.derivedData/Build/Products/Debug-watchos/LoggingHelpers.swiftmodule/arm64_32-apple-watchos.abi.json /Users/admin/builder/spi-builder-workspace/.derivedData/Build/Intermediates.noindex/SwiftHelpers.build/Debug-watchos/LoggingHelpers-t.build/Objects-normal/arm64_32/LoggingHelpers.abi.json (in target 'LoggingHelpers' from project 'SwiftHelpers')
    cd /Users/admin/builder/spi-builder-workspace
    builtin-copy -exclude .DS_Store -exclude CVS -exclude .svn -exclude .git -exclude .hg -resolve-src-symlinks -rename /Users/admin/builder/spi-builder-workspace/.derivedData/Build/Intermediates.noindex/SwiftHelpers.build/Debug-watchos/LoggingHelpers-t.build/Objects-normal/arm64_32/LoggingHelpers.abi.json /Users/admin/builder/spi-builder-workspace/.derivedData/Build/Products/Debug-watchos/LoggingHelpers.swiftmodule/arm64_32-apple-watchos.abi.json
Copy /Users/admin/builder/spi-builder-workspace/.derivedData/Build/Products/Debug-watchos/LoggingHelpers.swiftmodule/arm64-apple-watchos.swiftmodule /Users/admin/builder/spi-builder-workspace/.derivedData/Build/Intermediates.noindex/SwiftHelpers.build/Debug-watchos/LoggingHelpers-t.build/Objects-normal/arm64/LoggingHelpers.swiftmodule (in target 'LoggingHelpers' from project 'SwiftHelpers')
    cd /Users/admin/builder/spi-builder-workspace
    builtin-copy -exclude .DS_Store -exclude CVS -exclude .svn -exclude .git -exclude .hg -resolve-src-symlinks -rename /Users/admin/builder/spi-builder-workspace/.derivedData/Build/Intermediates.noindex/SwiftHelpers.build/Debug-watchos/LoggingHelpers-t.build/Objects-normal/arm64/LoggingHelpers.swiftmodule /Users/admin/builder/spi-builder-workspace/.derivedData/Build/Products/Debug-watchos/LoggingHelpers.swiftmodule/arm64-apple-watchos.swiftmodule
Copy /Users/admin/builder/spi-builder-workspace/.derivedData/Build/Products/Debug-watchos/LoggingHelpers.swiftmodule/arm64-apple-watchos.swiftdoc /Users/admin/builder/spi-builder-workspace/.derivedData/Build/Intermediates.noindex/SwiftHelpers.build/Debug-watchos/LoggingHelpers-t.build/Objects-normal/arm64/LoggingHelpers.swiftdoc (in target 'LoggingHelpers' from project 'SwiftHelpers')
    cd /Users/admin/builder/spi-builder-workspace
    builtin-copy -exclude .DS_Store -exclude CVS -exclude .svn -exclude .git -exclude .hg -resolve-src-symlinks -rename /Users/admin/builder/spi-builder-workspace/.derivedData/Build/Intermediates.noindex/SwiftHelpers.build/Debug-watchos/LoggingHelpers-t.build/Objects-normal/arm64/LoggingHelpers.swiftdoc /Users/admin/builder/spi-builder-workspace/.derivedData/Build/Products/Debug-watchos/LoggingHelpers.swiftmodule/arm64-apple-watchos.swiftdoc
Copy /Users/admin/builder/spi-builder-workspace/.derivedData/Build/Products/Debug-watchos/LoggingHelpers.swiftmodule/arm64-apple-watchos.abi.json /Users/admin/builder/spi-builder-workspace/.derivedData/Build/Intermediates.noindex/SwiftHelpers.build/Debug-watchos/LoggingHelpers-t.build/Objects-normal/arm64/LoggingHelpers.abi.json (in target 'LoggingHelpers' from project 'SwiftHelpers')
    cd /Users/admin/builder/spi-builder-workspace
    builtin-copy -exclude .DS_Store -exclude CVS -exclude .svn -exclude .git -exclude .hg -resolve-src-symlinks -rename /Users/admin/builder/spi-builder-workspace/.derivedData/Build/Intermediates.noindex/SwiftHelpers.build/Debug-watchos/LoggingHelpers-t.build/Objects-normal/arm64/LoggingHelpers.abi.json /Users/admin/builder/spi-builder-workspace/.derivedData/Build/Products/Debug-watchos/LoggingHelpers.swiftmodule/arm64-apple-watchos.abi.json
Copy /Users/admin/builder/spi-builder-workspace/.derivedData/Build/Products/Debug-watchos/LoggingHelpers.swiftmodule/Project/arm64_32-apple-watchos.swiftsourceinfo /Users/admin/builder/spi-builder-workspace/.derivedData/Build/Intermediates.noindex/SwiftHelpers.build/Debug-watchos/LoggingHelpers-t.build/Objects-normal/arm64_32/LoggingHelpers.swiftsourceinfo (in target 'LoggingHelpers' from project 'SwiftHelpers')
    cd /Users/admin/builder/spi-builder-workspace
    builtin-copy -exclude .DS_Store -exclude CVS -exclude .svn -exclude .git -exclude .hg -resolve-src-symlinks -rename /Users/admin/builder/spi-builder-workspace/.derivedData/Build/Intermediates.noindex/SwiftHelpers.build/Debug-watchos/LoggingHelpers-t.build/Objects-normal/arm64_32/LoggingHelpers.swiftsourceinfo /Users/admin/builder/spi-builder-workspace/.derivedData/Build/Products/Debug-watchos/LoggingHelpers.swiftmodule/Project/arm64_32-apple-watchos.swiftsourceinfo
Copy /Users/admin/builder/spi-builder-workspace/.derivedData/Build/Products/Debug-watchos/LoggingHelpers.swiftmodule/Project/arm64-apple-watchos.swiftsourceinfo /Users/admin/builder/spi-builder-workspace/.derivedData/Build/Intermediates.noindex/SwiftHelpers.build/Debug-watchos/LoggingHelpers-t.build/Objects-normal/arm64/LoggingHelpers.swiftsourceinfo (in target 'LoggingHelpers' from project 'SwiftHelpers')
    cd /Users/admin/builder/spi-builder-workspace
    builtin-copy -exclude .DS_Store -exclude CVS -exclude .svn -exclude .git -exclude .hg -resolve-src-symlinks -rename /Users/admin/builder/spi-builder-workspace/.derivedData/Build/Intermediates.noindex/SwiftHelpers.build/Debug-watchos/LoggingHelpers-t.build/Objects-normal/arm64/LoggingHelpers.swiftsourceinfo /Users/admin/builder/spi-builder-workspace/.derivedData/Build/Products/Debug-watchos/LoggingHelpers.swiftmodule/Project/arm64-apple-watchos.swiftsourceinfo
SwiftDriver\ Compilation\ Requirements FoundationLegacyHelpers normal arm64 com.apple.xcode.tools.swift.compiler (in target 'FoundationLegacyHelpers' from project 'SwiftHelpers')
    cd /Users/admin/builder/spi-builder-workspace/.swiftpm/xcode
    builtin-Swift-Compilation-Requirements -- /Applications/Xcode-27.0.0-Release.Candidate.app/Contents/Developer/Toolchains/XcodeDefault.xctoolchain/usr/bin/swiftc -parse-as-library -module-name FoundationLegacyHelpers -Onone @/Users/admin/builder/spi-builder-workspace/.derivedData/Build/Intermediates.noindex/SwiftHelpers.build/Debug-watchos/FoundationLegacyHelpers-t.build/Objects-normal/arm64/FoundationLegacyHelpers.SwiftFileList -DSWIFT_PACKAGE -DDEBUG -DSWIFT_MODULE_RESOURCE_BUNDLE_UNAVAILABLE -DXcode -enable-upcoming-feature MemberImportVisibility -plugin-path /Applications/Xcode-27.0.0-Release.Candidate.app/Contents/Developer/Toolchains/XcodeDefault.xctoolchain/usr/lib/swift/host/plugins/testing -enable-experimental-feature DebugDescriptionMacro -sdk /Applications/Xcode-27.0.0-Release.Candidate.app/Contents/Developer/Platforms/WatchOS.platform/Developer/SDKs/WatchOS27.0.sdk -target arm64-apple-watchos9.0 -g -module-cache-path /Users/admin/builder/spi-builder-workspace/.derivedData/ModuleCache.noindex -Xfrontend -serialize-debugging-options -profile-coverage-mapping -profile-generate -enable-testing -index-store-path /Users/admin/builder/spi-builder-workspace/.derivedData/Index.noindex/DataStore -Xcc -D_LIBCPP_HARDENING_MODE\=_LIBCPP_HARDENING_MODE_DEBUG -swift-version 6 -I /Users/admin/builder/spi-builder-workspace/.derivedData/Build/Products/Debug-watchos -Isystem /Applications/Xcode-27.0.0-Release.Candidate.app/Contents/Developer/Platforms/WatchOS.platform/Developer/usr/lib -F /Users/admin/builder/spi-builder-workspace/.derivedData/Build/Products/Debug-watchos -F /Applications/Xcode-27.0.0-Release.Candidate.app/Contents/Developer/Platforms/WatchOS.platform/Developer/Library/Frameworks -F /Applications/Xcode-27.0.0-Release.Candidate.app/Contents/Developer/Platforms/WatchOS.platform/Developer/SDKs/WatchOS27.0.sdk/Developer/Library/Frameworks -c -j10 -enable-batch-mode -incremental -Xcc -ivfsstatcache -Xcc /Users/admin/builder/spi-builder-workspace/.derivedData/SDKStatCaches.noindex/watchos27.0-24R360-e829b21a6f8c9b70876ba0858053c04477534ef55a1706bf4c1112bbb242f0a2.sdkstatcache -output-file-map /Users/admin/builder/spi-builder-workspace/.derivedData/Build/Intermediates.noindex/SwiftHelpers.build/Debug-watchos/FoundationLegacyHelpers-t.build/Objects-normal/arm64/FoundationLegacyHelpers-OutputFileMap.json -save-temps -no-color-diagnostics -explicit-module-build -module-cache-path /Users/admin/builder/spi-builder-workspace/.derivedData/Build/Intermediates.noindex/SwiftExplicitPrecompiledModules -clang-scanner-module-cache-path /Users/admin/builder/spi-builder-workspace/.derivedData/ModuleCache.noindex -sdk-module-cache-path /Users/admin/builder/spi-builder-workspace/.derivedData/SDKExplicitPrecompiledModules -emit-dependencies -emit-module -emit-module-path /Users/admin/builder/spi-builder-workspace/.derivedData/Build/Intermediates.noindex/SwiftHelpers.build/Debug-watchos/FoundationLegacyHelpers-t.build/Objects-normal/arm64/FoundationLegacyHelpers.swiftmodule -serialize-diagnostics -dependency-scan-serialize-diagnostics-path /Users/admin/builder/spi-builder-workspace/.derivedData/Build/Intermediates.noindex/SwiftHelpers.build/Debug-watchos/FoundationLegacyHelpers-t.build/Objects-normal/arm64/FoundationLegacyHelpers-dependency-scan.dia -validate-clang-modules-once -clang-build-session-file /Users/admin/builder/spi-builder-workspace/.derivedData/ModuleCache.noindex/Session.modulevalidation -Xcc -fmodules-prune-interval\=86400 -Xcc -fmodules-prune-after\=345600 -package-name spi_builder_workspace -emit-const-values -const-gather-protocols-list /Users/admin/builder/spi-builder-workspace/.derivedData/Build/Intermediates.noindex/SwiftHelpers.build/Debug-watchos/FoundationLegacyHelpers-t.build/Objects-normal/arm64/FoundationLegacyHelpers_const_extract_protocols.json -Xcc -I/Users/admin/builder/spi-builder-workspace/.derivedData/Build/Products/Debug-watchos/include -Xcc -I/Users/admin/builder/spi-builder-workspace/.derivedData/Build/Intermediates.noindex/SwiftHelpers.build/Debug-watchos/FoundationLegacyHelpers-t.build/DerivedSources-normal/arm64 -Xcc -I/Users/admin/builder/spi-builder-workspace/.derivedData/Build/Intermediates.noindex/SwiftHelpers.build/Debug-watchos/FoundationLegacyHelpers-t.build/DerivedSources/arm64 -Xcc -I/Users/admin/builder/spi-builder-workspace/.derivedData/Build/Intermediates.noindex/SwiftHelpers.build/Debug-watchos/FoundationLegacyHelpers-t.build/DerivedSources -Xcc -DSWIFT_PACKAGE -Xcc -DDEBUG\=1 -emit-objc-header -emit-objc-header-path /Users/admin/builder/spi-builder-workspace/.derivedData/Build/Intermediates.noindex/SwiftHelpers.build/Debug-watchos/FoundationLegacyHelpers-t.build/Objects-normal/arm64/FoundationLegacyHelpers-Swift.h -working-directory /Users/admin/builder/spi-builder-workspace/.swiftpm/xcode -experimental-emit-module-separately -disable-cmo
SwiftEmitModule normal arm64 Emitting\ module\ for\ ExitCodeHelpers (in target 'ExitCodeHelpers' from project 'SwiftHelpers')
SwiftCompile normal arm64 (in target 'ExitCodeHelpers' from project 'SwiftHelpers')
    cd /Users/admin/builder/spi-builder-workspace/.swiftpm/xcode

Copy /Users/admin/builder/spi-builder-workspace/.derivedData/Build/Products/Debug-watchos/FoundationLegacyHelpers.swiftmodule/arm64-apple-watchos.swiftmodule /Users/admin/builder/spi-builder-workspace/.derivedData/Build/Intermediates.noindex/SwiftHelpers.build/Debug-watchos/FoundationLegacyHelpers-t.build/Objects-normal/arm64/FoundationLegacyHelpers.swiftmodule (in target 'FoundationLegacyHelpers' from project 'SwiftHelpers')
    cd /Users/admin/builder/spi-builder-workspace
    builtin-copy -exclude .DS_Store -exclude CVS -exclude .svn -exclude .git -exclude .hg -resolve-src-symlinks -rename /Users/admin/builder/spi-builder-workspace/.derivedData/Build/Intermediates.noindex/SwiftHelpers.build/Debug-watchos/FoundationLegacyHelpers-t.build/Objects-normal/arm64/FoundationLegacyHelpers.swiftmodule /Users/admin/builder/spi-builder-workspace/.derivedData/Build/Products/Debug-watchos/FoundationLegacyHelpers.swiftmodule/arm64-apple-watchos.swiftmodule
SwiftDriverJobDiscovery normal arm64_32 Emitting module for ExitCodeHelpers (in target 'ExitCodeHelpers' from project 'SwiftHelpers')
Copy /Users/admin/builder/spi-builder-workspace/.derivedData/Build/Products/Debug-watchos/FoundationLegacyHelpers.swiftmodule/arm64-apple-watchos.swiftdoc /Users/admin/builder/spi-builder-workspace/.derivedData/Build/Intermediates.noindex/SwiftHelpers.build/Debug-watchos/FoundationLegacyHelpers-t.build/Objects-normal/arm64/FoundationLegacyHelpers.swiftdoc (in target 'FoundationLegacyHelpers' from project 'SwiftHelpers')
    cd /Users/admin/builder/spi-builder-workspace
    builtin-copy -exclude .DS_Store -exclude CVS -exclude .svn -exclude .git -exclude .hg -resolve-src-symlinks -rename /Users/admin/builder/spi-builder-workspace/.derivedData/Build/Intermediates.noindex/SwiftHelpers.build/Debug-watchos/FoundationLegacyHelpers-t.build/Objects-normal/arm64/FoundationLegacyHelpers.swiftdoc /Users/admin/builder/spi-builder-workspace/.derivedData/Build/Products/Debug-watchos/FoundationLegacyHelpers.swiftmodule/arm64-apple-watchos.swiftdoc
Copy /Users/admin/builder/spi-builder-workspace/.derivedData/Build/Products/Debug-watchos/FoundationLegacyHelpers.swiftmodule/arm64-apple-watchos.abi.json /Users/admin/builder/spi-builder-workspace/.derivedData/Build/Intermediates.noindex/SwiftHelpers.build/Debug-watchos/FoundationLegacyHelpers-t.build/Objects-normal/arm64/FoundationLegacyHelpers.abi.json (in target 'FoundationLegacyHelpers' from project 'SwiftHelpers')
    cd /Users/admin/builder/spi-builder-workspace
    builtin-copy -exclude .DS_Store -exclude CVS -exclude .svn -exclude .git -exclude .hg -resolve-src-symlinks -rename /Users/admin/builder/spi-builder-workspace/.derivedData/Build/Intermediates.noindex/SwiftHelpers.build/Debug-watchos/FoundationLegacyHelpers-t.build/Objects-normal/arm64/FoundationLegacyHelpers.abi.json /Users/admin/builder/spi-builder-workspace/.derivedData/Build/Products/Debug-watchos/FoundationLegacyHelpers.swiftmodule/arm64-apple-watchos.abi.json
Copy /Users/admin/builder/spi-builder-workspace/.derivedData/Build/Products/Debug-watchos/FoundationLegacyHelpers.swiftmodule/Project/arm64-apple-watchos.swiftsourceinfo /Users/admin/builder/spi-builder-workspace/.derivedData/Build/Intermediates.noindex/SwiftHelpers.build/Debug-watchos/FoundationLegacyHelpers-t.build/Objects-normal/arm64/FoundationLegacyHelpers.swiftsourceinfo (in target 'FoundationLegacyHelpers' from project 'SwiftHelpers')
    cd /Users/admin/builder/spi-builder-workspace
    builtin-copy -exclude .DS_Store -exclude CVS -exclude .svn -exclude .git -exclude .hg -resolve-src-symlinks -rename /Users/admin/builder/spi-builder-workspace/.derivedData/Build/Intermediates.noindex/SwiftHelpers.build/Debug-watchos/FoundationLegacyHelpers-t.build/Objects-normal/arm64/FoundationLegacyHelpers.swiftsourceinfo /Users/admin/builder/spi-builder-workspace/.derivedData/Build/Products/Debug-watchos/FoundationLegacyHelpers.swiftmodule/Project/arm64-apple-watchos.swiftsourceinfo
SwiftDriver\ Compilation\ Requirements ExitCodeHelpers normal arm64_32 com.apple.xcode.tools.swift.compiler (in target 'ExitCodeHelpers' from project 'SwiftHelpers')
    cd /Users/admin/builder/spi-builder-workspace/.swiftpm/xcode
    builtin-Swift-Compilation-Requirements -- /Applications/Xcode-27.0.0-Release.Candidate.app/Contents/Developer/Toolchains/XcodeDefault.xctoolchain/usr/bin/swiftc -parse-as-library -module-name ExitCodeHelpers -Onone @/Users/admin/builder/spi-builder-workspace/.derivedData/Build/Intermediates.noindex/SwiftHelpers.build/Debug-watchos/ExitCodeHelpers-t.build/Objects-normal/arm64_32/ExitCodeHelpers.SwiftFileList -DSWIFT_PACKAGE -DDEBUG -DSWIFT_MODULE_RESOURCE_BUNDLE_UNAVAILABLE -DXcode -enable-upcoming-feature MemberImportVisibility -plugin-path /Applications/Xcode-27.0.0-Release.Candidate.app/Contents/Developer/Toolchains/XcodeDefault.xctoolchain/usr/lib/swift/host/plugins/testing -enable-experimental-feature DebugDescriptionMacro -sdk /Applications/Xcode-27.0.0-Release.Candidate.app/Contents/Developer/Platforms/WatchOS.platform/Developer/SDKs/WatchOS27.0.sdk -target arm64_32-apple-watchos9.0 -g -module-cache-path /Users/admin/builder/spi-builder-workspace/.derivedData/ModuleCache.noindex -Xfrontend -serialize-debugging-options -profile-coverage-mapping -profile-generate -enable-testing -index-store-path /Users/admin/builder/spi-builder-workspace/.derivedData/Index.noindex/DataStore -Xcc -D_LIBCPP_HARDENING_MODE\=_LIBCPP_HARDENING_MODE_DEBUG -swift-version 6 -I /Users/admin/builder/spi-builder-workspace/.derivedData/Build/Products/Debug-watchos -Isystem /Applications/Xcode-27.0.0-Release.Candidate.app/Contents/Developer/Platforms/WatchOS.platform/Developer/usr/lib -F /Users/admin/builder/spi-builder-workspace/.derivedData/Build/Products/Debug-watchos -F /Applications/Xcode-27.0.0-Release.Candidate.app/Contents/Developer/Platforms/WatchOS.platform/Developer/Library/Frameworks -F /Applications/Xcode-27.0.0-Release.Candidate.app/Contents/Developer/Platforms/WatchOS.platform/Developer/SDKs/WatchOS27.0.sdk/Developer/Library/Frameworks -c -j10 -enable-batch-mode -incremental -Xcc -ivfsstatcache -Xcc /Users/admin/builder/spi-builder-workspace/.derivedData/SDKStatCaches.noindex/watchos27.0-24R360-e829b21a6f8c9b70876ba0858053c04477534ef55a1706bf4c1112bbb242f0a2.sdkstatcache -output-file-map /Users/admin/builder/spi-builder-workspace/.derivedData/Build/Intermediates.noindex/SwiftHelpers.build/Debug-watchos/ExitCodeHelpers-t.build/Objects-normal/arm64_32/ExitCodeHelpers-OutputFileMap.json -save-temps -no-color-diagnostics -explicit-module-build -module-cache-path /Users/admin/builder/spi-builder-workspace/.derivedData/Build/Intermediates.noindex/SwiftExplicitPrecompiledModules -clang-scanner-module-cache-path /Users/admin/builder/spi-builder-workspace/.derivedData/ModuleCache.noindex -sdk-module-cache-path /Users/admin/builder/spi-builder-workspace/.derivedData/SDKExplicitPrecompiledModules -emit-dependencies -emit-module -emit-module-path /Users/admin/builder/spi-builder-workspace/.derivedData/Build/Intermediates.noindex/SwiftHelpers.build/Debug-watchos/ExitCodeHelpers-t.build/Objects-normal/arm64_32/ExitCodeHelpers.swiftmodule -serialize-diagnostics -dependency-scan-serialize-diagnostics-path /Users/admin/builder/spi-builder-workspace/.derivedData/Build/Intermediates.noindex/SwiftHelpers.build/Debug-watchos/ExitCodeHelpers-t.build/Objects-normal/arm64_32/ExitCodeHelpers-dependency-scan.dia -validate-clang-modules-once -clang-build-session-file /Users/admin/builder/spi-builder-workspace/.derivedData/ModuleCache.noindex/Session.modulevalidation -Xcc -fmodules-prune-interval\=86400 -Xcc -fmodules-prune-after\=345600 -package-name spi_builder_workspace -emit-const-values -const-gather-protocols-list /Users/admin/builder/spi-builder-workspace/.derivedData/Build/Intermediates.noindex/SwiftHelpers.build/Debug-watchos/ExitCodeHelpers-t.build/Objects-normal/arm64_32/ExitCodeHelpers_const_extract_protocols.json -Xcc -I/Users/admin/builder/spi-builder-workspace/.derivedData/Build/Products/Debug-watchos/include -Xcc -I/Users/admin/builder/spi-builder-workspace/.derivedData/Build/Intermediates.noindex/SwiftHelpers.build/Debug-watchos/ExitCodeHelpers-t.build/DerivedSources-normal/arm64_32 -Xcc -I/Users/admin/builder/spi-builder-workspace/.derivedData/Build/Intermediates.noindex/SwiftHelpers.build/Debug-watchos/ExitCodeHelpers-t.build/DerivedSources/arm64_32 -Xcc -I/Users/admin/builder/spi-builder-workspace/.derivedData/Build/Intermediates.noindex/SwiftHelpers.build/Debug-watchos/ExitCodeHelpers-t.build/DerivedSources -Xcc -DSWIFT_PACKAGE -Xcc -DDEBUG\=1 -emit-objc-header -emit-objc-header-path /Users/admin/builder/spi-builder-workspace/.derivedData/Build/Intermediates.noindex/SwiftHelpers.build/Debug-watchos/ExitCodeHelpers-t.build/Objects-normal/arm64_32/ExitCodeHelpers-Swift.h -working-directory /Users/admin/builder/spi-builder-workspace/.swiftpm/xcode -experimental-emit-module-separately -disable-cmo
SwiftEmitModule normal arm64_32 Emitting\ module\ for\ CoreDataHelpers (in target 'CoreDataHelpers' from project 'SwiftHelpers')
SwiftCompile normal arm64_32 (in target 'CoreDataHelpers' from project 'SwiftHelpers')
    cd /Users/admin/builder/spi-builder-workspace/.swiftpm/xcode

Copy /Users/admin/builder/spi-builder-workspace/.derivedData/Build/Products/Debug-watchos/ExitCodeHelpers.swiftmodule/arm64_32-apple-watchos.swiftmodule /Users/admin/builder/spi-builder-workspace/.derivedData/Build/Intermediates.noindex/SwiftHelpers.build/Debug-watchos/ExitCodeHelpers-t.build/Objects-normal/arm64_32/ExitCodeHelpers.swiftmodule (in target 'ExitCodeHelpers' from project 'SwiftHelpers')
    cd /Users/admin/builder/spi-builder-workspace
    builtin-copy -exclude .DS_Store -exclude CVS -exclude .svn -exclude .git -exclude .hg -resolve-src-symlinks -rename /Users/admin/builder/spi-builder-workspace/.derivedData/Build/Intermediates.noindex/SwiftHelpers.build/Debug-watchos/ExitCodeHelpers-t.build/Objects-normal/arm64_32/ExitCodeHelpers.swiftmodule /Users/admin/builder/spi-builder-workspace/.derivedData/Build/Products/Debug-watchos/ExitCodeHelpers.swiftmodule/arm64_32-apple-watchos.swiftmodule
SwiftDriverJobDiscovery normal arm64_32 Emitting module for FoundationLegacyHelpers (in target 'FoundationLegacyHelpers' from project 'SwiftHelpers')
SwiftDriver\ Compilation\ Requirements FoundationLegacyHelpers normal arm64_32 com.apple.xcode.tools.swift.compiler (in target 'FoundationLegacyHelpers' from project 'SwiftHelpers')
    cd /Users/admin/builder/spi-builder-workspace/.swiftpm/xcode
    builtin-Swift-Compilation-Requirements -- /Applications/Xcode-27.0.0-Release.Candidate.app/Contents/Developer/Toolchains/XcodeDefault.xctoolchain/usr/bin/swiftc -parse-as-library -module-name FoundationLegacyHelpers -Onone @/Users/admin/builder/spi-builder-workspace/.derivedData/Build/Intermediates.noindex/SwiftHelpers.build/Debug-watchos/FoundationLegacyHelpers-t.build/Objects-normal/arm64_32/FoundationLegacyHelpers.SwiftFileList -DSWIFT_PACKAGE -DDEBUG -DSWIFT_MODULE_RESOURCE_BUNDLE_UNAVAILABLE -DXcode -enable-upcoming-feature MemberImportVisibility -plugin-path /Applications/Xcode-27.0.0-Release.Candidate.app/Contents/Developer/Toolchains/XcodeDefault.xctoolchain/usr/lib/swift/host/plugins/testing -enable-experimental-feature DebugDescriptionMacro -sdk /Applications/Xcode-27.0.0-Release.Candidate.app/Contents/Developer/Platforms/WatchOS.platform/Developer/SDKs/WatchOS27.0.sdk -target arm64_32-apple-watchos9.0 -g -module-cache-path /Users/admin/builder/spi-builder-workspace/.derivedData/ModuleCache.noindex -Xfrontend -serialize-debugging-options -profile-coverage-mapping -profile-generate -enable-testing -index-store-path /Users/admin/builder/spi-builder-workspace/.derivedData/Index.noindex/DataStore -Xcc -D_LIBCPP_HARDENING_MODE\=_LIBCPP_HARDENING_MODE_DEBUG -swift-version 6 -I /Users/admin/builder/spi-builder-workspace/.derivedData/Build/Products/Debug-watchos -Isystem /Applications/Xcode-27.0.0-Release.Candidate.app/Contents/Developer/Platforms/WatchOS.platform/Developer/usr/lib -F /Users/admin/builder/spi-builder-workspace/.derivedData/Build/Products/Debug-watchos -F /Applications/Xcode-27.0.0-Release.Candidate.app/Contents/Developer/Platforms/WatchOS.platform/Developer/Library/Frameworks -F /Applications/Xcode-27.0.0-Release.Candidate.app/Contents/Developer/Platforms/WatchOS.platform/Developer/SDKs/WatchOS27.0.sdk/Developer/Library/Frameworks -c -j10 -enable-batch-mode -incremental -Xcc -ivfsstatcache -Xcc /Users/admin/builder/spi-builder-workspace/.derivedData/SDKStatCaches.noindex/watchos27.0-24R360-e829b21a6f8c9b70876ba0858053c04477534ef55a1706bf4c1112bbb242f0a2.sdkstatcache -output-file-map /Users/admin/builder/spi-builder-workspace/.derivedData/Build/Intermediates.noindex/SwiftHelpers.build/Debug-watchos/FoundationLegacyHelpers-t.build/Objects-normal/arm64_32/FoundationLegacyHelpers-OutputFileMap.json -save-temps -no-color-diagnostics -explicit-module-build -module-cache-path /Users/admin/builder/spi-builder-workspace/.derivedData/Build/Intermediates.noindex/SwiftExplicitPrecompiledModules -clang-scanner-module-cache-path /Users/admin/builder/spi-builder-workspace/.derivedData/ModuleCache.noindex -sdk-module-cache-path /Users/admin/builder/spi-builder-workspace/.derivedData/SDKExplicitPrecompiledModules -emit-dependencies -emit-module -emit-module-path /Users/admin/builder/spi-builder-workspace/.derivedData/Build/Intermediates.noindex/SwiftHelpers.build/Debug-watchos/FoundationLegacyHelpers-t.build/Objects-normal/arm64_32/FoundationLegacyHelpers.swiftmodule -serialize-diagnostics -dependency-scan-serialize-diagnostics-path /Users/admin/builder/spi-builder-workspace/.derivedData/Build/Intermediates.noindex/SwiftHelpers.build/Debug-watchos/FoundationLegacyHelpers-t.build/Objects-normal/arm64_32/FoundationLegacyHelpers-dependency-scan.dia -validate-clang-modules-once -clang-build-session-file /Users/admin/builder/spi-builder-workspace/.derivedData/ModuleCache.noindex/Session.modulevalidation -Xcc -fmodules-prune-interval\=86400 -Xcc -fmodules-prune-after\=345600 -package-name spi_builder_workspace -emit-const-values -const-gather-protocols-list /Users/admin/builder/spi-builder-workspace/.derivedData/Build/Intermediates.noindex/SwiftHelpers.build/Debug-watchos/FoundationLegacyHelpers-t.build/Objects-normal/arm64_32/FoundationLegacyHelpers_const_extract_protocols.json -Xcc -I/Users/admin/builder/spi-builder-workspace/.derivedData/Build/Products/Debug-watchos/include -Xcc -I/Users/admin/builder/spi-builder-workspace/.derivedData/Build/Intermediates.noindex/SwiftHelpers.build/Debug-watchos/FoundationLegacyHelpers-t.build/DerivedSources-normal/arm64_32 -Xcc -I/Users/admin/builder/spi-builder-workspace/.derivedData/Build/Intermediates.noindex/SwiftHelpers.build/Debug-watchos/FoundationLegacyHelpers-t.build/DerivedSources/arm64_32 -Xcc -I/Users/admin/builder/spi-builder-workspace/.derivedData/Build/Intermediates.noindex/SwiftHelpers.build/Debug-watchos/FoundationLegacyHelpers-t.build/DerivedSources -Xcc -DSWIFT_PACKAGE -Xcc -DDEBUG\=1 -emit-objc-header -emit-objc-header-path /Users/admin/builder/spi-builder-workspace/.derivedData/Build/Intermediates.noindex/SwiftHelpers.build/Debug-watchos/FoundationLegacyHelpers-t.build/Objects-normal/arm64_32/FoundationLegacyHelpers-Swift.h -working-directory /Users/admin/builder/spi-builder-workspace/.swiftpm/xcode -experimental-emit-module-separately -disable-cmo
Copy /Users/admin/builder/spi-builder-workspace/.derivedData/Build/Products/Debug-watchos/ExitCodeHelpers.swiftmodule/arm64_32-apple-watchos.swiftdoc /Users/admin/builder/spi-builder-workspace/.derivedData/Build/Intermediates.noindex/SwiftHelpers.build/Debug-watchos/ExitCodeHelpers-t.build/Objects-normal/arm64_32/ExitCodeHelpers.swiftdoc (in target 'ExitCodeHelpers' from project 'SwiftHelpers')
    cd /Users/admin/builder/spi-builder-workspace
    builtin-copy -exclude .DS_Store -exclude CVS -exclude .svn -exclude .git -exclude .hg -resolve-src-symlinks -rename /Users/admin/builder/spi-builder-workspace/.derivedData/Build/Intermediates.noindex/SwiftHelpers.build/Debug-watchos/ExitCodeHelpers-t.build/Objects-normal/arm64_32/ExitCodeHelpers.swiftdoc /Users/admin/builder/spi-builder-workspace/.derivedData/Build/Products/Debug-watchos/ExitCodeHelpers.swiftmodule/arm64_32-apple-watchos.swiftdoc
SwiftMergeGeneratedHeaders /Users/admin/builder/spi-builder-workspace/.derivedData/Build/Intermediates.noindex/GeneratedModuleMaps-watchos/FoundationLegacyHelpers-Swift.h /Users/admin/builder/spi-builder-workspace/.derivedData/Build/Intermediates.noindex/SwiftHelpers.build/Debug-watchos/FoundationLegacyHelpers-t.build/Objects-normal/arm64/FoundationLegacyHelpers-Swift.h /Users/admin/builder/spi-builder-workspace/.derivedData/Build/Intermediates.noindex/SwiftHelpers.build/Debug-watchos/FoundationLegacyHelpers-t.build/Objects-normal/arm64_32/FoundationLegacyHelpers-Swift.h (in target 'FoundationLegacyHelpers' from project 'SwiftHelpers')
    cd /Users/admin/builder/spi-builder-workspace
    builtin-swiftHeaderTool -arch arm64 /Users/admin/builder/spi-builder-workspace/.derivedData/Build/Intermediates.noindex/SwiftHelpers.build/Debug-watchos/FoundationLegacyHelpers-t.build/Objects-normal/arm64/FoundationLegacyHelpers-Swift.h -arch arm64_32 /Users/admin/builder/spi-builder-workspace/.derivedData/Build/Intermediates.noindex/SwiftHelpers.build/Debug-watchos/FoundationLegacyHelpers-t.build/Objects-normal/arm64_32/FoundationLegacyHelpers-Swift.h -o /Users/admin/builder/spi-builder-workspace/.derivedData/Build/Intermediates.noindex/GeneratedModuleMaps-watchos/FoundationLegacyHelpers-Swift.h
Copy /Users/admin/builder/spi-builder-workspace/.derivedData/Build/Products/Debug-watchos/FoundationLegacyHelpers.swiftmodule/arm64_32-apple-watchos.swiftmodule /Users/admin/builder/spi-builder-workspace/.derivedData/Build/Intermediates.noindex/SwiftHelpers.build/Debug-watchos/FoundationLegacyHelpers-t.build/Objects-normal/arm64_32/FoundationLegacyHelpers.swiftmodule (in target 'FoundationLegacyHelpers' from project 'SwiftHelpers')
    cd /Users/admin/builder/spi-builder-workspace
    builtin-copy -exclude .DS_Store -exclude CVS -exclude .svn -exclude .git -exclude .hg -resolve-src-symlinks -rename /Users/admin/builder/spi-builder-workspace/.derivedData/Build/Intermediates.noindex/SwiftHelpers.build/Debug-watchos/FoundationLegacyHelpers-t.build/Objects-normal/arm64_32/FoundationLegacyHelpers.swiftmodule /Users/admin/builder/spi-builder-workspace/.derivedData/Build/Products/Debug-watchos/FoundationLegacyHelpers.swiftmodule/arm64_32-apple-watchos.swiftmodule
Copy /Users/admin/builder/spi-builder-workspace/.derivedData/Build/Products/Debug-watchos/FoundationLegacyHelpers.swiftmodule/arm64_32-apple-watchos.swiftdoc /Users/admin/builder/spi-builder-workspace/.derivedData/Build/Intermediates.noindex/SwiftHelpers.build/Debug-watchos/FoundationLegacyHelpers-t.build/Objects-normal/arm64_32/FoundationLegacyHelpers.swiftdoc (in target 'FoundationLegacyHelpers' from project 'SwiftHelpers')
    cd /Users/admin/builder/spi-builder-workspace
    builtin-copy -exclude .DS_Store -exclude CVS -exclude .svn -exclude .git -exclude .hg -resolve-src-symlinks -rename /Users/admin/builder/spi-builder-workspace/.derivedData/Build/Intermediates.noindex/SwiftHelpers.build/Debug-watchos/FoundationLegacyHelpers-t.build/Objects-normal/arm64_32/FoundationLegacyHelpers.swiftdoc /Users/admin/builder/spi-builder-workspace/.derivedData/Build/Products/Debug-watchos/FoundationLegacyHelpers.swiftmodule/arm64_32-apple-watchos.swiftdoc
Copy /Users/admin/builder/spi-builder-workspace/.derivedData/Build/Products/Debug-watchos/FoundationLegacyHelpers.swiftmodule/arm64_32-apple-watchos.abi.json /Users/admin/builder/spi-builder-workspace/.derivedData/Build/Intermediates.noindex/SwiftHelpers.build/Debug-watchos/FoundationLegacyHelpers-t.build/Objects-normal/arm64_32/FoundationLegacyHelpers.abi.json (in target 'FoundationLegacyHelpers' from project 'SwiftHelpers')
    cd /Users/admin/builder/spi-builder-workspace
    builtin-copy -exclude .DS_Store -exclude CVS -exclude .svn -exclude .git -exclude .hg -resolve-src-symlinks -rename /Users/admin/builder/spi-builder-workspace/.derivedData/Build/Intermediates.noindex/SwiftHelpers.build/Debug-watchos/FoundationLegacyHelpers-t.build/Objects-normal/arm64_32/FoundationLegacyHelpers.abi.json /Users/admin/builder/spi-builder-workspace/.derivedData/Build/Products/Debug-watchos/FoundationLegacyHelpers.swiftmodule/arm64_32-apple-watchos.abi.json
Copy /Users/admin/builder/spi-builder-workspace/.derivedData/Build/Products/Debug-watchos/FoundationLegacyHelpers.swiftmodule/Project/arm64_32-apple-watchos.swiftsourceinfo /Users/admin/builder/spi-builder-workspace/.derivedData/Build/Intermediates.noindex/SwiftHelpers.build/Debug-watchos/FoundationLegacyHelpers-t.build/Objects-normal/arm64_32/FoundationLegacyHelpers.swiftsourceinfo (in target 'FoundationLegacyHelpers' from project 'SwiftHelpers')
    cd /Users/admin/builder/spi-builder-workspace
    builtin-copy -exclude .DS_Store -exclude CVS -exclude .svn -exclude .git -exclude .hg -resolve-src-symlinks -rename /Users/admin/builder/spi-builder-workspace/.derivedData/Build/Intermediates.noindex/SwiftHelpers.build/Debug-watchos/FoundationLegacyHelpers-t.build/Objects-normal/arm64_32/FoundationLegacyHelpers.swiftsourceinfo /Users/admin/builder/spi-builder-workspace/.derivedData/Build/Products/Debug-watchos/FoundationLegacyHelpers.swiftmodule/Project/arm64_32-apple-watchos.swiftsourceinfo
Copy /Users/admin/builder/spi-builder-workspace/.derivedData/Build/Products/Debug-watchos/ExitCodeHelpers.swiftmodule/arm64_32-apple-watchos.abi.json /Users/admin/builder/spi-builder-workspace/.derivedData/Build/Intermediates.noindex/SwiftHelpers.build/Debug-watchos/ExitCodeHelpers-t.build/Objects-normal/arm64_32/ExitCodeHelpers.abi.json (in target 'ExitCodeHelpers' from project 'SwiftHelpers')
    cd /Users/admin/builder/spi-builder-workspace
    builtin-copy -exclude .DS_Store -exclude CVS -exclude .svn -exclude .git -exclude .hg -resolve-src-symlinks -rename /Users/admin/builder/spi-builder-workspace/.derivedData/Build/Intermediates.noindex/SwiftHelpers.build/Debug-watchos/ExitCodeHelpers-t.build/Objects-normal/arm64_32/ExitCodeHelpers.abi.json /Users/admin/builder/spi-builder-workspace/.derivedData/Build/Products/Debug-watchos/ExitCodeHelpers.swiftmodule/arm64_32-apple-watchos.abi.json
Copy /Users/admin/builder/spi-builder-workspace/.derivedData/Build/Products/Debug-watchos/ExitCodeHelpers.swiftmodule/Project/arm64_32-apple-watchos.swiftsourceinfo /Users/admin/builder/spi-builder-workspace/.derivedData/Build/Intermediates.noindex/SwiftHelpers.build/Debug-watchos/ExitCodeHelpers-t.build/Objects-normal/arm64_32/ExitCodeHelpers.swiftsourceinfo (in target 'ExitCodeHelpers' from project 'SwiftHelpers')
    cd /Users/admin/builder/spi-builder-workspace
    builtin-copy -exclude .DS_Store -exclude CVS -exclude .svn -exclude .git -exclude .hg -resolve-src-symlinks -rename /Users/admin/builder/spi-builder-workspace/.derivedData/Build/Intermediates.noindex/SwiftHelpers.build/Debug-watchos/ExitCodeHelpers-t.build/Objects-normal/arm64_32/ExitCodeHelpers.swiftsourceinfo /Users/admin/builder/spi-builder-workspace/.derivedData/Build/Products/Debug-watchos/ExitCodeHelpers.swiftmodule/Project/arm64_32-apple-watchos.swiftsourceinfo
SwiftEmitModule normal arm64_32 Emitting\ module\ for\ CoreAnimationHelpers (in target 'CoreAnimationHelpers' from project 'SwiftHelpers')
/Users/admin/builder/spi-builder-workspace/Sources/CoreAnimationHelpers/CALayer+Extensions.swift:40:48: error: 'CAAction' is unavailable in watchOS
38 | 		/// - Parameters:
39 | 		///   - newActions: A dictionary containing layer actions.
40 | 		func updateActions(with newActions: [String: CAAction]) {
   |                                                `- error: 'CAAction' is unavailable in watchOS
41 | 			guard !newActions.isEmpty else {
42 | 				return
/Applications/Xcode-27.0.0-Release.Candidate.app/Contents/Developer/Platforms/WatchOS.platform/Developer/SDKs/WatchOS27.0.sdk/System/Library/Frameworks/QuartzCore.framework/Headers/CALayer.h:945:11: note: 'CAAction' has been explicitly marked unavailable here
 943 |
 944 | API_AVAILABLE(macos(10.5), ios(2.0), tvos(9.0)) API_UNAVAILABLE(watchos)
 945 | @protocol CAAction
     |           `- note: 'CAAction' has been explicitly marked unavailable here
 946 |
 947 | /* Called to trigger the event named 'path' on the receiver. The object
/Users/admin/builder/spi-builder-workspace/Sources/CoreAnimationHelpers/CALayer+Extensions.swift:7:19: error: 'CALayer' is unavailable in watchOS
 5 | 	import QuartzCore
 6 |
 7 | 	public extension CALayer {
   |                   `- error: 'CALayer' is unavailable in watchOS
 8 |
 9 | 		// MARK: Animations
/Applications/Xcode-27.0.0-Release.Candidate.app/Contents/Developer/Platforms/WatchOS.platform/Developer/SDKs/WatchOS27.0.sdk/System/Library/Frameworks/QuartzCore.framework/Headers/CALayer.h:117:12: note: 'CALayer' has been explicitly marked unavailable here
 115 |
 116 | API_AVAILABLE(macos(10.5), ios(2.0), tvos(9.0)) API_UNAVAILABLE(watchos)
 117 | @interface CALayer : NSObject <NSSecureCoding, CAMediaTiming>
     |            `- note: 'CALayer' has been explicitly marked unavailable here
 118 |
 119 | /** Layer creation and initialization. **/
/Users/admin/builder/spi-builder-workspace/Sources/CoreAnimationHelpers/CAMediaTiming+Extensions.swift:7:19: error: 'CAMediaTiming' is unavailable in watchOS
 5 | 	import QuartzCore
 6 |
 7 | 	public extension CAMediaTiming {
   |                   `- error: 'CAMediaTiming' is unavailable in watchOS
 8 |
 9 | 		/// Current absolute time, in seconds.
/Applications/Xcode-27.0.0-Release.Candidate.app/Contents/Developer/Platforms/WatchOS.platform/Developer/SDKs/WatchOS27.0.sdk/System/Library/Frameworks/QuartzCore.framework/Headers/CAMediaTiming.h:37:11: note: 'CAMediaTiming' has been explicitly marked unavailable here
35 |
36 | API_AVAILABLE(macos(10.5), ios(2.0), tvos(9.0)) API_UNAVAILABLE(watchos)
37 | @protocol CAMediaTiming
   |           `- note: 'CAMediaTiming' has been explicitly marked unavailable here
38 |
39 | /* The begin time of the object, in relation to its parent object, if
Failed frontend command:
/Applications/Xcode-27.0.0-Release.Candidate.app/Contents/Developer/Toolchains/XcodeDefault.xctoolchain/usr/bin/swift-frontend -frontend -emit-module -experimental-skip-non-inlinable-function-bodies-without-types /Users/admin/builder/spi-builder-workspace/Sources/CoreAnimationHelpers/CALayer+Extensions.swift /Users/admin/builder/spi-builder-workspace/Sources/CoreAnimationHelpers/CAMediaTiming+Extensions.swift -target arm64_32-apple-watchos9.0 -module-can-import-version QuartzCore 5 1223.0.14 -disable-cross-import-overlay-search -load-resolved-plugin /Applications/Xcode-27.0.0-Release.Candidate.app/Contents/Developer/Platforms/WatchOS.platform/Developer/usr/lib/swift/host/plugins/libFoundationMacros.dylib\#/Applications/Xcode-27.0.0-Release.Candidate.app/Contents/Developer/Platforms/WatchOS.platform/Developer/usr/bin/swift-plugin-server\#FoundationMacros -load-resolved-plugin /Applications/Xcode-27.0.0-Release.Candidate.app/Contents/Developer/Platforms/WatchOS.platform/Developer/usr/lib/swift/host/plugins/libObservationMacros.dylib\#/Applications/Xcode-27.0.0-Release.Candidate.app/Contents/Developer/Platforms/WatchOS.platform/Developer/usr/bin/swift-plugin-server\#ObservationMacros -load-resolved-plugin /Applications/Xcode-27.0.0-Release.Candidate.app/Contents/Developer/Platforms/WatchOS.platform/Developer/usr/lib/swift/host/plugins/libSwiftMacros.dylib\#/Applications/Xcode-27.0.0-Release.Candidate.app/Contents/Developer/Platforms/WatchOS.platform/Developer/usr/bin/swift-plugin-server\#SwiftMacros -disable-implicit-swift-modules -Xcc -fno-implicit-modules -Xcc -fno-implicit-module-maps -explicit-swift-module-map-file /Users/admin/builder/spi-builder-workspace/.derivedData/Build/Intermediates.noindex/SwiftHelpers.build/Debug-watchos/CoreAnimationHelpers-t.build/Objects-normal/arm64_32/CoreAnimationHelpers-dependencies-1.json -enable-objc-interop -sdk /Applications/Xcode-27.0.0-Release.Candidate.app/Contents/Developer/Platforms/WatchOS.platform/Developer/SDKs/WatchOS27.0.sdk -I /Users/admin/builder/spi-builder-workspace/.derivedData/Build/Products/Debug-watchos -Isystem /Applications/Xcode-27.0.0-Release.Candidate.app/Contents/Developer/Platforms/WatchOS.platform/Developer/usr/lib -F /Users/admin/builder/spi-builder-workspace/.derivedData/Build/Products/Debug-watchos -F /Applications/Xcode-27.0.0-Release.Candidate.app/Contents/Developer/Platforms/WatchOS.platform/Developer/Library/Frameworks -F /Applications/Xcode-27.0.0-Release.Candidate.app/Contents/Developer/Platforms/WatchOS.platform/Developer/SDKs/WatchOS27.0.sdk/Developer/Library/Frameworks -module-cache-path /Users/admin/builder/spi-builder-workspace/.derivedData/Build/Intermediates.noindex/SwiftExplicitPrecompiledModules -no-color-diagnostics -Xcc -fno-color-diagnostics -enable-testing -g -debug-info-format\=dwarf -dwarf-version\=4 -profile-generate -profile-coverage-mapping -swift-version 6 -Onone -D SWIFT_PACKAGE -D DEBUG -D SWIFT_MODULE_RESOURCE_BUNDLE_UNAVAILABLE -D Xcode -serialize-debugging-options -enable-upcoming-feature MemberImportVisibility -enable-experimental-feature DebugDescriptionMacro -empty-abi-descriptor -validate-clang-modules-once -clang-build-session-file /Users/admin/builder/spi-builder-workspace/.derivedData/ModuleCache.noindex/Session.modulevalidation -Xcc -working-directory -Xcc /Users/admin/builder/spi-builder-workspace/.swiftpm/xcode -enable-anonymous-context-mangled-names -file-compilation-dir /Users/admin/builder/spi-builder-workspace/.swiftpm/xcode -Xcc -D_LIBCPP_HARDENING_MODE\=_LIBCPP_HARDENING_MODE_DEBUG -Xcc -ivfsstatcache -Xcc /Users/admin/builder/spi-builder-workspace/.derivedData/SDKStatCaches.noindex/watchos27.0-24R360-e829b21a6f8c9b70876ba0858053c04477534ef55a1706bf4c1112bbb242f0a2.sdkstatcache -Xcc -fmodules-prune-interval\=86400 -Xcc -fmodules-prune-after\=345600 -Xcc -I/Users/admin/builder/spi-builder-workspace/.derivedData/Build/Products/Debug-watchos/include -Xcc -I/Users/admin/builder/spi-builder-workspace/.derivedData/Build/Intermediates.noindex/SwiftHelpers.build/Debug-watchos/CoreAnimationHelpers-t.build/DerivedSources-normal/arm64_32 -Xcc -I/Users/admin/builder/spi-builder-workspace/.derivedData/Build/Intermediates.noindex/SwiftHelpers.build/Debug-watchos/CoreAnimationHelpers-t.build/DerivedSources/arm64_32 -Xcc -I/Users/admin/builder/spi-builder-workspace/.derivedData/Build/Intermediates.noindex/SwiftHelpers.build/Debug-watchos/CoreAnimationHelpers-t.build/DerivedSources -Xcc -DSWIFT_PACKAGE -Xcc -DDEBUG\=1 -no-auto-bridging-header-chaining -module-name CoreAnimationHelpers -package-name spi_builder_workspace -const-gather-protocols-file /Users/admin/builder/spi-builder-workspace/.derivedData/Build/Intermediates.noindex/SwiftHelpers.build/Debug-watchos/CoreAnimationHelpers-t.build/Objects-normal/arm64_32/CoreAnimationHelpers_const_extract_protocols.json -disable-clang-spi -clang-target arm64_32-apple-watchos27.0 -target-sdk-version 27.0 -target-sdk-name watchos27.0 -in-process-plugin-server-path /Applications/Xcode-27.0.0-Release.Candidate.app/Contents/Developer/Toolchains/XcodeDefault.xctoolchain/usr/lib/swift/host/libSwiftInProcPluginServer.dylib -emit-module-doc-path /Users/admin/builder/spi-builder-workspace/.derivedData/Build/Intermediates.noindex/SwiftHelpers.build/Debug-watchos/CoreAnimationHelpers-t.build/Objects-normal/arm64_32/CoreAnimationHelpers.swiftdoc -emit-module-source-info-path /Users/admin/builder/spi-builder-workspace/.derivedData/Build/Intermediates.noindex/SwiftHelpers.build/Debug-watchos/CoreAnimationHelpers-t.build/Objects-normal/arm64_32/CoreAnimationHelpers.swiftsourceinfo -emit-objc-header-path /Users/admin/builder/spi-builder-workspace/.derivedData/Build/Intermediates.noindex/SwiftHelpers.build/Debug-watchos/CoreAnimationHelpers-t.build/Objects-normal/arm64_32/CoreAnimationHelpers-Swift.h -serialize-diagnostics-path /Users/admin/builder/spi-builder-workspace/.derivedData/Build/Intermediates.noindex/SwiftHelpers.build/Debug-watchos/CoreAnimationHelpers-t.build/Objects-normal/arm64_32/CoreAnimationHelpers-primary-emit-module.dia -emit-dependencies-path /Users/admin/builder/spi-builder-workspace/.derivedData/Build/Intermediates.noindex/SwiftHelpers.build/Debug-watchos/CoreAnimationHelpers-t.build/Objects-normal/arm64_32/CoreAnimationHelpers-primary-emit-module.d -parse-as-library -o /Users/admin/builder/spi-builder-workspace/.derivedData/Build/Intermediates.noindex/SwiftHelpers.build/Debug-watchos/CoreAnimationHelpers-t.build/Objects-normal/arm64_32/CoreAnimationHelpers.swiftmodule -emit-abi-descriptor-path /Users/admin/builder/spi-builder-workspace/.derivedData/Build/Intermediates.noindex/SwiftHelpers.build/Debug-watchos/CoreAnimationHelpers-t.build/Objects-normal/arm64_32/CoreAnimationHelpers.abi.json
SwiftCompile normal arm64_32 (in target 'CoreAnimationHelpers' from project 'SwiftHelpers')
    cd /Users/admin/builder/spi-builder-workspace/.swiftpm/xcode

SwiftExplicitDependencyGeneratePcm arm64 /Users/admin/builder/spi-builder-workspace/.derivedData/SDKExplicitPrecompiledModules/CoreData-DAEI6Z48P97TYC3SMMGLERAJ5.pcm
SwiftDriverJobDiscovery normal arm64_32 Compiling Unicode.Scalar+Extensions.swift (in target 'StandardLibraryHelpers' from project 'SwiftHelpers')
SwiftExplicitDependencyGeneratePcm arm64 /Users/admin/builder/spi-builder-workspace/.derivedData/SDKExplicitPrecompiledModules/QuartzCore-BRDP6VIMJ6A6HG4W4NYXZ8BI3.pcm
SwiftCompile normal arm64_32 Compiling\ AtomicConcurrent.swift /Users/admin/builder/spi-builder-workspace/Sources/SynchronizationHelpers/AtomicConcurrent.swift (in target 'SynchronizationHelpers' from project 'SwiftHelpers')
SwiftCompile normal arm64_32 /Users/admin/builder/spi-builder-workspace/Sources/SynchronizationHelpers/AtomicConcurrent.swift (in target 'SynchronizationHelpers' from project 'SwiftHelpers')
    cd /Users/admin/builder/spi-builder-workspace/.swiftpm/xcode
    builtin-SwiftPerFileCompile AtomicConcurrent.swift
SwiftDriverJobDiscovery normal arm64 Emitting module for ExitCodeHelpers (in target 'ExitCodeHelpers' from project 'SwiftHelpers')
SwiftDriverJobDiscovery normal arm64_32 Compiling Regex+Extensions.swift, Sequence+Extensions.swift (in target 'StandardLibraryHelpers' from project 'SwiftHelpers')
SwiftDriver\ Compilation\ Requirements ExitCodeHelpers normal arm64 com.apple.xcode.tools.swift.compiler (in target 'ExitCodeHelpers' from project 'SwiftHelpers')
    cd /Users/admin/builder/spi-builder-workspace/.swiftpm/xcode
    builtin-Swift-Compilation-Requirements -- /Applications/Xcode-27.0.0-Release.Candidate.app/Contents/Developer/Toolchains/XcodeDefault.xctoolchain/usr/bin/swiftc -parse-as-library -module-name ExitCodeHelpers -Onone @/Users/admin/builder/spi-builder-workspace/.derivedData/Build/Intermediates.noindex/SwiftHelpers.build/Debug-watchos/ExitCodeHelpers-t.build/Objects-normal/arm64/ExitCodeHelpers.SwiftFileList -DSWIFT_PACKAGE -DDEBUG -DSWIFT_MODULE_RESOURCE_BUNDLE_UNAVAILABLE -DXcode -enable-upcoming-feature MemberImportVisibility -plugin-path /Applications/Xcode-27.0.0-Release.Candidate.app/Contents/Developer/Toolchains/XcodeDefault.xctoolchain/usr/lib/swift/host/plugins/testing -enable-experimental-feature DebugDescriptionMacro -sdk /Applications/Xcode-27.0.0-Release.Candidate.app/Contents/Developer/Platforms/WatchOS.platform/Developer/SDKs/WatchOS27.0.sdk -target arm64-apple-watchos9.0 -g -module-cache-path /Users/admin/builder/spi-builder-workspace/.derivedData/ModuleCache.noindex -Xfrontend -serialize-debugging-options -profile-coverage-mapping -profile-generate -enable-testing -index-store-path /Users/admin/builder/spi-builder-workspace/.derivedData/Index.noindex/DataStore -Xcc -D_LIBCPP_HARDENING_MODE\=_LIBCPP_HARDENING_MODE_DEBUG -swift-version 6 -I /Users/admin/builder/spi-builder-workspace/.derivedData/Build/Products/Debug-watchos -Isystem /Applications/Xcode-27.0.0-Release.Candidate.app/Contents/Developer/Platforms/WatchOS.platform/Developer/usr/lib -F /Users/admin/builder/spi-builder-workspace/.derivedData/Build/Products/Debug-watchos -F /Applications/Xcode-27.0.0-Release.Candidate.app/Contents/Developer/Platforms/WatchOS.platform/Developer/Library/Frameworks -F /Applications/Xcode-27.0.0-Release.Candidate.app/Contents/Developer/Platforms/WatchOS.platform/Developer/SDKs/WatchOS27.0.sdk/Developer/Library/Frameworks -c -j10 -enable-batch-mode -incremental -Xcc -ivfsstatcache -Xcc /Users/admin/builder/spi-builder-workspace/.derivedData/SDKStatCaches.noindex/watchos27.0-24R360-e829b21a6f8c9b70876ba0858053c04477534ef55a1706bf4c1112bbb242f0a2.sdkstatcache -output-file-map /Users/admin/builder/spi-builder-workspace/.derivedData/Build/Intermediates.noindex/SwiftHelpers.build/Debug-watchos/ExitCodeHelpers-t.build/Objects-normal/arm64/ExitCodeHelpers-OutputFileMap.json -save-temps -no-color-diagnostics -explicit-module-build -module-cache-path /Users/admin/builder/spi-builder-workspace/.derivedData/Build/Intermediates.noindex/SwiftExplicitPrecompiledModules -clang-scanner-module-cache-path /Users/admin/builder/spi-builder-workspace/.derivedData/ModuleCache.noindex -sdk-module-cache-path /Users/admin/builder/spi-builder-workspace/.derivedData/SDKExplicitPrecompiledModules -emit-dependencies -emit-module -emit-module-path /Users/admin/builder/spi-builder-workspace/.derivedData/Build/Intermediates.noindex/SwiftHelpers.build/Debug-watchos/ExitCodeHelpers-t.build/Objects-normal/arm64/ExitCodeHelpers.swiftmodule -serialize-diagnostics -dependency-scan-serialize-diagnostics-path /Users/admin/builder/spi-builder-workspace/.derivedData/Build/Intermediates.noindex/SwiftHelpers.build/Debug-watchos/ExitCodeHelpers-t.build/Objects-normal/arm64/ExitCodeHelpers-dependency-scan.dia -validate-clang-modules-once -clang-build-session-file /Users/admin/builder/spi-builder-workspace/.derivedData/ModuleCache.noindex/Session.modulevalidation -Xcc -fmodules-prune-interval\=86400 -Xcc -fmodules-prune-after\=345600 -package-name spi_builder_workspace -emit-const-values -const-gather-protocols-list /Users/admin/builder/spi-builder-workspace/.derivedData/Build/Intermediates.noindex/SwiftHelpers.build/Debug-watchos/ExitCodeHelpers-t.build/Objects-normal/arm64/ExitCodeHelpers_const_extract_protocols.json -Xcc -I/Users/admin/builder/spi-builder-workspace/.derivedData/Build/Products/Debug-watchos/include -Xcc -I/Users/admin/builder/spi-builder-workspace/.derivedData/Build/Intermediates.noindex/SwiftHelpers.build/Debug-watchos/ExitCodeHelpers-t.build/DerivedSources-normal/arm64 -Xcc -I/Users/admin/builder/spi-builder-workspace/.derivedData/Build/Intermediates.noindex/SwiftHelpers.build/Debug-watchos/ExitCodeHelpers-t.build/DerivedSources/arm64 -Xcc -I/Users/admin/builder/spi-builder-workspace/.derivedData/Build/Intermediates.noindex/SwiftHelpers.build/Debug-watchos/ExitCodeHelpers-t.build/DerivedSources -Xcc -DSWIFT_PACKAGE -Xcc -DDEBUG\=1 -emit-objc-header -emit-objc-header-path /Users/admin/builder/spi-builder-workspace/.derivedData/Build/Intermediates.noindex/SwiftHelpers.build/Debug-watchos/ExitCodeHelpers-t.build/Objects-normal/arm64/ExitCodeHelpers-Swift.h -working-directory /Users/admin/builder/spi-builder-workspace/.swiftpm/xcode -experimental-emit-module-separately -disable-cmo
SwiftDriverJobDiscovery normal arm64_32 Compiling String+Extensions.swift (in target 'StandardLibraryHelpers' from project 'SwiftHelpers')
SwiftCompile normal arm64_32 Compiling\ AtomicSerial.swift /Users/admin/builder/spi-builder-workspace/Sources/SynchronizationHelpers/AtomicSerial.swift (in target 'SynchronizationHelpers' from project 'SwiftHelpers')
SwiftCompile normal arm64_32 /Users/admin/builder/spi-builder-workspace/Sources/SynchronizationHelpers/AtomicSerial.swift (in target 'SynchronizationHelpers' from project 'SwiftHelpers')
    cd /Users/admin/builder/spi-builder-workspace/.swiftpm/xcode
    builtin-SwiftPerFileCompile AtomicSerial.swift
SwiftMergeGeneratedHeaders /Users/admin/builder/spi-builder-workspace/.derivedData/Build/Intermediates.noindex/GeneratedModuleMaps-watchos/ExitCodeHelpers-Swift.h /Users/admin/builder/spi-builder-workspace/.derivedData/Build/Intermediates.noindex/SwiftHelpers.build/Debug-watchos/ExitCodeHelpers-t.build/Objects-normal/arm64/ExitCodeHelpers-Swift.h /Users/admin/builder/spi-builder-workspace/.derivedData/Build/Intermediates.noindex/SwiftHelpers.build/Debug-watchos/ExitCodeHelpers-t.build/Objects-normal/arm64_32/ExitCodeHelpers-Swift.h (in target 'ExitCodeHelpers' from project 'SwiftHelpers')
    cd /Users/admin/builder/spi-builder-workspace
    builtin-swiftHeaderTool -arch arm64 /Users/admin/builder/spi-builder-workspace/.derivedData/Build/Intermediates.noindex/SwiftHelpers.build/Debug-watchos/ExitCodeHelpers-t.build/Objects-normal/arm64/ExitCodeHelpers-Swift.h -arch arm64_32 /Users/admin/builder/spi-builder-workspace/.derivedData/Build/Intermediates.noindex/SwiftHelpers.build/Debug-watchos/ExitCodeHelpers-t.build/Objects-normal/arm64_32/ExitCodeHelpers-Swift.h -o /Users/admin/builder/spi-builder-workspace/.derivedData/Build/Intermediates.noindex/GeneratedModuleMaps-watchos/ExitCodeHelpers-Swift.h
SwiftDriverJobDiscovery normal arm64_32 Compiling StringProtocol+Padding.swift (in target 'StandardLibraryHelpers' from project 'SwiftHelpers')
Copy /Users/admin/builder/spi-builder-workspace/.derivedData/Build/Products/Debug-watchos/ExitCodeHelpers.swiftmodule/arm64-apple-watchos.swiftmodule /Users/admin/builder/spi-builder-workspace/.derivedData/Build/Intermediates.noindex/SwiftHelpers.build/Debug-watchos/ExitCodeHelpers-t.build/Objects-normal/arm64/ExitCodeHelpers.swiftmodule (in target 'ExitCodeHelpers' from project 'SwiftHelpers')
    cd /Users/admin/builder/spi-builder-workspace
    builtin-copy -exclude .DS_Store -exclude CVS -exclude .svn -exclude .git -exclude .hg -resolve-src-symlinks -rename /Users/admin/builder/spi-builder-workspace/.derivedData/Build/Intermediates.noindex/SwiftHelpers.build/Debug-watchos/ExitCodeHelpers-t.build/Objects-normal/arm64/ExitCodeHelpers.swiftmodule /Users/admin/builder/spi-builder-workspace/.derivedData/Build/Products/Debug-watchos/ExitCodeHelpers.swiftmodule/arm64-apple-watchos.swiftmodule
Copy /Users/admin/builder/spi-builder-workspace/.derivedData/Build/Products/Debug-watchos/ExitCodeHelpers.swiftmodule/arm64-apple-watchos.swiftdoc /Users/admin/builder/spi-builder-workspace/.derivedData/Build/Intermediates.noindex/SwiftHelpers.build/Debug-watchos/ExitCodeHelpers-t.build/Objects-normal/arm64/ExitCodeHelpers.swiftdoc (in target 'ExitCodeHelpers' from project 'SwiftHelpers')
    cd /Users/admin/builder/spi-builder-workspace
    builtin-copy -exclude .DS_Store -exclude CVS -exclude .svn -exclude .git -exclude .hg -resolve-src-symlinks -rename /Users/admin/builder/spi-builder-workspace/.derivedData/Build/Intermediates.noindex/SwiftHelpers.build/Debug-watchos/ExitCodeHelpers-t.build/Objects-normal/arm64/ExitCodeHelpers.swiftdoc /Users/admin/builder/spi-builder-workspace/.derivedData/Build/Products/Debug-watchos/ExitCodeHelpers.swiftmodule/arm64-apple-watchos.swiftdoc
Copy /Users/admin/builder/spi-builder-workspace/.derivedData/Build/Products/Debug-watchos/ExitCodeHelpers.swiftmodule/arm64-apple-watchos.abi.json /Users/admin/builder/spi-builder-workspace/.derivedData/Build/Intermediates.noindex/SwiftHelpers.build/Debug-watchos/ExitCodeHelpers-t.build/Objects-normal/arm64/ExitCodeHelpers.abi.json (in target 'ExitCodeHelpers' from project 'SwiftHelpers')
    cd /Users/admin/builder/spi-builder-workspace
    builtin-copy -exclude .DS_Store -exclude CVS -exclude .svn -exclude .git -exclude .hg -resolve-src-symlinks -rename /Users/admin/builder/spi-builder-workspace/.derivedData/Build/Intermediates.noindex/SwiftHelpers.build/Debug-watchos/ExitCodeHelpers-t.build/Objects-normal/arm64/ExitCodeHelpers.abi.json /Users/admin/builder/spi-builder-workspace/.derivedData/Build/Products/Debug-watchos/ExitCodeHelpers.swiftmodule/arm64-apple-watchos.abi.json
Copy /Users/admin/builder/spi-builder-workspace/.derivedData/Build/Products/Debug-watchos/ExitCodeHelpers.swiftmodule/Project/arm64-apple-watchos.swiftsourceinfo /Users/admin/builder/spi-builder-workspace/.derivedData/Build/Intermediates.noindex/SwiftHelpers.build/Debug-watchos/ExitCodeHelpers-t.build/Objects-normal/arm64/ExitCodeHelpers.swiftsourceinfo (in target 'ExitCodeHelpers' from project 'SwiftHelpers')
    cd /Users/admin/builder/spi-builder-workspace
    builtin-copy -exclude .DS_Store -exclude CVS -exclude .svn -exclude .git -exclude .hg -resolve-src-symlinks -rename /Users/admin/builder/spi-builder-workspace/.derivedData/Build/Intermediates.noindex/SwiftHelpers.build/Debug-watchos/ExitCodeHelpers-t.build/Objects-normal/arm64/ExitCodeHelpers.swiftsourceinfo /Users/admin/builder/spi-builder-workspace/.derivedData/Build/Products/Debug-watchos/ExitCodeHelpers.swiftmodule/Project/arm64-apple-watchos.swiftsourceinfo
SwiftCompile normal arm64 Compiling\ AtomicConcurrent.swift /Users/admin/builder/spi-builder-workspace/Sources/SynchronizationHelpers/AtomicConcurrent.swift (in target 'SynchronizationHelpers' from project 'SwiftHelpers')
SwiftCompile normal arm64 /Users/admin/builder/spi-builder-workspace/Sources/SynchronizationHelpers/AtomicConcurrent.swift (in target 'SynchronizationHelpers' from project 'SwiftHelpers')
    cd /Users/admin/builder/spi-builder-workspace/.swiftpm/xcode
    builtin-SwiftPerFileCompile AtomicConcurrent.swift
SwiftDriverJobDiscovery normal arm64_32 Emitting module for CoreDataHelpers (in target 'CoreDataHelpers' from project 'SwiftHelpers')
SwiftDriver\ Compilation\ Requirements CoreDataHelpers normal arm64_32 com.apple.xcode.tools.swift.compiler (in target 'CoreDataHelpers' from project 'SwiftHelpers')
    cd /Users/admin/builder/spi-builder-workspace/.swiftpm/xcode
    builtin-Swift-Compilation-Requirements -- /Applications/Xcode-27.0.0-Release.Candidate.app/Contents/Developer/Toolchains/XcodeDefault.xctoolchain/usr/bin/swiftc -parse-as-library -module-name CoreDataHelpers -Onone @/Users/admin/builder/spi-builder-workspace/.derivedData/Build/Intermediates.noindex/SwiftHelpers.build/Debug-watchos/CoreDataHelpers-t.build/Objects-normal/arm64_32/CoreDataHelpers.SwiftFileList -DSWIFT_PACKAGE -DDEBUG -DSWIFT_MODULE_RESOURCE_BUNDLE_UNAVAILABLE -DXcode -enable-upcoming-feature MemberImportVisibility -plugin-path /Applications/Xcode-27.0.0-Release.Candidate.app/Contents/Developer/Toolchains/XcodeDefault.xctoolchain/usr/lib/swift/host/plugins/testing -enable-experimental-feature DebugDescriptionMacro -sdk /Applications/Xcode-27.0.0-Release.Candidate.app/Contents/Developer/Platforms/WatchOS.platform/Developer/SDKs/WatchOS27.0.sdk -target arm64_32-apple-watchos9.0 -g -module-cache-path /Users/admin/builder/spi-builder-workspace/.derivedData/ModuleCache.noindex -Xfrontend -serialize-debugging-options -profile-coverage-mapping -profile-generate -enable-testing -index-store-path /Users/admin/builder/spi-builder-workspace/.derivedData/Index.noindex/DataStore -Xcc -D_LIBCPP_HARDENING_MODE\=_LIBCPP_HARDENING_MODE_DEBUG -swift-version 6 -I /Users/admin/builder/spi-builder-workspace/.derivedData/Build/Products/Debug-watchos -Isystem /Applications/Xcode-27.0.0-Release.Candidate.app/Contents/Developer/Platforms/WatchOS.platform/Developer/usr/lib -F /Users/admin/builder/spi-builder-workspace/.derivedData/Build/Products/Debug-watchos -F /Applications/Xcode-27.0.0-Release.Candidate.app/Contents/Developer/Platforms/WatchOS.platform/Developer/Library/Frameworks -F /Applications/Xcode-27.0.0-Release.Candidate.app/Contents/Developer/Platforms/WatchOS.platform/Developer/SDKs/WatchOS27.0.sdk/Developer/Library/Frameworks -c -j10 -enable-batch-mode -incremental -Xcc -ivfsstatcache -Xcc /Users/admin/builder/spi-builder-workspace/.derivedData/SDKStatCaches.noindex/watchos27.0-24R360-e829b21a6f8c9b70876ba0858053c04477534ef55a1706bf4c1112bbb242f0a2.sdkstatcache -output-file-map /Users/admin/builder/spi-builder-workspace/.derivedData/Build/Intermediates.noindex/SwiftHelpers.build/Debug-watchos/CoreDataHelpers-t.build/Objects-normal/arm64_32/CoreDataHelpers-OutputFileMap.json -save-temps -no-color-diagnostics -explicit-module-build -module-cache-path /Users/admin/builder/spi-builder-workspace/.derivedData/Build/Intermediates.noindex/SwiftExplicitPrecompiledModules -clang-scanner-module-cache-path /Users/admin/builder/spi-builder-workspace/.derivedData/ModuleCache.noindex -sdk-module-cache-path /Users/admin/builder/spi-builder-workspace/.derivedData/SDKExplicitPrecompiledModules -emit-dependencies -emit-module -emit-module-path /Users/admin/builder/spi-builder-workspace/.derivedData/Build/Intermediates.noindex/SwiftHelpers.build/Debug-watchos/CoreDataHelpers-t.build/Objects-normal/arm64_32/CoreDataHelpers.swiftmodule -serialize-diagnostics -dependency-scan-serialize-diagnostics-path /Users/admin/builder/spi-builder-workspace/.derivedData/Build/Intermediates.noindex/SwiftHelpers.build/Debug-watchos/CoreDataHelpers-t.build/Objects-normal/arm64_32/CoreDataHelpers-dependency-scan.dia -validate-clang-modules-once -clang-build-session-file /Users/admin/builder/spi-builder-workspace/.derivedData/ModuleCache.noindex/Session.modulevalidation -Xcc -fmodules-prune-interval\=86400 -Xcc -fmodules-prune-after\=345600 -package-name spi_builder_workspace -emit-const-values -const-gather-protocols-list /Users/admin/builder/spi-builder-workspace/.derivedData/Build/Intermediates.noindex/SwiftHelpers.build/Debug-watchos/CoreDataHelpers-t.build/Objects-normal/arm64_32/CoreDataHelpers_const_extract_protocols.json -Xcc -I/Users/admin/builder/spi-builder-workspace/.derivedData/Build/Products/Debug-watchos/include -Xcc -I/Users/admin/builder/spi-builder-workspace/.derivedData/Build/Intermediates.noindex/SwiftHelpers.build/Debug-watchos/CoreDataHelpers-t.build/DerivedSources-normal/arm64_32 -Xcc -I/Users/admin/builder/spi-builder-workspace/.derivedData/Build/Intermediates.noindex/SwiftHelpers.build/Debug-watchos/CoreDataHelpers-t.build/DerivedSources/arm64_32 -Xcc -I/Users/admin/builder/spi-builder-workspace/.derivedData/Build/Intermediates.noindex/SwiftHelpers.build/Debug-watchos/CoreDataHelpers-t.build/DerivedSources -Xcc -DSWIFT_PACKAGE -Xcc -DDEBUG\=1 -emit-objc-header -emit-objc-header-path /Users/admin/builder/spi-builder-workspace/.derivedData/Build/Intermediates.noindex/SwiftHelpers.build/Debug-watchos/CoreDataHelpers-t.build/Objects-normal/arm64_32/CoreDataHelpers-Swift.h -working-directory /Users/admin/builder/spi-builder-workspace/.swiftpm/xcode -experimental-emit-module-separately -disable-cmo
SwiftCompile normal arm64 Compiling\ Locked.swift /Users/admin/builder/spi-builder-workspace/Sources/SynchronizationHelpers/Locked.swift (in target 'SynchronizationHelpers' from project 'SwiftHelpers')
SwiftCompile normal arm64 /Users/admin/builder/spi-builder-workspace/Sources/SynchronizationHelpers/Locked.swift (in target 'SynchronizationHelpers' from project 'SwiftHelpers')
    cd /Users/admin/builder/spi-builder-workspace/.swiftpm/xcode
    builtin-SwiftPerFileCompile Locked.swift
Copy /Users/admin/builder/spi-builder-workspace/.derivedData/Build/Products/Debug-watchos/CoreDataHelpers.swiftmodule/arm64_32-apple-watchos.swiftmodule /Users/admin/builder/spi-builder-workspace/.derivedData/Build/Intermediates.noindex/SwiftHelpers.build/Debug-watchos/CoreDataHelpers-t.build/Objects-normal/arm64_32/CoreDataHelpers.swiftmodule (in target 'CoreDataHelpers' from project 'SwiftHelpers')
    cd /Users/admin/builder/spi-builder-workspace
    builtin-copy -exclude .DS_Store -exclude CVS -exclude .svn -exclude .git -exclude .hg -resolve-src-symlinks -rename /Users/admin/builder/spi-builder-workspace/.derivedData/Build/Intermediates.noindex/SwiftHelpers.build/Debug-watchos/CoreDataHelpers-t.build/Objects-normal/arm64_32/CoreDataHelpers.swiftmodule /Users/admin/builder/spi-builder-workspace/.derivedData/Build/Products/Debug-watchos/CoreDataHelpers.swiftmodule/arm64_32-apple-watchos.swiftmodule
PruneExplicitPrecompiledModules /Users/admin/builder/spi-builder-workspace/.derivedData/Build/Intermediates.noindex/SwiftExplicitPrecompiledModules
PruneExplicitPrecompiledModules /Users/admin/builder/spi-builder-workspace/.derivedData/SDKExplicitPrecompiledModules
PruneExplicitPrecompiledModules /Users/admin/builder/spi-builder-workspace/.derivedData/Build/Intermediates.noindex/ExplicitPrecompiledModules
2026-09-23 01:13:26.191 xcodebuild[626:3859] [MT] IDERunDestination: Supported platforms for the buildables in the current scheme is empty.
2026-09-23 01:13:26.300 xcodebuild[626:3859] [MT] IDERunDestination: Supported platforms for the buildables in the current scheme is empty.
** BUILD FAILED **
The following build commands failed:
	SwiftEmitModule normal arm64_32 Emitting\ module\ for\ CoreAnimationHelpers (in target 'CoreAnimationHelpers' from project 'SwiftHelpers')
	SwiftCompile normal arm64_32 (in target 'CoreAnimationHelpers' from project 'SwiftHelpers')
	Building workspace SwiftHelpers with scheme SwiftHelpers-Package
(3 failures)
Command line invocation:
    /Applications/Xcode-27.0.0-Release.Candidate.app/Contents/Developer/usr/bin/xcodebuild -IDEClonedSourcePackagesDirPathOverride=/Users/admin/builder/spi-builder-workspace/.dependencies -resolvePackageDependencies
Resolve Package Graph
Resolved source packages:
  SwiftHelpers: /Users/admin/builder/spi-builder-workspace
resolved source packages: SwiftHelpers
2026-09-23 01:13:34.785 xcodebuild[752:4912] [MT] IDERunDestination: Supported platforms for the buildables in the current scheme is empty.
2026-09-23 01:13:34.898 xcodebuild[752:4912] [MT] IDERunDestination: Supported platforms for the buildables in the current scheme is empty.
{
  "dependencies" : [
  ],
  "manifest_display_name" : "SwiftHelpers",
  "name" : "SwiftHelpers",
  "path" : "/Users/admin/builder/spi-builder-workspace",
  "platforms" : [
  ],
  "products" : [
    {
      "name" : "AppKitHelpers",
      "targets" : [
        "AppKitHelpers"
      ],
      "type" : {
        "library" : [
          "automatic"
        ]
      }
    },
    {
      "name" : "CoreAnimationHelpers",
      "targets" : [
        "CoreAnimationHelpers"
      ],
      "type" : {
        "library" : [
          "automatic"
        ]
      }
    },
    {
      "name" : "CoreDataHelpers",
      "targets" : [
        "CoreDataHelpers"
      ],
      "type" : {
        "library" : [
          "automatic"
        ]
      }
    },
    {
      "name" : "CoreGraphicsHelpers",
      "targets" : [
        "CoreGraphicsHelpers"
      ],
      "type" : {
        "library" : [
          "automatic"
        ]
      }
    },
    {
      "name" : "DebuggingHelpers",
      "targets" : [
        "DebuggingHelpers"
      ],
      "type" : {
        "library" : [
          "automatic"
        ]
      }
    },
    {
      "name" : "ExitCodeHelpers",
      "targets" : [
        "ExitCodeHelpers"
      ],
      "type" : {
        "library" : [
          "automatic"
        ]
      }
    },
    {
      "name" : "FoundationHelpers",
      "targets" : [
        "FoundationHelpers"
      ],
      "type" : {
        "library" : [
          "automatic"
        ]
      }
    },
    {
      "name" : "FoundationLegacyHelpers",
      "targets" : [
        "FoundationLegacyHelpers"
      ],
      "type" : {
        "library" : [
          "automatic"
        ]
      }
    },
    {
      "name" : "LoggingHelpers",
      "targets" : [
        "LoggingHelpers"
      ],
      "type" : {
        "library" : [
          "automatic"
        ]
      }
    },
    {
      "name" : "OutputHelpers",
      "targets" : [
        "OutputHelpers"
      ],
      "type" : {
        "library" : [
          "automatic"
        ]
      }
    },
    {
      "name" : "StandardLibraryHelpers",
      "targets" : [
        "StandardLibraryHelpers"
      ],
      "type" : {
        "library" : [
          "automatic"
        ]
      }
    },
    {
      "name" : "SynchronizationHelpers",
      "targets" : [
        "SynchronizationHelpers"
      ],
      "type" : {
        "library" : [
          "automatic"
        ]
      }
    }
  ],
  "targets" : [
    {
      "c99name" : "TestingShared",
      "module_type" : "SwiftTarget",
      "name" : "TestingShared",
      "path" : "Sources/TestingShared",
      "sources" : [
        "Comment+Shared.swift",
        "Tag+Shared.swift"
      ],
      "type" : "library"
    },
    {
      "c99name" : "SynchronizationHelpersTests",
      "module_type" : "SwiftTarget",
      "name" : "SynchronizationHelpersTests",
      "path" : "Tests/SynchronizationHelpersTests",
      "sources" : [
        "AtomicConcurrentTests.swift",
        "AtomicSerialTests.swift",
        "Helpers/ConcurrencyTest.swift",
        "LockedTests.swift",
        "RecursiveLockedTests.swift",
        "UnfairLockedTests.swift"
      ],
      "target_dependencies" : [
        "DebuggingHelpers",
        "StandardLibraryHelpers",
        "SynchronizationHelpers",
        "TestingShared"
      ],
      "type" : "test"
    },
    {
      "c99name" : "SynchronizationHelpers",
      "module_type" : "SwiftTarget",
      "name" : "SynchronizationHelpers",
      "path" : "Sources/SynchronizationHelpers",
      "product_memberships" : [
        "DebuggingHelpers",
        "OutputHelpers",
        "SynchronizationHelpers"
      ],
      "sources" : [
        "AtomicConcurrent.swift",
        "AtomicSerial.swift",
        "Locked.swift",
        "RecursiveLocked.swift",
        "UnfairLocked.swift"
      ],
      "type" : "library"
    },
    {
      "c99name" : "StandardLibraryHelpersTests",
      "module_type" : "SwiftTarget",
      "name" : "StandardLibraryHelpersTests",
      "path" : "Tests/StandardLibraryHelpersTests",
      "sources" : [
        "CollectionTests.swift",
        "KeyValuePairsTests.swift",
        "RegexTests.swift",
        "SequenceTests.swift",
        "SetTests.swift",
        "StringProtocolTests.swift",
        "StringTests.swift"
      ],
      "target_dependencies" : [
        "StandardLibraryHelpers"
      ],
      "type" : "test"
    },
    {
      "c99name" : "StandardLibraryHelpers",
      "module_type" : "SwiftTarget",
      "name" : "StandardLibraryHelpers",
      "path" : "Sources/StandardLibraryHelpers",
      "product_memberships" : [
        "AppKitHelpers",
        "CoreGraphicsHelpers",
        "FoundationHelpers",
        "StandardLibraryHelpers"
      ],
      "sources" : [
        "Collection+Extensions.swift",
        "KeyValuePairs+Extensions.swift",
        "Regex+Extensions.swift",
        "Sequence+Extensions.swift",
        "Set+Extensions.swift",
        "String+Extensions.swift",
        "String+Padding.swift",
        "String+Truncation.swift",
        "StringProtocol+Case.swift",
        "StringProtocol+Extensions.swift",
        "StringProtocol+Padding.swift",
        "Unicode.Scalar+Extensions.swift"
      ],
      "type" : "library"
    },
    {
      "c99name" : "OutputHelpersTests",
      "module_type" : "SwiftTarget",
      "name" : "OutputHelpersTests",
      "path" : "Tests/OutputHelpersTests",
      "sources" : [
        "BufferedOutputTests.swift",
        "ProcessOutputTests.swift"
      ],
      "target_dependencies" : [
        "FoundationHelpers",
        "OutputHelpers"
      ],
      "type" : "test"
    },
    {
      "c99name" : "OutputHelpers",
      "module_type" : "SwiftTarget",
      "name" : "OutputHelpers",
      "path" : "Sources/OutputHelpers",
      "product_memberships" : [
        "OutputHelpers"
      ],
      "sources" : [
        "BufferedOutput.swift",
        "BufferedOutputCollector.swift",
        "BufferedOutputProviding.swift",
        "FileHandle+TextOutputStream.swift",
        "OutputStreamKind.swift",
        "Process+Output.swift",
        "print.swift"
      ],
      "target_dependencies" : [
        "SynchronizationHelpers"
      ],
      "type" : "library"
    },
    {
      "c99name" : "LoggingHelpersTests",
      "module_type" : "SwiftTarget",
      "name" : "LoggingHelpersTests",
      "path" : "Tests/LoggingHelpersTests",
      "sources" : [
        "LegacyLoggerTests.swift",
        "LoggerTests.swift"
      ],
      "target_dependencies" : [
        "LoggingHelpers"
      ],
      "type" : "test"
    },
    {
      "c99name" : "LoggingHelpers",
      "module_type" : "SwiftTarget",
      "name" : "LoggingHelpers",
      "path" : "Sources/LoggingHelpers",
      "product_memberships" : [
        "LoggingHelpers"
      ],
      "sources" : [
        "ExtendedLogger.swift",
        "LegacyLogger+ExtendedLogger.swift",
        "LegacyLogger.swift",
        "Logger+ExtendedLogger.swift",
        "String+Logging.swift"
      ],
      "type" : "library"
    },
    {
      "c99name" : "FoundationLegacyHelpersTests",
      "module_type" : "SwiftTarget",
      "name" : "FoundationLegacyHelpersTests",
      "path" : "Tests/FoundationLegacyHelpersTests",
      "sources" : [
        "NSRegularExpressionTests.swift"
      ],
      "target_dependencies" : [
        "FoundationLegacyHelpers"
      ],
      "type" : "test"
    },
    {
      "c99name" : "FoundationLegacyHelpers",
      "module_type" : "SwiftTarget",
      "name" : "FoundationLegacyHelpers",
      "path" : "Sources/FoundationLegacyHelpers",
      "product_memberships" : [
        "FoundationLegacyHelpers"
      ],
      "sources" : [
        "NSRegularExpression+Extensions.swift",
        "NSTextCheckingResult+Extensions.swift",
        "String+NSRegularExpression.swift"
      ],
      "type" : "library"
    },
    {
      "c99name" : "FoundationHelpersTests",
      "module_type" : "SwiftTarget",
      "name" : "FoundationHelpersTests",
      "path" : "Tests/FoundationHelpersTests",
      "sources" : [
        "CharacterSetTests.swift",
        "DataTests.swift",
        "Helpers/CharacterSet+Testing.swift",
        "Helpers/Comment+CharacterSet.swift",
        "Helpers/Comment+URLs.swift",
        "Helpers/Comment+UserDefaults.swift",
        "Helpers/Condition.swift",
        "Helpers/FilenameComponents+Testing.swift",
        "Helpers/HierarchicalPath+Testing.swift",
        "Helpers/URL+Testing.swift",
        "Helpers/URLComponents+Testing.swift",
        "Helpers/URLNormalizationTest.swift",
        "Helpers/URLTestStrings.swift",
        "HierarchicalPathTests.swift",
        "IndexPathTests.swift",
        "ProcessAsyncTests.swift",
        "URLBaseURLTests.swift",
        "URLComparableTests.swift",
        "URLDirectoryTests.swift",
        "URLEncodingTests.swift",
        "URLEquatableTests.swift",
        "URLFilenameComponentsTests.swift",
        "URLHomeDirectoryTests.swift",
        "URLInitializationTests.swift",
        "URLLexicalNormalizationTests.swift",
        "URLNormalizationTests.swift",
        "URLPartsTests.swift",
        "URLRFC3986Tests.swift",
        "URLReferenceKindTests.swift",
        "URLRelativizationTests.swift",
        "UserDefaultTests.swift"
      ],
      "target_dependencies" : [
        "DebuggingHelpers",
        "FoundationHelpers",
        "TestingShared"
      ],
      "type" : "test"
    },
    {
      "c99name" : "FoundationHelpers",
      "module_type" : "SwiftTarget",
      "name" : "FoundationHelpers",
      "path" : "Sources/FoundationHelpers",
      "product_memberships" : [
        "AppKitHelpers",
        "CoreGraphicsHelpers",
        "FoundationHelpers"
      ],
      "sources" : [
        "Collections/IndexPath+Extensions.swift",
        "Data/Data+Extensions.swift",
        "Operations/BlockOperation+Extensions.swift",
        "Operations/OperationQueue+Extensions.swift",
        "Preferences/UserDefault.swift",
        "Preferences/UserDefaultJSONEncoded.swift",
        "Preferences/UserDefaultRawRepresented.swift",
        "Preferences/UserDefaultRepresentable.swift",
        "Processes/Process+Extensions.swift",
        "Resources/Bundle+Extensions.swift",
        "Scheduling/Timer+Extensions.swift",
        "StringsAndText/CharacterSet+Extensions.swift",
        "StringsAndText/CharacterSet+URL.swift",
        "URLs/FilenameComponents.swift",
        "URLs/HTTPURLResponse+Extensions.swift",
        "URLs/HierarchicalPath.swift",
        "URLs/URIReferenceKind.swift",
        "URLs/URL+BaseURL.swift",
        "URLs/URL+Comparable.swift",
        "URLs/URL+FilenameComponents.swift",
        "URLs/URL+HomeDirectory.swift",
        "URLs/URL+Normalization.swift",
        "URLs/URL+Parts.swift",
        "URLs/URL+ReferenceKind.swift",
        "URLs/URL+Relativization.swift",
        "URLs/URLBookmark.swift",
        "URLs/URLComponents+BaseURL.swift",
        "URLs/URLComponents+Normalization.swift",
        "URLs/URLComponents+ReferenceKind.swift"
      ],
      "target_dependencies" : [
        "StandardLibraryHelpers"
      ],
      "type" : "library"
    },
    {
      "c99name" : "ExitCodeHelpers",
      "module_type" : "SwiftTarget",
      "name" : "ExitCodeHelpers",
      "path" : "Sources/ExitCodeHelpers",
      "product_memberships" : [
        "ExitCodeHelpers"
      ],
      "sources" : [
        "ExitCodeProtocol.swift",
        "ExitCodeProvidingError.swift",
        "exit.swift"
      ],
      "type" : "library"
    },
    {
      "c99name" : "DebuggingHelpersTests",
      "module_type" : "SwiftTarget",
      "name" : "DebuggingHelpersTests",
      "path" : "Tests/DebuggingHelpersTests",
      "sources" : [
        "CallCounterTests.swift",
        "Helpers/sleep.swift",
        "SplitStopwatchTests.swift",
        "StopwatchTests.swift",
        "ThreadCounterTests.swift",
        "ThreadTests.swift"
      ],
      "target_dependencies" : [
        "DebuggingHelpers",
        "StandardLibraryHelpers",
        "TestingShared"
      ],
      "type" : "test"
    },
    {
      "c99name" : "DebuggingHelpers",
      "module_type" : "SwiftTarget",
      "name" : "DebuggingHelpers",
      "path" : "Sources/DebuggingHelpers",
      "product_memberships" : [
        "DebuggingHelpers"
      ],
      "sources" : [
        "CallCounter.swift",
        "SplitStopwatch.swift",
        "Stopwatch.swift",
        "Thread+Debug.swift",
        "ThreadCounter.swift",
        "dumpOutput.swift"
      ],
      "target_dependencies" : [
        "SynchronizationHelpers"
      ],
      "type" : "library"
    },
    {
      "c99name" : "CoreGraphicsHelpersTests",
      "module_type" : "SwiftTarget",
      "name" : "CoreGraphicsHelpersTests",
      "path" : "Tests/CoreGraphicsHelpersTests",
      "sources" : [
        "CGSizeTests.swift"
      ],
      "target_dependencies" : [
        "CoreGraphicsHelpers"
      ],
      "type" : "test"
    },
    {
      "c99name" : "CoreGraphicsHelpers",
      "module_type" : "SwiftTarget",
      "name" : "CoreGraphicsHelpers",
      "path" : "Sources/CoreGraphicsHelpers",
      "product_memberships" : [
        "CoreGraphicsHelpers"
      ],
      "sources" : [
        "CGFloat+Extensions.swift",
        "CGSize+Extensions.swift"
      ],
      "target_dependencies" : [
        "FoundationHelpers"
      ],
      "type" : "library"
    },
    {
      "c99name" : "CoreDataHelpers",
      "module_type" : "SwiftTarget",
      "name" : "CoreDataHelpers",
      "path" : "Sources/CoreDataHelpers",
      "product_memberships" : [
        "CoreDataHelpers"
      ],
      "sources" : [
        "NSManagedObject+Extensions.swift",
        "NSManagedObjectContext+Extensions.swift"
      ],
      "type" : "library"
    },
    {
      "c99name" : "CoreAnimationHelpers",
      "module_type" : "SwiftTarget",
      "name" : "CoreAnimationHelpers",
      "path" : "Sources/CoreAnimationHelpers",
      "product_memberships" : [
        "CoreAnimationHelpers"
      ],
      "sources" : [
        "CALayer+Extensions.swift",
        "CAMediaTiming+Extensions.swift"
      ],
      "type" : "library"
    },
    {
      "c99name" : "AppKitHelpersTests",
      "module_type" : "SwiftTarget",
      "name" : "AppKitHelpersTests",
      "path" : "Tests/AppKitHelpersTests",
      "sources" : [
        "NSMenuItemTests.swift",
        "NSTreeControllerTests.swift"
      ],
      "target_dependencies" : [
        "AppKitHelpers"
      ],
      "type" : "test"
    },
    {
      "c99name" : "AppKitHelpers",
      "module_type" : "SwiftTarget",
      "name" : "AppKitHelpers",
      "path" : "Sources/AppKitHelpers",
      "product_memberships" : [
        "AppKitHelpers"
      ],
      "sources" : [
        "Bindings/NSObject+Bindings.swift",
        "Controllers/NSTreeController+Extensions.swift",
        "Input/EventMonitor.swift",
        "Menus/NSMenuItem+Extensions.swift",
        "TouchBar/AlertStyleGroupTouchBarItem.swift",
        "TouchBar/NSTouchBar+Extensions.swift",
        "Views/ModalView.swift",
        "Views/NSBrowser+Extensions.swift",
        "Views/NSImage+Extensions.swift",
        "Views/NSResponder+Extensions.swift",
        "Views/NSTableView+Extensions.swift",
        "Views/NSView+Extensions.swift"
      ],
      "target_dependencies" : [
        "FoundationHelpers"
      ],
      "type" : "library"
    }
  ],
  "tools_version" : "6.0"
}
{
  "workspace" : {
    "name" : "SwiftHelpers",
    "schemes" : [
      "AppKitHelpers",
      "CoreAnimationHelpers",
      "CoreDataHelpers",
      "CoreGraphicsHelpers",
      "DebuggingHelpers",
      "ExitCodeHelpers",
      "FoundationHelpers",
      "FoundationLegacyHelpers",
      "LoggingHelpers",
      "OutputHelpers",
      "StandardLibraryHelpers",
      "SwiftHelpers",
      "SwiftHelpers-Package",
      "SynchronizationHelpers"
    ]
  }
}
2026-09-23 01:13:36.514 xcodebuild[760:4978] [MT] IDERunDestination: Supported platforms for the buildables in the current scheme is empty.
2026-09-23 01:13:36.627 xcodebuild[760:4978] [MT] IDERunDestination: Supported platforms for the buildables in the current scheme is empty.
Running build ...
env DEVELOPER_DIR=/Applications/Xcode-27.0.0-Release.Candidate.app xcrun xcodebuild -IDEClonedSourcePackagesDirPathOverride=$PWD/.dependencies -skipMacroValidation -skipPackagePluginValidation -derivedDataPath $PWD/.derivedData build -scheme SwiftHelpers-Package -destination generic/platform=watchOS
Command line invocation:
    /Applications/Xcode-27.0.0-Release.Candidate.app/Contents/Developer/usr/bin/xcodebuild -IDEClonedSourcePackagesDirPathOverride=/Users/admin/builder/spi-builder-workspace/.dependencies -skipMacroValidation -skipPackagePluginValidation -derivedDataPath /Users/admin/builder/spi-builder-workspace/.derivedData build -scheme SwiftHelpers-Package -destination generic/platform=watchOS
Resolve Package Graph
Resolved source packages:
  SwiftHelpers: /Users/admin/builder/spi-builder-workspace
ComputePackagePrebuildTargetDependencyGraph
Prepare packages
CreateBuildRequest
SendProjectDescription
CreateBuildOperation
ComputeTargetDependencyGraph
note: Building targets in dependency order
note: Target dependency graph (24 targets)
    Target 'SynchronizationHelpers-product' in project 'SwiftHelpers'
        ➜ Explicit dependency on target 'SynchronizationHelpers' in project 'SwiftHelpers'
    Target 'StandardLibraryHelpers-product' in project 'SwiftHelpers'
        ➜ Explicit dependency on target 'StandardLibraryHelpers' in project 'SwiftHelpers'
    Target 'OutputHelpers-product' in project 'SwiftHelpers'
        ➜ Explicit dependency on target 'OutputHelpers' in project 'SwiftHelpers'
        ➜ Explicit dependency on target 'SynchronizationHelpers' in project 'SwiftHelpers'
    Target 'OutputHelpers' in project 'SwiftHelpers'
        ➜ Explicit dependency on target 'SynchronizationHelpers' in project 'SwiftHelpers'
    Target 'LoggingHelpers-product' in project 'SwiftHelpers'
        ➜ Explicit dependency on target 'LoggingHelpers' in project 'SwiftHelpers'
    Target 'LoggingHelpers' in project 'SwiftHelpers' (no dependencies)
    Target 'FoundationLegacyHelpers-product' in project 'SwiftHelpers'
        ➜ Explicit dependency on target 'FoundationLegacyHelpers' in project 'SwiftHelpers'
    Target 'FoundationLegacyHelpers' in project 'SwiftHelpers' (no dependencies)
    Target 'FoundationHelpers-product' in project 'SwiftHelpers'
        ➜ Explicit dependency on target 'FoundationHelpers' in project 'SwiftHelpers'
        ➜ Explicit dependency on target 'StandardLibraryHelpers' in project 'SwiftHelpers'
    Target 'ExitCodeHelpers-product' in project 'SwiftHelpers'
        ➜ Explicit dependency on target 'ExitCodeHelpers' in project 'SwiftHelpers'
    Target 'ExitCodeHelpers' in project 'SwiftHelpers' (no dependencies)
    Target 'DebuggingHelpers-product' in project 'SwiftHelpers'
        ➜ Explicit dependency on target 'DebuggingHelpers' in project 'SwiftHelpers'
        ➜ Explicit dependency on target 'SynchronizationHelpers' in project 'SwiftHelpers'
    Target 'DebuggingHelpers' in project 'SwiftHelpers'
        ➜ Explicit dependency on target 'SynchronizationHelpers' in project 'SwiftHelpers'
    Target 'SynchronizationHelpers' in project 'SwiftHelpers' (no dependencies)
    Target 'CoreGraphicsHelpers-product' in project 'SwiftHelpers'
        ➜ Explicit dependency on target 'CoreGraphicsHelpers' in project 'SwiftHelpers'
        ➜ Explicit dependency on target 'StandardLibraryHelpers' in project 'SwiftHelpers'
        ➜ Explicit dependency on target 'FoundationHelpers' in project 'SwiftHelpers'
    Target 'CoreGraphicsHelpers' in project 'SwiftHelpers'
        ➜ Explicit dependency on target 'StandardLibraryHelpers' in project 'SwiftHelpers'
        ➜ Explicit dependency on target 'FoundationHelpers' in project 'SwiftHelpers'
    Target 'CoreDataHelpers-product' in project 'SwiftHelpers'
        ➜ Explicit dependency on target 'CoreDataHelpers' in project 'SwiftHelpers'
    Target 'CoreDataHelpers' in project 'SwiftHelpers' (no dependencies)
    Target 'CoreAnimationHelpers-product' in project 'SwiftHelpers'
        ➜ Explicit dependency on target 'CoreAnimationHelpers' in project 'SwiftHelpers'
    Target 'CoreAnimationHelpers' in project 'SwiftHelpers' (no dependencies)
    Target 'AppKitHelpers-product' in project 'SwiftHelpers'
        ➜ Explicit dependency on target 'AppKitHelpers' in project 'SwiftHelpers'
        ➜ Explicit dependency on target 'StandardLibraryHelpers' in project 'SwiftHelpers'
        ➜ Explicit dependency on target 'FoundationHelpers' in project 'SwiftHelpers'
    Target 'AppKitHelpers' in project 'SwiftHelpers'
        ➜ Explicit dependency on target 'StandardLibraryHelpers' in project 'SwiftHelpers'
        ➜ Explicit dependency on target 'FoundationHelpers' in project 'SwiftHelpers'
    Target 'FoundationHelpers' in project 'SwiftHelpers'
        ➜ Explicit dependency on target 'StandardLibraryHelpers' in project 'SwiftHelpers'
    Target 'StandardLibraryHelpers' in project 'SwiftHelpers' (no dependencies)
GatherProvisioningInputs
CreateBuildDescription
ClangStatCache /Applications/Xcode-27.0.0-Release.Candidate.app/Contents/Developer/Toolchains/XcodeDefault.xctoolchain/usr/bin/clang-stat-cache /Applications/Xcode-27.0.0-Release.Candidate.app/Contents/Developer/Platforms/WatchOS.platform/Developer/SDKs/WatchOS27.0.sdk /Users/admin/builder/spi-builder-workspace/.derivedData/SDKStatCaches.noindex/watchos27.0-24R360-e829b21a6f8c9b70876ba0858053c04477534ef55a1706bf4c1112bbb242f0a2.sdkstatcache
    cd /Users/admin/builder/spi-builder-workspace/.swiftpm/xcode
    /Applications/Xcode-27.0.0-Release.Candidate.app/Contents/Developer/Toolchains/XcodeDefault.xctoolchain/usr/bin/clang-stat-cache /Applications/Xcode-27.0.0-Release.Candidate.app/Contents/Developer/Platforms/WatchOS.platform/Developer/SDKs/WatchOS27.0.sdk -o /Users/admin/builder/spi-builder-workspace/.derivedData/SDKStatCaches.noindex/watchos27.0-24R360-e829b21a6f8c9b70876ba0858053c04477534ef55a1706bf4c1112bbb242f0a2.sdkstatcache
Copy /Users/admin/builder/spi-builder-workspace/.derivedData/Build/Products/Debug-watchos/CoreDataHelpers.swiftmodule/arm64_32-apple-watchos.swiftmodule /Users/admin/builder/spi-builder-workspace/.derivedData/Build/Intermediates.noindex/SwiftHelpers.build/Debug-watchos/CoreDataHelpers-t.build/Objects-normal/arm64_32/CoreDataHelpers.swiftmodule (in target 'CoreDataHelpers' from project 'SwiftHelpers')
    cd /Users/admin/builder/spi-builder-workspace
    builtin-copy -exclude .DS_Store -exclude CVS -exclude .svn -exclude .git -exclude .hg -resolve-src-symlinks -rename /Users/admin/builder/spi-builder-workspace/.derivedData/Build/Intermediates.noindex/SwiftHelpers.build/Debug-watchos/CoreDataHelpers-t.build/Objects-normal/arm64_32/CoreDataHelpers.swiftmodule /Users/admin/builder/spi-builder-workspace/.derivedData/Build/Products/Debug-watchos/CoreDataHelpers.swiftmodule/arm64_32-apple-watchos.swiftmodule
Copy /Users/admin/builder/spi-builder-workspace/.derivedData/Build/Products/Debug-watchos/CoreDataHelpers.swiftmodule/arm64_32-apple-watchos.swiftdoc /Users/admin/builder/spi-builder-workspace/.derivedData/Build/Intermediates.noindex/SwiftHelpers.build/Debug-watchos/CoreDataHelpers-t.build/Objects-normal/arm64_32/CoreDataHelpers.swiftdoc (in target 'CoreDataHelpers' from project 'SwiftHelpers')
    cd /Users/admin/builder/spi-builder-workspace
    builtin-copy -exclude .DS_Store -exclude CVS -exclude .svn -exclude .git -exclude .hg -resolve-src-symlinks -rename /Users/admin/builder/spi-builder-workspace/.derivedData/Build/Intermediates.noindex/SwiftHelpers.build/Debug-watchos/CoreDataHelpers-t.build/Objects-normal/arm64_32/CoreDataHelpers.swiftdoc /Users/admin/builder/spi-builder-workspace/.derivedData/Build/Products/Debug-watchos/CoreDataHelpers.swiftmodule/arm64_32-apple-watchos.swiftdoc
Copy /Users/admin/builder/spi-builder-workspace/.derivedData/Build/Products/Debug-watchos/CoreDataHelpers.swiftmodule/arm64_32-apple-watchos.abi.json /Users/admin/builder/spi-builder-workspace/.derivedData/Build/Intermediates.noindex/SwiftHelpers.build/Debug-watchos/CoreDataHelpers-t.build/Objects-normal/arm64_32/CoreDataHelpers.abi.json (in target 'CoreDataHelpers' from project 'SwiftHelpers')
    cd /Users/admin/builder/spi-builder-workspace
    builtin-copy -exclude .DS_Store -exclude CVS -exclude .svn -exclude .git -exclude .hg -resolve-src-symlinks -rename /Users/admin/builder/spi-builder-workspace/.derivedData/Build/Intermediates.noindex/SwiftHelpers.build/Debug-watchos/CoreDataHelpers-t.build/Objects-normal/arm64_32/CoreDataHelpers.abi.json /Users/admin/builder/spi-builder-workspace/.derivedData/Build/Products/Debug-watchos/CoreDataHelpers.swiftmodule/arm64_32-apple-watchos.abi.json
Copy /Users/admin/builder/spi-builder-workspace/.derivedData/Build/Products/Debug-watchos/CoreDataHelpers.swiftmodule/Project/arm64_32-apple-watchos.swiftsourceinfo /Users/admin/builder/spi-builder-workspace/.derivedData/Build/Intermediates.noindex/SwiftHelpers.build/Debug-watchos/CoreDataHelpers-t.build/Objects-normal/arm64_32/CoreDataHelpers.swiftsourceinfo (in target 'CoreDataHelpers' from project 'SwiftHelpers')
    cd /Users/admin/builder/spi-builder-workspace
    builtin-copy -exclude .DS_Store -exclude CVS -exclude .svn -exclude .git -exclude .hg -resolve-src-symlinks -rename /Users/admin/builder/spi-builder-workspace/.derivedData/Build/Intermediates.noindex/SwiftHelpers.build/Debug-watchos/CoreDataHelpers-t.build/Objects-normal/arm64_32/CoreDataHelpers.swiftsourceinfo /Users/admin/builder/spi-builder-workspace/.derivedData/Build/Products/Debug-watchos/CoreDataHelpers.swiftmodule/Project/arm64_32-apple-watchos.swiftsourceinfo
SwiftDriver SynchronizationHelpers normal arm64_32 com.apple.xcode.tools.swift.compiler (in target 'SynchronizationHelpers' from project 'SwiftHelpers')
    cd /Users/admin/builder/spi-builder-workspace/.swiftpm/xcode
    builtin-SwiftDriver -- /Applications/Xcode-27.0.0-Release.Candidate.app/Contents/Developer/Toolchains/XcodeDefault.xctoolchain/usr/bin/swiftc -parse-as-library -module-name SynchronizationHelpers -Onone @/Users/admin/builder/spi-builder-workspace/.derivedData/Build/Intermediates.noindex/SwiftHelpers.build/Debug-watchos/SynchronizationHelpers-t.build/Objects-normal/arm64_32/SynchronizationHelpers.SwiftFileList -DSWIFT_PACKAGE -DDEBUG -DSWIFT_MODULE_RESOURCE_BUNDLE_UNAVAILABLE -DXcode -enable-upcoming-feature MemberImportVisibility -plugin-path /Applications/Xcode-27.0.0-Release.Candidate.app/Contents/Developer/Toolchains/XcodeDefault.xctoolchain/usr/lib/swift/host/plugins/testing -enable-experimental-feature DebugDescriptionMacro -sdk /Applications/Xcode-27.0.0-Release.Candidate.app/Contents/Developer/Platforms/WatchOS.platform/Developer/SDKs/WatchOS27.0.sdk -target arm64_32-apple-watchos9.0 -g -module-cache-path /Users/admin/builder/spi-builder-workspace/.derivedData/ModuleCache.noindex -Xfrontend -serialize-debugging-options -profile-coverage-mapping -profile-generate -enable-testing -index-store-path /Users/admin/builder/spi-builder-workspace/.derivedData/Index.noindex/DataStore -Xcc -D_LIBCPP_HARDENING_MODE\=_LIBCPP_HARDENING_MODE_DEBUG -swift-version 6 -I /Users/admin/builder/spi-builder-workspace/.derivedData/Build/Products/Debug-watchos -Isystem /Applications/Xcode-27.0.0-Release.Candidate.app/Contents/Developer/Platforms/WatchOS.platform/Developer/usr/lib -F /Users/admin/builder/spi-builder-workspace/.derivedData/Build/Products/Debug-watchos -F /Applications/Xcode-27.0.0-Release.Candidate.app/Contents/Developer/Platforms/WatchOS.platform/Developer/Library/Frameworks -F /Applications/Xcode-27.0.0-Release.Candidate.app/Contents/Developer/Platforms/WatchOS.platform/Developer/SDKs/WatchOS27.0.sdk/Developer/Library/Frameworks -c -j10 -enable-batch-mode -incremental -Xcc -ivfsstatcache -Xcc /Users/admin/builder/spi-builder-workspace/.derivedData/SDKStatCaches.noindex/watchos27.0-24R360-e829b21a6f8c9b70876ba0858053c04477534ef55a1706bf4c1112bbb242f0a2.sdkstatcache -output-file-map /Users/admin/builder/spi-builder-workspace/.derivedData/Build/Intermediates.noindex/SwiftHelpers.build/Debug-watchos/SynchronizationHelpers-t.build/Objects-normal/arm64_32/SynchronizationHelpers-OutputFileMap.json -save-temps -no-color-diagnostics -explicit-module-build -module-cache-path /Users/admin/builder/spi-builder-workspace/.derivedData/Build/Intermediates.noindex/SwiftExplicitPrecompiledModules -clang-scanner-module-cache-path /Users/admin/builder/spi-builder-workspace/.derivedData/ModuleCache.noindex -sdk-module-cache-path /Users/admin/builder/spi-builder-workspace/.derivedData/SDKExplicitPrecompiledModules -emit-dependencies -emit-module -emit-module-path /Users/admin/builder/spi-builder-workspace/.derivedData/Build/Intermediates.noindex/SwiftHelpers.build/Debug-watchos/SynchronizationHelpers-t.build/Objects-normal/arm64_32/SynchronizationHelpers.swiftmodule -serialize-diagnostics -dependency-scan-serialize-diagnostics-path /Users/admin/builder/spi-builder-workspace/.derivedData/Build/Intermediates.noindex/SwiftHelpers.build/Debug-watchos/SynchronizationHelpers-t.build/Objects-normal/arm64_32/SynchronizationHelpers-dependency-scan.dia -validate-clang-modules-once -clang-build-session-file /Users/admin/builder/spi-builder-workspace/.derivedData/ModuleCache.noindex/Session.modulevalidation -Xcc -fmodules-prune-interval\=86400 -Xcc -fmodules-prune-after\=345600 -package-name spi_builder_workspace -emit-const-values -const-gather-protocols-list /Users/admin/builder/spi-builder-workspace/.derivedData/Build/Intermediates.noindex/SwiftHelpers.build/Debug-watchos/SynchronizationHelpers-t.build/Objects-normal/arm64_32/SynchronizationHelpers_const_extract_protocols.json -Xcc -I/Users/admin/builder/spi-builder-workspace/.derivedData/Build/Products/Debug-watchos/include -Xcc -I/Users/admin/builder/spi-builder-workspace/.derivedData/Build/Intermediates.noindex/SwiftHelpers.build/Debug-watchos/SynchronizationHelpers-t.build/DerivedSources-normal/arm64_32 -Xcc -I/Users/admin/builder/spi-builder-workspace/.derivedData/Build/Intermediates.noindex/SwiftHelpers.build/Debug-watchos/SynchronizationHelpers-t.build/DerivedSources/arm64_32 -Xcc -I/Users/admin/builder/spi-builder-workspace/.derivedData/Build/Intermediates.noindex/SwiftHelpers.build/Debug-watchos/SynchronizationHelpers-t.build/DerivedSources -Xcc -DSWIFT_PACKAGE -Xcc -DDEBUG\=1 -emit-objc-header -emit-objc-header-path /Users/admin/builder/spi-builder-workspace/.derivedData/Build/Intermediates.noindex/SwiftHelpers.build/Debug-watchos/SynchronizationHelpers-t.build/Objects-normal/arm64_32/SynchronizationHelpers-Swift.h -working-directory /Users/admin/builder/spi-builder-workspace/.swiftpm/xcode -experimental-emit-module-separately -disable-cmo
SwiftDriver SynchronizationHelpers normal arm64 com.apple.xcode.tools.swift.compiler (in target 'SynchronizationHelpers' from project 'SwiftHelpers')
    cd /Users/admin/builder/spi-builder-workspace/.swiftpm/xcode
    builtin-SwiftDriver -- /Applications/Xcode-27.0.0-Release.Candidate.app/Contents/Developer/Toolchains/XcodeDefault.xctoolchain/usr/bin/swiftc -parse-as-library -module-name SynchronizationHelpers -Onone @/Users/admin/builder/spi-builder-workspace/.derivedData/Build/Intermediates.noindex/SwiftHelpers.build/Debug-watchos/SynchronizationHelpers-t.build/Objects-normal/arm64/SynchronizationHelpers.SwiftFileList -DSWIFT_PACKAGE -DDEBUG -DSWIFT_MODULE_RESOURCE_BUNDLE_UNAVAILABLE -DXcode -enable-upcoming-feature MemberImportVisibility -plugin-path /Applications/Xcode-27.0.0-Release.Candidate.app/Contents/Developer/Toolchains/XcodeDefault.xctoolchain/usr/lib/swift/host/plugins/testing -enable-experimental-feature DebugDescriptionMacro -sdk /Applications/Xcode-27.0.0-Release.Candidate.app/Contents/Developer/Platforms/WatchOS.platform/Developer/SDKs/WatchOS27.0.sdk -target arm64-apple-watchos9.0 -g -module-cache-path /Users/admin/builder/spi-builder-workspace/.derivedData/ModuleCache.noindex -Xfrontend -serialize-debugging-options -profile-coverage-mapping -profile-generate -enable-testing -index-store-path /Users/admin/builder/spi-builder-workspace/.derivedData/Index.noindex/DataStore -Xcc -D_LIBCPP_HARDENING_MODE\=_LIBCPP_HARDENING_MODE_DEBUG -swift-version 6 -I /Users/admin/builder/spi-builder-workspace/.derivedData/Build/Products/Debug-watchos -Isystem /Applications/Xcode-27.0.0-Release.Candidate.app/Contents/Developer/Platforms/WatchOS.platform/Developer/usr/lib -F /Users/admin/builder/spi-builder-workspace/.derivedData/Build/Products/Debug-watchos -F /Applications/Xcode-27.0.0-Release.Candidate.app/Contents/Developer/Platforms/WatchOS.platform/Developer/Library/Frameworks -F /Applications/Xcode-27.0.0-Release.Candidate.app/Contents/Developer/Platforms/WatchOS.platform/Developer/SDKs/WatchOS27.0.sdk/Developer/Library/Frameworks -c -j10 -enable-batch-mode -incremental -Xcc -ivfsstatcache -Xcc /Users/admin/builder/spi-builder-workspace/.derivedData/SDKStatCaches.noindex/watchos27.0-24R360-e829b21a6f8c9b70876ba0858053c04477534ef55a1706bf4c1112bbb242f0a2.sdkstatcache -output-file-map /Users/admin/builder/spi-builder-workspace/.derivedData/Build/Intermediates.noindex/SwiftHelpers.build/Debug-watchos/SynchronizationHelpers-t.build/Objects-normal/arm64/SynchronizationHelpers-OutputFileMap.json -save-temps -no-color-diagnostics -explicit-module-build -module-cache-path /Users/admin/builder/spi-builder-workspace/.derivedData/Build/Intermediates.noindex/SwiftExplicitPrecompiledModules -clang-scanner-module-cache-path /Users/admin/builder/spi-builder-workspace/.derivedData/ModuleCache.noindex -sdk-module-cache-path /Users/admin/builder/spi-builder-workspace/.derivedData/SDKExplicitPrecompiledModules -emit-dependencies -emit-module -emit-module-path /Users/admin/builder/spi-builder-workspace/.derivedData/Build/Intermediates.noindex/SwiftHelpers.build/Debug-watchos/SynchronizationHelpers-t.build/Objects-normal/arm64/SynchronizationHelpers.swiftmodule -serialize-diagnostics -dependency-scan-serialize-diagnostics-path /Users/admin/builder/spi-builder-workspace/.derivedData/Build/Intermediates.noindex/SwiftHelpers.build/Debug-watchos/SynchronizationHelpers-t.build/Objects-normal/arm64/SynchronizationHelpers-dependency-scan.dia -validate-clang-modules-once -clang-build-session-file /Users/admin/builder/spi-builder-workspace/.derivedData/ModuleCache.noindex/Session.modulevalidation -Xcc -fmodules-prune-interval\=86400 -Xcc -fmodules-prune-after\=345600 -package-name spi_builder_workspace -emit-const-values -const-gather-protocols-list /Users/admin/builder/spi-builder-workspace/.derivedData/Build/Intermediates.noindex/SwiftHelpers.build/Debug-watchos/SynchronizationHelpers-t.build/Objects-normal/arm64/SynchronizationHelpers_const_extract_protocols.json -Xcc -I/Users/admin/builder/spi-builder-workspace/.derivedData/Build/Products/Debug-watchos/include -Xcc -I/Users/admin/builder/spi-builder-workspace/.derivedData/Build/Intermediates.noindex/SwiftHelpers.build/Debug-watchos/SynchronizationHelpers-t.build/DerivedSources-normal/arm64 -Xcc -I/Users/admin/builder/spi-builder-workspace/.derivedData/Build/Intermediates.noindex/SwiftHelpers.build/Debug-watchos/SynchronizationHelpers-t.build/DerivedSources/arm64 -Xcc -I/Users/admin/builder/spi-builder-workspace/.derivedData/Build/Intermediates.noindex/SwiftHelpers.build/Debug-watchos/SynchronizationHelpers-t.build/DerivedSources -Xcc -DSWIFT_PACKAGE -Xcc -DDEBUG\=1 -emit-objc-header -emit-objc-header-path /Users/admin/builder/spi-builder-workspace/.derivedData/Build/Intermediates.noindex/SwiftHelpers.build/Debug-watchos/SynchronizationHelpers-t.build/Objects-normal/arm64/SynchronizationHelpers-Swift.h -working-directory /Users/admin/builder/spi-builder-workspace/.swiftpm/xcode -experimental-emit-module-separately -disable-cmo
SwiftDriver StandardLibraryHelpers normal arm64_32 com.apple.xcode.tools.swift.compiler (in target 'StandardLibraryHelpers' from project 'SwiftHelpers')
    cd /Users/admin/builder/spi-builder-workspace/.swiftpm/xcode
    builtin-SwiftDriver -- /Applications/Xcode-27.0.0-Release.Candidate.app/Contents/Developer/Toolchains/XcodeDefault.xctoolchain/usr/bin/swiftc -parse-as-library -module-name StandardLibraryHelpers -Onone @/Users/admin/builder/spi-builder-workspace/.derivedData/Build/Intermediates.noindex/SwiftHelpers.build/Debug-watchos/StandardLibraryHelpers-t.build/Objects-normal/arm64_32/StandardLibraryHelpers.SwiftFileList -DSWIFT_PACKAGE -DDEBUG -DSWIFT_MODULE_RESOURCE_BUNDLE_UNAVAILABLE -DXcode -enable-upcoming-feature MemberImportVisibility -plugin-path /Applications/Xcode-27.0.0-Release.Candidate.app/Contents/Developer/Toolchains/XcodeDefault.xctoolchain/usr/lib/swift/host/plugins/testing -enable-experimental-feature DebugDescriptionMacro -sdk /Applications/Xcode-27.0.0-Release.Candidate.app/Contents/Developer/Platforms/WatchOS.platform/Developer/SDKs/WatchOS27.0.sdk -target arm64_32-apple-watchos9.0 -g -module-cache-path /Users/admin/builder/spi-builder-workspace/.derivedData/ModuleCache.noindex -Xfrontend -serialize-debugging-options -profile-coverage-mapping -profile-generate -enable-testing -index-store-path /Users/admin/builder/spi-builder-workspace/.derivedData/Index.noindex/DataStore -Xcc -D_LIBCPP_HARDENING_MODE\=_LIBCPP_HARDENING_MODE_DEBUG -swift-version 6 -I /Users/admin/builder/spi-builder-workspace/.derivedData/Build/Products/Debug-watchos -Isystem /Applications/Xcode-27.0.0-Release.Candidate.app/Contents/Developer/Platforms/WatchOS.platform/Developer/usr/lib -F /Users/admin/builder/spi-builder-workspace/.derivedData/Build/Products/Debug-watchos -F /Applications/Xcode-27.0.0-Release.Candidate.app/Contents/Developer/Platforms/WatchOS.platform/Developer/Library/Frameworks -F /Applications/Xcode-27.0.0-Release.Candidate.app/Contents/Developer/Platforms/WatchOS.platform/Developer/SDKs/WatchOS27.0.sdk/Developer/Library/Frameworks -c -j10 -enable-batch-mode -incremental -Xcc -ivfsstatcache -Xcc /Users/admin/builder/spi-builder-workspace/.derivedData/SDKStatCaches.noindex/watchos27.0-24R360-e829b21a6f8c9b70876ba0858053c04477534ef55a1706bf4c1112bbb242f0a2.sdkstatcache -output-file-map /Users/admin/builder/spi-builder-workspace/.derivedData/Build/Intermediates.noindex/SwiftHelpers.build/Debug-watchos/StandardLibraryHelpers-t.build/Objects-normal/arm64_32/StandardLibraryHelpers-OutputFileMap.json -save-temps -no-color-diagnostics -explicit-module-build -module-cache-path /Users/admin/builder/spi-builder-workspace/.derivedData/Build/Intermediates.noindex/SwiftExplicitPrecompiledModules -clang-scanner-module-cache-path /Users/admin/builder/spi-builder-workspace/.derivedData/ModuleCache.noindex -sdk-module-cache-path /Users/admin/builder/spi-builder-workspace/.derivedData/SDKExplicitPrecompiledModules -emit-dependencies -emit-module -emit-module-path /Users/admin/builder/spi-builder-workspace/.derivedData/Build/Intermediates.noindex/SwiftHelpers.build/Debug-watchos/StandardLibraryHelpers-t.build/Objects-normal/arm64_32/StandardLibraryHelpers.swiftmodule -serialize-diagnostics -dependency-scan-serialize-diagnostics-path /Users/admin/builder/spi-builder-workspace/.derivedData/Build/Intermediates.noindex/SwiftHelpers.build/Debug-watchos/StandardLibraryHelpers-t.build/Objects-normal/arm64_32/StandardLibraryHelpers-dependency-scan.dia -validate-clang-modules-once -clang-build-session-file /Users/admin/builder/spi-builder-workspace/.derivedData/ModuleCache.noindex/Session.modulevalidation -Xcc -fmodules-prune-interval\=86400 -Xcc -fmodules-prune-after\=345600 -package-name spi_builder_workspace -emit-const-values -const-gather-protocols-list /Users/admin/builder/spi-builder-workspace/.derivedData/Build/Intermediates.noindex/SwiftHelpers.build/Debug-watchos/StandardLibraryHelpers-t.build/Objects-normal/arm64_32/StandardLibraryHelpers_const_extract_protocols.json -Xcc -I/Users/admin/builder/spi-builder-workspace/.derivedData/Build/Products/Debug-watchos/include -Xcc -I/Users/admin/builder/spi-builder-workspace/.derivedData/Build/Intermediates.noindex/SwiftHelpers.build/Debug-watchos/StandardLibraryHelpers-t.build/DerivedSources-normal/arm64_32 -Xcc -I/Users/admin/builder/spi-builder-workspace/.derivedData/Build/Intermediates.noindex/SwiftHelpers.build/Debug-watchos/StandardLibraryHelpers-t.build/DerivedSources/arm64_32 -Xcc -I/Users/admin/builder/spi-builder-workspace/.derivedData/Build/Intermediates.noindex/SwiftHelpers.build/Debug-watchos/StandardLibraryHelpers-t.build/DerivedSources -Xcc -DSWIFT_PACKAGE -Xcc -DDEBUG\=1 -emit-objc-header -emit-objc-header-path /Users/admin/builder/spi-builder-workspace/.derivedData/Build/Intermediates.noindex/SwiftHelpers.build/Debug-watchos/StandardLibraryHelpers-t.build/Objects-normal/arm64_32/StandardLibraryHelpers-Swift.h -working-directory /Users/admin/builder/spi-builder-workspace/.swiftpm/xcode -experimental-emit-module-separately -disable-cmo
SwiftDriver StandardLibraryHelpers normal arm64 com.apple.xcode.tools.swift.compiler (in target 'StandardLibraryHelpers' from project 'SwiftHelpers')
    cd /Users/admin/builder/spi-builder-workspace/.swiftpm/xcode
    builtin-SwiftDriver -- /Applications/Xcode-27.0.0-Release.Candidate.app/Contents/Developer/Toolchains/XcodeDefault.xctoolchain/usr/bin/swiftc -parse-as-library -module-name StandardLibraryHelpers -Onone @/Users/admin/builder/spi-builder-workspace/.derivedData/Build/Intermediates.noindex/SwiftHelpers.build/Debug-watchos/StandardLibraryHelpers-t.build/Objects-normal/arm64/StandardLibraryHelpers.SwiftFileList -DSWIFT_PACKAGE -DDEBUG -DSWIFT_MODULE_RESOURCE_BUNDLE_UNAVAILABLE -DXcode -enable-upcoming-feature MemberImportVisibility -plugin-path /Applications/Xcode-27.0.0-Release.Candidate.app/Contents/Developer/Toolchains/XcodeDefault.xctoolchain/usr/lib/swift/host/plugins/testing -enable-experimental-feature DebugDescriptionMacro -sdk /Applications/Xcode-27.0.0-Release.Candidate.app/Contents/Developer/Platforms/WatchOS.platform/Developer/SDKs/WatchOS27.0.sdk -target arm64-apple-watchos9.0 -g -module-cache-path /Users/admin/builder/spi-builder-workspace/.derivedData/ModuleCache.noindex -Xfrontend -serialize-debugging-options -profile-coverage-mapping -profile-generate -enable-testing -index-store-path /Users/admin/builder/spi-builder-workspace/.derivedData/Index.noindex/DataStore -Xcc -D_LIBCPP_HARDENING_MODE\=_LIBCPP_HARDENING_MODE_DEBUG -swift-version 6 -I /Users/admin/builder/spi-builder-workspace/.derivedData/Build/Products/Debug-watchos -Isystem /Applications/Xcode-27.0.0-Release.Candidate.app/Contents/Developer/Platforms/WatchOS.platform/Developer/usr/lib -F /Users/admin/builder/spi-builder-workspace/.derivedData/Build/Products/Debug-watchos -F /Applications/Xcode-27.0.0-Release.Candidate.app/Contents/Developer/Platforms/WatchOS.platform/Developer/Library/Frameworks -F /Applications/Xcode-27.0.0-Release.Candidate.app/Contents/Developer/Platforms/WatchOS.platform/Developer/SDKs/WatchOS27.0.sdk/Developer/Library/Frameworks -c -j10 -enable-batch-mode -incremental -Xcc -ivfsstatcache -Xcc /Users/admin/builder/spi-builder-workspace/.derivedData/SDKStatCaches.noindex/watchos27.0-24R360-e829b21a6f8c9b70876ba0858053c04477534ef55a1706bf4c1112bbb242f0a2.sdkstatcache -output-file-map /Users/admin/builder/spi-builder-workspace/.derivedData/Build/Intermediates.noindex/SwiftHelpers.build/Debug-watchos/StandardLibraryHelpers-t.build/Objects-normal/arm64/StandardLibraryHelpers-OutputFileMap.json -save-temps -no-color-diagnostics -explicit-module-build -module-cache-path /Users/admin/builder/spi-builder-workspace/.derivedData/Build/Intermediates.noindex/SwiftExplicitPrecompiledModules -clang-scanner-module-cache-path /Users/admin/builder/spi-builder-workspace/.derivedData/ModuleCache.noindex -sdk-module-cache-path /Users/admin/builder/spi-builder-workspace/.derivedData/SDKExplicitPrecompiledModules -emit-dependencies -emit-module -emit-module-path /Users/admin/builder/spi-builder-workspace/.derivedData/Build/Intermediates.noindex/SwiftHelpers.build/Debug-watchos/StandardLibraryHelpers-t.build/Objects-normal/arm64/StandardLibraryHelpers.swiftmodule -serialize-diagnostics -dependency-scan-serialize-diagnostics-path /Users/admin/builder/spi-builder-workspace/.derivedData/Build/Intermediates.noindex/SwiftHelpers.build/Debug-watchos/StandardLibraryHelpers-t.build/Objects-normal/arm64/StandardLibraryHelpers-dependency-scan.dia -validate-clang-modules-once -clang-build-session-file /Users/admin/builder/spi-builder-workspace/.derivedData/ModuleCache.noindex/Session.modulevalidation -Xcc -fmodules-prune-interval\=86400 -Xcc -fmodules-prune-after\=345600 -package-name spi_builder_workspace -emit-const-values -const-gather-protocols-list /Users/admin/builder/spi-builder-workspace/.derivedData/Build/Intermediates.noindex/SwiftHelpers.build/Debug-watchos/StandardLibraryHelpers-t.build/Objects-normal/arm64/StandardLibraryHelpers_const_extract_protocols.json -Xcc -I/Users/admin/builder/spi-builder-workspace/.derivedData/Build/Products/Debug-watchos/include -Xcc -I/Users/admin/builder/spi-builder-workspace/.derivedData/Build/Intermediates.noindex/SwiftHelpers.build/Debug-watchos/StandardLibraryHelpers-t.build/DerivedSources-normal/arm64 -Xcc -I/Users/admin/builder/spi-builder-workspace/.derivedData/Build/Intermediates.noindex/SwiftHelpers.build/Debug-watchos/StandardLibraryHelpers-t.build/DerivedSources/arm64 -Xcc -I/Users/admin/builder/spi-builder-workspace/.derivedData/Build/Intermediates.noindex/SwiftHelpers.build/Debug-watchos/StandardLibraryHelpers-t.build/DerivedSources -Xcc -DSWIFT_PACKAGE -Xcc -DDEBUG\=1 -emit-objc-header -emit-objc-header-path /Users/admin/builder/spi-builder-workspace/.derivedData/Build/Intermediates.noindex/SwiftHelpers.build/Debug-watchos/StandardLibraryHelpers-t.build/Objects-normal/arm64/StandardLibraryHelpers-Swift.h -working-directory /Users/admin/builder/spi-builder-workspace/.swiftpm/xcode -experimental-emit-module-separately -disable-cmo
SwiftDriver LoggingHelpers normal arm64_32 com.apple.xcode.tools.swift.compiler (in target 'LoggingHelpers' from project 'SwiftHelpers')
    cd /Users/admin/builder/spi-builder-workspace/.swiftpm/xcode
    builtin-SwiftDriver -- /Applications/Xcode-27.0.0-Release.Candidate.app/Contents/Developer/Toolchains/XcodeDefault.xctoolchain/usr/bin/swiftc -parse-as-library -module-name LoggingHelpers -Onone @/Users/admin/builder/spi-builder-workspace/.derivedData/Build/Intermediates.noindex/SwiftHelpers.build/Debug-watchos/LoggingHelpers-t.build/Objects-normal/arm64_32/LoggingHelpers.SwiftFileList -DSWIFT_PACKAGE -DDEBUG -DSWIFT_MODULE_RESOURCE_BUNDLE_UNAVAILABLE -DXcode -enable-upcoming-feature MemberImportVisibility -plugin-path /Applications/Xcode-27.0.0-Release.Candidate.app/Contents/Developer/Toolchains/XcodeDefault.xctoolchain/usr/lib/swift/host/plugins/testing -enable-experimental-feature DebugDescriptionMacro -sdk /Applications/Xcode-27.0.0-Release.Candidate.app/Contents/Developer/Platforms/WatchOS.platform/Developer/SDKs/WatchOS27.0.sdk -target arm64_32-apple-watchos9.0 -g -module-cache-path /Users/admin/builder/spi-builder-workspace/.derivedData/ModuleCache.noindex -Xfrontend -serialize-debugging-options -profile-coverage-mapping -profile-generate -enable-testing -index-store-path /Users/admin/builder/spi-builder-workspace/.derivedData/Index.noindex/DataStore -Xcc -D_LIBCPP_HARDENING_MODE\=_LIBCPP_HARDENING_MODE_DEBUG -swift-version 6 -I /Users/admin/builder/spi-builder-workspace/.derivedData/Build/Products/Debug-watchos -Isystem /Applications/Xcode-27.0.0-Release.Candidate.app/Contents/Developer/Platforms/WatchOS.platform/Developer/usr/lib -F /Users/admin/builder/spi-builder-workspace/.derivedData/Build/Products/Debug-watchos -F /Applications/Xcode-27.0.0-Release.Candidate.app/Contents/Developer/Platforms/WatchOS.platform/Developer/Library/Frameworks -F /Applications/Xcode-27.0.0-Release.Candidate.app/Contents/Developer/Platforms/WatchOS.platform/Developer/SDKs/WatchOS27.0.sdk/Developer/Library/Frameworks -c -j10 -enable-batch-mode -incremental -Xcc -ivfsstatcache -Xcc /Users/admin/builder/spi-builder-workspace/.derivedData/SDKStatCaches.noindex/watchos27.0-24R360-e829b21a6f8c9b70876ba0858053c04477534ef55a1706bf4c1112bbb242f0a2.sdkstatcache -output-file-map /Users/admin/builder/spi-builder-workspace/.derivedData/Build/Intermediates.noindex/SwiftHelpers.build/Debug-watchos/LoggingHelpers-t.build/Objects-normal/arm64_32/LoggingHelpers-OutputFileMap.json -save-temps -no-color-diagnostics -explicit-module-build -module-cache-path /Users/admin/builder/spi-builder-workspace/.derivedData/Build/Intermediates.noindex/SwiftExplicitPrecompiledModules -clang-scanner-module-cache-path /Users/admin/builder/spi-builder-workspace/.derivedData/ModuleCache.noindex -sdk-module-cache-path /Users/admin/builder/spi-builder-workspace/.derivedData/SDKExplicitPrecompiledModules -emit-dependencies -emit-module -emit-module-path /Users/admin/builder/spi-builder-workspace/.derivedData/Build/Intermediates.noindex/SwiftHelpers.build/Debug-watchos/LoggingHelpers-t.build/Objects-normal/arm64_32/LoggingHelpers.swiftmodule -serialize-diagnostics -dependency-scan-serialize-diagnostics-path /Users/admin/builder/spi-builder-workspace/.derivedData/Build/Intermediates.noindex/SwiftHelpers.build/Debug-watchos/LoggingHelpers-t.build/Objects-normal/arm64_32/LoggingHelpers-dependency-scan.dia -validate-clang-modules-once -clang-build-session-file /Users/admin/builder/spi-builder-workspace/.derivedData/ModuleCache.noindex/Session.modulevalidation -Xcc -fmodules-prune-interval\=86400 -Xcc -fmodules-prune-after\=345600 -package-name spi_builder_workspace -emit-const-values -const-gather-protocols-list /Users/admin/builder/spi-builder-workspace/.derivedData/Build/Intermediates.noindex/SwiftHelpers.build/Debug-watchos/LoggingHelpers-t.build/Objects-normal/arm64_32/LoggingHelpers_const_extract_protocols.json -Xcc -I/Users/admin/builder/spi-builder-workspace/.derivedData/Build/Products/Debug-watchos/include -Xcc -I/Users/admin/builder/spi-builder-workspace/.derivedData/Build/Intermediates.noindex/SwiftHelpers.build/Debug-watchos/LoggingHelpers-t.build/DerivedSources-normal/arm64_32 -Xcc -I/Users/admin/builder/spi-builder-workspace/.derivedData/Build/Intermediates.noindex/SwiftHelpers.build/Debug-watchos/LoggingHelpers-t.build/DerivedSources/arm64_32 -Xcc -I/Users/admin/builder/spi-builder-workspace/.derivedData/Build/Intermediates.noindex/SwiftHelpers.build/Debug-watchos/LoggingHelpers-t.build/DerivedSources -Xcc -DSWIFT_PACKAGE -Xcc -DDEBUG\=1 -emit-objc-header -emit-objc-header-path /Users/admin/builder/spi-builder-workspace/.derivedData/Build/Intermediates.noindex/SwiftHelpers.build/Debug-watchos/LoggingHelpers-t.build/Objects-normal/arm64_32/LoggingHelpers-Swift.h -working-directory /Users/admin/builder/spi-builder-workspace/.swiftpm/xcode -experimental-emit-module-separately -disable-cmo
SwiftDriver LoggingHelpers normal arm64 com.apple.xcode.tools.swift.compiler (in target 'LoggingHelpers' from project 'SwiftHelpers')
    cd /Users/admin/builder/spi-builder-workspace/.swiftpm/xcode
    builtin-SwiftDriver -- /Applications/Xcode-27.0.0-Release.Candidate.app/Contents/Developer/Toolchains/XcodeDefault.xctoolchain/usr/bin/swiftc -parse-as-library -module-name LoggingHelpers -Onone @/Users/admin/builder/spi-builder-workspace/.derivedData/Build/Intermediates.noindex/SwiftHelpers.build/Debug-watchos/LoggingHelpers-t.build/Objects-normal/arm64/LoggingHelpers.SwiftFileList -DSWIFT_PACKAGE -DDEBUG -DSWIFT_MODULE_RESOURCE_BUNDLE_UNAVAILABLE -DXcode -enable-upcoming-feature MemberImportVisibility -plugin-path /Applications/Xcode-27.0.0-Release.Candidate.app/Contents/Developer/Toolchains/XcodeDefault.xctoolchain/usr/lib/swift/host/plugins/testing -enable-experimental-feature DebugDescriptionMacro -sdk /Applications/Xcode-27.0.0-Release.Candidate.app/Contents/Developer/Platforms/WatchOS.platform/Developer/SDKs/WatchOS27.0.sdk -target arm64-apple-watchos9.0 -g -module-cache-path /Users/admin/builder/spi-builder-workspace/.derivedData/ModuleCache.noindex -Xfrontend -serialize-debugging-options -profile-coverage-mapping -profile-generate -enable-testing -index-store-path /Users/admin/builder/spi-builder-workspace/.derivedData/Index.noindex/DataStore -Xcc -D_LIBCPP_HARDENING_MODE\=_LIBCPP_HARDENING_MODE_DEBUG -swift-version 6 -I /Users/admin/builder/spi-builder-workspace/.derivedData/Build/Products/Debug-watchos -Isystem /Applications/Xcode-27.0.0-Release.Candidate.app/Contents/Developer/Platforms/WatchOS.platform/Developer/usr/lib -F /Users/admin/builder/spi-builder-workspace/.derivedData/Build/Products/Debug-watchos -F /Applications/Xcode-27.0.0-Release.Candidate.app/Contents/Developer/Platforms/WatchOS.platform/Developer/Library/Frameworks -F /Applications/Xcode-27.0.0-Release.Candidate.app/Contents/Developer/Platforms/WatchOS.platform/Developer/SDKs/WatchOS27.0.sdk/Developer/Library/Frameworks -c -j10 -enable-batch-mode -incremental -Xcc -ivfsstatcache -Xcc /Users/admin/builder/spi-builder-workspace/.derivedData/SDKStatCaches.noindex/watchos27.0-24R360-e829b21a6f8c9b70876ba0858053c04477534ef55a1706bf4c1112bbb242f0a2.sdkstatcache -output-file-map /Users/admin/builder/spi-builder-workspace/.derivedData/Build/Intermediates.noindex/SwiftHelpers.build/Debug-watchos/LoggingHelpers-t.build/Objects-normal/arm64/LoggingHelpers-OutputFileMap.json -save-temps -no-color-diagnostics -explicit-module-build -module-cache-path /Users/admin/builder/spi-builder-workspace/.derivedData/Build/Intermediates.noindex/SwiftExplicitPrecompiledModules -clang-scanner-module-cache-path /Users/admin/builder/spi-builder-workspace/.derivedData/ModuleCache.noindex -sdk-module-cache-path /Users/admin/builder/spi-builder-workspace/.derivedData/SDKExplicitPrecompiledModules -emit-dependencies -emit-module -emit-module-path /Users/admin/builder/spi-builder-workspace/.derivedData/Build/Intermediates.noindex/SwiftHelpers.build/Debug-watchos/LoggingHelpers-t.build/Objects-normal/arm64/LoggingHelpers.swiftmodule -serialize-diagnostics -dependency-scan-serialize-diagnostics-path /Users/admin/builder/spi-builder-workspace/.derivedData/Build/Intermediates.noindex/SwiftHelpers.build/Debug-watchos/LoggingHelpers-t.build/Objects-normal/arm64/LoggingHelpers-dependency-scan.dia -validate-clang-modules-once -clang-build-session-file /Users/admin/builder/spi-builder-workspace/.derivedData/ModuleCache.noindex/Session.modulevalidation -Xcc -fmodules-prune-interval\=86400 -Xcc -fmodules-prune-after\=345600 -package-name spi_builder_workspace -emit-const-values -const-gather-protocols-list /Users/admin/builder/spi-builder-workspace/.derivedData/Build/Intermediates.noindex/SwiftHelpers.build/Debug-watchos/LoggingHelpers-t.build/Objects-normal/arm64/LoggingHelpers_const_extract_protocols.json -Xcc -I/Users/admin/builder/spi-builder-workspace/.derivedData/Build/Products/Debug-watchos/include -Xcc -I/Users/admin/builder/spi-builder-workspace/.derivedData/Build/Intermediates.noindex/SwiftHelpers.build/Debug-watchos/LoggingHelpers-t.build/DerivedSources-normal/arm64 -Xcc -I/Users/admin/builder/spi-builder-workspace/.derivedData/Build/Intermediates.noindex/SwiftHelpers.build/Debug-watchos/LoggingHelpers-t.build/DerivedSources/arm64 -Xcc -I/Users/admin/builder/spi-builder-workspace/.derivedData/Build/Intermediates.noindex/SwiftHelpers.build/Debug-watchos/LoggingHelpers-t.build/DerivedSources -Xcc -DSWIFT_PACKAGE -Xcc -DDEBUG\=1 -emit-objc-header -emit-objc-header-path /Users/admin/builder/spi-builder-workspace/.derivedData/Build/Intermediates.noindex/SwiftHelpers.build/Debug-watchos/LoggingHelpers-t.build/Objects-normal/arm64/LoggingHelpers-Swift.h -working-directory /Users/admin/builder/spi-builder-workspace/.swiftpm/xcode -experimental-emit-module-separately -disable-cmo
SwiftDriver FoundationLegacyHelpers normal arm64 com.apple.xcode.tools.swift.compiler (in target 'FoundationLegacyHelpers' from project 'SwiftHelpers')
    cd /Users/admin/builder/spi-builder-workspace/.swiftpm/xcode
    builtin-SwiftDriver -- /Applications/Xcode-27.0.0-Release.Candidate.app/Contents/Developer/Toolchains/XcodeDefault.xctoolchain/usr/bin/swiftc -parse-as-library -module-name FoundationLegacyHelpers -Onone @/Users/admin/builder/spi-builder-workspace/.derivedData/Build/Intermediates.noindex/SwiftHelpers.build/Debug-watchos/FoundationLegacyHelpers-t.build/Objects-normal/arm64/FoundationLegacyHelpers.SwiftFileList -DSWIFT_PACKAGE -DDEBUG -DSWIFT_MODULE_RESOURCE_BUNDLE_UNAVAILABLE -DXcode -enable-upcoming-feature MemberImportVisibility -plugin-path /Applications/Xcode-27.0.0-Release.Candidate.app/Contents/Developer/Toolchains/XcodeDefault.xctoolchain/usr/lib/swift/host/plugins/testing -enable-experimental-feature DebugDescriptionMacro -sdk /Applications/Xcode-27.0.0-Release.Candidate.app/Contents/Developer/Platforms/WatchOS.platform/Developer/SDKs/WatchOS27.0.sdk -target arm64-apple-watchos9.0 -g -module-cache-path /Users/admin/builder/spi-builder-workspace/.derivedData/ModuleCache.noindex -Xfrontend -serialize-debugging-options -profile-coverage-mapping -profile-generate -enable-testing -index-store-path /Users/admin/builder/spi-builder-workspace/.derivedData/Index.noindex/DataStore -Xcc -D_LIBCPP_HARDENING_MODE\=_LIBCPP_HARDENING_MODE_DEBUG -swift-version 6 -I /Users/admin/builder/spi-builder-workspace/.derivedData/Build/Products/Debug-watchos -Isystem /Applications/Xcode-27.0.0-Release.Candidate.app/Contents/Developer/Platforms/WatchOS.platform/Developer/usr/lib -F /Users/admin/builder/spi-builder-workspace/.derivedData/Build/Products/Debug-watchos -F /Applications/Xcode-27.0.0-Release.Candidate.app/Contents/Developer/Platforms/WatchOS.platform/Developer/Library/Frameworks -F /Applications/Xcode-27.0.0-Release.Candidate.app/Contents/Developer/Platforms/WatchOS.platform/Developer/SDKs/WatchOS27.0.sdk/Developer/Library/Frameworks -c -j10 -enable-batch-mode -incremental -Xcc -ivfsstatcache -Xcc /Users/admin/builder/spi-builder-workspace/.derivedData/SDKStatCaches.noindex/watchos27.0-24R360-e829b21a6f8c9b70876ba0858053c04477534ef55a1706bf4c1112bbb242f0a2.sdkstatcache -output-file-map /Users/admin/builder/spi-builder-workspace/.derivedData/Build/Intermediates.noindex/SwiftHelpers.build/Debug-watchos/FoundationLegacyHelpers-t.build/Objects-normal/arm64/FoundationLegacyHelpers-OutputFileMap.json -save-temps -no-color-diagnostics -explicit-module-build -module-cache-path /Users/admin/builder/spi-builder-workspace/.derivedData/Build/Intermediates.noindex/SwiftExplicitPrecompiledModules -clang-scanner-module-cache-path /Users/admin/builder/spi-builder-workspace/.derivedData/ModuleCache.noindex -sdk-module-cache-path /Users/admin/builder/spi-builder-workspace/.derivedData/SDKExplicitPrecompiledModules -emit-dependencies -emit-module -emit-module-path /Users/admin/builder/spi-builder-workspace/.derivedData/Build/Intermediates.noindex/SwiftHelpers.build/Debug-watchos/FoundationLegacyHelpers-t.build/Objects-normal/arm64/FoundationLegacyHelpers.swiftmodule -serialize-diagnostics -dependency-scan-serialize-diagnostics-path /Users/admin/builder/spi-builder-workspace/.derivedData/Build/Intermediates.noindex/SwiftHelpers.build/Debug-watchos/FoundationLegacyHelpers-t.build/Objects-normal/arm64/FoundationLegacyHelpers-dependency-scan.dia -validate-clang-modules-once -clang-build-session-file /Users/admin/builder/spi-builder-workspace/.derivedData/ModuleCache.noindex/Session.modulevalidation -Xcc -fmodules-prune-interval\=86400 -Xcc -fmodules-prune-after\=345600 -package-name spi_builder_workspace -emit-const-values -const-gather-protocols-list /Users/admin/builder/spi-builder-workspace/.derivedData/Build/Intermediates.noindex/SwiftHelpers.build/Debug-watchos/FoundationLegacyHelpers-t.build/Objects-normal/arm64/FoundationLegacyHelpers_const_extract_protocols.json -Xcc -I/Users/admin/builder/spi-builder-workspace/.derivedData/Build/Products/Debug-watchos/include -Xcc -I/Users/admin/builder/spi-builder-workspace/.derivedData/Build/Intermediates.noindex/SwiftHelpers.build/Debug-watchos/FoundationLegacyHelpers-t.build/DerivedSources-normal/arm64 -Xcc -I/Users/admin/builder/spi-builder-workspace/.derivedData/Build/Intermediates.noindex/SwiftHelpers.build/Debug-watchos/FoundationLegacyHelpers-t.build/DerivedSources/arm64 -Xcc -I/Users/admin/builder/spi-builder-workspace/.derivedData/Build/Intermediates.noindex/SwiftHelpers.build/Debug-watchos/FoundationLegacyHelpers-t.build/DerivedSources -Xcc -DSWIFT_PACKAGE -Xcc -DDEBUG\=1 -emit-objc-header -emit-objc-header-path /Users/admin/builder/spi-builder-workspace/.derivedData/Build/Intermediates.noindex/SwiftHelpers.build/Debug-watchos/FoundationLegacyHelpers-t.build/Objects-normal/arm64/FoundationLegacyHelpers-Swift.h -working-directory /Users/admin/builder/spi-builder-workspace/.swiftpm/xcode -experimental-emit-module-separately -disable-cmo
SwiftDriver FoundationLegacyHelpers normal arm64_32 com.apple.xcode.tools.swift.compiler (in target 'FoundationLegacyHelpers' from project 'SwiftHelpers')
    cd /Users/admin/builder/spi-builder-workspace/.swiftpm/xcode
    builtin-SwiftDriver -- /Applications/Xcode-27.0.0-Release.Candidate.app/Contents/Developer/Toolchains/XcodeDefault.xctoolchain/usr/bin/swiftc -parse-as-library -module-name FoundationLegacyHelpers -Onone @/Users/admin/builder/spi-builder-workspace/.derivedData/Build/Intermediates.noindex/SwiftHelpers.build/Debug-watchos/FoundationLegacyHelpers-t.build/Objects-normal/arm64_32/FoundationLegacyHelpers.SwiftFileList -DSWIFT_PACKAGE -DDEBUG -DSWIFT_MODULE_RESOURCE_BUNDLE_UNAVAILABLE -DXcode -enable-upcoming-feature MemberImportVisibility -plugin-path /Applications/Xcode-27.0.0-Release.Candidate.app/Contents/Developer/Toolchains/XcodeDefault.xctoolchain/usr/lib/swift/host/plugins/testing -enable-experimental-feature DebugDescriptionMacro -sdk /Applications/Xcode-27.0.0-Release.Candidate.app/Contents/Developer/Platforms/WatchOS.platform/Developer/SDKs/WatchOS27.0.sdk -target arm64_32-apple-watchos9.0 -g -module-cache-path /Users/admin/builder/spi-builder-workspace/.derivedData/ModuleCache.noindex -Xfrontend -serialize-debugging-options -profile-coverage-mapping -profile-generate -enable-testing -index-store-path /Users/admin/builder/spi-builder-workspace/.derivedData/Index.noindex/DataStore -Xcc -D_LIBCPP_HARDENING_MODE\=_LIBCPP_HARDENING_MODE_DEBUG -swift-version 6 -I /Users/admin/builder/spi-builder-workspace/.derivedData/Build/Products/Debug-watchos -Isystem /Applications/Xcode-27.0.0-Release.Candidate.app/Contents/Developer/Platforms/WatchOS.platform/Developer/usr/lib -F /Users/admin/builder/spi-builder-workspace/.derivedData/Build/Products/Debug-watchos -F /Applications/Xcode-27.0.0-Release.Candidate.app/Contents/Developer/Platforms/WatchOS.platform/Developer/Library/Frameworks -F /Applications/Xcode-27.0.0-Release.Candidate.app/Contents/Developer/Platforms/WatchOS.platform/Developer/SDKs/WatchOS27.0.sdk/Developer/Library/Frameworks -c -j10 -enable-batch-mode -incremental -Xcc -ivfsstatcache -Xcc /Users/admin/builder/spi-builder-workspace/.derivedData/SDKStatCaches.noindex/watchos27.0-24R360-e829b21a6f8c9b70876ba0858053c04477534ef55a1706bf4c1112bbb242f0a2.sdkstatcache -output-file-map /Users/admin/builder/spi-builder-workspace/.derivedData/Build/Intermediates.noindex/SwiftHelpers.build/Debug-watchos/FoundationLegacyHelpers-t.build/Objects-normal/arm64_32/FoundationLegacyHelpers-OutputFileMap.json -save-temps -no-color-diagnostics -explicit-module-build -module-cache-path /Users/admin/builder/spi-builder-workspace/.derivedData/Build/Intermediates.noindex/SwiftExplicitPrecompiledModules -clang-scanner-module-cache-path /Users/admin/builder/spi-builder-workspace/.derivedData/ModuleCache.noindex -sdk-module-cache-path /Users/admin/builder/spi-builder-workspace/.derivedData/SDKExplicitPrecompiledModules -emit-dependencies -emit-module -emit-module-path /Users/admin/builder/spi-builder-workspace/.derivedData/Build/Intermediates.noindex/SwiftHelpers.build/Debug-watchos/FoundationLegacyHelpers-t.build/Objects-normal/arm64_32/FoundationLegacyHelpers.swiftmodule -serialize-diagnostics -dependency-scan-serialize-diagnostics-path /Users/admin/builder/spi-builder-workspace/.derivedData/Build/Intermediates.noindex/SwiftHelpers.build/Debug-watchos/FoundationLegacyHelpers-t.build/Objects-normal/arm64_32/FoundationLegacyHelpers-dependency-scan.dia -validate-clang-modules-once -clang-build-session-file /Users/admin/builder/spi-builder-workspace/.derivedData/ModuleCache.noindex/Session.modulevalidation -Xcc -fmodules-prune-interval\=86400 -Xcc -fmodules-prune-after\=345600 -package-name spi_builder_workspace -emit-const-values -const-gather-protocols-list /Users/admin/builder/spi-builder-workspace/.derivedData/Build/Intermediates.noindex/SwiftHelpers.build/Debug-watchos/FoundationLegacyHelpers-t.build/Objects-normal/arm64_32/FoundationLegacyHelpers_const_extract_protocols.json -Xcc -I/Users/admin/builder/spi-builder-workspace/.derivedData/Build/Products/Debug-watchos/include -Xcc -I/Users/admin/builder/spi-builder-workspace/.derivedData/Build/Intermediates.noindex/SwiftHelpers.build/Debug-watchos/FoundationLegacyHelpers-t.build/DerivedSources-normal/arm64_32 -Xcc -I/Users/admin/builder/spi-builder-workspace/.derivedData/Build/Intermediates.noindex/SwiftHelpers.build/Debug-watchos/FoundationLegacyHelpers-t.build/DerivedSources/arm64_32 -Xcc -I/Users/admin/builder/spi-builder-workspace/.derivedData/Build/Intermediates.noindex/SwiftHelpers.build/Debug-watchos/FoundationLegacyHelpers-t.build/DerivedSources -Xcc -DSWIFT_PACKAGE -Xcc -DDEBUG\=1 -emit-objc-header -emit-objc-header-path /Users/admin/builder/spi-builder-workspace/.derivedData/Build/Intermediates.noindex/SwiftHelpers.build/Debug-watchos/FoundationLegacyHelpers-t.build/Objects-normal/arm64_32/FoundationLegacyHelpers-Swift.h -working-directory /Users/admin/builder/spi-builder-workspace/.swiftpm/xcode -experimental-emit-module-separately -disable-cmo
SwiftDriver ExitCodeHelpers normal arm64_32 com.apple.xcode.tools.swift.compiler (in target 'ExitCodeHelpers' from project 'SwiftHelpers')
    cd /Users/admin/builder/spi-builder-workspace/.swiftpm/xcode
    builtin-SwiftDriver -- /Applications/Xcode-27.0.0-Release.Candidate.app/Contents/Developer/Toolchains/XcodeDefault.xctoolchain/usr/bin/swiftc -parse-as-library -module-name ExitCodeHelpers -Onone @/Users/admin/builder/spi-builder-workspace/.derivedData/Build/Intermediates.noindex/SwiftHelpers.build/Debug-watchos/ExitCodeHelpers-t.build/Objects-normal/arm64_32/ExitCodeHelpers.SwiftFileList -DSWIFT_PACKAGE -DDEBUG -DSWIFT_MODULE_RESOURCE_BUNDLE_UNAVAILABLE -DXcode -enable-upcoming-feature MemberImportVisibility -plugin-path /Applications/Xcode-27.0.0-Release.Candidate.app/Contents/Developer/Toolchains/XcodeDefault.xctoolchain/usr/lib/swift/host/plugins/testing -enable-experimental-feature DebugDescriptionMacro -sdk /Applications/Xcode-27.0.0-Release.Candidate.app/Contents/Developer/Platforms/WatchOS.platform/Developer/SDKs/WatchOS27.0.sdk -target arm64_32-apple-watchos9.0 -g -module-cache-path /Users/admin/builder/spi-builder-workspace/.derivedData/ModuleCache.noindex -Xfrontend -serialize-debugging-options -profile-coverage-mapping -profile-generate -enable-testing -index-store-path /Users/admin/builder/spi-builder-workspace/.derivedData/Index.noindex/DataStore -Xcc -D_LIBCPP_HARDENING_MODE\=_LIBCPP_HARDENING_MODE_DEBUG -swift-version 6 -I /Users/admin/builder/spi-builder-workspace/.derivedData/Build/Products/Debug-watchos -Isystem /Applications/Xcode-27.0.0-Release.Candidate.app/Contents/Developer/Platforms/WatchOS.platform/Developer/usr/lib -F /Users/admin/builder/spi-builder-workspace/.derivedData/Build/Products/Debug-watchos -F /Applications/Xcode-27.0.0-Release.Candidate.app/Contents/Developer/Platforms/WatchOS.platform/Developer/Library/Frameworks -F /Applications/Xcode-27.0.0-Release.Candidate.app/Contents/Developer/Platforms/WatchOS.platform/Developer/SDKs/WatchOS27.0.sdk/Developer/Library/Frameworks -c -j10 -enable-batch-mode -incremental -Xcc -ivfsstatcache -Xcc /Users/admin/builder/spi-builder-workspace/.derivedData/SDKStatCaches.noindex/watchos27.0-24R360-e829b21a6f8c9b70876ba0858053c04477534ef55a1706bf4c1112bbb242f0a2.sdkstatcache -output-file-map /Users/admin/builder/spi-builder-workspace/.derivedData/Build/Intermediates.noindex/SwiftHelpers.build/Debug-watchos/ExitCodeHelpers-t.build/Objects-normal/arm64_32/ExitCodeHelpers-OutputFileMap.json -save-temps -no-color-diagnostics -explicit-module-build -module-cache-path /Users/admin/builder/spi-builder-workspace/.derivedData/Build/Intermediates.noindex/SwiftExplicitPrecompiledModules -clang-scanner-module-cache-path /Users/admin/builder/spi-builder-workspace/.derivedData/ModuleCache.noindex -sdk-module-cache-path /Users/admin/builder/spi-builder-workspace/.derivedData/SDKExplicitPrecompiledModules -emit-dependencies -emit-module -emit-module-path /Users/admin/builder/spi-builder-workspace/.derivedData/Build/Intermediates.noindex/SwiftHelpers.build/Debug-watchos/ExitCodeHelpers-t.build/Objects-normal/arm64_32/ExitCodeHelpers.swiftmodule -serialize-diagnostics -dependency-scan-serialize-diagnostics-path /Users/admin/builder/spi-builder-workspace/.derivedData/Build/Intermediates.noindex/SwiftHelpers.build/Debug-watchos/ExitCodeHelpers-t.build/Objects-normal/arm64_32/ExitCodeHelpers-dependency-scan.dia -validate-clang-modules-once -clang-build-session-file /Users/admin/builder/spi-builder-workspace/.derivedData/ModuleCache.noindex/Session.modulevalidation -Xcc -fmodules-prune-interval\=86400 -Xcc -fmodules-prune-after\=345600 -package-name spi_builder_workspace -emit-const-values -const-gather-protocols-list /Users/admin/builder/spi-builder-workspace/.derivedData/Build/Intermediates.noindex/SwiftHelpers.build/Debug-watchos/ExitCodeHelpers-t.build/Objects-normal/arm64_32/ExitCodeHelpers_const_extract_protocols.json -Xcc -I/Users/admin/builder/spi-builder-workspace/.derivedData/Build/Products/Debug-watchos/include -Xcc -I/Users/admin/builder/spi-builder-workspace/.derivedData/Build/Intermediates.noindex/SwiftHelpers.build/Debug-watchos/ExitCodeHelpers-t.build/DerivedSources-normal/arm64_32 -Xcc -I/Users/admin/builder/spi-builder-workspace/.derivedData/Build/Intermediates.noindex/SwiftHelpers.build/Debug-watchos/ExitCodeHelpers-t.build/DerivedSources/arm64_32 -Xcc -I/Users/admin/builder/spi-builder-workspace/.derivedData/Build/Intermediates.noindex/SwiftHelpers.build/Debug-watchos/ExitCodeHelpers-t.build/DerivedSources -Xcc -DSWIFT_PACKAGE -Xcc -DDEBUG\=1 -emit-objc-header -emit-objc-header-path /Users/admin/builder/spi-builder-workspace/.derivedData/Build/Intermediates.noindex/SwiftHelpers.build/Debug-watchos/ExitCodeHelpers-t.build/Objects-normal/arm64_32/ExitCodeHelpers-Swift.h -working-directory /Users/admin/builder/spi-builder-workspace/.swiftpm/xcode -experimental-emit-module-separately -disable-cmo
SwiftDriver ExitCodeHelpers normal arm64 com.apple.xcode.tools.swift.compiler (in target 'ExitCodeHelpers' from project 'SwiftHelpers')
    cd /Users/admin/builder/spi-builder-workspace/.swiftpm/xcode
    builtin-SwiftDriver -- /Applications/Xcode-27.0.0-Release.Candidate.app/Contents/Developer/Toolchains/XcodeDefault.xctoolchain/usr/bin/swiftc -parse-as-library -module-name ExitCodeHelpers -Onone @/Users/admin/builder/spi-builder-workspace/.derivedData/Build/Intermediates.noindex/SwiftHelpers.build/Debug-watchos/ExitCodeHelpers-t.build/Objects-normal/arm64/ExitCodeHelpers.SwiftFileList -DSWIFT_PACKAGE -DDEBUG -DSWIFT_MODULE_RESOURCE_BUNDLE_UNAVAILABLE -DXcode -enable-upcoming-feature MemberImportVisibility -plugin-path /Applications/Xcode-27.0.0-Release.Candidate.app/Contents/Developer/Toolchains/XcodeDefault.xctoolchain/usr/lib/swift/host/plugins/testing -enable-experimental-feature DebugDescriptionMacro -sdk /Applications/Xcode-27.0.0-Release.Candidate.app/Contents/Developer/Platforms/WatchOS.platform/Developer/SDKs/WatchOS27.0.sdk -target arm64-apple-watchos9.0 -g -module-cache-path /Users/admin/builder/spi-builder-workspace/.derivedData/ModuleCache.noindex -Xfrontend -serialize-debugging-options -profile-coverage-mapping -profile-generate -enable-testing -index-store-path /Users/admin/builder/spi-builder-workspace/.derivedData/Index.noindex/DataStore -Xcc -D_LIBCPP_HARDENING_MODE\=_LIBCPP_HARDENING_MODE_DEBUG -swift-version 6 -I /Users/admin/builder/spi-builder-workspace/.derivedData/Build/Products/Debug-watchos -Isystem /Applications/Xcode-27.0.0-Release.Candidate.app/Contents/Developer/Platforms/WatchOS.platform/Developer/usr/lib -F /Users/admin/builder/spi-builder-workspace/.derivedData/Build/Products/Debug-watchos -F /Applications/Xcode-27.0.0-Release.Candidate.app/Contents/Developer/Platforms/WatchOS.platform/Developer/Library/Frameworks -F /Applications/Xcode-27.0.0-Release.Candidate.app/Contents/Developer/Platforms/WatchOS.platform/Developer/SDKs/WatchOS27.0.sdk/Developer/Library/Frameworks -c -j10 -enable-batch-mode -incremental -Xcc -ivfsstatcache -Xcc /Users/admin/builder/spi-builder-workspace/.derivedData/SDKStatCaches.noindex/watchos27.0-24R360-e829b21a6f8c9b70876ba0858053c04477534ef55a1706bf4c1112bbb242f0a2.sdkstatcache -output-file-map /Users/admin/builder/spi-builder-workspace/.derivedData/Build/Intermediates.noindex/SwiftHelpers.build/Debug-watchos/ExitCodeHelpers-t.build/Objects-normal/arm64/ExitCodeHelpers-OutputFileMap.json -save-temps -no-color-diagnostics -explicit-module-build -module-cache-path /Users/admin/builder/spi-builder-workspace/.derivedData/Build/Intermediates.noindex/SwiftExplicitPrecompiledModules -clang-scanner-module-cache-path /Users/admin/builder/spi-builder-workspace/.derivedData/ModuleCache.noindex -sdk-module-cache-path /Users/admin/builder/spi-builder-workspace/.derivedData/SDKExplicitPrecompiledModules -emit-dependencies -emit-module -emit-module-path /Users/admin/builder/spi-builder-workspace/.derivedData/Build/Intermediates.noindex/SwiftHelpers.build/Debug-watchos/ExitCodeHelpers-t.build/Objects-normal/arm64/ExitCodeHelpers.swiftmodule -serialize-diagnostics -dependency-scan-serialize-diagnostics-path /Users/admin/builder/spi-builder-workspace/.derivedData/Build/Intermediates.noindex/SwiftHelpers.build/Debug-watchos/ExitCodeHelpers-t.build/Objects-normal/arm64/ExitCodeHelpers-dependency-scan.dia -validate-clang-modules-once -clang-build-session-file /Users/admin/builder/spi-builder-workspace/.derivedData/ModuleCache.noindex/Session.modulevalidation -Xcc -fmodules-prune-interval\=86400 -Xcc -fmodules-prune-after\=345600 -package-name spi_builder_workspace -emit-const-values -const-gather-protocols-list /Users/admin/builder/spi-builder-workspace/.derivedData/Build/Intermediates.noindex/SwiftHelpers.build/Debug-watchos/ExitCodeHelpers-t.build/Objects-normal/arm64/ExitCodeHelpers_const_extract_protocols.json -Xcc -I/Users/admin/builder/spi-builder-workspace/.derivedData/Build/Products/Debug-watchos/include -Xcc -I/Users/admin/builder/spi-builder-workspace/.derivedData/Build/Intermediates.noindex/SwiftHelpers.build/Debug-watchos/ExitCodeHelpers-t.build/DerivedSources-normal/arm64 -Xcc -I/Users/admin/builder/spi-builder-workspace/.derivedData/Build/Intermediates.noindex/SwiftHelpers.build/Debug-watchos/ExitCodeHelpers-t.build/DerivedSources/arm64 -Xcc -I/Users/admin/builder/spi-builder-workspace/.derivedData/Build/Intermediates.noindex/SwiftHelpers.build/Debug-watchos/ExitCodeHelpers-t.build/DerivedSources -Xcc -DSWIFT_PACKAGE -Xcc -DDEBUG\=1 -emit-objc-header -emit-objc-header-path /Users/admin/builder/spi-builder-workspace/.derivedData/Build/Intermediates.noindex/SwiftHelpers.build/Debug-watchos/ExitCodeHelpers-t.build/Objects-normal/arm64/ExitCodeHelpers-Swift.h -working-directory /Users/admin/builder/spi-builder-workspace/.swiftpm/xcode -experimental-emit-module-separately -disable-cmo
SwiftDriver CoreDataHelpers normal arm64_32 com.apple.xcode.tools.swift.compiler (in target 'CoreDataHelpers' from project 'SwiftHelpers')
    cd /Users/admin/builder/spi-builder-workspace/.swiftpm/xcode
    builtin-SwiftDriver -- /Applications/Xcode-27.0.0-Release.Candidate.app/Contents/Developer/Toolchains/XcodeDefault.xctoolchain/usr/bin/swiftc -parse-as-library -module-name CoreDataHelpers -Onone @/Users/admin/builder/spi-builder-workspace/.derivedData/Build/Intermediates.noindex/SwiftHelpers.build/Debug-watchos/CoreDataHelpers-t.build/Objects-normal/arm64_32/CoreDataHelpers.SwiftFileList -DSWIFT_PACKAGE -DDEBUG -DSWIFT_MODULE_RESOURCE_BUNDLE_UNAVAILABLE -DXcode -enable-upcoming-feature MemberImportVisibility -plugin-path /Applications/Xcode-27.0.0-Release.Candidate.app/Contents/Developer/Toolchains/XcodeDefault.xctoolchain/usr/lib/swift/host/plugins/testing -enable-experimental-feature DebugDescriptionMacro -sdk /Applications/Xcode-27.0.0-Release.Candidate.app/Contents/Developer/Platforms/WatchOS.platform/Developer/SDKs/WatchOS27.0.sdk -target arm64_32-apple-watchos9.0 -g -module-cache-path /Users/admin/builder/spi-builder-workspace/.derivedData/ModuleCache.noindex -Xfrontend -serialize-debugging-options -profile-coverage-mapping -profile-generate -enable-testing -index-store-path /Users/admin/builder/spi-builder-workspace/.derivedData/Index.noindex/DataStore -Xcc -D_LIBCPP_HARDENING_MODE\=_LIBCPP_HARDENING_MODE_DEBUG -swift-version 6 -I /Users/admin/builder/spi-builder-workspace/.derivedData/Build/Products/Debug-watchos -Isystem /Applications/Xcode-27.0.0-Release.Candidate.app/Contents/Developer/Platforms/WatchOS.platform/Developer/usr/lib -F /Users/admin/builder/spi-builder-workspace/.derivedData/Build/Products/Debug-watchos -F /Applications/Xcode-27.0.0-Release.Candidate.app/Contents/Developer/Platforms/WatchOS.platform/Developer/Library/Frameworks -F /Applications/Xcode-27.0.0-Release.Candidate.app/Contents/Developer/Platforms/WatchOS.platform/Developer/SDKs/WatchOS27.0.sdk/Developer/Library/Frameworks -c -j10 -enable-batch-mode -incremental -Xcc -ivfsstatcache -Xcc /Users/admin/builder/spi-builder-workspace/.derivedData/SDKStatCaches.noindex/watchos27.0-24R360-e829b21a6f8c9b70876ba0858053c04477534ef55a1706bf4c1112bbb242f0a2.sdkstatcache -output-file-map /Users/admin/builder/spi-builder-workspace/.derivedData/Build/Intermediates.noindex/SwiftHelpers.build/Debug-watchos/CoreDataHelpers-t.build/Objects-normal/arm64_32/CoreDataHelpers-OutputFileMap.json -save-temps -no-color-diagnostics -explicit-module-build -module-cache-path /Users/admin/builder/spi-builder-workspace/.derivedData/Build/Intermediates.noindex/SwiftExplicitPrecompiledModules -clang-scanner-module-cache-path /Users/admin/builder/spi-builder-workspace/.derivedData/ModuleCache.noindex -sdk-module-cache-path /Users/admin/builder/spi-builder-workspace/.derivedData/SDKExplicitPrecompiledModules -emit-dependencies -emit-module -emit-module-path /Users/admin/builder/spi-builder-workspace/.derivedData/Build/Intermediates.noindex/SwiftHelpers.build/Debug-watchos/CoreDataHelpers-t.build/Objects-normal/arm64_32/CoreDataHelpers.swiftmodule -serialize-diagnostics -dependency-scan-serialize-diagnostics-path /Users/admin/builder/spi-builder-workspace/.derivedData/Build/Intermediates.noindex/SwiftHelpers.build/Debug-watchos/CoreDataHelpers-t.build/Objects-normal/arm64_32/CoreDataHelpers-dependency-scan.dia -validate-clang-modules-once -clang-build-session-file /Users/admin/builder/spi-builder-workspace/.derivedData/ModuleCache.noindex/Session.modulevalidation -Xcc -fmodules-prune-interval\=86400 -Xcc -fmodules-prune-after\=345600 -package-name spi_builder_workspace -emit-const-values -const-gather-protocols-list /Users/admin/builder/spi-builder-workspace/.derivedData/Build/Intermediates.noindex/SwiftHelpers.build/Debug-watchos/CoreDataHelpers-t.build/Objects-normal/arm64_32/CoreDataHelpers_const_extract_protocols.json -Xcc -I/Users/admin/builder/spi-builder-workspace/.derivedData/Build/Products/Debug-watchos/include -Xcc -I/Users/admin/builder/spi-builder-workspace/.derivedData/Build/Intermediates.noindex/SwiftHelpers.build/Debug-watchos/CoreDataHelpers-t.build/DerivedSources-normal/arm64_32 -Xcc -I/Users/admin/builder/spi-builder-workspace/.derivedData/Build/Intermediates.noindex/SwiftHelpers.build/Debug-watchos/CoreDataHelpers-t.build/DerivedSources/arm64_32 -Xcc -I/Users/admin/builder/spi-builder-workspace/.derivedData/Build/Intermediates.noindex/SwiftHelpers.build/Debug-watchos/CoreDataHelpers-t.build/DerivedSources -Xcc -DSWIFT_PACKAGE -Xcc -DDEBUG\=1 -emit-objc-header -emit-objc-header-path /Users/admin/builder/spi-builder-workspace/.derivedData/Build/Intermediates.noindex/SwiftHelpers.build/Debug-watchos/CoreDataHelpers-t.build/Objects-normal/arm64_32/CoreDataHelpers-Swift.h -working-directory /Users/admin/builder/spi-builder-workspace/.swiftpm/xcode -experimental-emit-module-separately -disable-cmo
SwiftEmitModule normal arm64 Emitting\ module\ for\ FoundationLegacyHelpers (in target 'FoundationLegacyHelpers' from project 'SwiftHelpers')
SwiftCompile normal arm64 (in target 'FoundationLegacyHelpers' from project 'SwiftHelpers')
    cd /Users/admin/builder/spi-builder-workspace/.swiftpm/xcode

SwiftEmitModule normal arm64 Emitting\ module\ for\ ExitCodeHelpers (in target 'ExitCodeHelpers' from project 'SwiftHelpers')
SwiftCompile normal arm64 (in target 'ExitCodeHelpers' from project 'SwiftHelpers')
    cd /Users/admin/builder/spi-builder-workspace/.swiftpm/xcode

SwiftDriver CoreDataHelpers normal arm64 com.apple.xcode.tools.swift.compiler (in target 'CoreDataHelpers' from project 'SwiftHelpers')
    cd /Users/admin/builder/spi-builder-workspace/.swiftpm/xcode
    builtin-SwiftDriver -- /Applications/Xcode-27.0.0-Release.Candidate.app/Contents/Developer/Toolchains/XcodeDefault.xctoolchain/usr/bin/swiftc -parse-as-library -module-name CoreDataHelpers -Onone @/Users/admin/builder/spi-builder-workspace/.derivedData/Build/Intermediates.noindex/SwiftHelpers.build/Debug-watchos/CoreDataHelpers-t.build/Objects-normal/arm64/CoreDataHelpers.SwiftFileList -DSWIFT_PACKAGE -DDEBUG -DSWIFT_MODULE_RESOURCE_BUNDLE_UNAVAILABLE -DXcode -enable-upcoming-feature MemberImportVisibility -plugin-path /Applications/Xcode-27.0.0-Release.Candidate.app/Contents/Developer/Toolchains/XcodeDefault.xctoolchain/usr/lib/swift/host/plugins/testing -enable-experimental-feature DebugDescriptionMacro -sdk /Applications/Xcode-27.0.0-Release.Candidate.app/Contents/Developer/Platforms/WatchOS.platform/Developer/SDKs/WatchOS27.0.sdk -target arm64-apple-watchos9.0 -g -module-cache-path /Users/admin/builder/spi-builder-workspace/.derivedData/ModuleCache.noindex -Xfrontend -serialize-debugging-options -profile-coverage-mapping -profile-generate -enable-testing -index-store-path /Users/admin/builder/spi-builder-workspace/.derivedData/Index.noindex/DataStore -Xcc -D_LIBCPP_HARDENING_MODE\=_LIBCPP_HARDENING_MODE_DEBUG -swift-version 6 -I /Users/admin/builder/spi-builder-workspace/.derivedData/Build/Products/Debug-watchos -Isystem /Applications/Xcode-27.0.0-Release.Candidate.app/Contents/Developer/Platforms/WatchOS.platform/Developer/usr/lib -F /Users/admin/builder/spi-builder-workspace/.derivedData/Build/Products/Debug-watchos -F /Applications/Xcode-27.0.0-Release.Candidate.app/Contents/Developer/Platforms/WatchOS.platform/Developer/Library/Frameworks -F /Applications/Xcode-27.0.0-Release.Candidate.app/Contents/Developer/Platforms/WatchOS.platform/Developer/SDKs/WatchOS27.0.sdk/Developer/Library/Frameworks -c -j10 -enable-batch-mode -incremental -Xcc -ivfsstatcache -Xcc /Users/admin/builder/spi-builder-workspace/.derivedData/SDKStatCaches.noindex/watchos27.0-24R360-e829b21a6f8c9b70876ba0858053c04477534ef55a1706bf4c1112bbb242f0a2.sdkstatcache -output-file-map /Users/admin/builder/spi-builder-workspace/.derivedData/Build/Intermediates.noindex/SwiftHelpers.build/Debug-watchos/CoreDataHelpers-t.build/Objects-normal/arm64/CoreDataHelpers-OutputFileMap.json -save-temps -no-color-diagnostics -explicit-module-build -module-cache-path /Users/admin/builder/spi-builder-workspace/.derivedData/Build/Intermediates.noindex/SwiftExplicitPrecompiledModules -clang-scanner-module-cache-path /Users/admin/builder/spi-builder-workspace/.derivedData/ModuleCache.noindex -sdk-module-cache-path /Users/admin/builder/spi-builder-workspace/.derivedData/SDKExplicitPrecompiledModules -emit-dependencies -emit-module -emit-module-path /Users/admin/builder/spi-builder-workspace/.derivedData/Build/Intermediates.noindex/SwiftHelpers.build/Debug-watchos/CoreDataHelpers-t.build/Objects-normal/arm64/CoreDataHelpers.swiftmodule -serialize-diagnostics -dependency-scan-serialize-diagnostics-path /Users/admin/builder/spi-builder-workspace/.derivedData/Build/Intermediates.noindex/SwiftHelpers.build/Debug-watchos/CoreDataHelpers-t.build/Objects-normal/arm64/CoreDataHelpers-dependency-scan.dia -validate-clang-modules-once -clang-build-session-file /Users/admin/builder/spi-builder-workspace/.derivedData/ModuleCache.noindex/Session.modulevalidation -Xcc -fmodules-prune-interval\=86400 -Xcc -fmodules-prune-after\=345600 -package-name spi_builder_workspace -emit-const-values -const-gather-protocols-list /Users/admin/builder/spi-builder-workspace/.derivedData/Build/Intermediates.noindex/SwiftHelpers.build/Debug-watchos/CoreDataHelpers-t.build/Objects-normal/arm64/CoreDataHelpers_const_extract_protocols.json -Xcc -I/Users/admin/builder/spi-builder-workspace/.derivedData/Build/Products/Debug-watchos/include -Xcc -I/Users/admin/builder/spi-builder-workspace/.derivedData/Build/Intermediates.noindex/SwiftHelpers.build/Debug-watchos/CoreDataHelpers-t.build/DerivedSources-normal/arm64 -Xcc -I/Users/admin/builder/spi-builder-workspace/.derivedData/Build/Intermediates.noindex/SwiftHelpers.build/Debug-watchos/CoreDataHelpers-t.build/DerivedSources/arm64 -Xcc -I/Users/admin/builder/spi-builder-workspace/.derivedData/Build/Intermediates.noindex/SwiftHelpers.build/Debug-watchos/CoreDataHelpers-t.build/DerivedSources -Xcc -DSWIFT_PACKAGE -Xcc -DDEBUG\=1 -emit-objc-header -emit-objc-header-path /Users/admin/builder/spi-builder-workspace/.derivedData/Build/Intermediates.noindex/SwiftHelpers.build/Debug-watchos/CoreDataHelpers-t.build/Objects-normal/arm64/CoreDataHelpers-Swift.h -working-directory /Users/admin/builder/spi-builder-workspace/.swiftpm/xcode -experimental-emit-module-separately -disable-cmo
SwiftEmitModule normal arm64_32 Emitting\ module\ for\ FoundationLegacyHelpers (in target 'FoundationLegacyHelpers' from project 'SwiftHelpers')
SwiftCompile normal arm64_32 (in target 'FoundationLegacyHelpers' from project 'SwiftHelpers')
    cd /Users/admin/builder/spi-builder-workspace/.swiftpm/xcode

SwiftEmitModule normal arm64_32 Emitting\ module\ for\ ExitCodeHelpers (in target 'ExitCodeHelpers' from project 'SwiftHelpers')
SwiftCompile normal arm64_32 (in target 'ExitCodeHelpers' from project 'SwiftHelpers')
    cd /Users/admin/builder/spi-builder-workspace/.swiftpm/xcode

SwiftDriver CoreAnimationHelpers normal arm64 com.apple.xcode.tools.swift.compiler (in target 'CoreAnimationHelpers' from project 'SwiftHelpers')
    cd /Users/admin/builder/spi-builder-workspace/.swiftpm/xcode
    builtin-SwiftDriver -- /Applications/Xcode-27.0.0-Release.Candidate.app/Contents/Developer/Toolchains/XcodeDefault.xctoolchain/usr/bin/swiftc -parse-as-library -module-name CoreAnimationHelpers -Onone @/Users/admin/builder/spi-builder-workspace/.derivedData/Build/Intermediates.noindex/SwiftHelpers.build/Debug-watchos/CoreAnimationHelpers-t.build/Objects-normal/arm64/CoreAnimationHelpers.SwiftFileList -DSWIFT_PACKAGE -DDEBUG -DSWIFT_MODULE_RESOURCE_BUNDLE_UNAVAILABLE -DXcode -enable-upcoming-feature MemberImportVisibility -plugin-path /Applications/Xcode-27.0.0-Release.Candidate.app/Contents/Developer/Toolchains/XcodeDefault.xctoolchain/usr/lib/swift/host/plugins/testing -enable-experimental-feature DebugDescriptionMacro -sdk /Applications/Xcode-27.0.0-Release.Candidate.app/Contents/Developer/Platforms/WatchOS.platform/Developer/SDKs/WatchOS27.0.sdk -target arm64-apple-watchos9.0 -g -module-cache-path /Users/admin/builder/spi-builder-workspace/.derivedData/ModuleCache.noindex -Xfrontend -serialize-debugging-options -profile-coverage-mapping -profile-generate -enable-testing -index-store-path /Users/admin/builder/spi-builder-workspace/.derivedData/Index.noindex/DataStore -Xcc -D_LIBCPP_HARDENING_MODE\=_LIBCPP_HARDENING_MODE_DEBUG -swift-version 6 -I /Users/admin/builder/spi-builder-workspace/.derivedData/Build/Products/Debug-watchos -Isystem /Applications/Xcode-27.0.0-Release.Candidate.app/Contents/Developer/Platforms/WatchOS.platform/Developer/usr/lib -F /Users/admin/builder/spi-builder-workspace/.derivedData/Build/Products/Debug-watchos -F /Applications/Xcode-27.0.0-Release.Candidate.app/Contents/Developer/Platforms/WatchOS.platform/Developer/Library/Frameworks -F /Applications/Xcode-27.0.0-Release.Candidate.app/Contents/Developer/Platforms/WatchOS.platform/Developer/SDKs/WatchOS27.0.sdk/Developer/Library/Frameworks -c -j10 -enable-batch-mode -incremental -Xcc -ivfsstatcache -Xcc /Users/admin/builder/spi-builder-workspace/.derivedData/SDKStatCaches.noindex/watchos27.0-24R360-e829b21a6f8c9b70876ba0858053c04477534ef55a1706bf4c1112bbb242f0a2.sdkstatcache -output-file-map /Users/admin/builder/spi-builder-workspace/.derivedData/Build/Intermediates.noindex/SwiftHelpers.build/Debug-watchos/CoreAnimationHelpers-t.build/Objects-normal/arm64/CoreAnimationHelpers-OutputFileMap.json -save-temps -no-color-diagnostics -explicit-module-build -module-cache-path /Users/admin/builder/spi-builder-workspace/.derivedData/Build/Intermediates.noindex/SwiftExplicitPrecompiledModules -clang-scanner-module-cache-path /Users/admin/builder/spi-builder-workspace/.derivedData/ModuleCache.noindex -sdk-module-cache-path /Users/admin/builder/spi-builder-workspace/.derivedData/SDKExplicitPrecompiledModules -emit-dependencies -emit-module -emit-module-path /Users/admin/builder/spi-builder-workspace/.derivedData/Build/Intermediates.noindex/SwiftHelpers.build/Debug-watchos/CoreAnimationHelpers-t.build/Objects-normal/arm64/CoreAnimationHelpers.swiftmodule -serialize-diagnostics -dependency-scan-serialize-diagnostics-path /Users/admin/builder/spi-builder-workspace/.derivedData/Build/Intermediates.noindex/SwiftHelpers.build/Debug-watchos/CoreAnimationHelpers-t.build/Objects-normal/arm64/CoreAnimationHelpers-dependency-scan.dia -validate-clang-modules-once -clang-build-session-file /Users/admin/builder/spi-builder-workspace/.derivedData/ModuleCache.noindex/Session.modulevalidation -Xcc -fmodules-prune-interval\=86400 -Xcc -fmodules-prune-after\=345600 -package-name spi_builder_workspace -emit-const-values -const-gather-protocols-list /Users/admin/builder/spi-builder-workspace/.derivedData/Build/Intermediates.noindex/SwiftHelpers.build/Debug-watchos/CoreAnimationHelpers-t.build/Objects-normal/arm64/CoreAnimationHelpers_const_extract_protocols.json -Xcc -I/Users/admin/builder/spi-builder-workspace/.derivedData/Build/Products/Debug-watchos/include -Xcc -I/Users/admin/builder/spi-builder-workspace/.derivedData/Build/Intermediates.noindex/SwiftHelpers.build/Debug-watchos/CoreAnimationHelpers-t.build/DerivedSources-normal/arm64 -Xcc -I/Users/admin/builder/spi-builder-workspace/.derivedData/Build/Intermediates.noindex/SwiftHelpers.build/Debug-watchos/CoreAnimationHelpers-t.build/DerivedSources/arm64 -Xcc -I/Users/admin/builder/spi-builder-workspace/.derivedData/Build/Intermediates.noindex/SwiftHelpers.build/Debug-watchos/CoreAnimationHelpers-t.build/DerivedSources -Xcc -DSWIFT_PACKAGE -Xcc -DDEBUG\=1 -emit-objc-header -emit-objc-header-path /Users/admin/builder/spi-builder-workspace/.derivedData/Build/Intermediates.noindex/SwiftHelpers.build/Debug-watchos/CoreAnimationHelpers-t.build/Objects-normal/arm64/CoreAnimationHelpers-Swift.h -working-directory /Users/admin/builder/spi-builder-workspace/.swiftpm/xcode -experimental-emit-module-separately -disable-cmo
SwiftDriver CoreAnimationHelpers normal arm64_32 com.apple.xcode.tools.swift.compiler (in target 'CoreAnimationHelpers' from project 'SwiftHelpers')
    cd /Users/admin/builder/spi-builder-workspace/.swiftpm/xcode
    builtin-SwiftDriver -- /Applications/Xcode-27.0.0-Release.Candidate.app/Contents/Developer/Toolchains/XcodeDefault.xctoolchain/usr/bin/swiftc -parse-as-library -module-name CoreAnimationHelpers -Onone @/Users/admin/builder/spi-builder-workspace/.derivedData/Build/Intermediates.noindex/SwiftHelpers.build/Debug-watchos/CoreAnimationHelpers-t.build/Objects-normal/arm64_32/CoreAnimationHelpers.SwiftFileList -DSWIFT_PACKAGE -DDEBUG -DSWIFT_MODULE_RESOURCE_BUNDLE_UNAVAILABLE -DXcode -enable-upcoming-feature MemberImportVisibility -plugin-path /Applications/Xcode-27.0.0-Release.Candidate.app/Contents/Developer/Toolchains/XcodeDefault.xctoolchain/usr/lib/swift/host/plugins/testing -enable-experimental-feature DebugDescriptionMacro -sdk /Applications/Xcode-27.0.0-Release.Candidate.app/Contents/Developer/Platforms/WatchOS.platform/Developer/SDKs/WatchOS27.0.sdk -target arm64_32-apple-watchos9.0 -g -module-cache-path /Users/admin/builder/spi-builder-workspace/.derivedData/ModuleCache.noindex -Xfrontend -serialize-debugging-options -profile-coverage-mapping -profile-generate -enable-testing -index-store-path /Users/admin/builder/spi-builder-workspace/.derivedData/Index.noindex/DataStore -Xcc -D_LIBCPP_HARDENING_MODE\=_LIBCPP_HARDENING_MODE_DEBUG -swift-version 6 -I /Users/admin/builder/spi-builder-workspace/.derivedData/Build/Products/Debug-watchos -Isystem /Applications/Xcode-27.0.0-Release.Candidate.app/Contents/Developer/Platforms/WatchOS.platform/Developer/usr/lib -F /Users/admin/builder/spi-builder-workspace/.derivedData/Build/Products/Debug-watchos -F /Applications/Xcode-27.0.0-Release.Candidate.app/Contents/Developer/Platforms/WatchOS.platform/Developer/Library/Frameworks -F /Applications/Xcode-27.0.0-Release.Candidate.app/Contents/Developer/Platforms/WatchOS.platform/Developer/SDKs/WatchOS27.0.sdk/Developer/Library/Frameworks -c -j10 -enable-batch-mode -incremental -Xcc -ivfsstatcache -Xcc /Users/admin/builder/spi-builder-workspace/.derivedData/SDKStatCaches.noindex/watchos27.0-24R360-e829b21a6f8c9b70876ba0858053c04477534ef55a1706bf4c1112bbb242f0a2.sdkstatcache -output-file-map /Users/admin/builder/spi-builder-workspace/.derivedData/Build/Intermediates.noindex/SwiftHelpers.build/Debug-watchos/CoreAnimationHelpers-t.build/Objects-normal/arm64_32/CoreAnimationHelpers-OutputFileMap.json -save-temps -no-color-diagnostics -explicit-module-build -module-cache-path /Users/admin/builder/spi-builder-workspace/.derivedData/Build/Intermediates.noindex/SwiftExplicitPrecompiledModules -clang-scanner-module-cache-path /Users/admin/builder/spi-builder-workspace/.derivedData/ModuleCache.noindex -sdk-module-cache-path /Users/admin/builder/spi-builder-workspace/.derivedData/SDKExplicitPrecompiledModules -emit-dependencies -emit-module -emit-module-path /Users/admin/builder/spi-builder-workspace/.derivedData/Build/Intermediates.noindex/SwiftHelpers.build/Debug-watchos/CoreAnimationHelpers-t.build/Objects-normal/arm64_32/CoreAnimationHelpers.swiftmodule -serialize-diagnostics -dependency-scan-serialize-diagnostics-path /Users/admin/builder/spi-builder-workspace/.derivedData/Build/Intermediates.noindex/SwiftHelpers.build/Debug-watchos/CoreAnimationHelpers-t.build/Objects-normal/arm64_32/CoreAnimationHelpers-dependency-scan.dia -validate-clang-modules-once -clang-build-session-file /Users/admin/builder/spi-builder-workspace/.derivedData/ModuleCache.noindex/Session.modulevalidation -Xcc -fmodules-prune-interval\=86400 -Xcc -fmodules-prune-after\=345600 -package-name spi_builder_workspace -emit-const-values -const-gather-protocols-list /Users/admin/builder/spi-builder-workspace/.derivedData/Build/Intermediates.noindex/SwiftHelpers.build/Debug-watchos/CoreAnimationHelpers-t.build/Objects-normal/arm64_32/CoreAnimationHelpers_const_extract_protocols.json -Xcc -I/Users/admin/builder/spi-builder-workspace/.derivedData/Build/Products/Debug-watchos/include -Xcc -I/Users/admin/builder/spi-builder-workspace/.derivedData/Build/Intermediates.noindex/SwiftHelpers.build/Debug-watchos/CoreAnimationHelpers-t.build/DerivedSources-normal/arm64_32 -Xcc -I/Users/admin/builder/spi-builder-workspace/.derivedData/Build/Intermediates.noindex/SwiftHelpers.build/Debug-watchos/CoreAnimationHelpers-t.build/DerivedSources/arm64_32 -Xcc -I/Users/admin/builder/spi-builder-workspace/.derivedData/Build/Intermediates.noindex/SwiftHelpers.build/Debug-watchos/CoreAnimationHelpers-t.build/DerivedSources -Xcc -DSWIFT_PACKAGE -Xcc -DDEBUG\=1 -emit-objc-header -emit-objc-header-path /Users/admin/builder/spi-builder-workspace/.derivedData/Build/Intermediates.noindex/SwiftHelpers.build/Debug-watchos/CoreAnimationHelpers-t.build/Objects-normal/arm64_32/CoreAnimationHelpers-Swift.h -working-directory /Users/admin/builder/spi-builder-workspace/.swiftpm/xcode -experimental-emit-module-separately -disable-cmo
SwiftCompile normal arm64_32 Compiling\ NSTextCheckingResult+Extensions.swift /Users/admin/builder/spi-builder-workspace/Sources/FoundationLegacyHelpers/NSTextCheckingResult+Extensions.swift (in target 'FoundationLegacyHelpers' from project 'SwiftHelpers')
SwiftCompile normal arm64_32 /Users/admin/builder/spi-builder-workspace/Sources/FoundationLegacyHelpers/NSTextCheckingResult+Extensions.swift (in target 'FoundationLegacyHelpers' from project 'SwiftHelpers')
    cd /Users/admin/builder/spi-builder-workspace/.swiftpm/xcode
    builtin-SwiftPerFileCompile NSTextCheckingResult+Extensions.swift
SwiftEmitModule normal arm64_32 Emitting\ module\ for\ SynchronizationHelpers (in target 'SynchronizationHelpers' from project 'SwiftHelpers')
SwiftCompile normal arm64_32 (in target 'SynchronizationHelpers' from project 'SwiftHelpers')
    cd /Users/admin/builder/spi-builder-workspace/.swiftpm/xcode

SwiftEmitModule normal arm64 Emitting\ module\ for\ SynchronizationHelpers (in target 'SynchronizationHelpers' from project 'SwiftHelpers')
SwiftCompile normal arm64 (in target 'SynchronizationHelpers' from project 'SwiftHelpers')
    cd /Users/admin/builder/spi-builder-workspace/.swiftpm/xcode

SwiftEmitModule normal arm64 Emitting\ module\ for\ StandardLibraryHelpers (in target 'StandardLibraryHelpers' from project 'SwiftHelpers')
SwiftCompile normal arm64 (in target 'StandardLibraryHelpers' from project 'SwiftHelpers')
    cd /Users/admin/builder/spi-builder-workspace/.swiftpm/xcode

SwiftEmitModule normal arm64_32 Emitting\ module\ for\ StandardLibraryHelpers (in target 'StandardLibraryHelpers' from project 'SwiftHelpers')
SwiftCompile normal arm64_32 (in target 'StandardLibraryHelpers' from project 'SwiftHelpers')
    cd /Users/admin/builder/spi-builder-workspace/.swiftpm/xcode

SwiftEmitModule normal arm64_32 Emitting\ module\ for\ LoggingHelpers (in target 'LoggingHelpers' from project 'SwiftHelpers')
SwiftCompile normal arm64_32 (in target 'LoggingHelpers' from project 'SwiftHelpers')
    cd /Users/admin/builder/spi-builder-workspace/.swiftpm/xcode

SwiftEmitModule normal arm64 Emitting\ module\ for\ LoggingHelpers (in target 'LoggingHelpers' from project 'SwiftHelpers')
SwiftCompile normal arm64 (in target 'LoggingHelpers' from project 'SwiftHelpers')
    cd /Users/admin/builder/spi-builder-workspace/.swiftpm/xcode

SwiftEmitModule normal arm64_32 Emitting\ module\ for\ CoreDataHelpers (in target 'CoreDataHelpers' from project 'SwiftHelpers')
SwiftCompile normal arm64_32 (in target 'CoreDataHelpers' from project 'SwiftHelpers')
    cd /Users/admin/builder/spi-builder-workspace/.swiftpm/xcode

SwiftExplicitDependencyGeneratePcm arm64 /Users/admin/builder/spi-builder-workspace/.derivedData/SDKExplicitPrecompiledModules/CoreData-DAEI6Z48P97TYC3SMMGLERAJ5.pcm
SwiftCompile normal arm64_32 Compiling\ UnfairLocked.swift /Users/admin/builder/spi-builder-workspace/Sources/SynchronizationHelpers/UnfairLocked.swift (in target 'SynchronizationHelpers' from project 'SwiftHelpers')
SwiftCompile normal arm64_32 /Users/admin/builder/spi-builder-workspace/Sources/SynchronizationHelpers/UnfairLocked.swift (in target 'SynchronizationHelpers' from project 'SwiftHelpers')
    cd /Users/admin/builder/spi-builder-workspace/.swiftpm/xcode
    builtin-SwiftPerFileCompile UnfairLocked.swift
SwiftCompile normal arm64 Compiling\ AtomicSerial.swift /Users/admin/builder/spi-builder-workspace/Sources/SynchronizationHelpers/AtomicSerial.swift (in target 'SynchronizationHelpers' from project 'SwiftHelpers')
SwiftCompile normal arm64 /Users/admin/builder/spi-builder-workspace/Sources/SynchronizationHelpers/AtomicSerial.swift (in target 'SynchronizationHelpers' from project 'SwiftHelpers')
    cd /Users/admin/builder/spi-builder-workspace/.swiftpm/xcode
    builtin-SwiftPerFileCompile AtomicSerial.swift
SwiftExplicitDependencyGeneratePcm arm64 /Users/admin/builder/spi-builder-workspace/.derivedData/SDKExplicitPrecompiledModules/QuartzCore-BRDP6VIMJ6A6HG4W4NYXZ8BI3.pcm
SwiftEmitModule normal arm64_32 Emitting\ module\ for\ CoreAnimationHelpers (in target 'CoreAnimationHelpers' from project 'SwiftHelpers')
/Users/admin/builder/spi-builder-workspace/Sources/CoreAnimationHelpers/CALayer+Extensions.swift:40:48: error: 'CAAction' is unavailable in watchOS
38 | 		/// - Parameters:
39 | 		///   - newActions: A dictionary containing layer actions.
40 | 		func updateActions(with newActions: [String: CAAction]) {
   |                                                `- error: 'CAAction' is unavailable in watchOS
41 | 			guard !newActions.isEmpty else {
42 | 				return
/Applications/Xcode-27.0.0-Release.Candidate.app/Contents/Developer/Platforms/WatchOS.platform/Developer/SDKs/WatchOS27.0.sdk/System/Library/Frameworks/QuartzCore.framework/Headers/CALayer.h:945:11: note: 'CAAction' has been explicitly marked unavailable here
 943 |
 944 | API_AVAILABLE(macos(10.5), ios(2.0), tvos(9.0)) API_UNAVAILABLE(watchos)
 945 | @protocol CAAction
     |           `- note: 'CAAction' has been explicitly marked unavailable here
 946 |
 947 | /* Called to trigger the event named 'path' on the receiver. The object
/Users/admin/builder/spi-builder-workspace/Sources/CoreAnimationHelpers/CALayer+Extensions.swift:7:19: error: 'CALayer' is unavailable in watchOS
 5 | 	import QuartzCore
 6 |
 7 | 	public extension CALayer {
   |                   `- error: 'CALayer' is unavailable in watchOS
 8 |
 9 | 		// MARK: Animations
/Applications/Xcode-27.0.0-Release.Candidate.app/Contents/Developer/Platforms/WatchOS.platform/Developer/SDKs/WatchOS27.0.sdk/System/Library/Frameworks/QuartzCore.framework/Headers/CALayer.h:117:12: note: 'CALayer' has been explicitly marked unavailable here
 115 |
 116 | API_AVAILABLE(macos(10.5), ios(2.0), tvos(9.0)) API_UNAVAILABLE(watchos)
 117 | @interface CALayer : NSObject <NSSecureCoding, CAMediaTiming>
     |            `- note: 'CALayer' has been explicitly marked unavailable here
 118 |
 119 | /** Layer creation and initialization. **/
/Users/admin/builder/spi-builder-workspace/Sources/CoreAnimationHelpers/CAMediaTiming+Extensions.swift:7:19: error: 'CAMediaTiming' is unavailable in watchOS
 5 | 	import QuartzCore
 6 |
 7 | 	public extension CAMediaTiming {
   |                   `- error: 'CAMediaTiming' is unavailable in watchOS
 8 |
 9 | 		/// Current absolute time, in seconds.
/Applications/Xcode-27.0.0-Release.Candidate.app/Contents/Developer/Platforms/WatchOS.platform/Developer/SDKs/WatchOS27.0.sdk/System/Library/Frameworks/QuartzCore.framework/Headers/CAMediaTiming.h:37:11: note: 'CAMediaTiming' has been explicitly marked unavailable here
35 |
36 | API_AVAILABLE(macos(10.5), ios(2.0), tvos(9.0)) API_UNAVAILABLE(watchos)
37 | @protocol CAMediaTiming
   |           `- note: 'CAMediaTiming' has been explicitly marked unavailable here
38 |
39 | /* The begin time of the object, in relation to its parent object, if
Failed frontend command:
/Applications/Xcode-27.0.0-Release.Candidate.app/Contents/Developer/Toolchains/XcodeDefault.xctoolchain/usr/bin/swift-frontend -frontend -emit-module -experimental-skip-non-inlinable-function-bodies-without-types /Users/admin/builder/spi-builder-workspace/Sources/CoreAnimationHelpers/CALayer+Extensions.swift /Users/admin/builder/spi-builder-workspace/Sources/CoreAnimationHelpers/CAMediaTiming+Extensions.swift -target arm64_32-apple-watchos9.0 -module-can-import-version QuartzCore 5 1223.0.14 -disable-cross-import-overlay-search -load-resolved-plugin /Applications/Xcode-27.0.0-Release.Candidate.app/Contents/Developer/Platforms/WatchOS.platform/Developer/usr/lib/swift/host/plugins/libFoundationMacros.dylib\#/Applications/Xcode-27.0.0-Release.Candidate.app/Contents/Developer/Platforms/WatchOS.platform/Developer/usr/bin/swift-plugin-server\#FoundationMacros -load-resolved-plugin /Applications/Xcode-27.0.0-Release.Candidate.app/Contents/Developer/Platforms/WatchOS.platform/Developer/usr/lib/swift/host/plugins/libObservationMacros.dylib\#/Applications/Xcode-27.0.0-Release.Candidate.app/Contents/Developer/Platforms/WatchOS.platform/Developer/usr/bin/swift-plugin-server\#ObservationMacros -load-resolved-plugin /Applications/Xcode-27.0.0-Release.Candidate.app/Contents/Developer/Platforms/WatchOS.platform/Developer/usr/lib/swift/host/plugins/libSwiftMacros.dylib\#/Applications/Xcode-27.0.0-Release.Candidate.app/Contents/Developer/Platforms/WatchOS.platform/Developer/usr/bin/swift-plugin-server\#SwiftMacros -disable-implicit-swift-modules -Xcc -fno-implicit-modules -Xcc -fno-implicit-module-maps -explicit-swift-module-map-file /Users/admin/builder/spi-builder-workspace/.derivedData/Build/Intermediates.noindex/SwiftHelpers.build/Debug-watchos/CoreAnimationHelpers-t.build/Objects-normal/arm64_32/CoreAnimationHelpers-dependencies-2.json -enable-objc-interop -sdk /Applications/Xcode-27.0.0-Release.Candidate.app/Contents/Developer/Platforms/WatchOS.platform/Developer/SDKs/WatchOS27.0.sdk -I /Users/admin/builder/spi-builder-workspace/.derivedData/Build/Products/Debug-watchos -Isystem /Applications/Xcode-27.0.0-Release.Candidate.app/Contents/Developer/Platforms/WatchOS.platform/Developer/usr/lib -F /Users/admin/builder/spi-builder-workspace/.derivedData/Build/Products/Debug-watchos -F /Applications/Xcode-27.0.0-Release.Candidate.app/Contents/Developer/Platforms/WatchOS.platform/Developer/Library/Frameworks -F /Applications/Xcode-27.0.0-Release.Candidate.app/Contents/Developer/Platforms/WatchOS.platform/Developer/SDKs/WatchOS27.0.sdk/Developer/Library/Frameworks -module-cache-path /Users/admin/builder/spi-builder-workspace/.derivedData/Build/Intermediates.noindex/SwiftExplicitPrecompiledModules -no-color-diagnostics -Xcc -fno-color-diagnostics -enable-testing -g -debug-info-format\=dwarf -dwarf-version\=4 -profile-generate -profile-coverage-mapping -swift-version 6 -Onone -D SWIFT_PACKAGE -D DEBUG -D SWIFT_MODULE_RESOURCE_BUNDLE_UNAVAILABLE -D Xcode -serialize-debugging-options -enable-upcoming-feature MemberImportVisibility -enable-experimental-feature DebugDescriptionMacro -empty-abi-descriptor -validate-clang-modules-once -clang-build-session-file /Users/admin/builder/spi-builder-workspace/.derivedData/ModuleCache.noindex/Session.modulevalidation -Xcc -working-directory -Xcc /Users/admin/builder/spi-builder-workspace/.swiftpm/xcode -enable-anonymous-context-mangled-names -file-compilation-dir /Users/admin/builder/spi-builder-workspace/.swiftpm/xcode -Xcc -D_LIBCPP_HARDENING_MODE\=_LIBCPP_HARDENING_MODE_DEBUG -Xcc -ivfsstatcache -Xcc /Users/admin/builder/spi-builder-workspace/.derivedData/SDKStatCaches.noindex/watchos27.0-24R360-e829b21a6f8c9b70876ba0858053c04477534ef55a1706bf4c1112bbb242f0a2.sdkstatcache -Xcc -fmodules-prune-interval\=86400 -Xcc -fmodules-prune-after\=345600 -Xcc -I/Users/admin/builder/spi-builder-workspace/.derivedData/Build/Products/Debug-watchos/include -Xcc -I/Users/admin/builder/spi-builder-workspace/.derivedData/Build/Intermediates.noindex/SwiftHelpers.build/Debug-watchos/CoreAnimationHelpers-t.build/DerivedSources-normal/arm64_32 -Xcc -I/Users/admin/builder/spi-builder-workspace/.derivedData/Build/Intermediates.noindex/SwiftHelpers.build/Debug-watchos/CoreAnimationHelpers-t.build/DerivedSources/arm64_32 -Xcc -I/Users/admin/builder/spi-builder-workspace/.derivedData/Build/Intermediates.noindex/SwiftHelpers.build/Debug-watchos/CoreAnimationHelpers-t.build/DerivedSources -Xcc -DSWIFT_PACKAGE -Xcc -DDEBUG\=1 -no-auto-bridging-header-chaining -module-name CoreAnimationHelpers -package-name spi_builder_workspace -const-gather-protocols-file /Users/admin/builder/spi-builder-workspace/.derivedData/Build/Intermediates.noindex/SwiftHelpers.build/Debug-watchos/CoreAnimationHelpers-t.build/Objects-normal/arm64_32/CoreAnimationHelpers_const_extract_protocols.json -disable-clang-spi -clang-target arm64_32-apple-watchos27.0 -target-sdk-version 27.0 -target-sdk-name watchos27.0 -in-process-plugin-server-path /Applications/Xcode-27.0.0-Release.Candidate.app/Contents/Developer/Toolchains/XcodeDefault.xctoolchain/usr/lib/swift/host/libSwiftInProcPluginServer.dylib -emit-module-doc-path /Users/admin/builder/spi-builder-workspace/.derivedData/Build/Intermediates.noindex/SwiftHelpers.build/Debug-watchos/CoreAnimationHelpers-t.build/Objects-normal/arm64_32/CoreAnimationHelpers.swiftdoc -emit-module-source-info-path /Users/admin/builder/spi-builder-workspace/.derivedData/Build/Intermediates.noindex/SwiftHelpers.build/Debug-watchos/CoreAnimationHelpers-t.build/Objects-normal/arm64_32/CoreAnimationHelpers.swiftsourceinfo -emit-objc-header-path /Users/admin/builder/spi-builder-workspace/.derivedData/Build/Intermediates.noindex/SwiftHelpers.build/Debug-watchos/CoreAnimationHelpers-t.build/Objects-normal/arm64_32/CoreAnimationHelpers-Swift.h -serialize-diagnostics-path /Users/admin/builder/spi-builder-workspace/.derivedData/Build/Intermediates.noindex/SwiftHelpers.build/Debug-watchos/CoreAnimationHelpers-t.build/Objects-normal/arm64_32/CoreAnimationHelpers-primary-emit-module.dia -emit-dependencies-path /Users/admin/builder/spi-builder-workspace/.derivedData/Build/Intermediates.noindex/SwiftHelpers.build/Debug-watchos/CoreAnimationHelpers-t.build/Objects-normal/arm64_32/CoreAnimationHelpers-primary-emit-module.d -parse-as-library -o /Users/admin/builder/spi-builder-workspace/.derivedData/Build/Intermediates.noindex/SwiftHelpers.build/Debug-watchos/CoreAnimationHelpers-t.build/Objects-normal/arm64_32/CoreAnimationHelpers.swiftmodule -emit-abi-descriptor-path /Users/admin/builder/spi-builder-workspace/.derivedData/Build/Intermediates.noindex/SwiftHelpers.build/Debug-watchos/CoreAnimationHelpers-t.build/Objects-normal/arm64_32/CoreAnimationHelpers.abi.json
SwiftCompile normal arm64_32 (in target 'CoreAnimationHelpers' from project 'SwiftHelpers')
    cd /Users/admin/builder/spi-builder-workspace/.swiftpm/xcode

SwiftCompile normal arm64 Compiling\ AtomicConcurrent.swift /Users/admin/builder/spi-builder-workspace/Sources/SynchronizationHelpers/AtomicConcurrent.swift (in target 'SynchronizationHelpers' from project 'SwiftHelpers')
SwiftCompile normal arm64 /Users/admin/builder/spi-builder-workspace/Sources/SynchronizationHelpers/AtomicConcurrent.swift (in target 'SynchronizationHelpers' from project 'SwiftHelpers')
    cd /Users/admin/builder/spi-builder-workspace/.swiftpm/xcode
    builtin-SwiftPerFileCompile AtomicConcurrent.swift
SwiftCompile normal arm64 Compiling\ Locked.swift /Users/admin/builder/spi-builder-workspace/Sources/SynchronizationHelpers/Locked.swift (in target 'SynchronizationHelpers' from project 'SwiftHelpers')
SwiftCompile normal arm64 /Users/admin/builder/spi-builder-workspace/Sources/SynchronizationHelpers/Locked.swift (in target 'SynchronizationHelpers' from project 'SwiftHelpers')
    cd /Users/admin/builder/spi-builder-workspace/.swiftpm/xcode
    builtin-SwiftPerFileCompile Locked.swift
SwiftCompile normal arm64_32 Compiling\ Locked.swift /Users/admin/builder/spi-builder-workspace/Sources/SynchronizationHelpers/Locked.swift (in target 'SynchronizationHelpers' from project 'SwiftHelpers')
SwiftCompile normal arm64_32 /Users/admin/builder/spi-builder-workspace/Sources/SynchronizationHelpers/Locked.swift (in target 'SynchronizationHelpers' from project 'SwiftHelpers')
    cd /Users/admin/builder/spi-builder-workspace/.swiftpm/xcode
    builtin-SwiftPerFileCompile Locked.swift
SwiftCompile normal arm64_32 Compiling\ AtomicConcurrent.swift /Users/admin/builder/spi-builder-workspace/Sources/SynchronizationHelpers/AtomicConcurrent.swift (in target 'SynchronizationHelpers' from project 'SwiftHelpers')
SwiftCompile normal arm64_32 /Users/admin/builder/spi-builder-workspace/Sources/SynchronizationHelpers/AtomicConcurrent.swift (in target 'SynchronizationHelpers' from project 'SwiftHelpers')
    cd /Users/admin/builder/spi-builder-workspace/.swiftpm/xcode
    builtin-SwiftPerFileCompile AtomicConcurrent.swift
SwiftCompile normal arm64_32 Compiling\ AtomicSerial.swift /Users/admin/builder/spi-builder-workspace/Sources/SynchronizationHelpers/AtomicSerial.swift (in target 'SynchronizationHelpers' from project 'SwiftHelpers')
SwiftCompile normal arm64_32 /Users/admin/builder/spi-builder-workspace/Sources/SynchronizationHelpers/AtomicSerial.swift (in target 'SynchronizationHelpers' from project 'SwiftHelpers')
    cd /Users/admin/builder/spi-builder-workspace/.swiftpm/xcode
    builtin-SwiftPerFileCompile AtomicSerial.swift
SwiftEmitModule normal arm64 Emitting\ module\ for\ CoreDataHelpers (in target 'CoreDataHelpers' from project 'SwiftHelpers')
SwiftCompile normal arm64 (in target 'CoreDataHelpers' from project 'SwiftHelpers')
    cd /Users/admin/builder/spi-builder-workspace/.swiftpm/xcode

SwiftEmitModule normal arm64 Emitting\ module\ for\ CoreAnimationHelpers (in target 'CoreAnimationHelpers' from project 'SwiftHelpers')
SwiftCompile normal arm64 (in target 'CoreAnimationHelpers' from project 'SwiftHelpers')
    cd /Users/admin/builder/spi-builder-workspace/.swiftpm/xcode

PruneExplicitPrecompiledModules /Users/admin/builder/spi-builder-workspace/.derivedData/Build/Intermediates.noindex/ExplicitPrecompiledModules
PruneExplicitPrecompiledModules /Users/admin/builder/spi-builder-workspace/.derivedData/SDKExplicitPrecompiledModules
PruneExplicitPrecompiledModules /Users/admin/builder/spi-builder-workspace/.derivedData/Build/Intermediates.noindex/SwiftExplicitPrecompiledModules
2026-09-23 01:13:37.987 xcodebuild[761:5008] [MT] IDERunDestination: Supported platforms for the buildables in the current scheme is empty.
2026-09-23 01:13:38.100 xcodebuild[761:5008] [MT] IDERunDestination: Supported platforms for the buildables in the current scheme is empty.
** BUILD FAILED **
The following build commands failed:
	SwiftEmitModule normal arm64_32 Emitting\ module\ for\ CoreAnimationHelpers (in target 'CoreAnimationHelpers' from project 'SwiftHelpers')
	SwiftCompile normal arm64_32 (in target 'CoreAnimationHelpers' from project 'SwiftHelpers')
	Building workspace SwiftHelpers with scheme SwiftHelpers-Package
(3 failures)
BUILD FAILURE 6.4 watchOS