The Swift Package Index logo.Swift Package Index

Build Information

Failed to build LocalizedDeviceModel, reference 3.11.0 (df38c6), with Swift 6.4 for Wasm on 27 Sep 2026 02:44:39 UTC.

Build Command

bash -c docker run --pull=always --rm -v "checkouts-54344844-2":/host -w "$PWD" -e JAVA_HOME="/root/.sdkman/candidates/java/current" -e SPI_BUILD="1" -e SPI_PROCESSING="1" registry.gitlab.com/saguaro1/spi-images:wasm-6.4-latest swift build --swift-sdk swift-6.4.x-DEVELOPMENT-SNAPSHOT-2026-09-04-a_wasm 2>&1

Build Log

========================================
RunAll
========================================
Builder version: 5.1.0
Interrupt handler set up.
========================================
Checkout
========================================
Clone URL: https://github.com/bixcorp/BDLocalizedDevicesModels.git
Reference: 3.11.0
Initialized empty Git repository in /host/spi-builder-workspace/.git/
hint: Using 'master' as the name for the initial branch. This default branch name
hint: is subject to change. To configure the initial branch name to use in all
hint: of your new repositories, which will suppress this warning, call:
hint:
hint: 	git config --global init.defaultBranch <name>
hint:
hint: Names commonly chosen instead of 'master' are 'main', 'trunk' and
hint: 'development'. The just-created branch can be renamed via this command:
hint:
hint: 	git branch -m <name>
From https://github.com/bixcorp/BDLocalizedDevicesModels
 * tag               3.11.0     -> FETCH_HEAD
HEAD is now at df38c68 Update changelog
Cloned https://github.com/bixcorp/BDLocalizedDevicesModels.git
Revision (git rev-parse @):
df38c68881e5e4f338da16b144182b38df6a7b5c
SPI manifest file found: $PWD/.spi.yml
SUCCESS checkout https://github.com/bixcorp/BDLocalizedDevicesModels.git at 3.11.0
========================================
Build
========================================
Selected platform:         wasm
Swift version:             6.4
Building package at path:  $PWD
https://github.com/bixcorp/BDLocalizedDevicesModels.git
Running build ...
bash -c docker run --pull=always --rm -v "checkouts-54344844-2":/host -w "$PWD" -e JAVA_HOME="/root/.sdkman/candidates/java/current" -e SPI_BUILD="1" -e SPI_PROCESSING="1" registry.gitlab.com/saguaro1/spi-images:wasm-6.4-latest swift build --swift-sdk swift-6.4.x-DEVELOPMENT-SNAPSHOT-2026-09-04-a_wasm 2>&1
wasm-6.4-latest: Pulling from saguaro1/spi-images
Digest: sha256:4328fdb43c680d205c1d6761b1e3267aa38277eefdda9ddfb17b6a0f1a77857a
Status: Image is up to date for registry.gitlab.com/saguaro1/spi-images:wasm-6.4-latest
Building for debugging...
[Constructing description]
[Planning deferred tasks]
[31 / 39] LocalizedDeviceModel_LocalizedDeviceModel
[36 / 44] LocalizedDeviceModel
[41 / 44] LocalizedDeviceModel
error: SwiftCompile normal wasm32 /host/spi-builder-workspace/Sources/LocalizedDeviceModel/LocalizedModel.swift failed with a nonzero exit code. Command line:     cd /host
    builtin-SwiftPerFileCompile LocalizedModel.swift
/host/spi-builder-workspace/Sources/LocalizedDeviceModel/LocalizedModel.swift:14:22: error: 'ProcessInfo' initializer is inaccessible due to 'internal' protection level
12 | var deviceTypeIdentifier: String {
13 |     // Check if device is a simulator to get the right machine identifier.
14 |     if let machine = ProcessInfo().environment["SIMULATOR_MODEL_IDENTIFIER"] {
   |                      `- error: 'ProcessInfo' initializer is inaccessible due to 'internal' protection level
15 |         return machine
16 |     } else {
FoundationEssentials.ProcessInfo.init:2:10: note: 'init()' declared here
1 | class ProcessInfo {
2 | internal init()}
  |          `- note: 'init()' declared here
3 |
/host/spi-builder-workspace/Sources/LocalizedDeviceModel/LocalizedModel.swift:18:9: error: cannot find 'sysctlbyname' in scope
16 |     } else {
17 |         var size = 0
18 |         sysctlbyname("hw.machine", nil, &size, nil, 0)
   |         `- error: cannot find 'sysctlbyname' in scope
19 |         var machine = [CChar](repeating: 0, count: size)
20 |         sysctlbyname("hw.machine", &machine, &size, nil, 0)
/host/spi-builder-workspace/Sources/LocalizedDeviceModel/LocalizedModel.swift:20:9: error: cannot find 'sysctlbyname' in scope
18 |         sysctlbyname("hw.machine", nil, &size, nil, 0)
19 |         var machine = [CChar](repeating: 0, count: size)
20 |         sysctlbyname("hw.machine", &machine, &size, nil, 0)
   |         `- error: cannot find 'sysctlbyname' in scope
21 |
22 |         return String(cString: machine)
Failed frontend command:
/usr/bin/swift-frontend -frontend -c /host/spi-builder-workspace/.build/out/Intermediates.noindex/LocalizedDeviceModel.build/Debug-webassembly-wasm32/LocalizedDeviceModel-t.build/DerivedSources/resource_bundle_accessor.swift /host/spi-builder-workspace/Sources/LocalizedDeviceModel/Extensions/UIDevice+LocalizedModel.swift /host/spi-builder-workspace/Sources/LocalizedDeviceModel/Extensions/WKInterfaceDevice+LocalizedModel.swift -primary-file /host/spi-builder-workspace/Sources/LocalizedDeviceModel/LocalizedModel.swift -emit-dependencies-path /host/spi-builder-workspace/.build/out/Intermediates.noindex/LocalizedDeviceModel.build/Debug-webassembly-wasm32/LocalizedDeviceModel-t.build/Objects-normal/wasm32/LocalizedModel.d -emit-const-values-path /host/spi-builder-workspace/.build/out/Intermediates.noindex/LocalizedDeviceModel.build/Debug-webassembly-wasm32/LocalizedDeviceModel-t.build/Objects-normal/wasm32/LocalizedModel.swiftconstvalues -emit-reference-dependencies-path /host/spi-builder-workspace/.build/out/Intermediates.noindex/LocalizedDeviceModel.build/Debug-webassembly-wasm32/LocalizedDeviceModel-t.build/Objects-normal/wasm32/LocalizedModel.swiftdeps -serialize-diagnostics-path /host/spi-builder-workspace/.build/out/Intermediates.noindex/LocalizedDeviceModel.build/Debug-webassembly-wasm32/LocalizedDeviceModel-t.build/Objects-normal/wasm32/LocalizedModel.dia -target wasm32-unknown-wasip1 -disable-objc-interop -sdk /root/.swiftpm/swift-sdks/swift-6.4.x-DEVELOPMENT-SNAPSHOT-2026-09-04-a_wasm.artifactbundle/swift-6.4.x-DEVELOPMENT-SNAPSHOT-2026-09-04-a_wasm/wasm32-unknown-wasip1/WASI.sdk -sysroot /root/.swiftpm/swift-sdks/swift-6.4.x-DEVELOPMENT-SNAPSHOT-2026-09-04-a_wasm.artifactbundle/swift-6.4.x-DEVELOPMENT-SNAPSHOT-2026-09-04-a_wasm/wasm32-unknown-wasip1/WASI.sdk -I /host/spi-builder-workspace/.build/out/Products/Debug-webassembly-wasm32 -module-cache-path /host/spi-builder-workspace/.build/out/ModuleCache.noindex -color-diagnostics -Xcc -fcolor-diagnostics -enable-testing -g -debug-info-format\=dwarf -dwarf-version\=4 -swift-version 5 -Onone -D SWIFT_PACKAGE -D DEBUG -D SWIFT_MODULE_RESOURCE_BUNDLE_AVAILABLE -D Xcode -serialize-debugging-options -enable-experimental-feature DebugDescriptionMacro -empty-abi-descriptor -external-plugin-path /usr/lib/swift/host/plugins/testing\#/usr/bin/swift-plugin-server -validate-clang-modules-once -clang-build-session-file /host/spi-builder-workspace/.build/out/ModuleCache.noindex/Session.modulevalidation -Xcc -working-directory -Xcc /host -resource-dir /root/.swiftpm/swift-sdks/swift-6.4.x-DEVELOPMENT-SNAPSHOT-2026-09-04-a_wasm.artifactbundle/swift-6.4.x-DEVELOPMENT-SNAPSHOT-2026-09-04-a_wasm/wasm32-unknown-wasip1/swift.xctoolchain/usr/lib/swift_static -use-static-resource-dir -enable-anonymous-context-mangled-names -file-compilation-dir /host -Xcc -resource-dir -Xcc /root/.swiftpm/swift-sdks/swift-6.4.x-DEVELOPMENT-SNAPSHOT-2026-09-04-a_wasm.artifactbundle/swift-6.4.x-DEVELOPMENT-SNAPSHOT-2026-09-04-a_wasm/wasm32-unknown-wasip1/swift.xctoolchain/usr/lib/swift_static/clang -Xcc -D_LIBCPP_HARDENING_MODE\=_LIBCPP_HARDENING_MODE_DEBUG -Xcc -fmodules-prune-interval\=86400 -Xcc -fmodules-prune-after\=345600 -Xcc -I/host/spi-builder-workspace/.build/out/Products/Debug-webassembly-wasm32/include -Xcc -I/host/spi-builder-workspace/.build/out/Intermediates.noindex/LocalizedDeviceModel.build/Debug-webassembly-wasm32/LocalizedDeviceModel-t.build/DerivedSources-normal/wasm32 -Xcc -I/host/spi-builder-workspace/.build/out/Intermediates.noindex/LocalizedDeviceModel.build/Debug-webassembly-wasm32/LocalizedDeviceModel-t.build/DerivedSources/wasm32 -Xcc -I/host/spi-builder-workspace/.build/out/Intermediates.noindex/LocalizedDeviceModel.build/Debug-webassembly-wasm32/LocalizedDeviceModel-t.build/DerivedSources -Xcc -DSWIFT_PACKAGE -Xcc -DDEBUG\=1 -no-auto-bridging-header-chaining -module-name LocalizedDeviceModel -const-gather-protocols-file /host/spi-builder-workspace/.build/out/Intermediates.noindex/LocalizedDeviceModel.build/Debug-webassembly-wasm32/LocalizedDeviceModel-t.build/Objects-normal/wasm32/LocalizedDeviceModel_const_extract_protocols.json -in-process-plugin-server-path /usr/lib/swift/host/libSwiftInProcPluginServer.so -plugin-path /usr/lib/swift/host/plugins -plugin-path /usr/local/lib/swift/host/plugins -parse-as-library -o /host/spi-builder-workspace/.build/out/Intermediates.noindex/LocalizedDeviceModel.build/Debug-webassembly-wasm32/LocalizedDeviceModel-t.build/Objects-normal/wasm32/LocalizedModel.o -index-unit-output-path /LocalizedDeviceModel.build/Debug-webassembly-wasm32/LocalizedDeviceModel-t.build/Objects-normal/wasm32/LocalizedModel.o -index-store-path /host/spi-builder-workspace/.build/out -index-system-modules
error: Build failed
BUILD FAILURE 6.4 wasm