The Swift Package Index logo.Swift Package Index

Build Information

Failed to build ActionSheetCard, reference 0.3.0 (5e9a3c), with Swift 6.4 for macOS (SPM) on 17 Sep 2026 18:17:37 UTC.

Build Command

env DEVELOPER_DIR=/Applications/Xcode-27.0.0-Release.Candidate.app xcrun swift build --arch arm64

Build Log

========================================
RunAll
========================================
Builder version: 5.1.0
Interrupt handler set up.
========================================
Checkout
========================================
Clone URL: https://github.com/mahmudahsan/SwiftUI-Action-Sheet-Card.git
Reference: 0.3.0
Initialized empty Git repository in /Users/admin/builder/spi-builder-workspace/.git/
From https://github.com/mahmudahsan/SwiftUI-Action-Sheet-Card
 * tag               0.3.0      -> FETCH_HEAD
HEAD is now at 5e9a3cc Update ContentView.swift
Cloned https://github.com/mahmudahsan/SwiftUI-Action-Sheet-Card.git
Revision (git rev-parse @):
5e9a3ccef5297ded1af74406467322e8fb255b47
SUCCESS checkout https://github.com/mahmudahsan/SwiftUI-Action-Sheet-Card.git at 0.3.0
========================================
Build
========================================
Selected platform:         macosSpm
Swift version:             6.4
Building package at path:  $PWD
https://github.com/mahmudahsan/SwiftUI-Action-Sheet-Card.git
Running build ...
env DEVELOPER_DIR=/Applications/Xcode-27.0.0-Release.Candidate.app xcrun swift build --arch arm64
Building for debugging...
[Planning deferred tasks]
[19 / 28]
[20 / 29] ActionSheetCard
[30 / 99]
[33 / 99]
[41 / 99]
[43 / 99]
[44 / 99]
[49 / 99]
[51 / 99]
[53 / 99]
[56 / 99]
[61 / 99]
[63 / 99]
[66 / 99]
[67 / 99]
[77 / 99]
[79 / 99]
[80 / 99]
[83 / 99]
[85 / 99]
warning: 'spi-builder-workspace': Invalid Exclude '/Users/admin/builder/spi-builder-workspace/Sources/Resources': File not found.
warning: 'spi-builder-workspace': Invalid Exclude '/Users/admin/builder/spi-builder-workspace/Sources/Demo': File not found.
warning: 'spi-builder-workspace': Invalid Exclude '/Users/admin/builder/spi-builder-workspace/Sources/Resources': File not found.
warning: 'spi-builder-workspace': Invalid Exclude '/Users/admin/builder/spi-builder-workspace/Sources/Demo': File not found.
error: SwiftCompile normal arm64 failed with a nonzero exit code. Command line:     cd /Users/admin/builder

/Users/admin/builder/spi-builder-workspace/Sources/ActionSheetCard.swift:29:25: error: cannot find 'UIScreen' in scope
 27 |
 28 | public struct ActionSheetCard: View {
 29 |     @State var offset = UIScreen.main.bounds.height
    |                         `- error: cannot find 'UIScreen' in scope
 30 |     @Binding var isShowing: Bool
 31 |     @State var isDragging = false
macro expansion @State:1:55: error: cannot find 'UIScreen' in scope
`- /Users/admin/builder/spi-builder-workspace/Sources/ActionSheetCard.swift:29:52: note: expanded code originates here
 27 |
 28 | public struct ActionSheetCard: View {
 29 |     @State var offset = UIScreen.main.bounds.height
    |     `- note: in expansion of macro 'State' on property 'offset' here
    +--- macro expansion @State ----------------------------------------
    |1 | private var _offset = SwiftUICore.State(initialValue: UIScreen.main.bounds.height)
    |  |                                                       `- error: cannot find 'UIScreen' in scope
    |2 |
    |3 | @SwiftUICore._PropertyWrapperProjectedValue
    +-------------------------------------------------------------------
 30 |     @Binding var isShowing: Bool
 31 |     @State var isDragging = false
macro expansion @State:4:47: error: cannot find 'UIScreen' in scope
`- /Users/admin/builder/spi-builder-workspace/Sources/ActionSheetCard.swift:29:52: note: expanded code originates here
 27 |
 28 | public struct ActionSheetCard: View {
 29 |     @State var offset = UIScreen.main.bounds.height
    |     `- note: in expansion of macro 'State' on property 'offset' here
    +--- macro expansion @State ----------------------------------------
    |2 |
    |3 | @SwiftUICore._PropertyWrapperProjectedValue
    |4 | var $offset = SwiftUICore.State(initialValue: UIScreen.main.bounds.height).projectedValue
    |  |                                               `- error: cannot find 'UIScreen' in scope
    +-------------------------------------------------------------------
 30 |     @Binding var isShowing: Bool
 31 |     @State var isDragging = false
/Users/admin/builder/spi-builder-workspace/Sources/ActionSheetCard.swift:34:29: error: cannot find 'UIScreen' in scope
 32 |
 33 |     let items: [ActionSheetCardItem]
 34 |     let heightToDisappear = UIScreen.main.bounds.height
    |                             `- error: cannot find 'UIScreen' in scope
 35 |     let cellHeight: CGFloat = 50
 36 |     let backgroundColor: Color
Failed frontend command:
/Applications/Xcode-27.0.0-Release.Candidate.app/Contents/Developer/Toolchains/XcodeDefault.xctoolchain/usr/bin/swift-frontend -frontend -emit-module -experimental-skip-non-inlinable-function-bodies-without-types /Users/admin/builder/spi-builder-workspace/Sources/ActionSheetCard.swift /Users/admin/builder/spi-builder-workspace/Sources/ActionSheetCardItem.swift /Users/admin/builder/spi-builder-workspace/Sources/GreyOutOfFocusView.swift -target arm64-apple-macos12.0 -disable-cross-import-overlay-search -load-resolved-plugin /Applications/Xcode-27.0.0-Release.Candidate.app/Contents/Developer/Platforms/MacOSX.platform/Developer/usr/lib/swift/host/plugins/libFoundationMacros.dylib\#/Applications/Xcode-27.0.0-Release.Candidate.app/Contents/Developer/Platforms/MacOSX.platform/Developer/usr/bin/swift-plugin-server\#FoundationMacros -load-resolved-plugin /Applications/Xcode-27.0.0-Release.Candidate.app/Contents/Developer/Platforms/MacOSX.platform/Developer/usr/lib/swift/host/plugins/libObservationMacros.dylib\#/Applications/Xcode-27.0.0-Release.Candidate.app/Contents/Developer/Platforms/MacOSX.platform/Developer/usr/bin/swift-plugin-server\#ObservationMacros -load-resolved-plugin /Applications/Xcode-27.0.0-Release.Candidate.app/Contents/Developer/Platforms/MacOSX.platform/Developer/usr/lib/swift/host/plugins/libPreviewsMacros.dylib\#/Applications/Xcode-27.0.0-Release.Candidate.app/Contents/Developer/Platforms/MacOSX.platform/Developer/usr/bin/swift-plugin-server\#PreviewsMacros -load-resolved-plugin /Applications/Xcode-27.0.0-Release.Candidate.app/Contents/Developer/Platforms/MacOSX.platform/Developer/usr/lib/swift/host/plugins/libSwiftMacros.dylib\#/Applications/Xcode-27.0.0-Release.Candidate.app/Contents/Developer/Platforms/MacOSX.platform/Developer/usr/bin/swift-plugin-server\#SwiftMacros -load-resolved-plugin /Applications/Xcode-27.0.0-Release.Candidate.app/Contents/Developer/Platforms/MacOSX.platform/Developer/usr/lib/swift/host/plugins/libSwiftUIMacros.dylib\#/Applications/Xcode-27.0.0-Release.Candidate.app/Contents/Developer/Platforms/MacOSX.platform/Developer/usr/bin/swift-plugin-server\#SwiftUIMacros -disable-implicit-swift-modules -Xcc -fno-implicit-modules -Xcc -fno-implicit-module-maps -explicit-swift-module-map-file /Users/admin/builder/spi-builder-workspace/.build/out/Intermediates.noindex/ActionSheetCard.build/Debug/ActionSheetCard-t.build/Objects-normal/arm64/ActionSheetCard-dependencies-1.json -Xllvm -aarch64-use-tbi -enable-objc-interop -stack-check -sdk /Applications/Xcode-27.0.0-Release.Candidate.app/Contents/Developer/Platforms/MacOSX.platform/Developer/SDKs/MacOSX27.0.sdk -I /Users/admin/builder/spi-builder-workspace/.build/out/Products/Debug -Isystem /Applications/Xcode-27.0.0-Release.Candidate.app/Contents/Developer/Platforms/MacOSX.platform/Developer/usr/lib -F /Users/admin/builder/spi-builder-workspace/.build/out/Products/Debug -F /Applications/Xcode-27.0.0-Release.Candidate.app/Contents/Developer/Platforms/MacOSX.platform/Developer/Library/Frameworks -module-cache-path /Users/admin/builder/spi-builder-workspace/.build/out/Intermediates.noindex/SwiftExplicitPrecompiledModules -color-diagnostics -Xcc -fcolor-diagnostics -enable-testing -g -debug-info-format\=dwarf -dwarf-version\=4 -swift-version 5 -Onone -D SWIFT_PACKAGE -D DEBUG -D SWIFT_MODULE_RESOURCE_BUNDLE_UNAVAILABLE -D Xcode -serialize-debugging-options -enable-experimental-feature DebugDescriptionMacro -empty-abi-descriptor -validate-clang-modules-once -clang-build-session-file /Users/admin/builder/spi-builder-workspace/.build/out/ModuleCache.noindex/Session.modulevalidation -Xcc -working-directory -Xcc /Users/admin/builder -enable-anonymous-context-mangled-names -file-compilation-dir /Users/admin/builder -Xcc -D_LIBCPP_HARDENING_MODE\=_LIBCPP_HARDENING_MODE_DEBUG -Xcc -ivfsstatcache -Xcc /Users/admin/builder/spi-builder-workspace/.build/out/SDKStatCaches.noindex/macosx27.0-26A425-80c5bbf1d171475443272936d42f90a36a22442a12e9d48fe1a705f55a1adfc4.sdkstatcache -Xcc -fmodules-prune-interval\=86400 -Xcc -fmodules-prune-after\=345600 -Xcc -I/Users/admin/builder/spi-builder-workspace/.build/out/Products/Debug/include -Xcc -I/Users/admin/builder/spi-builder-workspace/.build/out/Intermediates.noindex/ActionSheetCard.build/Debug/ActionSheetCard-t.build/DerivedSources-normal/arm64 -Xcc -I/Users/admin/builder/spi-builder-workspace/.build/out/Intermediates.noindex/ActionSheetCard.build/Debug/ActionSheetCard-t.build/DerivedSources/arm64 -Xcc -I/Users/admin/builder/spi-builder-workspace/.build/out/Intermediates.noindex/ActionSheetCard.build/Debug/ActionSheetCard-t.build/DerivedSources -Xcc -DSWIFT_PACKAGE -Xcc -DDEBUG\=1 -no-auto-bridging-header-chaining -module-name ActionSheetCard -const-gather-protocols-file /Users/admin/builder/spi-builder-workspace/.build/out/Intermediates.noindex/ActionSheetCard.build/Debug/ActionSheetCard-t.build/Objects-normal/arm64/ActionSheetCard_const_extract_protocols.json -disable-clang-spi -clang-target arm64-apple-macos27.0 -target-sdk-version 27.0 -target-sdk-name macosx27.0 -in-process-plugin-server-path /Applications/Xcode-27.0.0-Release.Candidate.app/Contents/Developer/Toolchains/XcodeDefault.xctoolchain/usr/lib/swift/host/libSwiftInProcPluginServer.dylib -emit-module-doc-path /Users/admin/builder/spi-builder-workspace/.build/out/Intermediates.noindex/ActionSheetCard.build/Debug/ActionSheetCard-t.build/Objects-normal/arm64/ActionSheetCard.swiftdoc -emit-module-source-info-path /Users/admin/builder/spi-builder-workspace/.build/out/Intermediates.noindex/ActionSheetCard.build/Debug/ActionSheetCard-t.build/Objects-normal/arm64/ActionSheetCard.swiftsourceinfo -emit-objc-header-path /Users/admin/builder/spi-builder-workspace/.build/out/Intermediates.noindex/ActionSheetCard.build/Debug/ActionSheetCard-t.build/Objects-normal/arm64/ActionSheetCard-Swift.h -serialize-diagnostics-path /Users/admin/builder/spi-builder-workspace/.build/out/Intermediates.noindex/ActionSheetCard.build/Debug/ActionSheetCard-t.build/Objects-normal/arm64/ActionSheetCard-primary-emit-module.dia -emit-dependencies-path /Users/admin/builder/spi-builder-workspace/.build/out/Intermediates.noindex/ActionSheetCard.build/Debug/ActionSheetCard-t.build/Objects-normal/arm64/ActionSheetCard-primary-emit-module.d -parse-as-library -o /Users/admin/builder/spi-builder-workspace/.build/out/Intermediates.noindex/ActionSheetCard.build/Debug/ActionSheetCard-t.build/Objects-normal/arm64/ActionSheetCard.swiftmodule -emit-abi-descriptor-path /Users/admin/builder/spi-builder-workspace/.build/out/Intermediates.noindex/ActionSheetCard.build/Debug/ActionSheetCard-t.build/Objects-normal/arm64/ActionSheetCard.abi.json
error: Build failed
BUILD FAILURE 6.4 macosSpm