The Swift Package Index logo.Swift Package Index

Build Information

Failed to build ModalPresentationView, reference master (c1e1ca), with Swift 6.4 for macOS (SPM) on 16 Sep 2026 09:49:27 UTC.

Build Command

env DEVELOPER_DIR=/Applications/Xcode-27.0.0-Release.Candidate.app xcrun swift build --arch arm64

Build Log

========================================
RunAll
========================================
Builder version: 5.1.0
Interrupt handler set up.
========================================
Checkout
========================================
Clone URL: https://github.com/thoughtbot/modalpresentationview.git
Reference: master
Initialized empty Git repository in /Users/admin/builder/spi-builder-workspace/.git/
From https://github.com/thoughtbot/modalpresentationview
 * branch            master     -> FETCH_HEAD
 * [new branch]      master     -> origin/master
HEAD is now at c1e1ca1 Add .swift-version
Cloned https://github.com/thoughtbot/modalpresentationview.git
Revision (git rev-parse @):
c1e1ca1fe990a667ca71c5e3cebeafaef038fcf6
SUCCESS checkout https://github.com/thoughtbot/modalpresentationview.git at master
========================================
Build
========================================
Selected platform:         macosSpm
Swift version:             6.4
Building package at path:  $PWD
https://github.com/thoughtbot/modalpresentationview.git
Running build ...
env DEVELOPER_DIR=/Applications/Xcode-27.0.0-Release.Candidate.app xcrun swift build --arch arm64
Building for debugging...
[Planning deferred tasks]
[19 / 28]
[20 / 29] ModalPresentationView
[30 / 100]
[33 / 100]
[41 / 100]
[43 / 100]
[44 / 100]
[49 / 100]
[52 / 100]
[55 / 100]
[61 / 100]
[64 / 100]
[66 / 100]
[67 / 100]
[77 / 100]
[79 / 100]
[80 / 100]
[83 / 100]
[85 / 100]
error: SwiftCompile normal arm64 failed with a nonzero exit code. Command line:     cd /Users/admin/builder

/Users/admin/builder/spi-builder-workspace/Sources/ModalPresentationView/ModalDismissButton.swift:3:32: error: 'Modified' is not a member type of struct 'SwiftUICore.Image'
 1 | import SwiftUI
 2 |
 3 | typealias _ScaledImage = Image.Modified<_EnvironmentKeyWritingModifier<Image.Scale>>
   |                                `- error: 'Modified' is not a member type of struct 'SwiftUICore.Image'
 4 |
 5 | /// Use `ModalDismissButton` from within a modal presentation to provide a user
SwiftUI.Image:2:23: note: 'Image' declared here
1 | @available(iOS 13.0, macOS 10.15, tvOS 13.0, watchOS 6.0, *)
2 | @frozen public struct Image : Equatable, Sendable {
  |                       `- note: 'Image' declared here
3 |     public static func == (lhs: Image, rhs: Image) -> Bool
4 | }
/Users/admin/builder/spi-builder-workspace/Sources/ModalPresentationView/ModalPresentationView.swift:24:22: error: cannot find type 'Modal' in scope
22 |   }
23 |
24 |   private var modal: Modal? {
   |                      `- error: cannot find type 'Modal' in scope
25 |     guard let presentedView = presentedView else { return nil }
26 |     return Modal(
Failed frontend command:
/Applications/Xcode-27.0.0-Release.Candidate.app/Contents/Developer/Toolchains/XcodeDefault.xctoolchain/usr/bin/swift-frontend -frontend -emit-module -experimental-skip-non-inlinable-function-bodies-without-types /Users/admin/builder/spi-builder-workspace/Sources/ModalPresentationView/EnvironmentKeys.swift /Users/admin/builder/spi-builder-workspace/Sources/ModalPresentationView/ModalDismissButton.swift /Users/admin/builder/spi-builder-workspace/Sources/ModalPresentationView/ModalPresentationButton.swift /Users/admin/builder/spi-builder-workspace/Sources/ModalPresentationView/ModalPresentationView.swift -target arm64-apple-macos12.0 -disable-cross-import-overlay-search -load-resolved-plugin /Applications/Xcode-27.0.0-Release.Candidate.app/Contents/Developer/Platforms/MacOSX.platform/Developer/usr/lib/swift/host/plugins/libFoundationMacros.dylib\#/Applications/Xcode-27.0.0-Release.Candidate.app/Contents/Developer/Platforms/MacOSX.platform/Developer/usr/bin/swift-plugin-server\#FoundationMacros -load-resolved-plugin /Applications/Xcode-27.0.0-Release.Candidate.app/Contents/Developer/Platforms/MacOSX.platform/Developer/usr/lib/swift/host/plugins/libObservationMacros.dylib\#/Applications/Xcode-27.0.0-Release.Candidate.app/Contents/Developer/Platforms/MacOSX.platform/Developer/usr/bin/swift-plugin-server\#ObservationMacros -load-resolved-plugin /Applications/Xcode-27.0.0-Release.Candidate.app/Contents/Developer/Platforms/MacOSX.platform/Developer/usr/lib/swift/host/plugins/libPreviewsMacros.dylib\#/Applications/Xcode-27.0.0-Release.Candidate.app/Contents/Developer/Platforms/MacOSX.platform/Developer/usr/bin/swift-plugin-server\#PreviewsMacros -load-resolved-plugin /Applications/Xcode-27.0.0-Release.Candidate.app/Contents/Developer/Platforms/MacOSX.platform/Developer/usr/lib/swift/host/plugins/libSwiftMacros.dylib\#/Applications/Xcode-27.0.0-Release.Candidate.app/Contents/Developer/Platforms/MacOSX.platform/Developer/usr/bin/swift-plugin-server\#SwiftMacros -load-resolved-plugin /Applications/Xcode-27.0.0-Release.Candidate.app/Contents/Developer/Platforms/MacOSX.platform/Developer/usr/lib/swift/host/plugins/libSwiftUIMacros.dylib\#/Applications/Xcode-27.0.0-Release.Candidate.app/Contents/Developer/Platforms/MacOSX.platform/Developer/usr/bin/swift-plugin-server\#SwiftUIMacros -disable-implicit-swift-modules -Xcc -fno-implicit-modules -Xcc -fno-implicit-module-maps -explicit-swift-module-map-file /Users/admin/builder/spi-builder-workspace/.build/out/Intermediates.noindex/ModalPresentationView.build/Debug/ModalPresentationView-t.build/Objects-normal/arm64/ModalPresentationView-dependencies-1.json -Xllvm -aarch64-use-tbi -enable-objc-interop -stack-check -sdk /Applications/Xcode-27.0.0-Release.Candidate.app/Contents/Developer/Platforms/MacOSX.platform/Developer/SDKs/MacOSX27.0.sdk -I /Users/admin/builder/spi-builder-workspace/.build/out/Products/Debug -Isystem /Applications/Xcode-27.0.0-Release.Candidate.app/Contents/Developer/Platforms/MacOSX.platform/Developer/usr/lib -F /Users/admin/builder/spi-builder-workspace/.build/out/Products/Debug -F /Applications/Xcode-27.0.0-Release.Candidate.app/Contents/Developer/Platforms/MacOSX.platform/Developer/Library/Frameworks -module-cache-path /Users/admin/builder/spi-builder-workspace/.build/out/Intermediates.noindex/SwiftExplicitPrecompiledModules -color-diagnostics -Xcc -fcolor-diagnostics -enable-testing -g -debug-info-format\=dwarf -dwarf-version\=4 -swift-version 5 -Onone -D SWIFT_PACKAGE -D DEBUG -D SWIFT_MODULE_RESOURCE_BUNDLE_UNAVAILABLE -D Xcode -serialize-debugging-options -enable-experimental-feature DebugDescriptionMacro -empty-abi-descriptor -validate-clang-modules-once -clang-build-session-file /Users/admin/builder/spi-builder-workspace/.build/out/ModuleCache.noindex/Session.modulevalidation -Xcc -working-directory -Xcc /Users/admin/builder -enable-anonymous-context-mangled-names -file-compilation-dir /Users/admin/builder -Xcc -D_LIBCPP_HARDENING_MODE\=_LIBCPP_HARDENING_MODE_DEBUG -Xcc -ivfsstatcache -Xcc /Users/admin/builder/spi-builder-workspace/.build/out/SDKStatCaches.noindex/macosx27.0-26A425-80c5bbf1d171475443272936d42f90a36a22442a12e9d48fe1a705f55a1adfc4.sdkstatcache -Xcc -fmodules-prune-interval\=86400 -Xcc -fmodules-prune-after\=345600 -Xcc -I/Users/admin/builder/spi-builder-workspace/.build/out/Products/Debug/include -Xcc -I/Users/admin/builder/spi-builder-workspace/.build/out/Intermediates.noindex/ModalPresentationView.build/Debug/ModalPresentationView-t.build/DerivedSources-normal/arm64 -Xcc -I/Users/admin/builder/spi-builder-workspace/.build/out/Intermediates.noindex/ModalPresentationView.build/Debug/ModalPresentationView-t.build/DerivedSources/arm64 -Xcc -I/Users/admin/builder/spi-builder-workspace/.build/out/Intermediates.noindex/ModalPresentationView.build/Debug/ModalPresentationView-t.build/DerivedSources -Xcc -DSWIFT_PACKAGE -Xcc -DDEBUG\=1 -no-auto-bridging-header-chaining -module-name ModalPresentationView -const-gather-protocols-file /Users/admin/builder/spi-builder-workspace/.build/out/Intermediates.noindex/ModalPresentationView.build/Debug/ModalPresentationView-t.build/Objects-normal/arm64/ModalPresentationView_const_extract_protocols.json -disable-clang-spi -clang-target arm64-apple-macos27.0 -target-sdk-version 27.0 -target-sdk-name macosx27.0 -in-process-plugin-server-path /Applications/Xcode-27.0.0-Release.Candidate.app/Contents/Developer/Toolchains/XcodeDefault.xctoolchain/usr/lib/swift/host/libSwiftInProcPluginServer.dylib -emit-module-doc-path /Users/admin/builder/spi-builder-workspace/.build/out/Intermediates.noindex/ModalPresentationView.build/Debug/ModalPresentationView-t.build/Objects-normal/arm64/ModalPresentationView.swiftdoc -emit-module-source-info-path /Users/admin/builder/spi-builder-workspace/.build/out/Intermediates.noindex/ModalPresentationView.build/Debug/ModalPresentationView-t.build/Objects-normal/arm64/ModalPresentationView.swiftsourceinfo -emit-objc-header-path /Users/admin/builder/spi-builder-workspace/.build/out/Intermediates.noindex/ModalPresentationView.build/Debug/ModalPresentationView-t.build/Objects-normal/arm64/ModalPresentationView-Swift.h -serialize-diagnostics-path /Users/admin/builder/spi-builder-workspace/.build/out/Intermediates.noindex/ModalPresentationView.build/Debug/ModalPresentationView-t.build/Objects-normal/arm64/ModalPresentationView-primary-emit-module.dia -emit-dependencies-path /Users/admin/builder/spi-builder-workspace/.build/out/Intermediates.noindex/ModalPresentationView.build/Debug/ModalPresentationView-t.build/Objects-normal/arm64/ModalPresentationView-primary-emit-module.d -parse-as-library -o /Users/admin/builder/spi-builder-workspace/.build/out/Intermediates.noindex/ModalPresentationView.build/Debug/ModalPresentationView-t.build/Objects-normal/arm64/ModalPresentationView.swiftmodule -emit-abi-descriptor-path /Users/admin/builder/spi-builder-workspace/.build/out/Intermediates.noindex/ModalPresentationView.build/Debug/ModalPresentationView-t.build/Objects-normal/arm64/ModalPresentationView.abi.json
error: Build failed
BUILD FAILURE 6.4 macosSpm