Build Information
Failed to build Pulsar, reference main (f65113), with Swift 6.2 for watchOS using Xcode 26.3 on 14 Aug 2026 01:35:23 UTC.
Build Command
env DEVELOPER_DIR=/Applications/Xcode-26.3.0.app xcrun xcodebuild -IDEClonedSourcePackagesDirPathOverride=$PWD/.dependencies -skipMacroValidation -skipPackagePluginValidation -derivedDataPath $PWD/.derivedData build -scheme Pulsar -destination generic/platform=watchOSBuild Log
========================================
RunAll
========================================
Builder version: undefined version: run 'make version' to update
Interrupt handler set up.
========================================
Checkout
========================================
Clone URL: https://github.com/software-mansion-labs/pulsar-ios.git
Reference: main
Initialized empty Git repository in /Users/admin/builder/spi-builder-workspace/.git/
From https://github.com/software-mansion-labs/pulsar-ios
* branch main -> FETCH_HEAD
* [new branch] main -> origin/main
HEAD is now at f65113a Merge pull request #1 from software-mansion-labs/sync/ios-20260810-170959
Cloned https://github.com/software-mansion-labs/pulsar-ios.git
Revision (git rev-parse @):
f65113a6f1fed7c9737ce85f5ae7ddc5caa5723d
SUCCESS checkout https://github.com/software-mansion-labs/pulsar-ios.git at main
========================================
Build
========================================
Selected platform: watchOS
Swift version: 6.2
Building package at path: $PWD
https://github.com/software-mansion-labs/pulsar-ios.git
Command line invocation:
/Applications/Xcode-26.3.0.app/Contents/Developer/usr/bin/xcodebuild -IDEClonedSourcePackagesDirPathOverride=/Users/admin/builder/spi-builder-workspace/.dependencies -resolvePackageDependencies
Resolve Package Graph
Resolve Package Graph
Resolved source packages:
Pulsar: /Users/admin/builder/spi-builder-workspace
resolved source packages: Pulsar
2026-08-13 21:34:55.122 xcodebuild[538:3096] [MT] IDERunDestination: Supported platforms for the buildables in the current scheme is empty.
{
"dependencies" : [
],
"manifest_display_name" : "Pulsar",
"name" : "Pulsar",
"path" : "/Users/admin/builder/spi-builder-workspace",
"platforms" : [
{
"name" : "ios",
"version" : "13.0"
},
{
"name" : "macos",
"version" : "10.15"
}
],
"products" : [
{
"name" : "Pulsar",
"targets" : [
"Pulsar"
],
"type" : {
"library" : [
"automatic"
]
}
}
],
"swift_languages_versions" : [
"6"
],
"targets" : [
{
"c99name" : "PulsarTests",
"module_type" : "SwiftTarget",
"name" : "PulsarTests",
"path" : "Tests/PulsarTests",
"sources" : [
"ComposerAndAudioTests.swift",
"CoreHapticsMock.swift",
"CoreHapticsMockTests.swift",
"LineTests.swift",
"PresetsWrapperTests.swift",
"PulsarAPITests.swift",
"PulsarTests.swift",
"TypesTests.swift"
],
"target_dependencies" : [
"Pulsar"
],
"type" : "test"
},
{
"c99name" : "Pulsar",
"module_type" : "SwiftTarget",
"name" : "Pulsar",
"path" : "Sources/Pulsar",
"product_memberships" : [
"Pulsar"
],
"sources" : [
"Audio/AudioSimulator.swift",
"Composers/PatternComposer.swift",
"Composers/RealtimeComposer.swift",
"HapticEngineWrapper.swift",
"Lines/ContinuousLine.swift",
"Lines/CurveLineModifier.swift",
"Lines/DiscreteLine.swift",
"Lines/IntensityCurveLineModifier.swift",
"Lines/SharpnessCurveLineModifier.swift",
"Presets/Generated/AfterglowPreset.swift",
"Presets/Generated/AftershockPreset.swift",
"Presets/Generated/AlarmPreset.swift",
"Presets/Generated/AnvilPreset.swift",
"Presets/Generated/ApplausePreset.swift",
"Presets/Generated/AscentPreset.swift",
"Presets/Generated/BalloonPopPreset.swift",
"Presets/Generated/BarragePreset.swift",
"Presets/Generated/BassDropPreset.swift",
"Presets/Generated/BatterPreset.swift",
"Presets/Generated/BellTollPreset.swift",
"Presets/Generated/BlipPreset.swift",
"Presets/Generated/BloomPreset.swift",
"Presets/Generated/BongoPreset.swift",
"Presets/Generated/BoulderPreset.swift",
"Presets/Generated/BreakingWavePreset.swift",
"Presets/Generated/BreathPreset.swift",
"Presets/Generated/BuildupPreset.swift",
"Presets/Generated/BurstPreset.swift",
"Presets/Generated/BuzzPreset.swift",
"Presets/Generated/CadencePreset.swift",
"Presets/Generated/CameraShutterPreset.swift",
"Presets/Generated/CanterPreset.swift",
"Presets/Generated/CascadePreset.swift",
"Presets/Generated/CastanetsPreset.swift",
"Presets/Generated/CatPawPreset.swift",
"Presets/Generated/ChargePreset.swift",
"Presets/Generated/ChimePreset.swift",
"Presets/Generated/ChipPreset.swift",
"Presets/Generated/ChirpPreset.swift",
"Presets/Generated/ClamorPreset.swift",
"Presets/Generated/ClaspPreset.swift",
"Presets/Generated/CleavePreset.swift",
"Presets/Generated/CoilPreset.swift",
"Presets/Generated/CoinDropPreset.swift",
"Presets/Generated/CombinationLockPreset.swift",
"Presets/Generated/CrescendoPreset.swift",
"Presets/Generated/DewdropPreset.swift",
"Presets/Generated/DirgePreset.swift",
"Presets/Generated/DissolvePreset.swift",
"Presets/Generated/DogBarkPreset.swift",
"Presets/Generated/DronePreset.swift",
"Presets/Generated/EngineRevPreset.swift",
"Presets/Generated/ExhalePreset.swift",
"Presets/Generated/ExplosionPreset.swift",
"Presets/Generated/FadeOutPreset.swift",
"Presets/Generated/FanfarePreset.swift",
"Presets/Generated/FeatherPreset.swift",
"Presets/Generated/FinalePreset.swift",
"Presets/Generated/FingerDrumPreset.swift",
"Presets/Generated/FirecrackerPreset.swift",
"Presets/Generated/FizzPreset.swift",
"Presets/Generated/FlarePreset.swift",
"Presets/Generated/FlickPreset.swift",
"Presets/Generated/FlinchPreset.swift",
"Presets/Generated/FlourishPreset.swift",
"Presets/Generated/FlurryPreset.swift",
"Presets/Generated/FlushPreset.swift",
"Presets/Generated/GallopPreset.swift",
"Presets/Generated/GavelPreset.swift",
"Presets/Generated/GlitchPreset.swift",
"Presets/Generated/GuitarStrumPreset.swift",
"Presets/Generated/HailPreset.swift",
"Presets/Generated/HammerPreset.swift",
"Presets/Generated/HeartbeatPreset.swift",
"Presets/Generated/HeraldPreset.swift",
"Presets/Generated/HoofBeatPreset.swift",
"Presets/Generated/IgnitionPreset.swift",
"Presets/Generated/ImpactPreset.swift",
"Presets/Generated/JoltPreset.swift",
"Presets/Generated/KeyboardMechanicalPreset.swift",
"Presets/Generated/KeyboardMembranePreset.swift",
"Presets/Generated/KnellPreset.swift",
"Presets/Generated/KnockPreset.swift",
"Presets/Generated/LamentPreset.swift",
"Presets/Generated/LatchPreset.swift",
"Presets/Generated/LighthousePreset.swift",
"Presets/Generated/LiltPreset.swift",
"Presets/Generated/LockPreset.swift",
"Presets/Generated/LopePreset.swift",
"Presets/Generated/MarchPreset.swift",
"Presets/Generated/MetronomePreset.swift",
"Presets/Generated/MurmurPreset.swift",
"Presets/Generated/NudgePreset.swift",
"Presets/Generated/PassingCarPreset.swift",
"Presets/Generated/PatterPreset.swift",
"Presets/Generated/PealPreset.swift",
"Presets/Generated/PeckPreset.swift",
"Presets/Generated/PendulumPreset.swift",
"Presets/Generated/PingPreset.swift",
"Presets/Generated/PipPreset.swift",
"Presets/Generated/PistonPreset.swift",
"Presets/Generated/PlinkPreset.swift",
"Presets/Generated/PlummetPreset.swift",
"Presets/Generated/PlunkPreset.swift",
"Presets/Generated/PokePreset.swift",
"Presets/Generated/PoundPreset.swift",
"Presets/Generated/PowerDownPreset.swift",
"Presets/Generated/PropelPreset.swift",
"Presets/Generated/PulsePreset.swift",
"Presets/Generated/PummelPreset.swift",
"Presets/Generated/PushPreset.swift",
"Presets/Generated/RadarPreset.swift",
"Presets/Generated/RainPreset.swift",
"Presets/Generated/RampPreset.swift",
"Presets/Generated/RapPreset.swift",
"Presets/Generated/RatchetPreset.swift",
"Presets/Generated/ReboundPreset.swift",
"Presets/Generated/RipplePreset.swift",
"Presets/Generated/RivetPreset.swift",
"Presets/Generated/RustlePreset.swift",
"Presets/Generated/ShockwavePreset.swift",
"Presets/Generated/SnapPreset.swift",
"Presets/Generated/SonarPreset.swift",
"Presets/Generated/SparkPreset.swift",
"Presets/Generated/SpinPreset.swift",
"Presets/Generated/StaggerPreset.swift",
"Presets/Generated/StampPreset.swift",
"Presets/Generated/StampedePreset.swift",
"Presets/Generated/StompPreset.swift",
"Presets/Generated/StoneSkipPreset.swift",
"Presets/Generated/StrikePreset.swift",
"Presets/Generated/SummonPreset.swift",
"Presets/Generated/SurgePreset.swift",
"Presets/Generated/SwayPreset.swift",
"Presets/Generated/SweepPreset.swift",
"Presets/Generated/SwellPreset.swift",
"Presets/Generated/SyncopatePreset.swift",
"Presets/Generated/ThrobPreset.swift",
"Presets/Generated/ThudPreset.swift",
"Presets/Generated/ThumpPreset.swift",
"Presets/Generated/ThunderPreset.swift",
"Presets/Generated/ThunderRollPreset.swift",
"Presets/Generated/TickTockPreset.swift",
"Presets/Generated/TidalSurgePreset.swift",
"Presets/Generated/TideSwellPreset.swift",
"Presets/Generated/TremorPreset.swift",
"Presets/Generated/TriggerPreset.swift",
"Presets/Generated/TriumphPreset.swift",
"Presets/Generated/TrumpetPreset.swift",
"Presets/Generated/TypewriterPreset.swift",
"Presets/Generated/UnfurlPreset.swift",
"Presets/Generated/VortexPreset.swift",
"Presets/Generated/WanePreset.swift",
"Presets/Generated/WarDrumPreset.swift",
"Presets/Generated/WaterfallPreset.swift",
"Presets/Generated/WavePreset.swift",
"Presets/Generated/WispPreset.swift",
"Presets/Generated/WobblePreset.swift",
"Presets/Generated/WoodpeckerPreset.swift",
"Presets/Generated/ZipperPreset.swift",
"Presets/Player.swift",
"Presets/PresetTypes.swift",
"Presets/PresetsWrapper.swift",
"Presets/SystemPresetsImpl.swift",
"Pulsar.swift",
"Types/Types.swift"
],
"type" : "library"
}
],
"tools_version" : "6.0"
}
{
"workspace" : {
"name" : "spi-builder-workspace",
"schemes" : [
"Pulsar"
]
}
}
2026-08-13 21:35:13.412 xcodebuild[673:4200] [MT] IDERunDestination: Supported platforms for the buildables in the current scheme is empty.
Running build ...
env DEVELOPER_DIR=/Applications/Xcode-26.3.0.app xcrun xcodebuild -IDEClonedSourcePackagesDirPathOverride=$PWD/.dependencies -skipMacroValidation -skipPackagePluginValidation -derivedDataPath $PWD/.derivedData build -scheme Pulsar -destination generic/platform=watchOS
Command line invocation:
/Applications/Xcode-26.3.0.app/Contents/Developer/usr/bin/xcodebuild -IDEClonedSourcePackagesDirPathOverride=/Users/admin/builder/spi-builder-workspace/.dependencies -skipMacroValidation -skipPackagePluginValidation -derivedDataPath /Users/admin/builder/spi-builder-workspace/.derivedData build -scheme Pulsar -destination generic/platform=watchOS
Resolve Package Graph
Resolved source packages:
Pulsar: /Users/admin/builder/spi-builder-workspace
ComputePackagePrebuildTargetDependencyGraph
Prepare packages
CreateBuildRequest
SendProjectDescription
CreateBuildOperation
ComputeTargetDependencyGraph
note: Building targets in dependency order
note: Target dependency graph (2 targets)
Target 'Pulsar' in project 'Pulsar'
➜ Explicit dependency on target 'Pulsar' in project 'Pulsar'
Target 'Pulsar' in project 'Pulsar' (no dependencies)
GatherProvisioningInputs
CreateBuildDescription
ExecuteExternalTool /Applications/Xcode-26.3.0.app/Contents/Developer/Toolchains/XcodeDefault.xctoolchain/usr/bin/clang -v -E -dM -isysroot /Applications/Xcode-26.3.0.app/Contents/Developer/Platforms/WatchOS.platform/Developer/SDKs/WatchOS26.2.sdk -x c -c /dev/null
ExecuteExternalTool /Applications/Xcode-26.3.0.app/Contents/Developer/Toolchains/XcodeDefault.xctoolchain/usr/bin/swiftc --version
ExecuteExternalTool /Applications/Xcode-26.3.0.app/Contents/Developer/Toolchains/XcodeDefault.xctoolchain/usr/bin/ld -version_details
Build description signature: d835052d74d71732012654641ffd2e2c
Build description path: /Users/admin/builder/spi-builder-workspace/.derivedData/Build/Intermediates.noindex/XCBuildData/d835052d74d71732012654641ffd2e2c.xcbuilddata
ClangStatCache /Applications/Xcode-26.3.0.app/Contents/Developer/Toolchains/XcodeDefault.xctoolchain/usr/bin/clang-stat-cache /Applications/Xcode-26.3.0.app/Contents/Developer/Platforms/WatchOS.platform/Developer/SDKs/WatchOS26.2.sdk /Users/admin/builder/spi-builder-workspace/.derivedData/SDKStatCaches.noindex/watchos26.2-23S303-dc75598d0054f22ec865fa860f139d721753b489057de6bda919edfa1c59a62b.sdkstatcache
cd /Users/admin/builder/spi-builder-workspace/.swiftpm/xcode
/Applications/Xcode-26.3.0.app/Contents/Developer/Toolchains/XcodeDefault.xctoolchain/usr/bin/clang-stat-cache /Applications/Xcode-26.3.0.app/Contents/Developer/Platforms/WatchOS.platform/Developer/SDKs/WatchOS26.2.sdk -o /Users/admin/builder/spi-builder-workspace/.derivedData/SDKStatCaches.noindex/watchos26.2-23S303-dc75598d0054f22ec865fa860f139d721753b489057de6bda919edfa1c59a62b.sdkstatcache
CreateBuildDirectory /Users/admin/builder/spi-builder-workspace/.derivedData/Build/Products
cd /Users/admin/builder/spi-builder-workspace/.swiftpm/xcode
builtin-create-build-directory /Users/admin/builder/spi-builder-workspace/.derivedData/Build/Products
CreateBuildDirectory /Users/admin/builder/spi-builder-workspace/.derivedData/Build/Intermediates.noindex
cd /Users/admin/builder/spi-builder-workspace/.swiftpm/xcode
builtin-create-build-directory /Users/admin/builder/spi-builder-workspace/.derivedData/Build/Intermediates.noindex
CreateBuildDirectory /Users/admin/builder/spi-builder-workspace/.derivedData/Build/Intermediates.noindex/SwiftExplicitPrecompiledModules
cd /Users/admin/builder/spi-builder-workspace/.swiftpm/xcode
builtin-create-build-directory /Users/admin/builder/spi-builder-workspace/.derivedData/Build/Intermediates.noindex/SwiftExplicitPrecompiledModules
CreateBuildDirectory /Users/admin/builder/spi-builder-workspace/.derivedData/Build/Intermediates.noindex/ExplicitPrecompiledModules
cd /Users/admin/builder/spi-builder-workspace/.swiftpm/xcode
builtin-create-build-directory /Users/admin/builder/spi-builder-workspace/.derivedData/Build/Intermediates.noindex/ExplicitPrecompiledModules
CreateBuildDirectory /Users/admin/builder/spi-builder-workspace/.derivedData/Build/Products/Debug-watchos
cd /Users/admin/builder/spi-builder-workspace/.swiftpm/xcode
builtin-create-build-directory /Users/admin/builder/spi-builder-workspace/.derivedData/Build/Products/Debug-watchos
CreateBuildDirectory /Users/admin/builder/spi-builder-workspace/.derivedData/Build/Intermediates.noindex/EagerLinkingTBDs/Debug-watchos
cd /Users/admin/builder/spi-builder-workspace/.swiftpm/xcode
builtin-create-build-directory /Users/admin/builder/spi-builder-workspace/.derivedData/Build/Intermediates.noindex/EagerLinkingTBDs/Debug-watchos
CreateBuildDirectory /Users/admin/builder/spi-builder-workspace/.derivedData/Build/Products/Debug-watchos/PackageFrameworks
cd /Users/admin/builder/spi-builder-workspace/.swiftpm/xcode
builtin-create-build-directory /Users/admin/builder/spi-builder-workspace/.derivedData/Build/Products/Debug-watchos/PackageFrameworks
WriteAuxiliaryFile /Users/admin/builder/spi-builder-workspace/.derivedData/Build/Intermediates.noindex/Pulsar.build/Debug-watchos/Pulsar.build/Pulsar.DependencyStaticMetadataFileList (in target 'Pulsar' from project 'Pulsar')
cd /Users/admin/builder/spi-builder-workspace
write-file /Users/admin/builder/spi-builder-workspace/.derivedData/Build/Intermediates.noindex/Pulsar.build/Debug-watchos/Pulsar.build/Pulsar.DependencyStaticMetadataFileList
WriteAuxiliaryFile /Users/admin/builder/spi-builder-workspace/.derivedData/Build/Intermediates.noindex/Pulsar.build/Debug-watchos/Pulsar.build/Pulsar.modulemap (in target 'Pulsar' from project 'Pulsar')
cd /Users/admin/builder/spi-builder-workspace
write-file /Users/admin/builder/spi-builder-workspace/.derivedData/Build/Intermediates.noindex/Pulsar.build/Debug-watchos/Pulsar.build/Pulsar.modulemap
WriteAuxiliaryFile /Users/admin/builder/spi-builder-workspace/.derivedData/Build/Intermediates.noindex/Pulsar.build/Debug-watchos/Pulsar.build/Objects-normal/armv7k/Pulsar-OutputFileMap.json (in target 'Pulsar' from project 'Pulsar')
cd /Users/admin/builder/spi-builder-workspace
write-file /Users/admin/builder/spi-builder-workspace/.derivedData/Build/Intermediates.noindex/Pulsar.build/Debug-watchos/Pulsar.build/Objects-normal/armv7k/Pulsar-OutputFileMap.json
WriteAuxiliaryFile /Users/admin/builder/spi-builder-workspace/.derivedData/Build/Intermediates.noindex/Pulsar.build/Debug-watchos/Pulsar.build/Objects-normal/arm64_32/Pulsar.SwiftFileList (in target 'Pulsar' from project 'Pulsar')
cd /Users/admin/builder/spi-builder-workspace
write-file /Users/admin/builder/spi-builder-workspace/.derivedData/Build/Intermediates.noindex/Pulsar.build/Debug-watchos/Pulsar.build/Objects-normal/arm64_32/Pulsar.SwiftFileList
WriteAuxiliaryFile /Users/admin/builder/spi-builder-workspace/.derivedData/Build/Intermediates.noindex/Pulsar.build/Debug-watchos/Pulsar.build/Objects-normal/armv7k/Pulsar.SwiftConstValuesFileList (in target 'Pulsar' from project 'Pulsar')
cd /Users/admin/builder/spi-builder-workspace
write-file /Users/admin/builder/spi-builder-workspace/.derivedData/Build/Intermediates.noindex/Pulsar.build/Debug-watchos/Pulsar.build/Objects-normal/armv7k/Pulsar.SwiftConstValuesFileList
WriteAuxiliaryFile /Users/admin/builder/spi-builder-workspace/.derivedData/Build/Intermediates.noindex/Pulsar.build/Debug-watchos/Pulsar.build/Objects-normal/armv7k/Pulsar.SwiftFileList (in target 'Pulsar' from project 'Pulsar')
cd /Users/admin/builder/spi-builder-workspace
write-file /Users/admin/builder/spi-builder-workspace/.derivedData/Build/Intermediates.noindex/Pulsar.build/Debug-watchos/Pulsar.build/Objects-normal/armv7k/Pulsar.SwiftFileList
WriteAuxiliaryFile /Users/admin/builder/spi-builder-workspace/.derivedData/Build/Intermediates.noindex/Pulsar.build/Debug-watchos/Pulsar.build/Objects-normal/arm64_32/Pulsar_const_extract_protocols.json (in target 'Pulsar' from project 'Pulsar')
cd /Users/admin/builder/spi-builder-workspace
write-file /Users/admin/builder/spi-builder-workspace/.derivedData/Build/Intermediates.noindex/Pulsar.build/Debug-watchos/Pulsar.build/Objects-normal/arm64_32/Pulsar_const_extract_protocols.json
WriteAuxiliaryFile /Users/admin/builder/spi-builder-workspace/.derivedData/Build/Intermediates.noindex/Pulsar.build/Debug-watchos/Pulsar.build/Objects-normal/armv7k/Pulsar_const_extract_protocols.json (in target 'Pulsar' from project 'Pulsar')
cd /Users/admin/builder/spi-builder-workspace
write-file /Users/admin/builder/spi-builder-workspace/.derivedData/Build/Intermediates.noindex/Pulsar.build/Debug-watchos/Pulsar.build/Objects-normal/armv7k/Pulsar_const_extract_protocols.json
WriteAuxiliaryFile /Users/admin/builder/spi-builder-workspace/.derivedData/Build/Intermediates.noindex/Pulsar.build/Debug-watchos/Pulsar.build/Objects-normal/armv7k/Pulsar.LinkFileList (in target 'Pulsar' from project 'Pulsar')
cd /Users/admin/builder/spi-builder-workspace
write-file /Users/admin/builder/spi-builder-workspace/.derivedData/Build/Intermediates.noindex/Pulsar.build/Debug-watchos/Pulsar.build/Objects-normal/armv7k/Pulsar.LinkFileList
WriteAuxiliaryFile /Users/admin/builder/spi-builder-workspace/.derivedData/Build/Intermediates.noindex/Pulsar.build/Debug-watchos/Pulsar.build/Pulsar.DependencyMetadataFileList (in target 'Pulsar' from project 'Pulsar')
cd /Users/admin/builder/spi-builder-workspace
write-file /Users/admin/builder/spi-builder-workspace/.derivedData/Build/Intermediates.noindex/Pulsar.build/Debug-watchos/Pulsar.build/Pulsar.DependencyMetadataFileList
WriteAuxiliaryFile /Users/admin/builder/spi-builder-workspace/.derivedData/Build/Intermediates.noindex/Pulsar.build/Debug-watchos/Pulsar.build/Objects-normal/arm64_32/Pulsar.SwiftConstValuesFileList (in target 'Pulsar' from project 'Pulsar')
cd /Users/admin/builder/spi-builder-workspace
write-file /Users/admin/builder/spi-builder-workspace/.derivedData/Build/Intermediates.noindex/Pulsar.build/Debug-watchos/Pulsar.build/Objects-normal/arm64_32/Pulsar.SwiftConstValuesFileList
WriteAuxiliaryFile /Users/admin/builder/spi-builder-workspace/.derivedData/Build/Intermediates.noindex/Pulsar.build/Debug-watchos/Pulsar.build/Objects-normal/arm64_32/Pulsar.LinkFileList (in target 'Pulsar' from project 'Pulsar')
cd /Users/admin/builder/spi-builder-workspace
write-file /Users/admin/builder/spi-builder-workspace/.derivedData/Build/Intermediates.noindex/Pulsar.build/Debug-watchos/Pulsar.build/Objects-normal/arm64_32/Pulsar.LinkFileList
WriteAuxiliaryFile /Users/admin/builder/spi-builder-workspace/.derivedData/Build/Intermediates.noindex/Pulsar.build/Debug-watchos/Pulsar.build/Objects-normal/arm64_32/Pulsar-OutputFileMap.json (in target 'Pulsar' from project 'Pulsar')
cd /Users/admin/builder/spi-builder-workspace
write-file /Users/admin/builder/spi-builder-workspace/.derivedData/Build/Intermediates.noindex/Pulsar.build/Debug-watchos/Pulsar.build/Objects-normal/arm64_32/Pulsar-OutputFileMap.json
WriteAuxiliaryFile /Users/admin/builder/spi-builder-workspace/.derivedData/Build/Intermediates.noindex/Pulsar.build/Debug-watchos/Pulsar.build/Objects-normal/arm64/Pulsar_const_extract_protocols.json (in target 'Pulsar' from project 'Pulsar')
cd /Users/admin/builder/spi-builder-workspace
write-file /Users/admin/builder/spi-builder-workspace/.derivedData/Build/Intermediates.noindex/Pulsar.build/Debug-watchos/Pulsar.build/Objects-normal/arm64/Pulsar_const_extract_protocols.json
WriteAuxiliaryFile /Users/admin/builder/spi-builder-workspace/.derivedData/Build/Intermediates.noindex/Pulsar.build/Debug-watchos/Pulsar.build/Objects-normal/arm64/Pulsar.LinkFileList (in target 'Pulsar' from project 'Pulsar')
cd /Users/admin/builder/spi-builder-workspace
write-file /Users/admin/builder/spi-builder-workspace/.derivedData/Build/Intermediates.noindex/Pulsar.build/Debug-watchos/Pulsar.build/Objects-normal/arm64/Pulsar.LinkFileList
WriteAuxiliaryFile /Users/admin/builder/spi-builder-workspace/.derivedData/Build/Intermediates.noindex/Pulsar.build/Debug-watchos/Pulsar.build/Objects-normal/arm64/Pulsar.SwiftFileList (in target 'Pulsar' from project 'Pulsar')
cd /Users/admin/builder/spi-builder-workspace
write-file /Users/admin/builder/spi-builder-workspace/.derivedData/Build/Intermediates.noindex/Pulsar.build/Debug-watchos/Pulsar.build/Objects-normal/arm64/Pulsar.SwiftFileList
WriteAuxiliaryFile /Users/admin/builder/spi-builder-workspace/.derivedData/Build/Intermediates.noindex/Pulsar.build/Debug-watchos/Pulsar.build/Objects-normal/arm64/Pulsar.SwiftConstValuesFileList (in target 'Pulsar' from project 'Pulsar')
cd /Users/admin/builder/spi-builder-workspace
write-file /Users/admin/builder/spi-builder-workspace/.derivedData/Build/Intermediates.noindex/Pulsar.build/Debug-watchos/Pulsar.build/Objects-normal/arm64/Pulsar.SwiftConstValuesFileList
WriteAuxiliaryFile /Users/admin/builder/spi-builder-workspace/.derivedData/Build/Intermediates.noindex/Pulsar.build/Debug-watchos/Pulsar.build/Objects-normal/arm64/Pulsar-OutputFileMap.json (in target 'Pulsar' from project 'Pulsar')
cd /Users/admin/builder/spi-builder-workspace
write-file /Users/admin/builder/spi-builder-workspace/.derivedData/Build/Intermediates.noindex/Pulsar.build/Debug-watchos/Pulsar.build/Objects-normal/arm64/Pulsar-OutputFileMap.json
Copy /Users/admin/builder/spi-builder-workspace/.derivedData/Build/Intermediates.noindex/GeneratedModuleMaps-watchos/Pulsar.modulemap /Users/admin/builder/spi-builder-workspace/.derivedData/Build/Intermediates.noindex/Pulsar.build/Debug-watchos/Pulsar.build/Pulsar.modulemap (in target 'Pulsar' from project 'Pulsar')
cd /Users/admin/builder/spi-builder-workspace
builtin-copy -exclude .DS_Store -exclude CVS -exclude .svn -exclude .git -exclude .hg -resolve-src-symlinks /Users/admin/builder/spi-builder-workspace/.derivedData/Build/Intermediates.noindex/Pulsar.build/Debug-watchos/Pulsar.build/Pulsar.modulemap /Users/admin/builder/spi-builder-workspace/.derivedData/Build/Intermediates.noindex/GeneratedModuleMaps-watchos
SwiftDriver Pulsar normal arm64 com.apple.xcode.tools.swift.compiler (in target 'Pulsar' from project 'Pulsar')
cd /Users/admin/builder/spi-builder-workspace/.swiftpm/xcode
builtin-SwiftDriver -- /Applications/Xcode-26.3.0.app/Contents/Developer/Toolchains/XcodeDefault.xctoolchain/usr/bin/swiftc -module-name Pulsar -Onone -enforce-exclusivity\=checked @/Users/admin/builder/spi-builder-workspace/.derivedData/Build/Intermediates.noindex/Pulsar.build/Debug-watchos/Pulsar.build/Objects-normal/arm64/Pulsar.SwiftFileList -DSWIFT_PACKAGE -DDEBUG -DSWIFT_MODULE_RESOURCE_BUNDLE_UNAVAILABLE -DXcode -plugin-path /Applications/Xcode-26.3.0.app/Contents/Developer/Toolchains/XcodeDefault.xctoolchain/usr/lib/swift/host/plugins/testing -enable-experimental-feature DebugDescriptionMacro -sdk /Applications/Xcode-26.3.0.app/Contents/Developer/Platforms/WatchOS.platform/Developer/SDKs/WatchOS26.2.sdk -target arm64-apple-watchos6.0 -g -module-cache-path /Users/admin/builder/spi-builder-workspace/.derivedData/ModuleCache.noindex -Xfrontend -serialize-debugging-options -profile-coverage-mapping -profile-generate -enable-testing -index-store-path /Users/admin/builder/spi-builder-workspace/.derivedData/Index.noindex/DataStore -Xcc -D_LIBCPP_HARDENING_MODE\=_LIBCPP_HARDENING_MODE_DEBUG -swift-version 6 -I /Users/admin/builder/spi-builder-workspace/.derivedData/Build/Products/Debug-watchos -Isystem /Applications/Xcode-26.3.0.app/Contents/Developer/Platforms/WatchOS.platform/Developer/usr/lib -F /Users/admin/builder/spi-builder-workspace/.derivedData/Build/Products/Debug-watchos -F /Applications/Xcode-26.3.0.app/Contents/Developer/Platforms/WatchOS.platform/Developer/Library/Frameworks -F /Applications/Xcode-26.3.0.app/Contents/Developer/Platforms/WatchOS.platform/Developer/SDKs/WatchOS26.2.sdk/Developer/Library/Frameworks -c -j10 -enable-batch-mode -incremental -Xcc -ivfsstatcache -Xcc /Users/admin/builder/spi-builder-workspace/.derivedData/SDKStatCaches.noindex/watchos26.2-23S303-dc75598d0054f22ec865fa860f139d721753b489057de6bda919edfa1c59a62b.sdkstatcache -output-file-map /Users/admin/builder/spi-builder-workspace/.derivedData/Build/Intermediates.noindex/Pulsar.build/Debug-watchos/Pulsar.build/Objects-normal/arm64/Pulsar-OutputFileMap.json -use-frontend-parseable-output -save-temps -no-color-diagnostics -explicit-module-build -module-cache-path /Users/admin/builder/spi-builder-workspace/.derivedData/Build/Intermediates.noindex/SwiftExplicitPrecompiledModules -clang-scanner-module-cache-path /Users/admin/builder/spi-builder-workspace/.derivedData/ModuleCache.noindex -sdk-module-cache-path /Users/admin/builder/spi-builder-workspace/.derivedData/ModuleCache.noindex -serialize-diagnostics -emit-dependencies -emit-module -emit-module-path /Users/admin/builder/spi-builder-workspace/.derivedData/Build/Intermediates.noindex/Pulsar.build/Debug-watchos/Pulsar.build/Objects-normal/arm64/Pulsar.swiftmodule -validate-clang-modules-once -clang-build-session-file /Users/admin/builder/spi-builder-workspace/.derivedData/ModuleCache.noindex/Session.modulevalidation -package-name spi_builder_workspace -Xcc -I/Users/admin/builder/spi-builder-workspace/.derivedData/Build/Intermediates.noindex/Pulsar.build/Debug-watchos/Pulsar.build/swift-overrides.hmap -emit-const-values -Xfrontend -const-gather-protocols-file -Xfrontend /Users/admin/builder/spi-builder-workspace/.derivedData/Build/Intermediates.noindex/Pulsar.build/Debug-watchos/Pulsar.build/Objects-normal/arm64/Pulsar_const_extract_protocols.json -Xcc -I/Users/admin/builder/spi-builder-workspace/.derivedData/Build/Products/Debug-watchos/include -Xcc -I/Users/admin/builder/spi-builder-workspace/.derivedData/Build/Intermediates.noindex/Pulsar.build/Debug-watchos/Pulsar.build/DerivedSources-normal/arm64 -Xcc -I/Users/admin/builder/spi-builder-workspace/.derivedData/Build/Intermediates.noindex/Pulsar.build/Debug-watchos/Pulsar.build/DerivedSources/arm64 -Xcc -I/Users/admin/builder/spi-builder-workspace/.derivedData/Build/Intermediates.noindex/Pulsar.build/Debug-watchos/Pulsar.build/DerivedSources -Xcc -DSWIFT_PACKAGE -Xcc -DDEBUG\=1 -emit-objc-header -emit-objc-header-path /Users/admin/builder/spi-builder-workspace/.derivedData/Build/Intermediates.noindex/Pulsar.build/Debug-watchos/Pulsar.build/Objects-normal/arm64/Pulsar-Swift.h -working-directory /Users/admin/builder/spi-builder-workspace/.swiftpm/xcode -experimental-emit-module-separately -disable-cmo
/Users/admin/builder/spi-builder-workspace/Sources/Pulsar/Composers/PatternComposer.swift:2:8: error: Unable to find module dependency: 'CoreHaptics'
import CoreHaptics
^ (in target 'Pulsar' from project 'Pulsar')
/Users/admin/builder/spi-builder-workspace/Sources/Pulsar/Composers/PatternComposer.swift:2:8: note: A dependency of main module 'Pulsar'
import CoreHaptics
^ (in target 'Pulsar' from project 'Pulsar')
/Users/admin/builder/spi-builder-workspace/Sources/Pulsar/Composers/RealtimeComposer.swift:2:8: note: Also imported here
import CoreHaptics
^ (in target 'Pulsar' from project 'Pulsar')
/Users/admin/builder/spi-builder-workspace/Sources/Pulsar/HapticEngineWrapper.swift:2:8: note: Also imported here
import CoreHaptics
^ (in target 'Pulsar' from project 'Pulsar')
/Users/admin/builder/spi-builder-workspace/Sources/Pulsar/Lines/ContinuousLine.swift:1:8: note: Also imported here
import CoreHaptics
^ (in target 'Pulsar' from project 'Pulsar')
/Users/admin/builder/spi-builder-workspace/Sources/Pulsar/Lines/CurveLineModifier.swift:1:8: note: Also imported here
import CoreHaptics
^ (in target 'Pulsar' from project 'Pulsar')
/Users/admin/builder/spi-builder-workspace/Sources/Pulsar/Lines/DiscreteLine.swift:1:8: note: Also imported here
import CoreHaptics
^ (in target 'Pulsar' from project 'Pulsar')
/Users/admin/builder/spi-builder-workspace/Sources/Pulsar/Lines/IntensityCurveLineModifier.swift:1:8: note: Also imported here
import CoreHaptics
^ (in target 'Pulsar' from project 'Pulsar')
/Users/admin/builder/spi-builder-workspace/Sources/Pulsar/Lines/SharpnessCurveLineModifier.swift:1:8: note: Also imported here
import CoreHaptics
^ (in target 'Pulsar' from project 'Pulsar')
/Users/admin/builder/spi-builder-workspace/Sources/Pulsar/Pulsar.swift:1:8: note: Also imported here
import CoreHaptics
^ (in target 'Pulsar' from project 'Pulsar')
SwiftDriver Pulsar normal arm64_32 com.apple.xcode.tools.swift.compiler (in target 'Pulsar' from project 'Pulsar')
cd /Users/admin/builder/spi-builder-workspace/.swiftpm/xcode
builtin-SwiftDriver -- /Applications/Xcode-26.3.0.app/Contents/Developer/Toolchains/XcodeDefault.xctoolchain/usr/bin/swiftc -module-name Pulsar -Onone -enforce-exclusivity\=checked @/Users/admin/builder/spi-builder-workspace/.derivedData/Build/Intermediates.noindex/Pulsar.build/Debug-watchos/Pulsar.build/Objects-normal/arm64_32/Pulsar.SwiftFileList -DSWIFT_PACKAGE -DDEBUG -DSWIFT_MODULE_RESOURCE_BUNDLE_UNAVAILABLE -DXcode -plugin-path /Applications/Xcode-26.3.0.app/Contents/Developer/Toolchains/XcodeDefault.xctoolchain/usr/lib/swift/host/plugins/testing -enable-experimental-feature DebugDescriptionMacro -sdk /Applications/Xcode-26.3.0.app/Contents/Developer/Platforms/WatchOS.platform/Developer/SDKs/WatchOS26.2.sdk -target arm64_32-apple-watchos6.0 -g -module-cache-path /Users/admin/builder/spi-builder-workspace/.derivedData/ModuleCache.noindex -Xfrontend -serialize-debugging-options -profile-coverage-mapping -profile-generate -enable-testing -index-store-path /Users/admin/builder/spi-builder-workspace/.derivedData/Index.noindex/DataStore -Xcc -D_LIBCPP_HARDENING_MODE\=_LIBCPP_HARDENING_MODE_DEBUG -swift-version 6 -I /Users/admin/builder/spi-builder-workspace/.derivedData/Build/Products/Debug-watchos -Isystem /Applications/Xcode-26.3.0.app/Contents/Developer/Platforms/WatchOS.platform/Developer/usr/lib -F /Users/admin/builder/spi-builder-workspace/.derivedData/Build/Products/Debug-watchos -F /Applications/Xcode-26.3.0.app/Contents/Developer/Platforms/WatchOS.platform/Developer/Library/Frameworks -F /Applications/Xcode-26.3.0.app/Contents/Developer/Platforms/WatchOS.platform/Developer/SDKs/WatchOS26.2.sdk/Developer/Library/Frameworks -c -j10 -enable-batch-mode -incremental -Xcc -ivfsstatcache -Xcc /Users/admin/builder/spi-builder-workspace/.derivedData/SDKStatCaches.noindex/watchos26.2-23S303-dc75598d0054f22ec865fa860f139d721753b489057de6bda919edfa1c59a62b.sdkstatcache -output-file-map /Users/admin/builder/spi-builder-workspace/.derivedData/Build/Intermediates.noindex/Pulsar.build/Debug-watchos/Pulsar.build/Objects-normal/arm64_32/Pulsar-OutputFileMap.json -use-frontend-parseable-output -save-temps -no-color-diagnostics -explicit-module-build -module-cache-path /Users/admin/builder/spi-builder-workspace/.derivedData/Build/Intermediates.noindex/SwiftExplicitPrecompiledModules -clang-scanner-module-cache-path /Users/admin/builder/spi-builder-workspace/.derivedData/ModuleCache.noindex -sdk-module-cache-path /Users/admin/builder/spi-builder-workspace/.derivedData/ModuleCache.noindex -serialize-diagnostics -emit-dependencies -emit-module -emit-module-path /Users/admin/builder/spi-builder-workspace/.derivedData/Build/Intermediates.noindex/Pulsar.build/Debug-watchos/Pulsar.build/Objects-normal/arm64_32/Pulsar.swiftmodule -validate-clang-modules-once -clang-build-session-file /Users/admin/builder/spi-builder-workspace/.derivedData/ModuleCache.noindex/Session.modulevalidation -package-name spi_builder_workspace -Xcc -I/Users/admin/builder/spi-builder-workspace/.derivedData/Build/Intermediates.noindex/Pulsar.build/Debug-watchos/Pulsar.build/swift-overrides.hmap -emit-const-values -Xfrontend -const-gather-protocols-file -Xfrontend /Users/admin/builder/spi-builder-workspace/.derivedData/Build/Intermediates.noindex/Pulsar.build/Debug-watchos/Pulsar.build/Objects-normal/arm64_32/Pulsar_const_extract_protocols.json -Xcc -I/Users/admin/builder/spi-builder-workspace/.derivedData/Build/Products/Debug-watchos/include -Xcc -I/Users/admin/builder/spi-builder-workspace/.derivedData/Build/Intermediates.noindex/Pulsar.build/Debug-watchos/Pulsar.build/DerivedSources-normal/arm64_32 -Xcc -I/Users/admin/builder/spi-builder-workspace/.derivedData/Build/Intermediates.noindex/Pulsar.build/Debug-watchos/Pulsar.build/DerivedSources/arm64_32 -Xcc -I/Users/admin/builder/spi-builder-workspace/.derivedData/Build/Intermediates.noindex/Pulsar.build/Debug-watchos/Pulsar.build/DerivedSources -Xcc -DSWIFT_PACKAGE -Xcc -DDEBUG\=1 -emit-objc-header -emit-objc-header-path /Users/admin/builder/spi-builder-workspace/.derivedData/Build/Intermediates.noindex/Pulsar.build/Debug-watchos/Pulsar.build/Objects-normal/arm64_32/Pulsar-Swift.h -working-directory /Users/admin/builder/spi-builder-workspace/.swiftpm/xcode -experimental-emit-module-separately -disable-cmo
/Users/admin/builder/spi-builder-workspace/Sources/Pulsar/Composers/PatternComposer.swift:2:8: error: Unable to find module dependency: 'CoreHaptics'
import CoreHaptics
^ (in target 'Pulsar' from project 'Pulsar')
/Users/admin/builder/spi-builder-workspace/Sources/Pulsar/Composers/PatternComposer.swift:2:8: note: A dependency of main module 'Pulsar'
import CoreHaptics
^ (in target 'Pulsar' from project 'Pulsar')
/Users/admin/builder/spi-builder-workspace/Sources/Pulsar/Composers/RealtimeComposer.swift:2:8: note: Also imported here
import CoreHaptics
^ (in target 'Pulsar' from project 'Pulsar')
/Users/admin/builder/spi-builder-workspace/Sources/Pulsar/HapticEngineWrapper.swift:2:8: note: Also imported here
import CoreHaptics
^ (in target 'Pulsar' from project 'Pulsar')
/Users/admin/builder/spi-builder-workspace/Sources/Pulsar/Lines/ContinuousLine.swift:1:8: note: Also imported here
import CoreHaptics
^ (in target 'Pulsar' from project 'Pulsar')
/Users/admin/builder/spi-builder-workspace/Sources/Pulsar/Lines/CurveLineModifier.swift:1:8: note: Also imported here
import CoreHaptics
^ (in target 'Pulsar' from project 'Pulsar')
/Users/admin/builder/spi-builder-workspace/Sources/Pulsar/Lines/DiscreteLine.swift:1:8: note: Also imported here
import CoreHaptics
^ (in target 'Pulsar' from project 'Pulsar')
/Users/admin/builder/spi-builder-workspace/Sources/Pulsar/Lines/IntensityCurveLineModifier.swift:1:8: note: Also imported here
import CoreHaptics
^ (in target 'Pulsar' from project 'Pulsar')
/Users/admin/builder/spi-builder-workspace/Sources/Pulsar/Lines/SharpnessCurveLineModifier.swift:1:8: note: Also imported here
import CoreHaptics
^ (in target 'Pulsar' from project 'Pulsar')
/Users/admin/builder/spi-builder-workspace/Sources/Pulsar/Pulsar.swift:1:8: note: Also imported here
import CoreHaptics
^ (in target 'Pulsar' from project 'Pulsar')
SwiftDriver Pulsar normal armv7k com.apple.xcode.tools.swift.compiler (in target 'Pulsar' from project 'Pulsar')
cd /Users/admin/builder/spi-builder-workspace/.swiftpm/xcode
builtin-SwiftDriver -- /Applications/Xcode-26.3.0.app/Contents/Developer/Toolchains/XcodeDefault.xctoolchain/usr/bin/swiftc -module-name Pulsar -Onone -enforce-exclusivity\=checked @/Users/admin/builder/spi-builder-workspace/.derivedData/Build/Intermediates.noindex/Pulsar.build/Debug-watchos/Pulsar.build/Objects-normal/armv7k/Pulsar.SwiftFileList -DSWIFT_PACKAGE -DDEBUG -DSWIFT_MODULE_RESOURCE_BUNDLE_UNAVAILABLE -DXcode -plugin-path /Applications/Xcode-26.3.0.app/Contents/Developer/Toolchains/XcodeDefault.xctoolchain/usr/lib/swift/host/plugins/testing -enable-experimental-feature DebugDescriptionMacro -sdk /Applications/Xcode-26.3.0.app/Contents/Developer/Platforms/WatchOS.platform/Developer/SDKs/WatchOS26.2.sdk -target armv7k-apple-watchos6.0 -g -module-cache-path /Users/admin/builder/spi-builder-workspace/.derivedData/ModuleCache.noindex -Xfrontend -serialize-debugging-options -profile-coverage-mapping -profile-generate -enable-testing -index-store-path /Users/admin/builder/spi-builder-workspace/.derivedData/Index.noindex/DataStore -Xcc -D_LIBCPP_HARDENING_MODE\=_LIBCPP_HARDENING_MODE_DEBUG -swift-version 6 -I /Users/admin/builder/spi-builder-workspace/.derivedData/Build/Products/Debug-watchos -Isystem /Applications/Xcode-26.3.0.app/Contents/Developer/Platforms/WatchOS.platform/Developer/usr/lib -F /Users/admin/builder/spi-builder-workspace/.derivedData/Build/Products/Debug-watchos -F /Applications/Xcode-26.3.0.app/Contents/Developer/Platforms/WatchOS.platform/Developer/Library/Frameworks -F /Applications/Xcode-26.3.0.app/Contents/Developer/Platforms/WatchOS.platform/Developer/SDKs/WatchOS26.2.sdk/Developer/Library/Frameworks -c -j10 -enable-batch-mode -incremental -Xcc -ivfsstatcache -Xcc /Users/admin/builder/spi-builder-workspace/.derivedData/SDKStatCaches.noindex/watchos26.2-23S303-dc75598d0054f22ec865fa860f139d721753b489057de6bda919edfa1c59a62b.sdkstatcache -output-file-map /Users/admin/builder/spi-builder-workspace/.derivedData/Build/Intermediates.noindex/Pulsar.build/Debug-watchos/Pulsar.build/Objects-normal/armv7k/Pulsar-OutputFileMap.json -use-frontend-parseable-output -save-temps -no-color-diagnostics -explicit-module-build -module-cache-path /Users/admin/builder/spi-builder-workspace/.derivedData/Build/Intermediates.noindex/SwiftExplicitPrecompiledModules -clang-scanner-module-cache-path /Users/admin/builder/spi-builder-workspace/.derivedData/ModuleCache.noindex -sdk-module-cache-path /Users/admin/builder/spi-builder-workspace/.derivedData/ModuleCache.noindex -serialize-diagnostics -emit-dependencies -emit-module -emit-module-path /Users/admin/builder/spi-builder-workspace/.derivedData/Build/Intermediates.noindex/Pulsar.build/Debug-watchos/Pulsar.build/Objects-normal/armv7k/Pulsar.swiftmodule -validate-clang-modules-once -clang-build-session-file /Users/admin/builder/spi-builder-workspace/.derivedData/ModuleCache.noindex/Session.modulevalidation -package-name spi_builder_workspace -Xcc -I/Users/admin/builder/spi-builder-workspace/.derivedData/Build/Intermediates.noindex/Pulsar.build/Debug-watchos/Pulsar.build/swift-overrides.hmap -emit-const-values -Xfrontend -const-gather-protocols-file -Xfrontend /Users/admin/builder/spi-builder-workspace/.derivedData/Build/Intermediates.noindex/Pulsar.build/Debug-watchos/Pulsar.build/Objects-normal/armv7k/Pulsar_const_extract_protocols.json -Xcc -I/Users/admin/builder/spi-builder-workspace/.derivedData/Build/Products/Debug-watchos/include -Xcc -I/Users/admin/builder/spi-builder-workspace/.derivedData/Build/Intermediates.noindex/Pulsar.build/Debug-watchos/Pulsar.build/DerivedSources-normal/armv7k -Xcc -I/Users/admin/builder/spi-builder-workspace/.derivedData/Build/Intermediates.noindex/Pulsar.build/Debug-watchos/Pulsar.build/DerivedSources/armv7k -Xcc -I/Users/admin/builder/spi-builder-workspace/.derivedData/Build/Intermediates.noindex/Pulsar.build/Debug-watchos/Pulsar.build/DerivedSources -Xcc -DSWIFT_PACKAGE -Xcc -DDEBUG\=1 -emit-objc-header -emit-objc-header-path /Users/admin/builder/spi-builder-workspace/.derivedData/Build/Intermediates.noindex/Pulsar.build/Debug-watchos/Pulsar.build/Objects-normal/armv7k/Pulsar-Swift.h -working-directory /Users/admin/builder/spi-builder-workspace/.swiftpm/xcode -experimental-emit-module-separately -disable-cmo
/Users/admin/builder/spi-builder-workspace/Sources/Pulsar/Composers/PatternComposer.swift:2:8: error: Unable to find module dependency: 'CoreHaptics'
import CoreHaptics
^ (in target 'Pulsar' from project 'Pulsar')
/Users/admin/builder/spi-builder-workspace/Sources/Pulsar/Composers/PatternComposer.swift:2:8: note: A dependency of main module 'Pulsar'
import CoreHaptics
^ (in target 'Pulsar' from project 'Pulsar')
/Users/admin/builder/spi-builder-workspace/Sources/Pulsar/Composers/RealtimeComposer.swift:2:8: note: Also imported here
import CoreHaptics
^ (in target 'Pulsar' from project 'Pulsar')
/Users/admin/builder/spi-builder-workspace/Sources/Pulsar/HapticEngineWrapper.swift:2:8: note: Also imported here
import CoreHaptics
^ (in target 'Pulsar' from project 'Pulsar')
/Users/admin/builder/spi-builder-workspace/Sources/Pulsar/Lines/ContinuousLine.swift:1:8: note: Also imported here
import CoreHaptics
^ (in target 'Pulsar' from project 'Pulsar')
/Users/admin/builder/spi-builder-workspace/Sources/Pulsar/Lines/CurveLineModifier.swift:1:8: note: Also imported here
import CoreHaptics
^ (in target 'Pulsar' from project 'Pulsar')
/Users/admin/builder/spi-builder-workspace/Sources/Pulsar/Lines/DiscreteLine.swift:1:8: note: Also imported here
import CoreHaptics
^ (in target 'Pulsar' from project 'Pulsar')
/Users/admin/builder/spi-builder-workspace/Sources/Pulsar/Lines/IntensityCurveLineModifier.swift:1:8: note: Also imported here
import CoreHaptics
^ (in target 'Pulsar' from project 'Pulsar')
/Users/admin/builder/spi-builder-workspace/Sources/Pulsar/Lines/SharpnessCurveLineModifier.swift:1:8: note: Also imported here
import CoreHaptics
^ (in target 'Pulsar' from project 'Pulsar')
/Users/admin/builder/spi-builder-workspace/Sources/Pulsar/Pulsar.swift:1:8: note: Also imported here
import CoreHaptics
^ (in target 'Pulsar' from project 'Pulsar')
2026-08-13 21:35:15.007 xcodebuild[675:4247] [MT] IDERunDestination: Supported platforms for the buildables in the current scheme is empty.
/Users/admin/builder/spi-builder-workspace/Sources/Pulsar/Composers/PatternComposer.swift:2:8: error: Unable to find module dependency: 'CoreHaptics'
import CoreHaptics
^
/Users/admin/builder/spi-builder-workspace/Sources/Pulsar/Composers/PatternComposer.swift:2:8: note: a dependency of main module 'Pulsar'
import CoreHaptics
^
/Users/admin/builder/spi-builder-workspace/Sources/Pulsar/Composers/RealtimeComposer.swift:2:8: note: also imported here
import CoreHaptics
^
/Users/admin/builder/spi-builder-workspace/Sources/Pulsar/HapticEngineWrapper.swift:2:8: note: also imported here
import CoreHaptics
^
/Users/admin/builder/spi-builder-workspace/Sources/Pulsar/Lines/ContinuousLine.swift:1:8: note: also imported here
import CoreHaptics
^
/Users/admin/builder/spi-builder-workspace/Sources/Pulsar/Lines/CurveLineModifier.swift:1:8: note: also imported here
import CoreHaptics
^
/Users/admin/builder/spi-builder-workspace/Sources/Pulsar/Lines/DiscreteLine.swift:1:8: note: also imported here
import CoreHaptics
^
/Users/admin/builder/spi-builder-workspace/Sources/Pulsar/Lines/IntensityCurveLineModifier.swift:1:8: note: also imported here
import CoreHaptics
^
/Users/admin/builder/spi-builder-workspace/Sources/Pulsar/Lines/SharpnessCurveLineModifier.swift:1:8: note: also imported here
import CoreHaptics
^
/Users/admin/builder/spi-builder-workspace/Sources/Pulsar/Pulsar.swift:1:8: note: also imported here
import CoreHaptics
^
/Users/admin/builder/spi-builder-workspace/Sources/Pulsar/Composers/PatternComposer.swift:2:8: error: Unable to find module dependency: 'CoreHaptics'
import CoreHaptics
^
/Users/admin/builder/spi-builder-workspace/Sources/Pulsar/Composers/PatternComposer.swift:2:8: note: a dependency of main module 'Pulsar'
import CoreHaptics
^
/Users/admin/builder/spi-builder-workspace/Sources/Pulsar/Composers/RealtimeComposer.swift:2:8: note: also imported here
import CoreHaptics
^
/Users/admin/builder/spi-builder-workspace/Sources/Pulsar/HapticEngineWrapper.swift:2:8: note: also imported here
import CoreHaptics
^
/Users/admin/builder/spi-builder-workspace/Sources/Pulsar/Lines/ContinuousLine.swift:1:8: note: also imported here
import CoreHaptics
^
/Users/admin/builder/spi-builder-workspace/Sources/Pulsar/Lines/CurveLineModifier.swift:1:8: note: also imported here
import CoreHaptics
^
/Users/admin/builder/spi-builder-workspace/Sources/Pulsar/Lines/DiscreteLine.swift:1:8: note: also imported here
import CoreHaptics
^
/Users/admin/builder/spi-builder-workspace/Sources/Pulsar/Lines/IntensityCurveLineModifier.swift:1:8: note: also imported here
import CoreHaptics
^
/Users/admin/builder/spi-builder-workspace/Sources/Pulsar/Lines/SharpnessCurveLineModifier.swift:1:8: note: also imported here
import CoreHaptics
^
/Users/admin/builder/spi-builder-workspace/Sources/Pulsar/Pulsar.swift:1:8: note: also imported here
import CoreHaptics
^
/Users/admin/builder/spi-builder-workspace/Sources/Pulsar/Composers/PatternComposer.swift:2:8: error: Unable to find module dependency: 'CoreHaptics'
import CoreHaptics
^
/Users/admin/builder/spi-builder-workspace/Sources/Pulsar/Composers/PatternComposer.swift:2:8: note: a dependency of main module 'Pulsar'
import CoreHaptics
^
/Users/admin/builder/spi-builder-workspace/Sources/Pulsar/Composers/RealtimeComposer.swift:2:8: note: also imported here
import CoreHaptics
^
/Users/admin/builder/spi-builder-workspace/Sources/Pulsar/HapticEngineWrapper.swift:2:8: note: also imported here
import CoreHaptics
^
/Users/admin/builder/spi-builder-workspace/Sources/Pulsar/Lines/ContinuousLine.swift:1:8: note: also imported here
import CoreHaptics
^
/Users/admin/builder/spi-builder-workspace/Sources/Pulsar/Lines/CurveLineModifier.swift:1:8: note: also imported here
import CoreHaptics
^
/Users/admin/builder/spi-builder-workspace/Sources/Pulsar/Lines/DiscreteLine.swift:1:8: note: also imported here
import CoreHaptics
^
/Users/admin/builder/spi-builder-workspace/Sources/Pulsar/Lines/IntensityCurveLineModifier.swift:1:8: note: also imported here
import CoreHaptics
^
/Users/admin/builder/spi-builder-workspace/Sources/Pulsar/Lines/SharpnessCurveLineModifier.swift:1:8: note: also imported here
import CoreHaptics
^
/Users/admin/builder/spi-builder-workspace/Sources/Pulsar/Pulsar.swift:1:8: note: also imported here
import CoreHaptics
^
** BUILD FAILED **
The following build commands failed:
SwiftDriver Pulsar normal arm64 com.apple.xcode.tools.swift.compiler (in target 'Pulsar' from project 'Pulsar')
SwiftDriver Pulsar normal arm64_32 com.apple.xcode.tools.swift.compiler (in target 'Pulsar' from project 'Pulsar')
SwiftDriver Pulsar normal armv7k com.apple.xcode.tools.swift.compiler (in target 'Pulsar' from project 'Pulsar')
Building workspace spi-builder-workspace with scheme Pulsar
(4 failures)
Command line invocation:
/Applications/Xcode-26.3.0.app/Contents/Developer/usr/bin/xcodebuild -IDEClonedSourcePackagesDirPathOverride=/Users/admin/builder/spi-builder-workspace/.dependencies -resolvePackageDependencies
Resolve Package Graph
Resolved source packages:
Pulsar: /Users/admin/builder/spi-builder-workspace
resolved source packages: Pulsar
2026-08-13 21:35:20.456 xcodebuild[691:4591] [MT] IDERunDestination: Supported platforms for the buildables in the current scheme is empty.
{
"dependencies" : [
],
"manifest_display_name" : "Pulsar",
"name" : "Pulsar",
"path" : "/Users/admin/builder/spi-builder-workspace",
"platforms" : [
{
"name" : "ios",
"version" : "13.0"
},
{
"name" : "macos",
"version" : "10.15"
}
],
"products" : [
{
"name" : "Pulsar",
"targets" : [
"Pulsar"
],
"type" : {
"library" : [
"automatic"
]
}
}
],
"swift_languages_versions" : [
"6"
],
"targets" : [
{
"c99name" : "PulsarTests",
"module_type" : "SwiftTarget",
"name" : "PulsarTests",
"path" : "Tests/PulsarTests",
"sources" : [
"ComposerAndAudioTests.swift",
"CoreHapticsMock.swift",
"CoreHapticsMockTests.swift",
"LineTests.swift",
"PresetsWrapperTests.swift",
"PulsarAPITests.swift",
"PulsarTests.swift",
"TypesTests.swift"
],
"target_dependencies" : [
"Pulsar"
],
"type" : "test"
},
{
"c99name" : "Pulsar",
"module_type" : "SwiftTarget",
"name" : "Pulsar",
"path" : "Sources/Pulsar",
"product_memberships" : [
"Pulsar"
],
"sources" : [
"Audio/AudioSimulator.swift",
"Composers/PatternComposer.swift",
"Composers/RealtimeComposer.swift",
"HapticEngineWrapper.swift",
"Lines/ContinuousLine.swift",
"Lines/CurveLineModifier.swift",
"Lines/DiscreteLine.swift",
"Lines/IntensityCurveLineModifier.swift",
"Lines/SharpnessCurveLineModifier.swift",
"Presets/Generated/AfterglowPreset.swift",
"Presets/Generated/AftershockPreset.swift",
"Presets/Generated/AlarmPreset.swift",
"Presets/Generated/AnvilPreset.swift",
"Presets/Generated/ApplausePreset.swift",
"Presets/Generated/AscentPreset.swift",
"Presets/Generated/BalloonPopPreset.swift",
"Presets/Generated/BarragePreset.swift",
"Presets/Generated/BassDropPreset.swift",
"Presets/Generated/BatterPreset.swift",
"Presets/Generated/BellTollPreset.swift",
"Presets/Generated/BlipPreset.swift",
"Presets/Generated/BloomPreset.swift",
"Presets/Generated/BongoPreset.swift",
"Presets/Generated/BoulderPreset.swift",
"Presets/Generated/BreakingWavePreset.swift",
"Presets/Generated/BreathPreset.swift",
"Presets/Generated/BuildupPreset.swift",
"Presets/Generated/BurstPreset.swift",
"Presets/Generated/BuzzPreset.swift",
"Presets/Generated/CadencePreset.swift",
"Presets/Generated/CameraShutterPreset.swift",
"Presets/Generated/CanterPreset.swift",
"Presets/Generated/CascadePreset.swift",
"Presets/Generated/CastanetsPreset.swift",
"Presets/Generated/CatPawPreset.swift",
"Presets/Generated/ChargePreset.swift",
"Presets/Generated/ChimePreset.swift",
"Presets/Generated/ChipPreset.swift",
"Presets/Generated/ChirpPreset.swift",
"Presets/Generated/ClamorPreset.swift",
"Presets/Generated/ClaspPreset.swift",
"Presets/Generated/CleavePreset.swift",
"Presets/Generated/CoilPreset.swift",
"Presets/Generated/CoinDropPreset.swift",
"Presets/Generated/CombinationLockPreset.swift",
"Presets/Generated/CrescendoPreset.swift",
"Presets/Generated/DewdropPreset.swift",
"Presets/Generated/DirgePreset.swift",
"Presets/Generated/DissolvePreset.swift",
"Presets/Generated/DogBarkPreset.swift",
"Presets/Generated/DronePreset.swift",
"Presets/Generated/EngineRevPreset.swift",
"Presets/Generated/ExhalePreset.swift",
"Presets/Generated/ExplosionPreset.swift",
"Presets/Generated/FadeOutPreset.swift",
"Presets/Generated/FanfarePreset.swift",
"Presets/Generated/FeatherPreset.swift",
"Presets/Generated/FinalePreset.swift",
"Presets/Generated/FingerDrumPreset.swift",
"Presets/Generated/FirecrackerPreset.swift",
"Presets/Generated/FizzPreset.swift",
"Presets/Generated/FlarePreset.swift",
"Presets/Generated/FlickPreset.swift",
"Presets/Generated/FlinchPreset.swift",
"Presets/Generated/FlourishPreset.swift",
"Presets/Generated/FlurryPreset.swift",
"Presets/Generated/FlushPreset.swift",
"Presets/Generated/GallopPreset.swift",
"Presets/Generated/GavelPreset.swift",
"Presets/Generated/GlitchPreset.swift",
"Presets/Generated/GuitarStrumPreset.swift",
"Presets/Generated/HailPreset.swift",
"Presets/Generated/HammerPreset.swift",
"Presets/Generated/HeartbeatPreset.swift",
"Presets/Generated/HeraldPreset.swift",
"Presets/Generated/HoofBeatPreset.swift",
"Presets/Generated/IgnitionPreset.swift",
"Presets/Generated/ImpactPreset.swift",
"Presets/Generated/JoltPreset.swift",
"Presets/Generated/KeyboardMechanicalPreset.swift",
"Presets/Generated/KeyboardMembranePreset.swift",
"Presets/Generated/KnellPreset.swift",
"Presets/Generated/KnockPreset.swift",
"Presets/Generated/LamentPreset.swift",
"Presets/Generated/LatchPreset.swift",
"Presets/Generated/LighthousePreset.swift",
"Presets/Generated/LiltPreset.swift",
"Presets/Generated/LockPreset.swift",
"Presets/Generated/LopePreset.swift",
"Presets/Generated/MarchPreset.swift",
"Presets/Generated/MetronomePreset.swift",
"Presets/Generated/MurmurPreset.swift",
"Presets/Generated/NudgePreset.swift",
"Presets/Generated/PassingCarPreset.swift",
"Presets/Generated/PatterPreset.swift",
"Presets/Generated/PealPreset.swift",
"Presets/Generated/PeckPreset.swift",
"Presets/Generated/PendulumPreset.swift",
"Presets/Generated/PingPreset.swift",
"Presets/Generated/PipPreset.swift",
"Presets/Generated/PistonPreset.swift",
"Presets/Generated/PlinkPreset.swift",
"Presets/Generated/PlummetPreset.swift",
"Presets/Generated/PlunkPreset.swift",
"Presets/Generated/PokePreset.swift",
"Presets/Generated/PoundPreset.swift",
"Presets/Generated/PowerDownPreset.swift",
"Presets/Generated/PropelPreset.swift",
"Presets/Generated/PulsePreset.swift",
"Presets/Generated/PummelPreset.swift",
"Presets/Generated/PushPreset.swift",
"Presets/Generated/RadarPreset.swift",
"Presets/Generated/RainPreset.swift",
"Presets/Generated/RampPreset.swift",
"Presets/Generated/RapPreset.swift",
"Presets/Generated/RatchetPreset.swift",
"Presets/Generated/ReboundPreset.swift",
"Presets/Generated/RipplePreset.swift",
"Presets/Generated/RivetPreset.swift",
"Presets/Generated/RustlePreset.swift",
"Presets/Generated/ShockwavePreset.swift",
"Presets/Generated/SnapPreset.swift",
"Presets/Generated/SonarPreset.swift",
"Presets/Generated/SparkPreset.swift",
"Presets/Generated/SpinPreset.swift",
"Presets/Generated/StaggerPreset.swift",
"Presets/Generated/StampPreset.swift",
"Presets/Generated/StampedePreset.swift",
"Presets/Generated/StompPreset.swift",
"Presets/Generated/StoneSkipPreset.swift",
"Presets/Generated/StrikePreset.swift",
"Presets/Generated/SummonPreset.swift",
"Presets/Generated/SurgePreset.swift",
"Presets/Generated/SwayPreset.swift",
"Presets/Generated/SweepPreset.swift",
"Presets/Generated/SwellPreset.swift",
"Presets/Generated/SyncopatePreset.swift",
"Presets/Generated/ThrobPreset.swift",
"Presets/Generated/ThudPreset.swift",
"Presets/Generated/ThumpPreset.swift",
"Presets/Generated/ThunderPreset.swift",
"Presets/Generated/ThunderRollPreset.swift",
"Presets/Generated/TickTockPreset.swift",
"Presets/Generated/TidalSurgePreset.swift",
"Presets/Generated/TideSwellPreset.swift",
"Presets/Generated/TremorPreset.swift",
"Presets/Generated/TriggerPreset.swift",
"Presets/Generated/TriumphPreset.swift",
"Presets/Generated/TrumpetPreset.swift",
"Presets/Generated/TypewriterPreset.swift",
"Presets/Generated/UnfurlPreset.swift",
"Presets/Generated/VortexPreset.swift",
"Presets/Generated/WanePreset.swift",
"Presets/Generated/WarDrumPreset.swift",
"Presets/Generated/WaterfallPreset.swift",
"Presets/Generated/WavePreset.swift",
"Presets/Generated/WispPreset.swift",
"Presets/Generated/WobblePreset.swift",
"Presets/Generated/WoodpeckerPreset.swift",
"Presets/Generated/ZipperPreset.swift",
"Presets/Player.swift",
"Presets/PresetTypes.swift",
"Presets/PresetsWrapper.swift",
"Presets/SystemPresetsImpl.swift",
"Pulsar.swift",
"Types/Types.swift"
],
"type" : "library"
}
],
"tools_version" : "6.0"
}
{
"workspace" : {
"name" : "spi-builder-workspace",
"schemes" : [
"Pulsar"
]
}
}
2026-08-13 21:35:21.590 xcodebuild[699:4665] [MT] IDERunDestination: Supported platforms for the buildables in the current scheme is empty.
Running build ...
env DEVELOPER_DIR=/Applications/Xcode-26.3.0.app xcrun xcodebuild -IDEClonedSourcePackagesDirPathOverride=$PWD/.dependencies -skipMacroValidation -skipPackagePluginValidation -derivedDataPath $PWD/.derivedData build -scheme Pulsar -destination generic/platform=watchOS
Command line invocation:
/Applications/Xcode-26.3.0.app/Contents/Developer/usr/bin/xcodebuild -IDEClonedSourcePackagesDirPathOverride=/Users/admin/builder/spi-builder-workspace/.dependencies -skipMacroValidation -skipPackagePluginValidation -derivedDataPath /Users/admin/builder/spi-builder-workspace/.derivedData build -scheme Pulsar -destination generic/platform=watchOS
Resolve Package Graph
Resolved source packages:
Pulsar: /Users/admin/builder/spi-builder-workspace
ComputePackagePrebuildTargetDependencyGraph
Prepare packages
CreateBuildRequest
SendProjectDescription
CreateBuildOperation
ComputeTargetDependencyGraph
note: Building targets in dependency order
note: Target dependency graph (2 targets)
Target 'Pulsar' in project 'Pulsar'
➜ Explicit dependency on target 'Pulsar' in project 'Pulsar'
Target 'Pulsar' in project 'Pulsar' (no dependencies)
GatherProvisioningInputs
CreateBuildDescription
ClangStatCache /Applications/Xcode-26.3.0.app/Contents/Developer/Toolchains/XcodeDefault.xctoolchain/usr/bin/clang-stat-cache /Applications/Xcode-26.3.0.app/Contents/Developer/Platforms/WatchOS.platform/Developer/SDKs/WatchOS26.2.sdk /Users/admin/builder/spi-builder-workspace/.derivedData/SDKStatCaches.noindex/watchos26.2-23S303-dc75598d0054f22ec865fa860f139d721753b489057de6bda919edfa1c59a62b.sdkstatcache
cd /Users/admin/builder/spi-builder-workspace/.swiftpm/xcode
/Applications/Xcode-26.3.0.app/Contents/Developer/Toolchains/XcodeDefault.xctoolchain/usr/bin/clang-stat-cache /Applications/Xcode-26.3.0.app/Contents/Developer/Platforms/WatchOS.platform/Developer/SDKs/WatchOS26.2.sdk -o /Users/admin/builder/spi-builder-workspace/.derivedData/SDKStatCaches.noindex/watchos26.2-23S303-dc75598d0054f22ec865fa860f139d721753b489057de6bda919edfa1c59a62b.sdkstatcache
SwiftDriver Pulsar normal arm64_32 com.apple.xcode.tools.swift.compiler (in target 'Pulsar' from project 'Pulsar')
cd /Users/admin/builder/spi-builder-workspace/.swiftpm/xcode
builtin-SwiftDriver -- /Applications/Xcode-26.3.0.app/Contents/Developer/Toolchains/XcodeDefault.xctoolchain/usr/bin/swiftc -module-name Pulsar -Onone -enforce-exclusivity\=checked @/Users/admin/builder/spi-builder-workspace/.derivedData/Build/Intermediates.noindex/Pulsar.build/Debug-watchos/Pulsar.build/Objects-normal/arm64_32/Pulsar.SwiftFileList -DSWIFT_PACKAGE -DDEBUG -DSWIFT_MODULE_RESOURCE_BUNDLE_UNAVAILABLE -DXcode -plugin-path /Applications/Xcode-26.3.0.app/Contents/Developer/Toolchains/XcodeDefault.xctoolchain/usr/lib/swift/host/plugins/testing -enable-experimental-feature DebugDescriptionMacro -sdk /Applications/Xcode-26.3.0.app/Contents/Developer/Platforms/WatchOS.platform/Developer/SDKs/WatchOS26.2.sdk -target arm64_32-apple-watchos6.0 -g -module-cache-path /Users/admin/builder/spi-builder-workspace/.derivedData/ModuleCache.noindex -Xfrontend -serialize-debugging-options -profile-coverage-mapping -profile-generate -enable-testing -index-store-path /Users/admin/builder/spi-builder-workspace/.derivedData/Index.noindex/DataStore -Xcc -D_LIBCPP_HARDENING_MODE\=_LIBCPP_HARDENING_MODE_DEBUG -swift-version 6 -I /Users/admin/builder/spi-builder-workspace/.derivedData/Build/Products/Debug-watchos -Isystem /Applications/Xcode-26.3.0.app/Contents/Developer/Platforms/WatchOS.platform/Developer/usr/lib -F /Users/admin/builder/spi-builder-workspace/.derivedData/Build/Products/Debug-watchos -F /Applications/Xcode-26.3.0.app/Contents/Developer/Platforms/WatchOS.platform/Developer/Library/Frameworks -F /Applications/Xcode-26.3.0.app/Contents/Developer/Platforms/WatchOS.platform/Developer/SDKs/WatchOS26.2.sdk/Developer/Library/Frameworks -c -j10 -enable-batch-mode -incremental -Xcc -ivfsstatcache -Xcc /Users/admin/builder/spi-builder-workspace/.derivedData/SDKStatCaches.noindex/watchos26.2-23S303-dc75598d0054f22ec865fa860f139d721753b489057de6bda919edfa1c59a62b.sdkstatcache -output-file-map /Users/admin/builder/spi-builder-workspace/.derivedData/Build/Intermediates.noindex/Pulsar.build/Debug-watchos/Pulsar.build/Objects-normal/arm64_32/Pulsar-OutputFileMap.json -use-frontend-parseable-output -save-temps -no-color-diagnostics -explicit-module-build -module-cache-path /Users/admin/builder/spi-builder-workspace/.derivedData/Build/Intermediates.noindex/SwiftExplicitPrecompiledModules -clang-scanner-module-cache-path /Users/admin/builder/spi-builder-workspace/.derivedData/ModuleCache.noindex -sdk-module-cache-path /Users/admin/builder/spi-builder-workspace/.derivedData/ModuleCache.noindex -serialize-diagnostics -emit-dependencies -emit-module -emit-module-path /Users/admin/builder/spi-builder-workspace/.derivedData/Build/Intermediates.noindex/Pulsar.build/Debug-watchos/Pulsar.build/Objects-normal/arm64_32/Pulsar.swiftmodule -validate-clang-modules-once -clang-build-session-file /Users/admin/builder/spi-builder-workspace/.derivedData/ModuleCache.noindex/Session.modulevalidation -package-name spi_builder_workspace -Xcc -I/Users/admin/builder/spi-builder-workspace/.derivedData/Build/Intermediates.noindex/Pulsar.build/Debug-watchos/Pulsar.build/swift-overrides.hmap -emit-const-values -Xfrontend -const-gather-protocols-file -Xfrontend /Users/admin/builder/spi-builder-workspace/.derivedData/Build/Intermediates.noindex/Pulsar.build/Debug-watchos/Pulsar.build/Objects-normal/arm64_32/Pulsar_const_extract_protocols.json -Xcc -I/Users/admin/builder/spi-builder-workspace/.derivedData/Build/Products/Debug-watchos/include -Xcc -I/Users/admin/builder/spi-builder-workspace/.derivedData/Build/Intermediates.noindex/Pulsar.build/Debug-watchos/Pulsar.build/DerivedSources-normal/arm64_32 -Xcc -I/Users/admin/builder/spi-builder-workspace/.derivedData/Build/Intermediates.noindex/Pulsar.build/Debug-watchos/Pulsar.build/DerivedSources/arm64_32 -Xcc -I/Users/admin/builder/spi-builder-workspace/.derivedData/Build/Intermediates.noindex/Pulsar.build/Debug-watchos/Pulsar.build/DerivedSources -Xcc -DSWIFT_PACKAGE -Xcc -DDEBUG\=1 -emit-objc-header -emit-objc-header-path /Users/admin/builder/spi-builder-workspace/.derivedData/Build/Intermediates.noindex/Pulsar.build/Debug-watchos/Pulsar.build/Objects-normal/arm64_32/Pulsar-Swift.h -working-directory /Users/admin/builder/spi-builder-workspace/.swiftpm/xcode -experimental-emit-module-separately -disable-cmo
/Users/admin/builder/spi-builder-workspace/Sources/Pulsar/Composers/PatternComposer.swift:2:8: error: Unable to find module dependency: 'CoreHaptics'
import CoreHaptics
^ (in target 'Pulsar' from project 'Pulsar')
/Users/admin/builder/spi-builder-workspace/Sources/Pulsar/Composers/PatternComposer.swift:2:8: note: A dependency of main module 'Pulsar'
import CoreHaptics
^ (in target 'Pulsar' from project 'Pulsar')
/Users/admin/builder/spi-builder-workspace/Sources/Pulsar/Composers/RealtimeComposer.swift:2:8: note: Also imported here
import CoreHaptics
^ (in target 'Pulsar' from project 'Pulsar')
/Users/admin/builder/spi-builder-workspace/Sources/Pulsar/HapticEngineWrapper.swift:2:8: note: Also imported here
import CoreHaptics
^ (in target 'Pulsar' from project 'Pulsar')
/Users/admin/builder/spi-builder-workspace/Sources/Pulsar/Lines/ContinuousLine.swift:1:8: note: Also imported here
import CoreHaptics
^ (in target 'Pulsar' from project 'Pulsar')
/Users/admin/builder/spi-builder-workspace/Sources/Pulsar/Lines/CurveLineModifier.swift:1:8: note: Also imported here
import CoreHaptics
^ (in target 'Pulsar' from project 'Pulsar')
/Users/admin/builder/spi-builder-workspace/Sources/Pulsar/Lines/DiscreteLine.swift:1:8: note: Also imported here
import CoreHaptics
^ (in target 'Pulsar' from project 'Pulsar')
/Users/admin/builder/spi-builder-workspace/Sources/Pulsar/Lines/IntensityCurveLineModifier.swift:1:8: note: Also imported here
import CoreHaptics
^ (in target 'Pulsar' from project 'Pulsar')
/Users/admin/builder/spi-builder-workspace/Sources/Pulsar/Lines/SharpnessCurveLineModifier.swift:1:8: note: Also imported here
import CoreHaptics
^ (in target 'Pulsar' from project 'Pulsar')
/Users/admin/builder/spi-builder-workspace/Sources/Pulsar/Pulsar.swift:1:8: note: Also imported here
import CoreHaptics
^ (in target 'Pulsar' from project 'Pulsar')
SwiftDriver Pulsar normal arm64 com.apple.xcode.tools.swift.compiler (in target 'Pulsar' from project 'Pulsar')
cd /Users/admin/builder/spi-builder-workspace/.swiftpm/xcode
builtin-SwiftDriver -- /Applications/Xcode-26.3.0.app/Contents/Developer/Toolchains/XcodeDefault.xctoolchain/usr/bin/swiftc -module-name Pulsar -Onone -enforce-exclusivity\=checked @/Users/admin/builder/spi-builder-workspace/.derivedData/Build/Intermediates.noindex/Pulsar.build/Debug-watchos/Pulsar.build/Objects-normal/arm64/Pulsar.SwiftFileList -DSWIFT_PACKAGE -DDEBUG -DSWIFT_MODULE_RESOURCE_BUNDLE_UNAVAILABLE -DXcode -plugin-path /Applications/Xcode-26.3.0.app/Contents/Developer/Toolchains/XcodeDefault.xctoolchain/usr/lib/swift/host/plugins/testing -enable-experimental-feature DebugDescriptionMacro -sdk /Applications/Xcode-26.3.0.app/Contents/Developer/Platforms/WatchOS.platform/Developer/SDKs/WatchOS26.2.sdk -target arm64-apple-watchos6.0 -g -module-cache-path /Users/admin/builder/spi-builder-workspace/.derivedData/ModuleCache.noindex -Xfrontend -serialize-debugging-options -profile-coverage-mapping -profile-generate -enable-testing -index-store-path /Users/admin/builder/spi-builder-workspace/.derivedData/Index.noindex/DataStore -Xcc -D_LIBCPP_HARDENING_MODE\=_LIBCPP_HARDENING_MODE_DEBUG -swift-version 6 -I /Users/admin/builder/spi-builder-workspace/.derivedData/Build/Products/Debug-watchos -Isystem /Applications/Xcode-26.3.0.app/Contents/Developer/Platforms/WatchOS.platform/Developer/usr/lib -F /Users/admin/builder/spi-builder-workspace/.derivedData/Build/Products/Debug-watchos -F /Applications/Xcode-26.3.0.app/Contents/Developer/Platforms/WatchOS.platform/Developer/Library/Frameworks -F /Applications/Xcode-26.3.0.app/Contents/Developer/Platforms/WatchOS.platform/Developer/SDKs/WatchOS26.2.sdk/Developer/Library/Frameworks -c -j10 -enable-batch-mode -incremental -Xcc -ivfsstatcache -Xcc /Users/admin/builder/spi-builder-workspace/.derivedData/SDKStatCaches.noindex/watchos26.2-23S303-dc75598d0054f22ec865fa860f139d721753b489057de6bda919edfa1c59a62b.sdkstatcache -output-file-map /Users/admin/builder/spi-builder-workspace/.derivedData/Build/Intermediates.noindex/Pulsar.build/Debug-watchos/Pulsar.build/Objects-normal/arm64/Pulsar-OutputFileMap.json -use-frontend-parseable-output -save-temps -no-color-diagnostics -explicit-module-build -module-cache-path /Users/admin/builder/spi-builder-workspace/.derivedData/Build/Intermediates.noindex/SwiftExplicitPrecompiledModules -clang-scanner-module-cache-path /Users/admin/builder/spi-builder-workspace/.derivedData/ModuleCache.noindex -sdk-module-cache-path /Users/admin/builder/spi-builder-workspace/.derivedData/ModuleCache.noindex -serialize-diagnostics -emit-dependencies -emit-module -emit-module-path /Users/admin/builder/spi-builder-workspace/.derivedData/Build/Intermediates.noindex/Pulsar.build/Debug-watchos/Pulsar.build/Objects-normal/arm64/Pulsar.swiftmodule -validate-clang-modules-once -clang-build-session-file /Users/admin/builder/spi-builder-workspace/.derivedData/ModuleCache.noindex/Session.modulevalidation -package-name spi_builder_workspace -Xcc -I/Users/admin/builder/spi-builder-workspace/.derivedData/Build/Intermediates.noindex/Pulsar.build/Debug-watchos/Pulsar.build/swift-overrides.hmap -emit-const-values -Xfrontend -const-gather-protocols-file -Xfrontend /Users/admin/builder/spi-builder-workspace/.derivedData/Build/Intermediates.noindex/Pulsar.build/Debug-watchos/Pulsar.build/Objects-normal/arm64/Pulsar_const_extract_protocols.json -Xcc -I/Users/admin/builder/spi-builder-workspace/.derivedData/Build/Products/Debug-watchos/include -Xcc -I/Users/admin/builder/spi-builder-workspace/.derivedData/Build/Intermediates.noindex/Pulsar.build/Debug-watchos/Pulsar.build/DerivedSources-normal/arm64 -Xcc -I/Users/admin/builder/spi-builder-workspace/.derivedData/Build/Intermediates.noindex/Pulsar.build/Debug-watchos/Pulsar.build/DerivedSources/arm64 -Xcc -I/Users/admin/builder/spi-builder-workspace/.derivedData/Build/Intermediates.noindex/Pulsar.build/Debug-watchos/Pulsar.build/DerivedSources -Xcc -DSWIFT_PACKAGE -Xcc -DDEBUG\=1 -emit-objc-header -emit-objc-header-path /Users/admin/builder/spi-builder-workspace/.derivedData/Build/Intermediates.noindex/Pulsar.build/Debug-watchos/Pulsar.build/Objects-normal/arm64/Pulsar-Swift.h -working-directory /Users/admin/builder/spi-builder-workspace/.swiftpm/xcode -experimental-emit-module-separately -disable-cmo
/Users/admin/builder/spi-builder-workspace/Sources/Pulsar/Composers/PatternComposer.swift:2:8: error: Unable to find module dependency: 'CoreHaptics'
import CoreHaptics
^ (in target 'Pulsar' from project 'Pulsar')
/Users/admin/builder/spi-builder-workspace/Sources/Pulsar/Composers/PatternComposer.swift:2:8: note: A dependency of main module 'Pulsar'
import CoreHaptics
^ (in target 'Pulsar' from project 'Pulsar')
/Users/admin/builder/spi-builder-workspace/Sources/Pulsar/Composers/RealtimeComposer.swift:2:8: note: Also imported here
import CoreHaptics
^ (in target 'Pulsar' from project 'Pulsar')
/Users/admin/builder/spi-builder-workspace/Sources/Pulsar/HapticEngineWrapper.swift:2:8: note: Also imported here
import CoreHaptics
^ (in target 'Pulsar' from project 'Pulsar')
/Users/admin/builder/spi-builder-workspace/Sources/Pulsar/Lines/ContinuousLine.swift:1:8: note: Also imported here
import CoreHaptics
^ (in target 'Pulsar' from project 'Pulsar')
/Users/admin/builder/spi-builder-workspace/Sources/Pulsar/Lines/CurveLineModifier.swift:1:8: note: Also imported here
import CoreHaptics
^ (in target 'Pulsar' from project 'Pulsar')
/Users/admin/builder/spi-builder-workspace/Sources/Pulsar/Lines/DiscreteLine.swift:1:8: note: Also imported here
import CoreHaptics
^ (in target 'Pulsar' from project 'Pulsar')
/Users/admin/builder/spi-builder-workspace/Sources/Pulsar/Lines/IntensityCurveLineModifier.swift:1:8: note: Also imported here
import CoreHaptics
^ (in target 'Pulsar' from project 'Pulsar')
/Users/admin/builder/spi-builder-workspace/Sources/Pulsar/Lines/SharpnessCurveLineModifier.swift:1:8: note: Also imported here
import CoreHaptics
^ (in target 'Pulsar' from project 'Pulsar')
/Users/admin/builder/spi-builder-workspace/Sources/Pulsar/Pulsar.swift:1:8: note: Also imported here
import CoreHaptics
^ (in target 'Pulsar' from project 'Pulsar')
SwiftDriver Pulsar normal armv7k com.apple.xcode.tools.swift.compiler (in target 'Pulsar' from project 'Pulsar')
cd /Users/admin/builder/spi-builder-workspace/.swiftpm/xcode
builtin-SwiftDriver -- /Applications/Xcode-26.3.0.app/Contents/Developer/Toolchains/XcodeDefault.xctoolchain/usr/bin/swiftc -module-name Pulsar -Onone -enforce-exclusivity\=checked @/Users/admin/builder/spi-builder-workspace/.derivedData/Build/Intermediates.noindex/Pulsar.build/Debug-watchos/Pulsar.build/Objects-normal/armv7k/Pulsar.SwiftFileList -DSWIFT_PACKAGE -DDEBUG -DSWIFT_MODULE_RESOURCE_BUNDLE_UNAVAILABLE -DXcode -plugin-path /Applications/Xcode-26.3.0.app/Contents/Developer/Toolchains/XcodeDefault.xctoolchain/usr/lib/swift/host/plugins/testing -enable-experimental-feature DebugDescriptionMacro -sdk /Applications/Xcode-26.3.0.app/Contents/Developer/Platforms/WatchOS.platform/Developer/SDKs/WatchOS26.2.sdk -target armv7k-apple-watchos6.0 -g -module-cache-path /Users/admin/builder/spi-builder-workspace/.derivedData/ModuleCache.noindex -Xfrontend -serialize-debugging-options -profile-coverage-mapping -profile-generate -enable-testing -index-store-path /Users/admin/builder/spi-builder-workspace/.derivedData/Index.noindex/DataStore -Xcc -D_LIBCPP_HARDENING_MODE\=_LIBCPP_HARDENING_MODE_DEBUG -swift-version 6 -I /Users/admin/builder/spi-builder-workspace/.derivedData/Build/Products/Debug-watchos -Isystem /Applications/Xcode-26.3.0.app/Contents/Developer/Platforms/WatchOS.platform/Developer/usr/lib -F /Users/admin/builder/spi-builder-workspace/.derivedData/Build/Products/Debug-watchos -F /Applications/Xcode-26.3.0.app/Contents/Developer/Platforms/WatchOS.platform/Developer/Library/Frameworks -F /Applications/Xcode-26.3.0.app/Contents/Developer/Platforms/WatchOS.platform/Developer/SDKs/WatchOS26.2.sdk/Developer/Library/Frameworks -c -j10 -enable-batch-mode -incremental -Xcc -ivfsstatcache -Xcc /Users/admin/builder/spi-builder-workspace/.derivedData/SDKStatCaches.noindex/watchos26.2-23S303-dc75598d0054f22ec865fa860f139d721753b489057de6bda919edfa1c59a62b.sdkstatcache -output-file-map /Users/admin/builder/spi-builder-workspace/.derivedData/Build/Intermediates.noindex/Pulsar.build/Debug-watchos/Pulsar.build/Objects-normal/armv7k/Pulsar-OutputFileMap.json -use-frontend-parseable-output -save-temps -no-color-diagnostics -explicit-module-build -module-cache-path /Users/admin/builder/spi-builder-workspace/.derivedData/Build/Intermediates.noindex/SwiftExplicitPrecompiledModules -clang-scanner-module-cache-path /Users/admin/builder/spi-builder-workspace/.derivedData/ModuleCache.noindex -sdk-module-cache-path /Users/admin/builder/spi-builder-workspace/.derivedData/ModuleCache.noindex -serialize-diagnostics -emit-dependencies -emit-module -emit-module-path /Users/admin/builder/spi-builder-workspace/.derivedData/Build/Intermediates.noindex/Pulsar.build/Debug-watchos/Pulsar.build/Objects-normal/armv7k/Pulsar.swiftmodule -validate-clang-modules-once -clang-build-session-file /Users/admin/builder/spi-builder-workspace/.derivedData/ModuleCache.noindex/Session.modulevalidation -package-name spi_builder_workspace -Xcc -I/Users/admin/builder/spi-builder-workspace/.derivedData/Build/Intermediates.noindex/Pulsar.build/Debug-watchos/Pulsar.build/swift-overrides.hmap -emit-const-values -Xfrontend -const-gather-protocols-file -Xfrontend /Users/admin/builder/spi-builder-workspace/.derivedData/Build/Intermediates.noindex/Pulsar.build/Debug-watchos/Pulsar.build/Objects-normal/armv7k/Pulsar_const_extract_protocols.json -Xcc -I/Users/admin/builder/spi-builder-workspace/.derivedData/Build/Products/Debug-watchos/include -Xcc -I/Users/admin/builder/spi-builder-workspace/.derivedData/Build/Intermediates.noindex/Pulsar.build/Debug-watchos/Pulsar.build/DerivedSources-normal/armv7k -Xcc -I/Users/admin/builder/spi-builder-workspace/.derivedData/Build/Intermediates.noindex/Pulsar.build/Debug-watchos/Pulsar.build/DerivedSources/armv7k -Xcc -I/Users/admin/builder/spi-builder-workspace/.derivedData/Build/Intermediates.noindex/Pulsar.build/Debug-watchos/Pulsar.build/DerivedSources -Xcc -DSWIFT_PACKAGE -Xcc -DDEBUG\=1 -emit-objc-header -emit-objc-header-path /Users/admin/builder/spi-builder-workspace/.derivedData/Build/Intermediates.noindex/Pulsar.build/Debug-watchos/Pulsar.build/Objects-normal/armv7k/Pulsar-Swift.h -working-directory /Users/admin/builder/spi-builder-workspace/.swiftpm/xcode -experimental-emit-module-separately -disable-cmo
/Users/admin/builder/spi-builder-workspace/Sources/Pulsar/Composers/PatternComposer.swift:2:8: error: Unable to find module dependency: 'CoreHaptics'
import CoreHaptics
^ (in target 'Pulsar' from project 'Pulsar')
/Users/admin/builder/spi-builder-workspace/Sources/Pulsar/Composers/PatternComposer.swift:2:8: note: A dependency of main module 'Pulsar'
import CoreHaptics
^ (in target 'Pulsar' from project 'Pulsar')
/Users/admin/builder/spi-builder-workspace/Sources/Pulsar/Composers/RealtimeComposer.swift:2:8: note: Also imported here
import CoreHaptics
^ (in target 'Pulsar' from project 'Pulsar')
/Users/admin/builder/spi-builder-workspace/Sources/Pulsar/HapticEngineWrapper.swift:2:8: note: Also imported here
import CoreHaptics
^ (in target 'Pulsar' from project 'Pulsar')
/Users/admin/builder/spi-builder-workspace/Sources/Pulsar/Lines/ContinuousLine.swift:1:8: note: Also imported here
import CoreHaptics
^ (in target 'Pulsar' from project 'Pulsar')
/Users/admin/builder/spi-builder-workspace/Sources/Pulsar/Lines/CurveLineModifier.swift:1:8: note: Also imported here
import CoreHaptics
^ (in target 'Pulsar' from project 'Pulsar')
/Users/admin/builder/spi-builder-workspace/Sources/Pulsar/Lines/DiscreteLine.swift:1:8: note: Also imported here
import CoreHaptics
^ (in target 'Pulsar' from project 'Pulsar')
/Users/admin/builder/spi-builder-workspace/Sources/Pulsar/Lines/IntensityCurveLineModifier.swift:1:8: note: Also imported here
import CoreHaptics
^ (in target 'Pulsar' from project 'Pulsar')
/Users/admin/builder/spi-builder-workspace/Sources/Pulsar/Lines/SharpnessCurveLineModifier.swift:1:8: note: Also imported here
import CoreHaptics
^ (in target 'Pulsar' from project 'Pulsar')
/Users/admin/builder/spi-builder-workspace/Sources/Pulsar/Pulsar.swift:1:8: note: Also imported here
import CoreHaptics
^ (in target 'Pulsar' from project 'Pulsar')
2026-08-13 21:35:22.471 xcodebuild[701:4694] [MT] IDERunDestination: Supported platforms for the buildables in the current scheme is empty.
/Users/admin/builder/spi-builder-workspace/Sources/Pulsar/Composers/PatternComposer.swift:2:8: error: Unable to find module dependency: 'CoreHaptics'
import CoreHaptics
^
/Users/admin/builder/spi-builder-workspace/Sources/Pulsar/Composers/PatternComposer.swift:2:8: note: a dependency of main module 'Pulsar'
import CoreHaptics
^
/Users/admin/builder/spi-builder-workspace/Sources/Pulsar/Composers/RealtimeComposer.swift:2:8: note: also imported here
import CoreHaptics
^
/Users/admin/builder/spi-builder-workspace/Sources/Pulsar/HapticEngineWrapper.swift:2:8: note: also imported here
import CoreHaptics
^
/Users/admin/builder/spi-builder-workspace/Sources/Pulsar/Lines/ContinuousLine.swift:1:8: note: also imported here
import CoreHaptics
^
/Users/admin/builder/spi-builder-workspace/Sources/Pulsar/Lines/CurveLineModifier.swift:1:8: note: also imported here
import CoreHaptics
^
/Users/admin/builder/spi-builder-workspace/Sources/Pulsar/Lines/DiscreteLine.swift:1:8: note: also imported here
import CoreHaptics
^
/Users/admin/builder/spi-builder-workspace/Sources/Pulsar/Lines/IntensityCurveLineModifier.swift:1:8: note: also imported here
import CoreHaptics
^
/Users/admin/builder/spi-builder-workspace/Sources/Pulsar/Lines/SharpnessCurveLineModifier.swift:1:8: note: also imported here
import CoreHaptics
^
/Users/admin/builder/spi-builder-workspace/Sources/Pulsar/Pulsar.swift:1:8: note: also imported here
import CoreHaptics
^
/Users/admin/builder/spi-builder-workspace/Sources/Pulsar/Composers/PatternComposer.swift:2:8: error: Unable to find module dependency: 'CoreHaptics'
import CoreHaptics
^
/Users/admin/builder/spi-builder-workspace/Sources/Pulsar/Composers/PatternComposer.swift:2:8: note: a dependency of main module 'Pulsar'
import CoreHaptics
^
/Users/admin/builder/spi-builder-workspace/Sources/Pulsar/Composers/RealtimeComposer.swift:2:8: note: also imported here
import CoreHaptics
^
/Users/admin/builder/spi-builder-workspace/Sources/Pulsar/HapticEngineWrapper.swift:2:8: note: also imported here
import CoreHaptics
^
/Users/admin/builder/spi-builder-workspace/Sources/Pulsar/Lines/ContinuousLine.swift:1:8: note: also imported here
import CoreHaptics
^
/Users/admin/builder/spi-builder-workspace/Sources/Pulsar/Lines/CurveLineModifier.swift:1:8: note: also imported here
import CoreHaptics
^
/Users/admin/builder/spi-builder-workspace/Sources/Pulsar/Lines/DiscreteLine.swift:1:8: note: also imported here
import CoreHaptics
^
/Users/admin/builder/spi-builder-workspace/Sources/Pulsar/Lines/IntensityCurveLineModifier.swift:1:8: note: also imported here
import CoreHaptics
^
/Users/admin/builder/spi-builder-workspace/Sources/Pulsar/Lines/SharpnessCurveLineModifier.swift:1:8: note: also imported here
import CoreHaptics
^
/Users/admin/builder/spi-builder-workspace/Sources/Pulsar/Pulsar.swift:1:8: note: also imported here
import CoreHaptics
^
/Users/admin/builder/spi-builder-workspace/Sources/Pulsar/Composers/PatternComposer.swift:2:8: error: Unable to find module dependency: 'CoreHaptics'
import CoreHaptics
^
/Users/admin/builder/spi-builder-workspace/Sources/Pulsar/Composers/PatternComposer.swift:2:8: note: a dependency of main module 'Pulsar'
import CoreHaptics
^
/Users/admin/builder/spi-builder-workspace/Sources/Pulsar/Composers/RealtimeComposer.swift:2:8: note: also imported here
import CoreHaptics
^
/Users/admin/builder/spi-builder-workspace/Sources/Pulsar/HapticEngineWrapper.swift:2:8: note: also imported here
import CoreHaptics
^
/Users/admin/builder/spi-builder-workspace/Sources/Pulsar/Lines/ContinuousLine.swift:1:8: note: also imported here
import CoreHaptics
^
/Users/admin/builder/spi-builder-workspace/Sources/Pulsar/Lines/CurveLineModifier.swift:1:8: note: also imported here
import CoreHaptics
^
/Users/admin/builder/spi-builder-workspace/Sources/Pulsar/Lines/DiscreteLine.swift:1:8: note: also imported here
import CoreHaptics
^
/Users/admin/builder/spi-builder-workspace/Sources/Pulsar/Lines/IntensityCurveLineModifier.swift:1:8: note: also imported here
import CoreHaptics
^
/Users/admin/builder/spi-builder-workspace/Sources/Pulsar/Lines/SharpnessCurveLineModifier.swift:1:8: note: also imported here
import CoreHaptics
^
/Users/admin/builder/spi-builder-workspace/Sources/Pulsar/Pulsar.swift:1:8: note: also imported here
import CoreHaptics
^
** BUILD FAILED **
The following build commands failed:
SwiftDriver Pulsar normal arm64_32 com.apple.xcode.tools.swift.compiler (in target 'Pulsar' from project 'Pulsar')
SwiftDriver Pulsar normal arm64 com.apple.xcode.tools.swift.compiler (in target 'Pulsar' from project 'Pulsar')
SwiftDriver Pulsar normal armv7k com.apple.xcode.tools.swift.compiler (in target 'Pulsar' from project 'Pulsar')
Building workspace spi-builder-workspace with scheme Pulsar
(4 failures)
BUILD FAILURE 6.2 watchOS