Build Information
Failed to build ViewAnimator, reference 3.1.0 (55f1c4), with Swift 6.4 for macOS (Xcode) using Xcode 27.0 on 19 Sep 2026 12:31:07 UTC.
Build Command
env DEVELOPER_DIR=/Applications/Xcode-27.0.0-Release.Candidate.app xcrun xcodebuild -IDEClonedSourcePackagesDirPathOverride=$PWD/.dependencies -skipMacroValidation -skipPackagePluginValidation -derivedDataPath $PWD/.derivedData build -scheme ViewAnimator-Package -destination platform=macOS,arch=arm64Build Log
========================================
RunAll
========================================
Builder version: 5.1.0
Interrupt handler set up.
========================================
Checkout
========================================
Clone URL: https://github.com/marcosgriselli/ViewAnimator.git
Reference: 3.1.0
Initialized empty Git repository in /Users/admin/builder/spi-builder-workspace/.git/
From https://github.com/marcosgriselli/ViewAnimator
* tag 3.1.0 -> FETCH_HEAD
HEAD is now at 55f1c46 3.1.0 release
Cloned https://github.com/marcosgriselli/ViewAnimator.git
Revision (git rev-parse @):
55f1c46241b181c3e0b68d70edb6d87926c7d183
SUCCESS checkout https://github.com/marcosgriselli/ViewAnimator.git at 3.1.0
========================================
Build
========================================
Selected platform: macosXcodebuild
Swift version: 6.4
Building package at path: $PWD
https://github.com/marcosgriselli/ViewAnimator.git
Command line invocation:
/Applications/Xcode-27.0.0-Release.Candidate.app/Contents/Developer/usr/bin/xcodebuild -IDEClonedSourcePackagesDirPathOverride=/Users/admin/builder/spi-builder-workspace/.dependencies -resolvePackageDependencies
resolved source packages:
{
"dependencies" : [
],
"manifest_display_name" : "ViewAnimator",
"name" : "ViewAnimator",
"path" : "/Users/admin/builder/spi-builder-workspace",
"platforms" : [
{
"name" : "ios",
"version" : "9.0"
},
{
"name" : "tvos",
"version" : "9.0"
}
],
"products" : [
{
"name" : "ViewAnimator",
"targets" : [
"ViewAnimator"
],
"type" : {
"library" : [
"automatic"
]
}
}
],
"swift_languages_versions" : [
"5"
],
"targets" : [
{
"c99name" : "ViewAnimatorTests",
"module_type" : "SwiftTarget",
"name" : "ViewAnimatorTests",
"path" : "ViewAnimatorTests",
"sources" : [
"Tests.swift"
],
"target_dependencies" : [
"ViewAnimator"
],
"type" : "test"
},
{
"c99name" : "ViewAnimator",
"module_type" : "SwiftTarget",
"name" : "ViewAnimator",
"path" : "Sources",
"product_memberships" : [
"ViewAnimator"
],
"sources" : [
"Extensions/UICollectionView + ViewAnimator.swift",
"Extensions/UITableView + ViewAnimator.swift",
"Models/AnimationType.swift",
"Models/Directions.swift",
"Protocols/Animation.swift",
"ViewAnimator.swift",
"ViewAnimatorConfig.swift"
],
"type" : "library"
}
],
"tools_version" : "5.0"
}
{
"project" : {
"configurations" : [
"Debug",
"Release"
],
"name" : "ViewAnimator",
"schemes" : [
"ViewAnimator",
"ViewAnimator-iOS",
"ViewAnimator-Package",
"ViewAnimator-tvOS"
],
"targets" : [
"ViewAnimator",
"ViewAnimatorPackageDescription",
"ViewAnimatorTests",
"ViewAnimator-iOS",
"ViewAnimator-tvOS"
]
}
}
Running build ...
env DEVELOPER_DIR=/Applications/Xcode-27.0.0-Release.Candidate.app xcrun xcodebuild -IDEClonedSourcePackagesDirPathOverride=$PWD/.dependencies -skipMacroValidation -skipPackagePluginValidation -derivedDataPath $PWD/.derivedData build -scheme ViewAnimator-Package -destination platform=macOS,arch=arm64
Command line invocation:
/Applications/Xcode-27.0.0-Release.Candidate.app/Contents/Developer/usr/bin/xcodebuild -IDEClonedSourcePackagesDirPathOverride=/Users/admin/builder/spi-builder-workspace/.dependencies -skipMacroValidation -skipPackagePluginValidation -derivedDataPath /Users/admin/builder/spi-builder-workspace/.derivedData build -scheme ViewAnimator-Package -destination platform=macOS,arch=arm64
ComputePackagePrebuildTargetDependencyGraph
Prepare packages
CreateBuildRequest
SendProjectDescription
CreateBuildOperation
ComputeTargetDependencyGraph
note: Building targets in dependency order
note: Target dependency graph (1 target)
Target 'ViewAnimator' in project 'ViewAnimator' (no dependencies)
GatherProvisioningInputs
CreateBuildDescription
ExecuteExternalTool /Applications/Xcode-27.0.0-Release.Candidate.app/Contents/Developer/Toolchains/XcodeDefault.xctoolchain/usr/bin/clang -v -E -dM -isysroot /Applications/Xcode-27.0.0-Release.Candidate.app/Contents/Developer/Platforms/MacOSX.platform/Developer/SDKs/MacOSX27.0.sdk -x c -c /dev/null
ExecuteExternalTool /Applications/Xcode-27.0.0-Release.Candidate.app/Contents/Developer/Toolchains/XcodeDefault.xctoolchain/usr/bin/swiftc --version
ExecuteExternalTool /Applications/Xcode-27.0.0-Release.Candidate.app/Contents/Developer/Toolchains/XcodeDefault.xctoolchain/usr/bin/ld -version_details
Build description signature: bcd13ab3a19fb7b7bc85d6563ad20b56
Build description path: /Users/admin/builder/spi-builder-workspace/.derivedData/Build/Intermediates.noindex/XCBuildData/bcd13ab3a19fb7b7bc85d6563ad20b56.xcbuilddata
/Users/admin/builder/spi-builder-workspace/ViewAnimator.xcodeproj: error: The macOS deployment target 'MACOSX_DEPLOYMENT_TARGET' is set to 10.15, but the range of supported deployment target versions is 12.0 to 27.0.x. (in target 'ViewAnimator' from project 'ViewAnimator')
--- xcodebuild: WARNING: Using the first of multiple matching destinations:
{ platform:macOS, arch:arm64, variant:Mac Catalyst, id:a669875a0122ffec25a0bff85560885415aef9b4, name:My Mac }
{ platform:macOS, arch:arm64, variant:Designed for [iPad,iPhone], id:a669875a0122ffec25a0bff85560885415aef9b4, name:My Mac }
** BUILD FAILED **
The following build commands failed:
Building project ViewAnimator with scheme ViewAnimator-Package
(1 failure)
Command line invocation:
/Applications/Xcode-27.0.0-Release.Candidate.app/Contents/Developer/usr/bin/xcodebuild -IDEClonedSourcePackagesDirPathOverride=/Users/admin/builder/spi-builder-workspace/.dependencies -resolvePackageDependencies
resolved source packages:
{
"dependencies" : [
],
"manifest_display_name" : "ViewAnimator",
"name" : "ViewAnimator",
"path" : "/Users/admin/builder/spi-builder-workspace",
"platforms" : [
{
"name" : "ios",
"version" : "9.0"
},
{
"name" : "tvos",
"version" : "9.0"
}
],
"products" : [
{
"name" : "ViewAnimator",
"targets" : [
"ViewAnimator"
],
"type" : {
"library" : [
"automatic"
]
}
}
],
"swift_languages_versions" : [
"5"
],
"targets" : [
{
"c99name" : "ViewAnimatorTests",
"module_type" : "SwiftTarget",
"name" : "ViewAnimatorTests",
"path" : "ViewAnimatorTests",
"sources" : [
"Tests.swift"
],
"target_dependencies" : [
"ViewAnimator"
],
"type" : "test"
},
{
"c99name" : "ViewAnimator",
"module_type" : "SwiftTarget",
"name" : "ViewAnimator",
"path" : "Sources",
"product_memberships" : [
"ViewAnimator"
],
"sources" : [
"Extensions/UICollectionView + ViewAnimator.swift",
"Extensions/UITableView + ViewAnimator.swift",
"Models/AnimationType.swift",
"Models/Directions.swift",
"Protocols/Animation.swift",
"ViewAnimator.swift",
"ViewAnimatorConfig.swift"
],
"type" : "library"
}
],
"tools_version" : "5.0"
}
{
"project" : {
"configurations" : [
"Debug",
"Release"
],
"name" : "ViewAnimator",
"schemes" : [
"ViewAnimator",
"ViewAnimator-iOS",
"ViewAnimator-Package",
"ViewAnimator-tvOS"
],
"targets" : [
"ViewAnimator",
"ViewAnimatorPackageDescription",
"ViewAnimatorTests",
"ViewAnimator-iOS",
"ViewAnimator-tvOS"
]
}
}
Running build ...
env DEVELOPER_DIR=/Applications/Xcode-27.0.0-Release.Candidate.app xcrun xcodebuild -IDEClonedSourcePackagesDirPathOverride=$PWD/.dependencies -skipMacroValidation -skipPackagePluginValidation -derivedDataPath $PWD/.derivedData build -scheme ViewAnimator-Package -destination platform=macOS,arch=arm64
Command line invocation:
/Applications/Xcode-27.0.0-Release.Candidate.app/Contents/Developer/usr/bin/xcodebuild -IDEClonedSourcePackagesDirPathOverride=/Users/admin/builder/spi-builder-workspace/.dependencies -skipMacroValidation -skipPackagePluginValidation -derivedDataPath /Users/admin/builder/spi-builder-workspace/.derivedData build -scheme ViewAnimator-Package -destination platform=macOS,arch=arm64
ComputePackagePrebuildTargetDependencyGraph
Prepare packages
CreateBuildRequest
SendProjectDescription
CreateBuildOperation
ComputeTargetDependencyGraph
note: Building targets in dependency order
note: Target dependency graph (1 target)
Target 'ViewAnimator' in project 'ViewAnimator' (no dependencies)
GatherProvisioningInputs
CreateBuildDescription
/Users/admin/builder/spi-builder-workspace/ViewAnimator.xcodeproj: error: The macOS deployment target 'MACOSX_DEPLOYMENT_TARGET' is set to 10.15, but the range of supported deployment target versions is 12.0 to 27.0.x. (in target 'ViewAnimator' from project 'ViewAnimator')
--- xcodebuild: WARNING: Using the first of multiple matching destinations:
{ platform:macOS, arch:arm64, variant:Mac Catalyst, id:a669875a0122ffec25a0bff85560885415aef9b4, name:My Mac }
{ platform:macOS, arch:arm64, variant:Designed for [iPad,iPhone], id:a669875a0122ffec25a0bff85560885415aef9b4, name:My Mac }
** BUILD FAILED **
The following build commands failed:
Building project ViewAnimator with scheme ViewAnimator-Package
(1 failure)
BUILD FAILURE 6.4 macosXcodebuild