Build Information
Failed to build PactSwift, reference main (f9bce9), with Swift 6.1 for Wasm on 19 Jul 2026 13:46:49 UTC.
Build Command
bash -c docker run --pull=always --rm -v "checkouts-54344849-2":/host -w "$PWD" -e JAVA_HOME="/root/.sdkman/candidates/java/current" -e SPI_BUILD="1" -e SPI_PROCESSING="1" registry.gitlab.com/saguaro1/spi-images:wasm-6.1-latest swift build --swift-sdk wasm32-unknown-wasi 2>&1Build Log
========================================
RunAll
========================================
Builder version: 333316120c8b89ed7d21f1b34865290794301d91
Interrupt handler set up.
========================================
Checkout
========================================
Clone URL: https://github.com/surpher/PactSwift.git
Reference: main
Initialized empty Git repository in /host/spi-builder-workspace/.git/
hint: Using 'master' as the name for the initial branch. This default branch name
hint: is subject to change. To configure the initial branch name to use in all
hint: of your new repositories, which will suppress this warning, call:
hint:
hint: git config --global init.defaultBranch <name>
hint:
hint: Names commonly chosen instead of 'master' are 'main', 'trunk' and
hint: 'development'. The just-created branch can be renamed via this command:
hint:
hint: git branch -m <name>
From https://github.com/surpher/PactSwift
* branch main -> FETCH_HEAD
* [new branch] main -> origin/main
HEAD is now at f9bce99 tech: Update GitHub Actions run matrix (#132)
Cloned https://github.com/surpher/PactSwift.git
Revision (git rev-parse @):
f9bce99b6e4735484c938dfaaa30a9d207e620f2
SUCCESS checkout https://github.com/surpher/PactSwift.git at main
========================================
Build
========================================
Selected platform: wasm
Swift version: 6.1
Building package at path: $PWD
https://github.com/surpher/PactSwift.git
https://github.com/surpher/PactSwift.git
WARNING: environment variable SUPPRESS_SWIFT_6_FLAGS is not set
Running build ...
bash -c docker run --pull=always --rm -v "checkouts-54344849-2":/host -w "$PWD" -e JAVA_HOME="/root/.sdkman/candidates/java/current" -e SPI_BUILD="1" -e SPI_PROCESSING="1" registry.gitlab.com/saguaro1/spi-images:wasm-6.1-latest swift build --swift-sdk wasm32-unknown-wasi -Xswiftc -Xfrontend -Xswiftc -stats-output-dir -Xswiftc -Xfrontend -Xswiftc .stats -Xswiftc -strict-concurrency=complete -Xswiftc -enable-upcoming-feature -Xswiftc StrictConcurrency -Xswiftc -enable-upcoming-feature -Xswiftc DisableOutwardActorInference -Xswiftc -enable-upcoming-feature -Xswiftc GlobalActorIsolatedTypesUsability -Xswiftc -enable-upcoming-feature -Xswiftc InferSendableFromCaptures 2>&1
wasm-6.1-latest: Pulling from saguaro1/spi-images
Digest: sha256:1ad245dad3d2ae0004e1afbc92334bd39884ed9ca587cf04d0a8d5f640fb02e9
Status: Image is up to date for registry.gitlab.com/saguaro1/spi-images:wasm-6.1-latest
Fetching https://github.com/surpher/PactSwiftServer.git
[1/345] Fetching pactswiftserver
Fetched https://github.com/surpher/PactSwiftServer.git from cache (8.52s)
Computing version for https://github.com/surpher/PactSwiftServer.git
Computed https://github.com/surpher/PactSwiftServer.git at 0.4.7 (8.92s)
Creating working copy for https://github.com/surpher/PactSwiftServer.git
Working copy of https://github.com/surpher/PactSwiftServer.git resolved at 0.4.7
Building for debugging...
[0/2] Write sources
[1/2] Write swift-version-24593BA9C3E375BF.txt
error: emit-module command failed with exit code 1 (use -v to see invocation)
[3/63] Emitting module PactSwift
/host/spi-builder-workspace/Sources/ExampleGenerators/RandomString.swift:21:29: error: no such module 'PactSwiftMockServer'
19 |
20 | #if compiler(>=5.5)
21 | @_implementationOnly import PactSwiftMockServer
| `- error: no such module 'PactSwiftMockServer'
22 | #else
23 | import PactSwiftMockServer
[4/71] Compiling PactSwift DateTime.swift
/host/spi-builder-workspace/Sources/ExampleGenerators/RandomString.swift:21:29: error: no such module 'PactSwiftMockServer'
19 |
20 | #if compiler(>=5.5)
21 | @_implementationOnly import PactSwiftMockServer
| `- error: no such module 'PactSwiftMockServer'
22 | #else
23 | import PactSwiftMockServer
[5/71] Compiling PactSwift DateTimeExpression.swift
/host/spi-builder-workspace/Sources/ExampleGenerators/RandomString.swift:21:29: error: no such module 'PactSwiftMockServer'
19 |
20 | #if compiler(>=5.5)
21 | @_implementationOnly import PactSwiftMockServer
| `- error: no such module 'PactSwiftMockServer'
22 | #else
23 | import PactSwiftMockServer
[6/71] Compiling PactSwift ExampleGenerator.swift
/host/spi-builder-workspace/Sources/ExampleGenerators/RandomString.swift:21:29: error: no such module 'PactSwiftMockServer'
19 |
20 | #if compiler(>=5.5)
21 | @_implementationOnly import PactSwiftMockServer
| `- error: no such module 'PactSwiftMockServer'
22 | #else
23 | import PactSwiftMockServer
[7/71] Compiling PactSwift ProviderStateGenerator.swift
/host/spi-builder-workspace/Sources/ExampleGenerators/RandomString.swift:21:29: error: no such module 'PactSwiftMockServer'
19 |
20 | #if compiler(>=5.5)
21 | @_implementationOnly import PactSwiftMockServer
| `- error: no such module 'PactSwiftMockServer'
22 | #else
23 | import PactSwiftMockServer
[8/71] Compiling PactSwift RandomBool.swift
/host/spi-builder-workspace/Sources/ExampleGenerators/RandomString.swift:21:29: error: no such module 'PactSwiftMockServer'
19 |
20 | #if compiler(>=5.5)
21 | @_implementationOnly import PactSwiftMockServer
| `- error: no such module 'PactSwiftMockServer'
22 | #else
23 | import PactSwiftMockServer
[9/71] Compiling PactSwift RandomDate.swift
/host/spi-builder-workspace/Sources/ExampleGenerators/RandomString.swift:21:29: error: no such module 'PactSwiftMockServer'
19 |
20 | #if compiler(>=5.5)
21 | @_implementationOnly import PactSwiftMockServer
| `- error: no such module 'PactSwiftMockServer'
22 | #else
23 | import PactSwiftMockServer
[10/71] Compiling PactSwift RandomDateTime.swift
/host/spi-builder-workspace/Sources/ExampleGenerators/RandomString.swift:21:29: error: no such module 'PactSwiftMockServer'
19 |
20 | #if compiler(>=5.5)
21 | @_implementationOnly import PactSwiftMockServer
| `- error: no such module 'PactSwiftMockServer'
22 | #else
23 | import PactSwiftMockServer
[11/71] Compiling PactSwift RandomDecimal.swift
/host/spi-builder-workspace/Sources/ExampleGenerators/RandomString.swift:21:29: error: no such module 'PactSwiftMockServer'
19 |
20 | #if compiler(>=5.5)
21 | @_implementationOnly import PactSwiftMockServer
| `- error: no such module 'PactSwiftMockServer'
22 | #else
23 | import PactSwiftMockServer
[12/71] Compiling PactSwift RandomHexadecimal.swift
/host/spi-builder-workspace/Sources/ExampleGenerators/RandomString.swift:21:29: error: no such module 'PactSwiftMockServer'
19 |
20 | #if compiler(>=5.5)
21 | @_implementationOnly import PactSwiftMockServer
| `- error: no such module 'PactSwiftMockServer'
22 | #else
23 | import PactSwiftMockServer
[13/71] Compiling PactSwift Pacticipant.swift
/host/spi-builder-workspace/Sources/ExampleGenerators/RandomString.swift:21:29: error: no such module 'PactSwiftMockServer'
19 |
20 | #if compiler(>=5.5)
21 | @_implementationOnly import PactSwiftMockServer
| `- error: no such module 'PactSwiftMockServer'
22 | #else
23 | import PactSwiftMockServer
[14/71] Compiling PactSwift ProviderState.swift
/host/spi-builder-workspace/Sources/ExampleGenerators/RandomString.swift:21:29: error: no such module 'PactSwiftMockServer'
19 |
20 | #if compiler(>=5.5)
21 | @_implementationOnly import PactSwiftMockServer
| `- error: no such module 'PactSwiftMockServer'
22 | #else
23 | import PactSwiftMockServer
[15/71] Compiling PactSwift ProviderVerifier+Error.swift
/host/spi-builder-workspace/Sources/ExampleGenerators/RandomString.swift:21:29: error: no such module 'PactSwiftMockServer'
19 |
20 | #if compiler(>=5.5)
21 | @_implementationOnly import PactSwiftMockServer
| `- error: no such module 'PactSwiftMockServer'
22 | #else
23 | import PactSwiftMockServer
[16/71] Compiling PactSwift ProviderVerifier+Options.swift
/host/spi-builder-workspace/Sources/ExampleGenerators/RandomString.swift:21:29: error: no such module 'PactSwiftMockServer'
19 |
20 | #if compiler(>=5.5)
21 | @_implementationOnly import PactSwiftMockServer
| `- error: no such module 'PactSwiftMockServer'
22 | #else
23 | import PactSwiftMockServer
[17/71] Compiling PactSwift ProviderVerifier+Provider.swift
/host/spi-builder-workspace/Sources/ExampleGenerators/RandomString.swift:21:29: error: no such module 'PactSwiftMockServer'
19 |
20 | #if compiler(>=5.5)
21 | @_implementationOnly import PactSwiftMockServer
| `- error: no such module 'PactSwiftMockServer'
22 | #else
23 | import PactSwiftMockServer
[18/71] Compiling PactSwift Request.swift
/host/spi-builder-workspace/Sources/ExampleGenerators/RandomString.swift:21:29: error: no such module 'PactSwiftMockServer'
19 |
20 | #if compiler(>=5.5)
21 | @_implementationOnly import PactSwiftMockServer
| `- error: no such module 'PactSwiftMockServer'
22 | #else
23 | import PactSwiftMockServer
[19/71] Compiling PactSwift Response.swift
/host/spi-builder-workspace/Sources/ExampleGenerators/RandomString.swift:21:29: error: no such module 'PactSwiftMockServer'
19 |
20 | #if compiler(>=5.5)
21 | @_implementationOnly import PactSwiftMockServer
| `- error: no such module 'PactSwiftMockServer'
22 | #else
23 | import PactSwiftMockServer
[20/71] Compiling PactSwift Toolbox.swift
/host/spi-builder-workspace/Sources/ExampleGenerators/RandomString.swift:21:29: error: no such module 'PactSwiftMockServer'
19 |
20 | #if compiler(>=5.5)
21 | @_implementationOnly import PactSwiftMockServer
| `- error: no such module 'PactSwiftMockServer'
22 | #else
23 | import PactSwiftMockServer
[21/71] Compiling PactSwift String+PactSwift.swift
/host/spi-builder-workspace/Sources/ExampleGenerators/RandomString.swift:21:29: error: no such module 'PactSwiftMockServer'
19 |
20 | #if compiler(>=5.5)
21 | @_implementationOnly import PactSwiftMockServer
| `- error: no such module 'PactSwiftMockServer'
22 | #else
23 | import PactSwiftMockServer
[22/71] Compiling PactSwift Task+Timeout.swift
/host/spi-builder-workspace/Sources/ExampleGenerators/RandomString.swift:21:29: error: no such module 'PactSwiftMockServer'
19 |
20 | #if compiler(>=5.5)
21 | @_implementationOnly import PactSwiftMockServer
| `- error: no such module 'PactSwiftMockServer'
22 | #else
23 | import PactSwiftMockServer
[23/71] Compiling PactSwift UUID+PactSwift.swift
/host/spi-builder-workspace/Sources/ExampleGenerators/RandomString.swift:21:29: error: no such module 'PactSwiftMockServer'
19 |
20 | #if compiler(>=5.5)
21 | @_implementationOnly import PactSwiftMockServer
| `- error: no such module 'PactSwiftMockServer'
22 | #else
23 | import PactSwiftMockServer
[24/71] Compiling PactSwift DecimalLike.swift
/host/spi-builder-workspace/Sources/ExampleGenerators/RandomString.swift:21:29: error: no such module 'PactSwiftMockServer'
19 |
20 | #if compiler(>=5.5)
21 | @_implementationOnly import PactSwiftMockServer
| `- error: no such module 'PactSwiftMockServer'
22 | #else
23 | import PactSwiftMockServer
[25/71] Compiling PactSwift EachKeyLike.swift
/host/spi-builder-workspace/Sources/ExampleGenerators/RandomString.swift:21:29: error: no such module 'PactSwiftMockServer'
19 |
20 | #if compiler(>=5.5)
21 | @_implementationOnly import PactSwiftMockServer
| `- error: no such module 'PactSwiftMockServer'
22 | #else
23 | import PactSwiftMockServer
[26/71] Compiling PactSwift EachLike.swift
/host/spi-builder-workspace/Sources/ExampleGenerators/RandomString.swift:21:29: error: no such module 'PactSwiftMockServer'
19 |
20 | #if compiler(>=5.5)
21 | @_implementationOnly import PactSwiftMockServer
| `- error: no such module 'PactSwiftMockServer'
22 | #else
23 | import PactSwiftMockServer
[27/71] Compiling PactSwift EqualTo.swift
/host/spi-builder-workspace/Sources/ExampleGenerators/RandomString.swift:21:29: error: no such module 'PactSwiftMockServer'
19 |
20 | #if compiler(>=5.5)
21 | @_implementationOnly import PactSwiftMockServer
| `- error: no such module 'PactSwiftMockServer'
22 | #else
23 | import PactSwiftMockServer
[28/71] Compiling PactSwift FromProviderState.swift
/host/spi-builder-workspace/Sources/ExampleGenerators/RandomString.swift:21:29: error: no such module 'PactSwiftMockServer'
19 |
20 | #if compiler(>=5.5)
21 | @_implementationOnly import PactSwiftMockServer
| `- error: no such module 'PactSwiftMockServer'
22 | #else
23 | import PactSwiftMockServer
[29/71] Compiling PactSwift IncludesLike.swift
/host/spi-builder-workspace/Sources/ExampleGenerators/RandomString.swift:21:29: error: no such module 'PactSwiftMockServer'
19 |
20 | #if compiler(>=5.5)
21 | @_implementationOnly import PactSwiftMockServer
| `- error: no such module 'PactSwiftMockServer'
22 | #else
23 | import PactSwiftMockServer
[30/71] Compiling PactSwift IntegerLike.swift
/host/spi-builder-workspace/Sources/ExampleGenerators/RandomString.swift:21:29: error: no such module 'PactSwiftMockServer'
19 |
20 | #if compiler(>=5.5)
21 | @_implementationOnly import PactSwiftMockServer
| `- error: no such module 'PactSwiftMockServer'
22 | #else
23 | import PactSwiftMockServer
[31/71] Compiling PactSwift MatchNull.swift
/host/spi-builder-workspace/Sources/ExampleGenerators/RandomString.swift:21:29: error: no such module 'PactSwiftMockServer'
19 |
20 | #if compiler(>=5.5)
21 | @_implementationOnly import PactSwiftMockServer
| `- error: no such module 'PactSwiftMockServer'
22 | #else
23 | import PactSwiftMockServer
[32/71] Compiling PactSwift Matcher.swift
/host/spi-builder-workspace/Sources/ExampleGenerators/RandomString.swift:21:29: error: no such module 'PactSwiftMockServer'
19 |
20 | #if compiler(>=5.5)
21 | @_implementationOnly import PactSwiftMockServer
| `- error: no such module 'PactSwiftMockServer'
22 | #else
23 | import PactSwiftMockServer
[33/71] Compiling PactSwift OneOf.swift
/host/spi-builder-workspace/Sources/ExampleGenerators/RandomString.swift:21:29: error: no such module 'PactSwiftMockServer'
19 |
20 | #if compiler(>=5.5)
21 | @_implementationOnly import PactSwiftMockServer
| `- error: no such module 'PactSwiftMockServer'
22 | #else
23 | import PactSwiftMockServer
[34/71] Compiling PactSwift RegexLike.swift
/host/spi-builder-workspace/Sources/ExampleGenerators/RandomString.swift:21:29: error: no such module 'PactSwiftMockServer'
19 |
20 | #if compiler(>=5.5)
21 | @_implementationOnly import PactSwiftMockServer
| `- error: no such module 'PactSwiftMockServer'
22 | #else
23 | import PactSwiftMockServer
[35/71] Compiling PactSwift SomethingLike.swift
/host/spi-builder-workspace/Sources/ExampleGenerators/RandomString.swift:21:29: error: no such module 'PactSwiftMockServer'
19 |
20 | #if compiler(>=5.5)
21 | @_implementationOnly import PactSwiftMockServer
| `- error: no such module 'PactSwiftMockServer'
22 | #else
23 | import PactSwiftMockServer
[36/71] Compiling PactSwift MockService+Concurrency.swift
/host/spi-builder-workspace/Sources/ExampleGenerators/RandomString.swift:21:29: error: no such module 'PactSwiftMockServer'
19 |
20 | #if compiler(>=5.5)
21 | @_implementationOnly import PactSwiftMockServer
| `- error: no such module 'PactSwiftMockServer'
22 | #else
23 | import PactSwiftMockServer
[37/71] Compiling PactSwift MockService+Extension.swift
/host/spi-builder-workspace/Sources/ExampleGenerators/RandomString.swift:21:29: error: no such module 'PactSwiftMockServer'
19 |
20 | #if compiler(>=5.5)
21 | @_implementationOnly import PactSwiftMockServer
| `- error: no such module 'PactSwiftMockServer'
22 | #else
23 | import PactSwiftMockServer
[38/71] Compiling PactSwift MockService.swift
/host/spi-builder-workspace/Sources/ExampleGenerators/RandomString.swift:21:29: error: no such module 'PactSwiftMockServer'
19 |
20 | #if compiler(>=5.5)
21 | @_implementationOnly import PactSwiftMockServer
| `- error: no such module 'PactSwiftMockServer'
22 | #else
23 | import PactSwiftMockServer
[39/71] Compiling PactSwift Metadata.swift
/host/spi-builder-workspace/Sources/ExampleGenerators/RandomString.swift:21:29: error: no such module 'PactSwiftMockServer'
19 |
20 | #if compiler(>=5.5)
21 | @_implementationOnly import PactSwiftMockServer
| `- error: no such module 'PactSwiftMockServer'
22 | #else
23 | import PactSwiftMockServer
[40/71] Compiling PactSwift Pact.swift
/host/spi-builder-workspace/Sources/ExampleGenerators/RandomString.swift:21:29: error: no such module 'PactSwiftMockServer'
19 |
20 | #if compiler(>=5.5)
21 | @_implementationOnly import PactSwiftMockServer
| `- error: no such module 'PactSwiftMockServer'
22 | #else
23 | import PactSwiftMockServer
[41/71] Compiling PactSwift PactBroker.swift
/host/spi-builder-workspace/Sources/ExampleGenerators/RandomString.swift:21:29: error: no such module 'PactSwiftMockServer'
19 |
20 | #if compiler(>=5.5)
21 | @_implementationOnly import PactSwiftMockServer
| `- error: no such module 'PactSwiftMockServer'
22 | #else
23 | import PactSwiftMockServer
[42/71] Compiling PactSwift PactHTTPMethod.swift
/host/spi-builder-workspace/Sources/ExampleGenerators/RandomString.swift:21:29: error: no such module 'PactSwiftMockServer'
19 |
20 | #if compiler(>=5.5)
21 | @_implementationOnly import PactSwiftMockServer
| `- error: no such module 'PactSwiftMockServer'
22 | #else
23 | import PactSwiftMockServer
[43/71] Compiling PactSwift PactInteractionElement.swift
/host/spi-builder-workspace/Sources/ExampleGenerators/RandomString.swift:21:29: error: no such module 'PactSwiftMockServer'
19 |
20 | #if compiler(>=5.5)
21 | @_implementationOnly import PactSwiftMockServer
| `- error: no such module 'PactSwiftMockServer'
22 | #else
23 | import PactSwiftMockServer
[44/71] Compiling PactSwift PactInteractionNode.swift
/host/spi-builder-workspace/Sources/ExampleGenerators/RandomString.swift:21:29: error: no such module 'PactSwiftMockServer'
19 |
20 | #if compiler(>=5.5)
21 | @_implementationOnly import PactSwiftMockServer
| `- error: no such module 'PactSwiftMockServer'
22 | #else
23 | import PactSwiftMockServer
[45/71] Compiling PactSwift PactPathParameter.swift
/host/spi-builder-workspace/Sources/ExampleGenerators/RandomString.swift:21:29: error: no such module 'PactSwiftMockServer'
19 |
20 | #if compiler(>=5.5)
21 | @_implementationOnly import PactSwiftMockServer
| `- error: no such module 'PactSwiftMockServer'
22 | #else
23 | import PactSwiftMockServer
[46/71] Compiling PactSwift PactSwiftVersion.swift
/host/spi-builder-workspace/Sources/ExampleGenerators/RandomString.swift:21:29: error: no such module 'PactSwiftMockServer'
19 |
20 | #if compiler(>=5.5)
21 | @_implementationOnly import PactSwiftMockServer
| `- error: no such module 'PactSwiftMockServer'
22 | #else
23 | import PactSwiftMockServer
[47/71] Compiling PactSwift TransferProtocol.swift
/host/spi-builder-workspace/Sources/ExampleGenerators/RandomString.swift:21:29: error: no such module 'PactSwiftMockServer'
19 |
20 | #if compiler(>=5.5)
21 | @_implementationOnly import PactSwiftMockServer
| `- error: no such module 'PactSwiftMockServer'
22 | #else
23 | import PactSwiftMockServer
[48/71] Compiling PactSwift VersionSelector.swift
/host/spi-builder-workspace/Sources/ExampleGenerators/RandomString.swift:21:29: error: no such module 'PactSwiftMockServer'
19 |
20 | #if compiler(>=5.5)
21 | @_implementationOnly import PactSwiftMockServer
| `- error: no such module 'PactSwiftMockServer'
22 | #else
23 | import PactSwiftMockServer
[49/71] Compiling PactSwift WIPPacts.swift
/host/spi-builder-workspace/Sources/ExampleGenerators/RandomString.swift:21:29: error: no such module 'PactSwiftMockServer'
19 |
20 | #if compiler(>=5.5)
21 | @_implementationOnly import PactSwiftMockServer
| `- error: no such module 'PactSwiftMockServer'
22 | #else
23 | import PactSwiftMockServer
[50/71] Compiling PactSwift PFMockService.swift
/host/spi-builder-workspace/Sources/ExampleGenerators/RandomString.swift:21:29: error: no such module 'PactSwiftMockServer'
19 |
20 | #if compiler(>=5.5)
21 | @_implementationOnly import PactSwiftMockServer
| `- error: no such module 'PactSwiftMockServer'
22 | #else
23 | import PactSwiftMockServer
[51/71] Compiling PactSwift PactBuilder.swift
/host/spi-builder-workspace/Sources/ExampleGenerators/RandomString.swift:21:29: error: no such module 'PactSwiftMockServer'
19 |
20 | #if compiler(>=5.5)
21 | @_implementationOnly import PactSwiftMockServer
| `- error: no such module 'PactSwiftMockServer'
22 | #else
23 | import PactSwiftMockServer
[52/71] Compiling PactSwift ProviderVerifier.swift
/host/spi-builder-workspace/Sources/ExampleGenerators/RandomString.swift:21:29: error: no such module 'PactSwiftMockServer'
19 |
20 | #if compiler(>=5.5)
21 | @_implementationOnly import PactSwiftMockServer
| `- error: no such module 'PactSwiftMockServer'
22 | #else
23 | import PactSwiftMockServer
[53/71] Compiling PactSwift Logger.swift
/host/spi-builder-workspace/Sources/ExampleGenerators/RandomString.swift:21:29: error: no such module 'PactSwiftMockServer'
19 |
20 | #if compiler(>=5.5)
21 | @_implementationOnly import PactSwiftMockServer
| `- error: no such module 'PactSwiftMockServer'
22 | #else
23 | import PactSwiftMockServer
[54/71] Compiling PactSwift PactFileManager.swift
/host/spi-builder-workspace/Sources/ExampleGenerators/RandomString.swift:21:29: error: no such module 'PactSwiftMockServer'
19 |
20 | #if compiler(>=5.5)
21 | @_implementationOnly import PactSwiftMockServer
| `- error: no such module 'PactSwiftMockServer'
22 | #else
23 | import PactSwiftMockServer
[55/71] Compiling PactSwift RandomInt.swift
/host/spi-builder-workspace/Sources/ExampleGenerators/RandomString.swift:21:29: error: no such module 'PactSwiftMockServer'
19 |
20 | #if compiler(>=5.5)
21 | @_implementationOnly import PactSwiftMockServer
| `- error: no such module 'PactSwiftMockServer'
22 | #else
23 | import PactSwiftMockServer
[56/71] Compiling PactSwift RandomString.swift
/host/spi-builder-workspace/Sources/ExampleGenerators/RandomString.swift:21:29: error: no such module 'PactSwiftMockServer'
19 |
20 | #if compiler(>=5.5)
21 | @_implementationOnly import PactSwiftMockServer
| `- error: no such module 'PactSwiftMockServer'
22 | #else
23 | import PactSwiftMockServer
[57/71] Compiling PactSwift RandomTime.swift
/host/spi-builder-workspace/Sources/ExampleGenerators/RandomString.swift:21:29: error: no such module 'PactSwiftMockServer'
19 |
20 | #if compiler(>=5.5)
21 | @_implementationOnly import PactSwiftMockServer
| `- error: no such module 'PactSwiftMockServer'
22 | #else
23 | import PactSwiftMockServer
[58/71] Compiling PactSwift RandomUUID.swift
/host/spi-builder-workspace/Sources/ExampleGenerators/RandomString.swift:21:29: error: no such module 'PactSwiftMockServer'
19 |
20 | #if compiler(>=5.5)
21 | @_implementationOnly import PactSwiftMockServer
| `- error: no such module 'PactSwiftMockServer'
22 | #else
23 | import PactSwiftMockServer
[59/71] Compiling PactSwift Bundle+PactSwift.swift
/host/spi-builder-workspace/Sources/ExampleGenerators/RandomString.swift:21:29: error: no such module 'PactSwiftMockServer'
19 |
20 | #if compiler(>=5.5)
21 | @_implementationOnly import PactSwiftMockServer
| `- error: no such module 'PactSwiftMockServer'
22 | #else
23 | import PactSwiftMockServer
[60/71] Compiling PactSwift Date+PactSwift.swift
/host/spi-builder-workspace/Sources/ExampleGenerators/RandomString.swift:21:29: error: no such module 'PactSwiftMockServer'
19 |
20 | #if compiler(>=5.5)
21 | @_implementationOnly import PactSwiftMockServer
| `- error: no such module 'PactSwiftMockServer'
22 | #else
23 | import PactSwiftMockServer
[61/71] Compiling PactSwift Dictionary+PactSwift.swift
/host/spi-builder-workspace/Sources/ExampleGenerators/RandomString.swift:21:29: error: no such module 'PactSwiftMockServer'
19 |
20 | #if compiler(>=5.5)
21 | @_implementationOnly import PactSwiftMockServer
| `- error: no such module 'PactSwiftMockServer'
22 | #else
23 | import PactSwiftMockServer
[62/71] Compiling PactSwift MockServer+Async.swift
/host/spi-builder-workspace/Sources/ExampleGenerators/RandomString.swift:21:29: error: no such module 'PactSwiftMockServer'
19 |
20 | #if compiler(>=5.5)
21 | @_implementationOnly import PactSwiftMockServer
| `- error: no such module 'PactSwiftMockServer'
22 | #else
23 | import PactSwiftMockServer
[63/71] Compiling PactSwift Sequence+PactSwift.swift
/host/spi-builder-workspace/Sources/ExampleGenerators/RandomString.swift:21:29: error: no such module 'PactSwiftMockServer'
19 |
20 | #if compiler(>=5.5)
21 | @_implementationOnly import PactSwiftMockServer
| `- error: no such module 'PactSwiftMockServer'
22 | #else
23 | import PactSwiftMockServer
[64/71] Compiling PactSwift AnyEncodable.swift
/host/spi-builder-workspace/Sources/ExampleGenerators/RandomString.swift:21:29: error: no such module 'PactSwiftMockServer'
19 |
20 | #if compiler(>=5.5)
21 | @_implementationOnly import PactSwiftMockServer
| `- error: no such module 'PactSwiftMockServer'
22 | #else
23 | import PactSwiftMockServer
[65/71] Compiling PactSwift Constants.swift
/host/spi-builder-workspace/Sources/ExampleGenerators/RandomString.swift:21:29: error: no such module 'PactSwiftMockServer'
19 |
20 | #if compiler(>=5.5)
21 | @_implementationOnly import PactSwiftMockServer
| `- error: no such module 'PactSwiftMockServer'
22 | #else
23 | import PactSwiftMockServer
[66/71] Compiling PactSwift EncodingError.swift
/host/spi-builder-workspace/Sources/ExampleGenerators/RandomString.swift:21:29: error: no such module 'PactSwiftMockServer'
19 |
20 | #if compiler(>=5.5)
21 | @_implementationOnly import PactSwiftMockServer
| `- error: no such module 'PactSwiftMockServer'
22 | #else
23 | import PactSwiftMockServer
[67/71] Compiling PactSwift ErrorReportable.swift
/host/spi-builder-workspace/Sources/ExampleGenerators/RandomString.swift:21:29: error: no such module 'PactSwiftMockServer'
19 |
20 | #if compiler(>=5.5)
21 | @_implementationOnly import PactSwiftMockServer
| `- error: no such module 'PactSwiftMockServer'
22 | #else
23 | import PactSwiftMockServer
[68/71] Compiling PactSwift ErrorReporter.swift
/host/spi-builder-workspace/Sources/ExampleGenerators/RandomString.swift:21:29: error: no such module 'PactSwiftMockServer'
19 |
20 | #if compiler(>=5.5)
21 | @_implementationOnly import PactSwiftMockServer
| `- error: no such module 'PactSwiftMockServer'
22 | #else
23 | import PactSwiftMockServer
[69/71] Compiling PactSwift ExampleGeneratorExpressible.swift
/host/spi-builder-workspace/Sources/ExampleGenerators/RandomString.swift:21:29: error: no such module 'PactSwiftMockServer'
19 |
20 | #if compiler(>=5.5)
21 | @_implementationOnly import PactSwiftMockServer
| `- error: no such module 'PactSwiftMockServer'
22 | #else
23 | import PactSwiftMockServer
[70/71] Compiling PactSwift Interaction.swift
/host/spi-builder-workspace/Sources/ExampleGenerators/RandomString.swift:21:29: error: no such module 'PactSwiftMockServer'
19 |
20 | #if compiler(>=5.5)
21 | @_implementationOnly import PactSwiftMockServer
| `- error: no such module 'PactSwiftMockServer'
22 | #else
23 | import PactSwiftMockServer
[71/71] Compiling PactSwift MatchingRuleExpressible.swift
/host/spi-builder-workspace/Sources/ExampleGenerators/RandomString.swift:21:29: error: no such module 'PactSwiftMockServer'
19 |
20 | #if compiler(>=5.5)
21 | @_implementationOnly import PactSwiftMockServer
| `- error: no such module 'PactSwiftMockServer'
22 | #else
23 | import PactSwiftMockServer
Running build ...
bash -c docker run --pull=always --rm -v "checkouts-54344849-2":/host -w "$PWD" -e JAVA_HOME="/root/.sdkman/candidates/java/current" -e SPI_BUILD="1" -e SPI_PROCESSING="1" registry.gitlab.com/saguaro1/spi-images:wasm-6.1-latest swift build --swift-sdk wasm32-unknown-wasi 2>&1
wasm-6.1-latest: Pulling from saguaro1/spi-images
Digest: sha256:1ad245dad3d2ae0004e1afbc92334bd39884ed9ca587cf04d0a8d5f640fb02e9
Status: Image is up to date for registry.gitlab.com/saguaro1/spi-images:wasm-6.1-latest
[0/1] Planning build
Building for debugging...
[0/1] Write swift-version-24593BA9C3E375BF.txt
[2/62] Compiling PactSwift DateTime.swift
/host/spi-builder-workspace/Sources/ExampleGenerators/RandomString.swift:21:29: error: no such module 'PactSwiftMockServer'
19 |
20 | #if compiler(>=5.5)
21 | @_implementationOnly import PactSwiftMockServer
| `- error: no such module 'PactSwiftMockServer'
22 | #else
23 | import PactSwiftMockServer
[3/62] Compiling PactSwift DateTimeExpression.swift
/host/spi-builder-workspace/Sources/ExampleGenerators/RandomString.swift:21:29: error: no such module 'PactSwiftMockServer'
19 |
20 | #if compiler(>=5.5)
21 | @_implementationOnly import PactSwiftMockServer
| `- error: no such module 'PactSwiftMockServer'
22 | #else
23 | import PactSwiftMockServer
[4/62] Compiling PactSwift ExampleGenerator.swift
/host/spi-builder-workspace/Sources/ExampleGenerators/RandomString.swift:21:29: error: no such module 'PactSwiftMockServer'
19 |
20 | #if compiler(>=5.5)
21 | @_implementationOnly import PactSwiftMockServer
| `- error: no such module 'PactSwiftMockServer'
22 | #else
23 | import PactSwiftMockServer
[5/62] Compiling PactSwift ProviderStateGenerator.swift
/host/spi-builder-workspace/Sources/ExampleGenerators/RandomString.swift:21:29: error: no such module 'PactSwiftMockServer'
19 |
20 | #if compiler(>=5.5)
21 | @_implementationOnly import PactSwiftMockServer
| `- error: no such module 'PactSwiftMockServer'
22 | #else
23 | import PactSwiftMockServer
[6/62] Compiling PactSwift RandomBool.swift
/host/spi-builder-workspace/Sources/ExampleGenerators/RandomString.swift:21:29: error: no such module 'PactSwiftMockServer'
19 |
20 | #if compiler(>=5.5)
21 | @_implementationOnly import PactSwiftMockServer
| `- error: no such module 'PactSwiftMockServer'
22 | #else
23 | import PactSwiftMockServer
[7/62] Compiling PactSwift RandomDate.swift
/host/spi-builder-workspace/Sources/ExampleGenerators/RandomString.swift:21:29: error: no such module 'PactSwiftMockServer'
19 |
20 | #if compiler(>=5.5)
21 | @_implementationOnly import PactSwiftMockServer
| `- error: no such module 'PactSwiftMockServer'
22 | #else
23 | import PactSwiftMockServer
[8/62] Compiling PactSwift RandomDateTime.swift
/host/spi-builder-workspace/Sources/ExampleGenerators/RandomString.swift:21:29: error: no such module 'PactSwiftMockServer'
19 |
20 | #if compiler(>=5.5)
21 | @_implementationOnly import PactSwiftMockServer
| `- error: no such module 'PactSwiftMockServer'
22 | #else
23 | import PactSwiftMockServer
[9/62] Compiling PactSwift RandomDecimal.swift
/host/spi-builder-workspace/Sources/ExampleGenerators/RandomString.swift:21:29: error: no such module 'PactSwiftMockServer'
19 |
20 | #if compiler(>=5.5)
21 | @_implementationOnly import PactSwiftMockServer
| `- error: no such module 'PactSwiftMockServer'
22 | #else
23 | import PactSwiftMockServer
[10/62] Compiling PactSwift RandomHexadecimal.swift
/host/spi-builder-workspace/Sources/ExampleGenerators/RandomString.swift:21:29: error: no such module 'PactSwiftMockServer'
19 |
20 | #if compiler(>=5.5)
21 | @_implementationOnly import PactSwiftMockServer
| `- error: no such module 'PactSwiftMockServer'
22 | #else
23 | import PactSwiftMockServer
[11/70] Compiling PactSwift AnyEncodable.swift
/host/spi-builder-workspace/Sources/ExampleGenerators/RandomString.swift:21:29: error: no such module 'PactSwiftMockServer'
19 |
20 | #if compiler(>=5.5)
21 | @_implementationOnly import PactSwiftMockServer
| `- error: no such module 'PactSwiftMockServer'
22 | #else
23 | import PactSwiftMockServer
[12/70] Compiling PactSwift Constants.swift
/host/spi-builder-workspace/Sources/ExampleGenerators/RandomString.swift:21:29: error: no such module 'PactSwiftMockServer'
19 |
20 | #if compiler(>=5.5)
21 | @_implementationOnly import PactSwiftMockServer
| `- error: no such module 'PactSwiftMockServer'
22 | #else
23 | import PactSwiftMockServer
[13/70] Compiling PactSwift EncodingError.swift
/host/spi-builder-workspace/Sources/ExampleGenerators/RandomString.swift:21:29: error: no such module 'PactSwiftMockServer'
19 |
20 | #if compiler(>=5.5)
21 | @_implementationOnly import PactSwiftMockServer
| `- error: no such module 'PactSwiftMockServer'
22 | #else
23 | import PactSwiftMockServer
[14/70] Compiling PactSwift ErrorReportable.swift
/host/spi-builder-workspace/Sources/ExampleGenerators/RandomString.swift:21:29: error: no such module 'PactSwiftMockServer'
19 |
20 | #if compiler(>=5.5)
21 | @_implementationOnly import PactSwiftMockServer
| `- error: no such module 'PactSwiftMockServer'
22 | #else
23 | import PactSwiftMockServer
[15/70] Compiling PactSwift ErrorReporter.swift
/host/spi-builder-workspace/Sources/ExampleGenerators/RandomString.swift:21:29: error: no such module 'PactSwiftMockServer'
19 |
20 | #if compiler(>=5.5)
21 | @_implementationOnly import PactSwiftMockServer
| `- error: no such module 'PactSwiftMockServer'
22 | #else
23 | import PactSwiftMockServer
[16/70] Compiling PactSwift ExampleGeneratorExpressible.swift
/host/spi-builder-workspace/Sources/ExampleGenerators/RandomString.swift:21:29: error: no such module 'PactSwiftMockServer'
19 |
20 | #if compiler(>=5.5)
21 | @_implementationOnly import PactSwiftMockServer
| `- error: no such module 'PactSwiftMockServer'
22 | #else
23 | import PactSwiftMockServer
[17/70] Compiling PactSwift Interaction.swift
/host/spi-builder-workspace/Sources/ExampleGenerators/RandomString.swift:21:29: error: no such module 'PactSwiftMockServer'
19 |
20 | #if compiler(>=5.5)
21 | @_implementationOnly import PactSwiftMockServer
| `- error: no such module 'PactSwiftMockServer'
22 | #else
23 | import PactSwiftMockServer
[18/70] Compiling PactSwift MatchingRuleExpressible.swift
/host/spi-builder-workspace/Sources/ExampleGenerators/RandomString.swift:21:29: error: no such module 'PactSwiftMockServer'
19 |
20 | #if compiler(>=5.5)
21 | @_implementationOnly import PactSwiftMockServer
| `- error: no such module 'PactSwiftMockServer'
22 | #else
23 | import PactSwiftMockServer
[19/70] Compiling PactSwift IntegerLike.swift
/host/spi-builder-workspace/Sources/ExampleGenerators/RandomString.swift:21:29: error: no such module 'PactSwiftMockServer'
19 |
20 | #if compiler(>=5.5)
21 | @_implementationOnly import PactSwiftMockServer
| `- error: no such module 'PactSwiftMockServer'
22 | #else
23 | import PactSwiftMockServer
[20/70] Compiling PactSwift MatchNull.swift
/host/spi-builder-workspace/Sources/ExampleGenerators/RandomString.swift:21:29: error: no such module 'PactSwiftMockServer'
19 |
20 | #if compiler(>=5.5)
21 | @_implementationOnly import PactSwiftMockServer
| `- error: no such module 'PactSwiftMockServer'
22 | #else
23 | import PactSwiftMockServer
[21/70] Compiling PactSwift Matcher.swift
/host/spi-builder-workspace/Sources/ExampleGenerators/RandomString.swift:21:29: error: no such module 'PactSwiftMockServer'
19 |
20 | #if compiler(>=5.5)
21 | @_implementationOnly import PactSwiftMockServer
| `- error: no such module 'PactSwiftMockServer'
22 | #else
23 | import PactSwiftMockServer
[22/70] Compiling PactSwift OneOf.swift
/host/spi-builder-workspace/Sources/ExampleGenerators/RandomString.swift:21:29: error: no such module 'PactSwiftMockServer'
19 |
20 | #if compiler(>=5.5)
21 | @_implementationOnly import PactSwiftMockServer
| `- error: no such module 'PactSwiftMockServer'
22 | #else
23 | import PactSwiftMockServer
[23/70] Compiling PactSwift RegexLike.swift
/host/spi-builder-workspace/Sources/ExampleGenerators/RandomString.swift:21:29: error: no such module 'PactSwiftMockServer'
19 |
20 | #if compiler(>=5.5)
21 | @_implementationOnly import PactSwiftMockServer
| `- error: no such module 'PactSwiftMockServer'
22 | #else
23 | import PactSwiftMockServer
[24/70] Compiling PactSwift SomethingLike.swift
/host/spi-builder-workspace/Sources/ExampleGenerators/RandomString.swift:21:29: error: no such module 'PactSwiftMockServer'
19 |
20 | #if compiler(>=5.5)
21 | @_implementationOnly import PactSwiftMockServer
| `- error: no such module 'PactSwiftMockServer'
22 | #else
23 | import PactSwiftMockServer
[25/70] Compiling PactSwift MockService+Concurrency.swift
/host/spi-builder-workspace/Sources/ExampleGenerators/RandomString.swift:21:29: error: no such module 'PactSwiftMockServer'
19 |
20 | #if compiler(>=5.5)
21 | @_implementationOnly import PactSwiftMockServer
| `- error: no such module 'PactSwiftMockServer'
22 | #else
23 | import PactSwiftMockServer
[26/70] Compiling PactSwift MockService+Extension.swift
/host/spi-builder-workspace/Sources/ExampleGenerators/RandomString.swift:21:29: error: no such module 'PactSwiftMockServer'
19 |
20 | #if compiler(>=5.5)
21 | @_implementationOnly import PactSwiftMockServer
| `- error: no such module 'PactSwiftMockServer'
22 | #else
23 | import PactSwiftMockServer
[27/70] Compiling PactSwift MockService.swift
/host/spi-builder-workspace/Sources/ExampleGenerators/RandomString.swift:21:29: error: no such module 'PactSwiftMockServer'
19 |
20 | #if compiler(>=5.5)
21 | @_implementationOnly import PactSwiftMockServer
| `- error: no such module 'PactSwiftMockServer'
22 | #else
23 | import PactSwiftMockServer
[28/70] Compiling PactSwift Metadata.swift
/host/spi-builder-workspace/Sources/ExampleGenerators/RandomString.swift:21:29: error: no such module 'PactSwiftMockServer'
19 |
20 | #if compiler(>=5.5)
21 | @_implementationOnly import PactSwiftMockServer
| `- error: no such module 'PactSwiftMockServer'
22 | #else
23 | import PactSwiftMockServer
[29/70] Compiling PactSwift Pact.swift
/host/spi-builder-workspace/Sources/ExampleGenerators/RandomString.swift:21:29: error: no such module 'PactSwiftMockServer'
19 |
20 | #if compiler(>=5.5)
21 | @_implementationOnly import PactSwiftMockServer
| `- error: no such module 'PactSwiftMockServer'
22 | #else
23 | import PactSwiftMockServer
[30/70] Compiling PactSwift PactBroker.swift
/host/spi-builder-workspace/Sources/ExampleGenerators/RandomString.swift:21:29: error: no such module 'PactSwiftMockServer'
19 |
20 | #if compiler(>=5.5)
21 | @_implementationOnly import PactSwiftMockServer
| `- error: no such module 'PactSwiftMockServer'
22 | #else
23 | import PactSwiftMockServer
[31/70] Compiling PactSwift PactHTTPMethod.swift
/host/spi-builder-workspace/Sources/ExampleGenerators/RandomString.swift:21:29: error: no such module 'PactSwiftMockServer'
19 |
20 | #if compiler(>=5.5)
21 | @_implementationOnly import PactSwiftMockServer
| `- error: no such module 'PactSwiftMockServer'
22 | #else
23 | import PactSwiftMockServer
[32/70] Compiling PactSwift PactInteractionElement.swift
/host/spi-builder-workspace/Sources/ExampleGenerators/RandomString.swift:21:29: error: no such module 'PactSwiftMockServer'
19 |
20 | #if compiler(>=5.5)
21 | @_implementationOnly import PactSwiftMockServer
| `- error: no such module 'PactSwiftMockServer'
22 | #else
23 | import PactSwiftMockServer
[33/70] Compiling PactSwift PactInteractionNode.swift
/host/spi-builder-workspace/Sources/ExampleGenerators/RandomString.swift:21:29: error: no such module 'PactSwiftMockServer'
19 |
20 | #if compiler(>=5.5)
21 | @_implementationOnly import PactSwiftMockServer
| `- error: no such module 'PactSwiftMockServer'
22 | #else
23 | import PactSwiftMockServer
[34/70] Compiling PactSwift PactPathParameter.swift
/host/spi-builder-workspace/Sources/ExampleGenerators/RandomString.swift:21:29: error: no such module 'PactSwiftMockServer'
19 |
20 | #if compiler(>=5.5)
21 | @_implementationOnly import PactSwiftMockServer
| `- error: no such module 'PactSwiftMockServer'
22 | #else
23 | import PactSwiftMockServer
[35/70] Compiling PactSwift PactSwiftVersion.swift
/host/spi-builder-workspace/Sources/ExampleGenerators/RandomString.swift:21:29: error: no such module 'PactSwiftMockServer'
19 |
20 | #if compiler(>=5.5)
21 | @_implementationOnly import PactSwiftMockServer
| `- error: no such module 'PactSwiftMockServer'
22 | #else
23 | import PactSwiftMockServer
[36/70] Compiling PactSwift String+PactSwift.swift
/host/spi-builder-workspace/Sources/ExampleGenerators/RandomString.swift:21:29: error: no such module 'PactSwiftMockServer'
19 |
20 | #if compiler(>=5.5)
21 | @_implementationOnly import PactSwiftMockServer
| `- error: no such module 'PactSwiftMockServer'
22 | #else
23 | import PactSwiftMockServer
[37/70] Compiling PactSwift Task+Timeout.swift
/host/spi-builder-workspace/Sources/ExampleGenerators/RandomString.swift:21:29: error: no such module 'PactSwiftMockServer'
19 |
20 | #if compiler(>=5.5)
21 | @_implementationOnly import PactSwiftMockServer
| `- error: no such module 'PactSwiftMockServer'
22 | #else
23 | import PactSwiftMockServer
[38/70] Compiling PactSwift UUID+PactSwift.swift
/host/spi-builder-workspace/Sources/ExampleGenerators/RandomString.swift:21:29: error: no such module 'PactSwiftMockServer'
19 |
20 | #if compiler(>=5.5)
21 | @_implementationOnly import PactSwiftMockServer
| `- error: no such module 'PactSwiftMockServer'
22 | #else
23 | import PactSwiftMockServer
[39/70] Compiling PactSwift DecimalLike.swift
/host/spi-builder-workspace/Sources/ExampleGenerators/RandomString.swift:21:29: error: no such module 'PactSwiftMockServer'
19 |
20 | #if compiler(>=5.5)
21 | @_implementationOnly import PactSwiftMockServer
| `- error: no such module 'PactSwiftMockServer'
22 | #else
23 | import PactSwiftMockServer
[40/70] Compiling PactSwift EachKeyLike.swift
/host/spi-builder-workspace/Sources/ExampleGenerators/RandomString.swift:21:29: error: no such module 'PactSwiftMockServer'
19 |
20 | #if compiler(>=5.5)
21 | @_implementationOnly import PactSwiftMockServer
| `- error: no such module 'PactSwiftMockServer'
22 | #else
23 | import PactSwiftMockServer
[41/70] Compiling PactSwift EachLike.swift
/host/spi-builder-workspace/Sources/ExampleGenerators/RandomString.swift:21:29: error: no such module 'PactSwiftMockServer'
19 |
20 | #if compiler(>=5.5)
21 | @_implementationOnly import PactSwiftMockServer
| `- error: no such module 'PactSwiftMockServer'
22 | #else
23 | import PactSwiftMockServer
[42/70] Compiling PactSwift EqualTo.swift
/host/spi-builder-workspace/Sources/ExampleGenerators/RandomString.swift:21:29: error: no such module 'PactSwiftMockServer'
19 |
20 | #if compiler(>=5.5)
21 | @_implementationOnly import PactSwiftMockServer
| `- error: no such module 'PactSwiftMockServer'
22 | #else
23 | import PactSwiftMockServer
[43/70] Compiling PactSwift FromProviderState.swift
/host/spi-builder-workspace/Sources/ExampleGenerators/RandomString.swift:21:29: error: no such module 'PactSwiftMockServer'
19 |
20 | #if compiler(>=5.5)
21 | @_implementationOnly import PactSwiftMockServer
| `- error: no such module 'PactSwiftMockServer'
22 | #else
23 | import PactSwiftMockServer
[44/70] Compiling PactSwift IncludesLike.swift
/host/spi-builder-workspace/Sources/ExampleGenerators/RandomString.swift:21:29: error: no such module 'PactSwiftMockServer'
19 |
20 | #if compiler(>=5.5)
21 | @_implementationOnly import PactSwiftMockServer
| `- error: no such module 'PactSwiftMockServer'
22 | #else
23 | import PactSwiftMockServer
error: emit-module command failed with exit code 1 (use -v to see invocation)
[45/70] Emitting module PactSwift
/host/spi-builder-workspace/Sources/ExampleGenerators/RandomString.swift:21:29: error: no such module 'PactSwiftMockServer'
19 |
20 | #if compiler(>=5.5)
21 | @_implementationOnly import PactSwiftMockServer
| `- error: no such module 'PactSwiftMockServer'
22 | #else
23 | import PactSwiftMockServer
[46/70] Compiling PactSwift Pacticipant.swift
/host/spi-builder-workspace/Sources/ExampleGenerators/RandomString.swift:21:29: error: no such module 'PactSwiftMockServer'
19 |
20 | #if compiler(>=5.5)
21 | @_implementationOnly import PactSwiftMockServer
| `- error: no such module 'PactSwiftMockServer'
22 | #else
23 | import PactSwiftMockServer
[47/70] Compiling PactSwift ProviderState.swift
/host/spi-builder-workspace/Sources/ExampleGenerators/RandomString.swift:21:29: error: no such module 'PactSwiftMockServer'
19 |
20 | #if compiler(>=5.5)
21 | @_implementationOnly import PactSwiftMockServer
| `- error: no such module 'PactSwiftMockServer'
22 | #else
23 | import PactSwiftMockServer
[48/70] Compiling PactSwift ProviderVerifier+Error.swift
/host/spi-builder-workspace/Sources/ExampleGenerators/RandomString.swift:21:29: error: no such module 'PactSwiftMockServer'
19 |
20 | #if compiler(>=5.5)
21 | @_implementationOnly import PactSwiftMockServer
| `- error: no such module 'PactSwiftMockServer'
22 | #else
23 | import PactSwiftMockServer
[49/70] Compiling PactSwift ProviderVerifier+Options.swift
/host/spi-builder-workspace/Sources/ExampleGenerators/RandomString.swift:21:29: error: no such module 'PactSwiftMockServer'
19 |
20 | #if compiler(>=5.5)
21 | @_implementationOnly import PactSwiftMockServer
| `- error: no such module 'PactSwiftMockServer'
22 | #else
23 | import PactSwiftMockServer
[50/70] Compiling PactSwift ProviderVerifier+Provider.swift
/host/spi-builder-workspace/Sources/ExampleGenerators/RandomString.swift:21:29: error: no such module 'PactSwiftMockServer'
19 |
20 | #if compiler(>=5.5)
21 | @_implementationOnly import PactSwiftMockServer
| `- error: no such module 'PactSwiftMockServer'
22 | #else
23 | import PactSwiftMockServer
[51/70] Compiling PactSwift Request.swift
/host/spi-builder-workspace/Sources/ExampleGenerators/RandomString.swift:21:29: error: no such module 'PactSwiftMockServer'
19 |
20 | #if compiler(>=5.5)
21 | @_implementationOnly import PactSwiftMockServer
| `- error: no such module 'PactSwiftMockServer'
22 | #else
23 | import PactSwiftMockServer
[52/70] Compiling PactSwift Response.swift
/host/spi-builder-workspace/Sources/ExampleGenerators/RandomString.swift:21:29: error: no such module 'PactSwiftMockServer'
19 |
20 | #if compiler(>=5.5)
21 | @_implementationOnly import PactSwiftMockServer
| `- error: no such module 'PactSwiftMockServer'
22 | #else
23 | import PactSwiftMockServer
[53/70] Compiling PactSwift Toolbox.swift
/host/spi-builder-workspace/Sources/ExampleGenerators/RandomString.swift:21:29: error: no such module 'PactSwiftMockServer'
19 |
20 | #if compiler(>=5.5)
21 | @_implementationOnly import PactSwiftMockServer
| `- error: no such module 'PactSwiftMockServer'
22 | #else
23 | import PactSwiftMockServer
[54/70] Compiling PactSwift RandomInt.swift
/host/spi-builder-workspace/Sources/ExampleGenerators/RandomString.swift:21:29: error: no such module 'PactSwiftMockServer'
19 |
20 | #if compiler(>=5.5)
21 | @_implementationOnly import PactSwiftMockServer
| `- error: no such module 'PactSwiftMockServer'
22 | #else
23 | import PactSwiftMockServer
[55/70] Compiling PactSwift RandomString.swift
/host/spi-builder-workspace/Sources/ExampleGenerators/RandomString.swift:21:29: error: no such module 'PactSwiftMockServer'
19 |
20 | #if compiler(>=5.5)
21 | @_implementationOnly import PactSwiftMockServer
| `- error: no such module 'PactSwiftMockServer'
22 | #else
23 | import PactSwiftMockServer
[56/70] Compiling PactSwift RandomTime.swift
/host/spi-builder-workspace/Sources/ExampleGenerators/RandomString.swift:21:29: error: no such module 'PactSwiftMockServer'
19 |
20 | #if compiler(>=5.5)
21 | @_implementationOnly import PactSwiftMockServer
| `- error: no such module 'PactSwiftMockServer'
22 | #else
23 | import PactSwiftMockServer
[57/70] Compiling PactSwift RandomUUID.swift
/host/spi-builder-workspace/Sources/ExampleGenerators/RandomString.swift:21:29: error: no such module 'PactSwiftMockServer'
19 |
20 | #if compiler(>=5.5)
21 | @_implementationOnly import PactSwiftMockServer
| `- error: no such module 'PactSwiftMockServer'
22 | #else
23 | import PactSwiftMockServer
[58/70] Compiling PactSwift Bundle+PactSwift.swift
/host/spi-builder-workspace/Sources/ExampleGenerators/RandomString.swift:21:29: error: no such module 'PactSwiftMockServer'
19 |
20 | #if compiler(>=5.5)
21 | @_implementationOnly import PactSwiftMockServer
| `- error: no such module 'PactSwiftMockServer'
22 | #else
23 | import PactSwiftMockServer
[59/70] Compiling PactSwift Date+PactSwift.swift
/host/spi-builder-workspace/Sources/ExampleGenerators/RandomString.swift:21:29: error: no such module 'PactSwiftMockServer'
19 |
20 | #if compiler(>=5.5)
21 | @_implementationOnly import PactSwiftMockServer
| `- error: no such module 'PactSwiftMockServer'
22 | #else
23 | import PactSwiftMockServer
[60/70] Compiling PactSwift Dictionary+PactSwift.swift
/host/spi-builder-workspace/Sources/ExampleGenerators/RandomString.swift:21:29: error: no such module 'PactSwiftMockServer'
19 |
20 | #if compiler(>=5.5)
21 | @_implementationOnly import PactSwiftMockServer
| `- error: no such module 'PactSwiftMockServer'
22 | #else
23 | import PactSwiftMockServer
[61/70] Compiling PactSwift MockServer+Async.swift
/host/spi-builder-workspace/Sources/ExampleGenerators/RandomString.swift:21:29: error: no such module 'PactSwiftMockServer'
19 |
20 | #if compiler(>=5.5)
21 | @_implementationOnly import PactSwiftMockServer
| `- error: no such module 'PactSwiftMockServer'
22 | #else
23 | import PactSwiftMockServer
[62/70] Compiling PactSwift Sequence+PactSwift.swift
/host/spi-builder-workspace/Sources/ExampleGenerators/RandomString.swift:21:29: error: no such module 'PactSwiftMockServer'
19 |
20 | #if compiler(>=5.5)
21 | @_implementationOnly import PactSwiftMockServer
| `- error: no such module 'PactSwiftMockServer'
22 | #else
23 | import PactSwiftMockServer
[63/70] Compiling PactSwift TransferProtocol.swift
/host/spi-builder-workspace/Sources/ExampleGenerators/RandomString.swift:21:29: error: no such module 'PactSwiftMockServer'
19 |
20 | #if compiler(>=5.5)
21 | @_implementationOnly import PactSwiftMockServer
| `- error: no such module 'PactSwiftMockServer'
22 | #else
23 | import PactSwiftMockServer
[64/70] Compiling PactSwift VersionSelector.swift
/host/spi-builder-workspace/Sources/ExampleGenerators/RandomString.swift:21:29: error: no such module 'PactSwiftMockServer'
19 |
20 | #if compiler(>=5.5)
21 | @_implementationOnly import PactSwiftMockServer
| `- error: no such module 'PactSwiftMockServer'
22 | #else
23 | import PactSwiftMockServer
[65/70] Compiling PactSwift WIPPacts.swift
/host/spi-builder-workspace/Sources/ExampleGenerators/RandomString.swift:21:29: error: no such module 'PactSwiftMockServer'
19 |
20 | #if compiler(>=5.5)
21 | @_implementationOnly import PactSwiftMockServer
| `- error: no such module 'PactSwiftMockServer'
22 | #else
23 | import PactSwiftMockServer
[66/70] Compiling PactSwift PFMockService.swift
/host/spi-builder-workspace/Sources/ExampleGenerators/RandomString.swift:21:29: error: no such module 'PactSwiftMockServer'
19 |
20 | #if compiler(>=5.5)
21 | @_implementationOnly import PactSwiftMockServer
| `- error: no such module 'PactSwiftMockServer'
22 | #else
23 | import PactSwiftMockServer
[67/70] Compiling PactSwift PactBuilder.swift
/host/spi-builder-workspace/Sources/ExampleGenerators/RandomString.swift:21:29: error: no such module 'PactSwiftMockServer'
19 |
20 | #if compiler(>=5.5)
21 | @_implementationOnly import PactSwiftMockServer
| `- error: no such module 'PactSwiftMockServer'
22 | #else
23 | import PactSwiftMockServer
[68/70] Compiling PactSwift ProviderVerifier.swift
/host/spi-builder-workspace/Sources/ExampleGenerators/RandomString.swift:21:29: error: no such module 'PactSwiftMockServer'
19 |
20 | #if compiler(>=5.5)
21 | @_implementationOnly import PactSwiftMockServer
| `- error: no such module 'PactSwiftMockServer'
22 | #else
23 | import PactSwiftMockServer
[69/70] Compiling PactSwift Logger.swift
/host/spi-builder-workspace/Sources/ExampleGenerators/RandomString.swift:21:29: error: no such module 'PactSwiftMockServer'
19 |
20 | #if compiler(>=5.5)
21 | @_implementationOnly import PactSwiftMockServer
| `- error: no such module 'PactSwiftMockServer'
22 | #else
23 | import PactSwiftMockServer
[70/70] Compiling PactSwift PactFileManager.swift
/host/spi-builder-workspace/Sources/ExampleGenerators/RandomString.swift:21:29: error: no such module 'PactSwiftMockServer'
19 |
20 | #if compiler(>=5.5)
21 | @_implementationOnly import PactSwiftMockServer
| `- error: no such module 'PactSwiftMockServer'
22 | #else
23 | import PactSwiftMockServer
BUILD FAILURE 6.1 wasm