Build Information
Failed to build TangerineDownloader, reference main (21e7cc), with Swift 6.2 for watchOS using Xcode 26.3 on 15 Jul 2026 22:36:25 UTC.
Build Command
env DEVELOPER_DIR=/Applications/Xcode-26.3.0.app xcrun xcodebuild -IDEClonedSourcePackagesDirPathOverride=$PWD/.dependencies -skipMacroValidation -skipPackagePluginValidation -derivedDataPath $PWD/.derivedData build -scheme TangerineDownloader -destination generic/platform=watchOSBuild Log
========================================
RunAll
========================================
Builder version: undefined version: run 'make version' to update
Interrupt handler set up.
========================================
Checkout
========================================
Clone URL: https://github.com/Nef10/TangerineDownloader.git
Reference: main
Initialized empty Git repository in /Users/admin/builder/spi-builder-workspace/.git/
From https://github.com/Nef10/TangerineDownloader
* branch main -> FETCH_HEAD
* [new branch] main -> origin/main
HEAD is now at 21e7cc5 Archive TangerineDownloader
Cloned https://github.com/Nef10/TangerineDownloader.git
Revision (git rev-parse @):
21e7cc56e0cf8f73adfebb90ef0f75e6d887a627
SUCCESS checkout https://github.com/Nef10/TangerineDownloader.git at main
========================================
Build
========================================
Selected platform: watchOS
Swift version: 6.2
Building package at path: $PWD
https://github.com/Nef10/TangerineDownloader.git
Command line invocation:
/Applications/Xcode-26.3.0.app/Contents/Developer/usr/bin/xcodebuild -IDEClonedSourcePackagesDirPathOverride=/Users/admin/builder/spi-builder-workspace/.dependencies -resolvePackageDependencies
Resolve Package Graph
Fetching from https://github.com/Nef10/SwiftScraper.git
Creating working copy of package ‘SwiftScraper’
Checking out 0.7.0 of package ‘SwiftScraper’
Resolve Package Graph
Resolved source packages:
TangerineDownloader: /Users/admin/builder/spi-builder-workspace
SwiftScraper: https://github.com/Nef10/SwiftScraper.git @ 0.7.0
resolved source packages: TangerineDownloader, SwiftScraper
2026-07-15 18:35:55.530 xcodebuild[532:3046] [MT] IDERunDestination: Supported platforms for the buildables in the current scheme is empty.
{
"dependencies" : [
{
"identity" : "swiftscraper",
"requirement" : {
"exact" : [
"0.7.0"
]
},
"type" : "sourceControl",
"url" : "https://github.com/Nef10/SwiftScraper.git"
}
],
"manifest_display_name" : "TangerineDownloader",
"name" : "TangerineDownloader",
"path" : "/Users/admin/builder/spi-builder-workspace",
"platforms" : [
{
"name" : "ios",
"version" : "14.0"
},
{
"name" : "macos",
"version" : "11.0"
}
],
"products" : [
{
"name" : "TangerineDownloader",
"targets" : [
"TangerineDownloader"
],
"type" : {
"library" : [
"automatic"
]
}
}
],
"targets" : [
{
"c99name" : "TangerineDownloaderTests",
"module_type" : "SwiftTarget",
"name" : "TangerineDownloaderTests",
"path" : "Tests/TangerineDownloaderTests",
"sources" : [
"TangerineDownloaderErrorTests.swift"
],
"target_dependencies" : [
"TangerineDownloader"
],
"type" : "test"
},
{
"c99name" : "TangerineDownloader",
"module_type" : "SwiftTarget",
"name" : "TangerineDownloader",
"path" : "Sources/TangerineDownloader",
"product_dependencies" : [
"SwiftScraper"
],
"product_memberships" : [
"TangerineDownloader"
],
"resources" : [
{
"path" : "/Users/admin/builder/spi-builder-workspace/Sources/TangerineDownloader/Resources/TangerineDownload.js",
"rule" : {
"process" : {
}
}
}
],
"sources" : [
"TangerineDownloader.swift",
"TangerineDownloaderDelegate.swift",
"TangerineDownloaderError.swift"
],
"type" : "library"
}
],
"tools_version" : "5.3"
}
{
"workspace" : {
"name" : "spi-builder-workspace",
"schemes" : [
"TangerineDownloader"
]
}
}
2026-07-15 18:36:16.180 xcodebuild[703:4369] [MT] IDERunDestination: Supported platforms for the buildables in the current scheme is empty.
Running build ...
env DEVELOPER_DIR=/Applications/Xcode-26.3.0.app xcrun xcodebuild -IDEClonedSourcePackagesDirPathOverride=$PWD/.dependencies -skipMacroValidation -skipPackagePluginValidation -derivedDataPath $PWD/.derivedData build -scheme TangerineDownloader -destination generic/platform=watchOS
Command line invocation:
/Applications/Xcode-26.3.0.app/Contents/Developer/usr/bin/xcodebuild -IDEClonedSourcePackagesDirPathOverride=/Users/admin/builder/spi-builder-workspace/.dependencies -skipMacroValidation -skipPackagePluginValidation -derivedDataPath /Users/admin/builder/spi-builder-workspace/.derivedData build -scheme TangerineDownloader -destination generic/platform=watchOS
Resolve Package Graph
Resolve Package Graph
Resolved source packages:
TangerineDownloader: /Users/admin/builder/spi-builder-workspace
SwiftScraper: https://github.com/Nef10/SwiftScraper.git @ 0.7.0
ComputePackagePrebuildTargetDependencyGraph
Prepare packages
CreateBuildRequest
SendProjectDescription
CreateBuildOperation
ComputeTargetDependencyGraph
note: Building targets in dependency order
note: Target dependency graph (6 targets)
Target 'TangerineDownloader' in project 'TangerineDownloader'
➜ Explicit dependency on target 'TangerineDownloader' in project 'TangerineDownloader'
➜ Explicit dependency on target 'TangerineDownloader_TangerineDownloader' in project 'TangerineDownloader'
➜ Explicit dependency on target 'SwiftScraper' in project 'SwiftScraper'
Target 'TangerineDownloader' in project 'TangerineDownloader'
➜ Explicit dependency on target 'TangerineDownloader_TangerineDownloader' in project 'TangerineDownloader'
➜ Explicit dependency on target 'SwiftScraper' in project 'SwiftScraper'
Target 'SwiftScraper' in project 'SwiftScraper'
➜ Explicit dependency on target 'SwiftScraper' in project 'SwiftScraper'
➜ Explicit dependency on target 'SwiftScraper_SwiftScraper' in project 'SwiftScraper'
Target 'SwiftScraper' in project 'SwiftScraper'
➜ Explicit dependency on target 'SwiftScraper_SwiftScraper' in project 'SwiftScraper'
Target 'SwiftScraper_SwiftScraper' in project 'SwiftScraper' (no dependencies)
Target 'TangerineDownloader_TangerineDownloader' in project 'TangerineDownloader' (no dependencies)
GatherProvisioningInputs
CreateBuildDescription
ExecuteExternalTool /Applications/Xcode-26.3.0.app/Contents/Developer/Toolchains/XcodeDefault.xctoolchain/usr/bin/clang -v -E -dM -isysroot /Applications/Xcode-26.3.0.app/Contents/Developer/Platforms/WatchOS.platform/Developer/SDKs/WatchOS26.2.sdk -x c -c /dev/null
ExecuteExternalTool /Applications/Xcode-26.3.0.app/Contents/Developer/Toolchains/XcodeDefault.xctoolchain/usr/bin/swiftc --version
ExecuteExternalTool /Applications/Xcode-26.3.0.app/Contents/Developer/Toolchains/XcodeDefault.xctoolchain/usr/bin/ld -version_details
Build description signature: f7cc9433a94c9509d2c3c86d3a179fc8
Build description path: /Users/admin/builder/spi-builder-workspace/.derivedData/Build/Intermediates.noindex/XCBuildData/f7cc9433a94c9509d2c3c86d3a179fc8.xcbuilddata
ClangStatCache /Applications/Xcode-26.3.0.app/Contents/Developer/Toolchains/XcodeDefault.xctoolchain/usr/bin/clang-stat-cache /Applications/Xcode-26.3.0.app/Contents/Developer/Platforms/WatchOS.platform/Developer/SDKs/WatchOS26.2.sdk /Users/admin/builder/spi-builder-workspace/.derivedData/SDKStatCaches.noindex/watchos26.2-23S303-dc75598d0054f22ec865fa860f139d721753b489057de6bda919edfa1c59a62b.sdkstatcache
cd /Users/admin/builder/spi-builder-workspace/.swiftpm/xcode
/Applications/Xcode-26.3.0.app/Contents/Developer/Toolchains/XcodeDefault.xctoolchain/usr/bin/clang-stat-cache /Applications/Xcode-26.3.0.app/Contents/Developer/Platforms/WatchOS.platform/Developer/SDKs/WatchOS26.2.sdk -o /Users/admin/builder/spi-builder-workspace/.derivedData/SDKStatCaches.noindex/watchos26.2-23S303-dc75598d0054f22ec865fa860f139d721753b489057de6bda919edfa1c59a62b.sdkstatcache
CreateBuildDirectory /Users/admin/builder/spi-builder-workspace/.derivedData/Build/Products
cd /Users/admin/builder/spi-builder-workspace/.swiftpm/xcode
builtin-create-build-directory /Users/admin/builder/spi-builder-workspace/.derivedData/Build/Products
CreateBuildDirectory /Users/admin/builder/spi-builder-workspace/.derivedData/Build/Intermediates.noindex
cd /Users/admin/builder/spi-builder-workspace/.swiftpm/xcode
builtin-create-build-directory /Users/admin/builder/spi-builder-workspace/.derivedData/Build/Intermediates.noindex
CreateBuildDirectory /Users/admin/builder/spi-builder-workspace/.derivedData/Build/Intermediates.noindex/SwiftExplicitPrecompiledModules
cd /Users/admin/builder/spi-builder-workspace/.swiftpm/xcode
builtin-create-build-directory /Users/admin/builder/spi-builder-workspace/.derivedData/Build/Intermediates.noindex/SwiftExplicitPrecompiledModules
CreateBuildDirectory /Users/admin/builder/spi-builder-workspace/.derivedData/Build/Products/Debug-watchos
cd /Users/admin/builder/spi-builder-workspace/.swiftpm/xcode
builtin-create-build-directory /Users/admin/builder/spi-builder-workspace/.derivedData/Build/Products/Debug-watchos
CreateBuildDirectory /Users/admin/builder/spi-builder-workspace/.derivedData/Build/Intermediates.noindex/ExplicitPrecompiledModules
cd /Users/admin/builder/spi-builder-workspace/.swiftpm/xcode
builtin-create-build-directory /Users/admin/builder/spi-builder-workspace/.derivedData/Build/Intermediates.noindex/ExplicitPrecompiledModules
CreateBuildDirectory /Users/admin/builder/spi-builder-workspace/.derivedData/Build/Intermediates.noindex/EagerLinkingTBDs/Debug-watchos
cd /Users/admin/builder/spi-builder-workspace/.swiftpm/xcode
builtin-create-build-directory /Users/admin/builder/spi-builder-workspace/.derivedData/Build/Intermediates.noindex/EagerLinkingTBDs/Debug-watchos
CreateBuildDirectory /Users/admin/builder/spi-builder-workspace/.derivedData/Build/Products/Debug-watchos/PackageFrameworks
cd /Users/admin/builder/spi-builder-workspace/.swiftpm/xcode
builtin-create-build-directory /Users/admin/builder/spi-builder-workspace/.derivedData/Build/Products/Debug-watchos/PackageFrameworks
WriteAuxiliaryFile /Users/admin/builder/spi-builder-workspace/.derivedData/Build/Intermediates.noindex/TangerineDownloader.build/Debug-watchos/TangerineDownloader.build/TangerineDownloader.modulemap (in target 'TangerineDownloader' from project 'TangerineDownloader')
cd /Users/admin/builder/spi-builder-workspace
write-file /Users/admin/builder/spi-builder-workspace/.derivedData/Build/Intermediates.noindex/TangerineDownloader.build/Debug-watchos/TangerineDownloader.build/TangerineDownloader.modulemap
WriteAuxiliaryFile /Users/admin/builder/spi-builder-workspace/.derivedData/Build/Intermediates.noindex/TangerineDownloader.build/Debug-watchos/TangerineDownloader.build/TangerineDownloader.DependencyMetadataFileList (in target 'TangerineDownloader' from project 'TangerineDownloader')
cd /Users/admin/builder/spi-builder-workspace
write-file /Users/admin/builder/spi-builder-workspace/.derivedData/Build/Intermediates.noindex/TangerineDownloader.build/Debug-watchos/TangerineDownloader.build/TangerineDownloader.DependencyMetadataFileList
WriteAuxiliaryFile /Users/admin/builder/spi-builder-workspace/.derivedData/Build/Intermediates.noindex/TangerineDownloader.build/Debug-watchos/TangerineDownloader.build/TangerineDownloader.DependencyStaticMetadataFileList (in target 'TangerineDownloader' from project 'TangerineDownloader')
cd /Users/admin/builder/spi-builder-workspace
write-file /Users/admin/builder/spi-builder-workspace/.derivedData/Build/Intermediates.noindex/TangerineDownloader.build/Debug-watchos/TangerineDownloader.build/TangerineDownloader.DependencyStaticMetadataFileList
WriteAuxiliaryFile /Users/admin/builder/spi-builder-workspace/.derivedData/Build/Intermediates.noindex/TangerineDownloader.build/Debug-watchos/TangerineDownloader_TangerineDownloader.build/TangerineDownloader_TangerineDownloader.DependencyMetadataFileList (in target 'TangerineDownloader_TangerineDownloader' from project 'TangerineDownloader')
cd /Users/admin/builder/spi-builder-workspace
write-file /Users/admin/builder/spi-builder-workspace/.derivedData/Build/Intermediates.noindex/TangerineDownloader.build/Debug-watchos/TangerineDownloader_TangerineDownloader.build/TangerineDownloader_TangerineDownloader.DependencyMetadataFileList
WriteAuxiliaryFile /Users/admin/builder/spi-builder-workspace/.derivedData/Build/Intermediates.noindex/TangerineDownloader.build/Debug-watchos/TangerineDownloader_TangerineDownloader.build/empty-TangerineDownloader_TangerineDownloader.plist (in target 'TangerineDownloader_TangerineDownloader' from project 'TangerineDownloader')
cd /Users/admin/builder/spi-builder-workspace
write-file /Users/admin/builder/spi-builder-workspace/.derivedData/Build/Intermediates.noindex/TangerineDownloader.build/Debug-watchos/TangerineDownloader_TangerineDownloader.build/empty-TangerineDownloader_TangerineDownloader.plist
WriteAuxiliaryFile /Users/admin/builder/spi-builder-workspace/.derivedData/Build/Intermediates.noindex/TangerineDownloader.build/Debug-watchos/TangerineDownloader_TangerineDownloader.build/TangerineDownloader_TangerineDownloader.DependencyStaticMetadataFileList (in target 'TangerineDownloader_TangerineDownloader' from project 'TangerineDownloader')
cd /Users/admin/builder/spi-builder-workspace
write-file /Users/admin/builder/spi-builder-workspace/.derivedData/Build/Intermediates.noindex/TangerineDownloader.build/Debug-watchos/TangerineDownloader_TangerineDownloader.build/TangerineDownloader_TangerineDownloader.DependencyStaticMetadataFileList
WriteAuxiliaryFile /Users/admin/builder/spi-builder-workspace/.derivedData/Build/Intermediates.noindex/TangerineDownloader.build/Debug-watchos/TangerineDownloader.build/Objects-normal/armv7k/TangerineDownloader_const_extract_protocols.json (in target 'TangerineDownloader' from project 'TangerineDownloader')
cd /Users/admin/builder/spi-builder-workspace
write-file /Users/admin/builder/spi-builder-workspace/.derivedData/Build/Intermediates.noindex/TangerineDownloader.build/Debug-watchos/TangerineDownloader.build/Objects-normal/armv7k/TangerineDownloader_const_extract_protocols.json
WriteAuxiliaryFile /Users/admin/builder/spi-builder-workspace/.derivedData/Build/Intermediates.noindex/TangerineDownloader.build/Debug-watchos/TangerineDownloader.build/Objects-normal/armv7k/TangerineDownloader-OutputFileMap.json (in target 'TangerineDownloader' from project 'TangerineDownloader')
cd /Users/admin/builder/spi-builder-workspace
write-file /Users/admin/builder/spi-builder-workspace/.derivedData/Build/Intermediates.noindex/TangerineDownloader.build/Debug-watchos/TangerineDownloader.build/Objects-normal/armv7k/TangerineDownloader-OutputFileMap.json
WriteAuxiliaryFile /Users/admin/builder/spi-builder-workspace/.derivedData/Build/Intermediates.noindex/TangerineDownloader.build/Debug-watchos/TangerineDownloader.build/Objects-normal/armv7k/TangerineDownloader.SwiftFileList (in target 'TangerineDownloader' from project 'TangerineDownloader')
cd /Users/admin/builder/spi-builder-workspace
write-file /Users/admin/builder/spi-builder-workspace/.derivedData/Build/Intermediates.noindex/TangerineDownloader.build/Debug-watchos/TangerineDownloader.build/Objects-normal/armv7k/TangerineDownloader.SwiftFileList
WriteAuxiliaryFile /Users/admin/builder/spi-builder-workspace/.derivedData/Build/Intermediates.noindex/TangerineDownloader.build/Debug-watchos/TangerineDownloader.build/Objects-normal/armv7k/TangerineDownloader.SwiftConstValuesFileList (in target 'TangerineDownloader' from project 'TangerineDownloader')
cd /Users/admin/builder/spi-builder-workspace
write-file /Users/admin/builder/spi-builder-workspace/.derivedData/Build/Intermediates.noindex/TangerineDownloader.build/Debug-watchos/TangerineDownloader.build/Objects-normal/armv7k/TangerineDownloader.SwiftConstValuesFileList
WriteAuxiliaryFile /Users/admin/builder/spi-builder-workspace/.derivedData/Build/Intermediates.noindex/TangerineDownloader.build/Debug-watchos/TangerineDownloader.build/Objects-normal/armv7k/TangerineDownloader.LinkFileList (in target 'TangerineDownloader' from project 'TangerineDownloader')
cd /Users/admin/builder/spi-builder-workspace
write-file /Users/admin/builder/spi-builder-workspace/.derivedData/Build/Intermediates.noindex/TangerineDownloader.build/Debug-watchos/TangerineDownloader.build/Objects-normal/armv7k/TangerineDownloader.LinkFileList
WriteAuxiliaryFile /Users/admin/builder/spi-builder-workspace/.derivedData/Build/Intermediates.noindex/TangerineDownloader.build/Debug-watchos/TangerineDownloader.build/Objects-normal/arm64_32/TangerineDownloader_const_extract_protocols.json (in target 'TangerineDownloader' from project 'TangerineDownloader')
cd /Users/admin/builder/spi-builder-workspace
write-file /Users/admin/builder/spi-builder-workspace/.derivedData/Build/Intermediates.noindex/TangerineDownloader.build/Debug-watchos/TangerineDownloader.build/Objects-normal/arm64_32/TangerineDownloader_const_extract_protocols.json
WriteAuxiliaryFile /Users/admin/builder/spi-builder-workspace/.derivedData/Build/Intermediates.noindex/TangerineDownloader.build/Debug-watchos/TangerineDownloader.build/Objects-normal/arm64_32/TangerineDownloader.SwiftFileList (in target 'TangerineDownloader' from project 'TangerineDownloader')
cd /Users/admin/builder/spi-builder-workspace
write-file /Users/admin/builder/spi-builder-workspace/.derivedData/Build/Intermediates.noindex/TangerineDownloader.build/Debug-watchos/TangerineDownloader.build/Objects-normal/arm64_32/TangerineDownloader.SwiftFileList
WriteAuxiliaryFile /Users/admin/builder/spi-builder-workspace/.derivedData/Build/Intermediates.noindex/TangerineDownloader.build/Debug-watchos/TangerineDownloader.build/Objects-normal/arm64_32/TangerineDownloader.SwiftConstValuesFileList (in target 'TangerineDownloader' from project 'TangerineDownloader')
cd /Users/admin/builder/spi-builder-workspace
write-file /Users/admin/builder/spi-builder-workspace/.derivedData/Build/Intermediates.noindex/TangerineDownloader.build/Debug-watchos/TangerineDownloader.build/Objects-normal/arm64_32/TangerineDownloader.SwiftConstValuesFileList
WriteAuxiliaryFile /Users/admin/builder/spi-builder-workspace/.derivedData/Build/Intermediates.noindex/TangerineDownloader.build/Debug-watchos/TangerineDownloader.build/Objects-normal/arm64_32/TangerineDownloader.LinkFileList (in target 'TangerineDownloader' from project 'TangerineDownloader')
cd /Users/admin/builder/spi-builder-workspace
write-file /Users/admin/builder/spi-builder-workspace/.derivedData/Build/Intermediates.noindex/TangerineDownloader.build/Debug-watchos/TangerineDownloader.build/Objects-normal/arm64_32/TangerineDownloader.LinkFileList
WriteAuxiliaryFile /Users/admin/builder/spi-builder-workspace/.derivedData/Build/Intermediates.noindex/TangerineDownloader.build/Debug-watchos/TangerineDownloader.build/Objects-normal/arm64_32/TangerineDownloader-OutputFileMap.json (in target 'TangerineDownloader' from project 'TangerineDownloader')
cd /Users/admin/builder/spi-builder-workspace
write-file /Users/admin/builder/spi-builder-workspace/.derivedData/Build/Intermediates.noindex/TangerineDownloader.build/Debug-watchos/TangerineDownloader.build/Objects-normal/arm64_32/TangerineDownloader-OutputFileMap.json
WriteAuxiliaryFile /Users/admin/builder/spi-builder-workspace/.derivedData/Build/Intermediates.noindex/TangerineDownloader.build/Debug-watchos/TangerineDownloader.build/Objects-normal/arm64/TangerineDownloader-OutputFileMap.json (in target 'TangerineDownloader' from project 'TangerineDownloader')
cd /Users/admin/builder/spi-builder-workspace
write-file /Users/admin/builder/spi-builder-workspace/.derivedData/Build/Intermediates.noindex/TangerineDownloader.build/Debug-watchos/TangerineDownloader.build/Objects-normal/arm64/TangerineDownloader-OutputFileMap.json
WriteAuxiliaryFile /Users/admin/builder/spi-builder-workspace/.derivedData/Build/Intermediates.noindex/TangerineDownloader.build/Debug-watchos/TangerineDownloader.build/Objects-normal/arm64/TangerineDownloader.LinkFileList (in target 'TangerineDownloader' from project 'TangerineDownloader')
cd /Users/admin/builder/spi-builder-workspace
write-file /Users/admin/builder/spi-builder-workspace/.derivedData/Build/Intermediates.noindex/TangerineDownloader.build/Debug-watchos/TangerineDownloader.build/Objects-normal/arm64/TangerineDownloader.LinkFileList
WriteAuxiliaryFile /Users/admin/builder/spi-builder-workspace/.derivedData/Build/Intermediates.noindex/TangerineDownloader.build/Debug-watchos/TangerineDownloader.build/Objects-normal/arm64/TangerineDownloader.SwiftConstValuesFileList (in target 'TangerineDownloader' from project 'TangerineDownloader')
cd /Users/admin/builder/spi-builder-workspace
write-file /Users/admin/builder/spi-builder-workspace/.derivedData/Build/Intermediates.noindex/TangerineDownloader.build/Debug-watchos/TangerineDownloader.build/Objects-normal/arm64/TangerineDownloader.SwiftConstValuesFileList
WriteAuxiliaryFile /Users/admin/builder/spi-builder-workspace/.derivedData/Build/Intermediates.noindex/TangerineDownloader.build/Debug-watchos/TangerineDownloader.build/Objects-normal/arm64/TangerineDownloader.SwiftFileList (in target 'TangerineDownloader' from project 'TangerineDownloader')
cd /Users/admin/builder/spi-builder-workspace
write-file /Users/admin/builder/spi-builder-workspace/.derivedData/Build/Intermediates.noindex/TangerineDownloader.build/Debug-watchos/TangerineDownloader.build/Objects-normal/arm64/TangerineDownloader.SwiftFileList
WriteAuxiliaryFile /Users/admin/builder/spi-builder-workspace/.derivedData/Build/Intermediates.noindex/TangerineDownloader.build/Debug-watchos/TangerineDownloader.build/Objects-normal/arm64/TangerineDownloader_const_extract_protocols.json (in target 'TangerineDownloader' from project 'TangerineDownloader')
cd /Users/admin/builder/spi-builder-workspace
write-file /Users/admin/builder/spi-builder-workspace/.derivedData/Build/Intermediates.noindex/TangerineDownloader.build/Debug-watchos/TangerineDownloader.build/Objects-normal/arm64/TangerineDownloader_const_extract_protocols.json
WriteAuxiliaryFile /Users/admin/builder/spi-builder-workspace/.derivedData/Build/Intermediates.noindex/TangerineDownloader.build/Debug-watchos/TangerineDownloader.build/DerivedSources/resource_bundle_accessor.swift (in target 'TangerineDownloader' from project 'TangerineDownloader')
cd /Users/admin/builder/spi-builder-workspace
write-file /Users/admin/builder/spi-builder-workspace/.derivedData/Build/Intermediates.noindex/TangerineDownloader.build/Debug-watchos/TangerineDownloader.build/DerivedSources/resource_bundle_accessor.swift
Copy /Users/admin/builder/spi-builder-workspace/.derivedData/Build/Intermediates.noindex/GeneratedModuleMaps-watchos/TangerineDownloader.modulemap /Users/admin/builder/spi-builder-workspace/.derivedData/Build/Intermediates.noindex/TangerineDownloader.build/Debug-watchos/TangerineDownloader.build/TangerineDownloader.modulemap (in target 'TangerineDownloader' from project 'TangerineDownloader')
cd /Users/admin/builder/spi-builder-workspace
builtin-copy -exclude .DS_Store -exclude CVS -exclude .svn -exclude .git -exclude .hg -resolve-src-symlinks /Users/admin/builder/spi-builder-workspace/.derivedData/Build/Intermediates.noindex/TangerineDownloader.build/Debug-watchos/TangerineDownloader.build/TangerineDownloader.modulemap /Users/admin/builder/spi-builder-workspace/.derivedData/Build/Intermediates.noindex/GeneratedModuleMaps-watchos
WriteAuxiliaryFile /Users/admin/builder/spi-builder-workspace/.derivedData/Build/Intermediates.noindex/SwiftScraper.build/Debug-watchos/SwiftScraper_SwiftScraper.build/SwiftScraper_SwiftScraper.DependencyStaticMetadataFileList (in target 'SwiftScraper_SwiftScraper' from project 'SwiftScraper')
cd /Users/admin/builder/spi-builder-workspace/.dependencies/checkouts/SwiftScraper
write-file /Users/admin/builder/spi-builder-workspace/.derivedData/Build/Intermediates.noindex/SwiftScraper.build/Debug-watchos/SwiftScraper_SwiftScraper.build/SwiftScraper_SwiftScraper.DependencyStaticMetadataFileList
WriteAuxiliaryFile /Users/admin/builder/spi-builder-workspace/.derivedData/Build/Intermediates.noindex/SwiftScraper.build/Debug-watchos/SwiftScraper_SwiftScraper.build/SwiftScraper_SwiftScraper.DependencyMetadataFileList (in target 'SwiftScraper_SwiftScraper' from project 'SwiftScraper')
cd /Users/admin/builder/spi-builder-workspace/.dependencies/checkouts/SwiftScraper
write-file /Users/admin/builder/spi-builder-workspace/.derivedData/Build/Intermediates.noindex/SwiftScraper.build/Debug-watchos/SwiftScraper_SwiftScraper.build/SwiftScraper_SwiftScraper.DependencyMetadataFileList
WriteAuxiliaryFile /Users/admin/builder/spi-builder-workspace/.derivedData/Build/Intermediates.noindex/SwiftScraper.build/Debug-watchos/SwiftScraper_SwiftScraper.build/empty-SwiftScraper_SwiftScraper.plist (in target 'SwiftScraper_SwiftScraper' from project 'SwiftScraper')
cd /Users/admin/builder/spi-builder-workspace/.dependencies/checkouts/SwiftScraper
write-file /Users/admin/builder/spi-builder-workspace/.derivedData/Build/Intermediates.noindex/SwiftScraper.build/Debug-watchos/SwiftScraper_SwiftScraper.build/empty-SwiftScraper_SwiftScraper.plist
WriteAuxiliaryFile /Users/admin/builder/spi-builder-workspace/.derivedData/Build/Intermediates.noindex/SwiftScraper.build/Debug-watchos/SwiftScraper.build/SwiftScraper.DependencyStaticMetadataFileList (in target 'SwiftScraper' from project 'SwiftScraper')
cd /Users/admin/builder/spi-builder-workspace/.dependencies/checkouts/SwiftScraper
write-file /Users/admin/builder/spi-builder-workspace/.derivedData/Build/Intermediates.noindex/SwiftScraper.build/Debug-watchos/SwiftScraper.build/SwiftScraper.DependencyStaticMetadataFileList
WriteAuxiliaryFile /Users/admin/builder/spi-builder-workspace/.derivedData/Build/Intermediates.noindex/SwiftScraper.build/Debug-watchos/SwiftScraper.build/SwiftScraper.modulemap (in target 'SwiftScraper' from project 'SwiftScraper')
cd /Users/admin/builder/spi-builder-workspace/.dependencies/checkouts/SwiftScraper
write-file /Users/admin/builder/spi-builder-workspace/.derivedData/Build/Intermediates.noindex/SwiftScraper.build/Debug-watchos/SwiftScraper.build/SwiftScraper.modulemap
WriteAuxiliaryFile /Users/admin/builder/spi-builder-workspace/.derivedData/Build/Intermediates.noindex/SwiftScraper.build/Debug-watchos/SwiftScraper.build/SwiftScraper.DependencyMetadataFileList (in target 'SwiftScraper' from project 'SwiftScraper')
cd /Users/admin/builder/spi-builder-workspace/.dependencies/checkouts/SwiftScraper
write-file /Users/admin/builder/spi-builder-workspace/.derivedData/Build/Intermediates.noindex/SwiftScraper.build/Debug-watchos/SwiftScraper.build/SwiftScraper.DependencyMetadataFileList
WriteAuxiliaryFile /Users/admin/builder/spi-builder-workspace/.derivedData/Build/Intermediates.noindex/SwiftScraper.build/Debug-watchos/SwiftScraper.build/Objects-normal/armv7k/SwiftScraper_const_extract_protocols.json (in target 'SwiftScraper' from project 'SwiftScraper')
cd /Users/admin/builder/spi-builder-workspace/.dependencies/checkouts/SwiftScraper
write-file /Users/admin/builder/spi-builder-workspace/.derivedData/Build/Intermediates.noindex/SwiftScraper.build/Debug-watchos/SwiftScraper.build/Objects-normal/armv7k/SwiftScraper_const_extract_protocols.json
WriteAuxiliaryFile /Users/admin/builder/spi-builder-workspace/.derivedData/Build/Intermediates.noindex/SwiftScraper.build/Debug-watchos/SwiftScraper.build/Objects-normal/armv7k/SwiftScraper.SwiftFileList (in target 'SwiftScraper' from project 'SwiftScraper')
cd /Users/admin/builder/spi-builder-workspace/.dependencies/checkouts/SwiftScraper
write-file /Users/admin/builder/spi-builder-workspace/.derivedData/Build/Intermediates.noindex/SwiftScraper.build/Debug-watchos/SwiftScraper.build/Objects-normal/armv7k/SwiftScraper.SwiftFileList
WriteAuxiliaryFile /Users/admin/builder/spi-builder-workspace/.derivedData/Build/Intermediates.noindex/SwiftScraper.build/Debug-watchos/SwiftScraper.build/Objects-normal/armv7k/SwiftScraper.SwiftConstValuesFileList (in target 'SwiftScraper' from project 'SwiftScraper')
cd /Users/admin/builder/spi-builder-workspace/.dependencies/checkouts/SwiftScraper
write-file /Users/admin/builder/spi-builder-workspace/.derivedData/Build/Intermediates.noindex/SwiftScraper.build/Debug-watchos/SwiftScraper.build/Objects-normal/armv7k/SwiftScraper.SwiftConstValuesFileList
WriteAuxiliaryFile /Users/admin/builder/spi-builder-workspace/.derivedData/Build/Intermediates.noindex/SwiftScraper.build/Debug-watchos/SwiftScraper.build/Objects-normal/armv7k/SwiftScraper.LinkFileList (in target 'SwiftScraper' from project 'SwiftScraper')
cd /Users/admin/builder/spi-builder-workspace/.dependencies/checkouts/SwiftScraper
write-file /Users/admin/builder/spi-builder-workspace/.derivedData/Build/Intermediates.noindex/SwiftScraper.build/Debug-watchos/SwiftScraper.build/Objects-normal/armv7k/SwiftScraper.LinkFileList
WriteAuxiliaryFile /Users/admin/builder/spi-builder-workspace/.derivedData/Build/Intermediates.noindex/SwiftScraper.build/Debug-watchos/SwiftScraper.build/Objects-normal/armv7k/SwiftScraper-OutputFileMap.json (in target 'SwiftScraper' from project 'SwiftScraper')
cd /Users/admin/builder/spi-builder-workspace/.dependencies/checkouts/SwiftScraper
write-file /Users/admin/builder/spi-builder-workspace/.derivedData/Build/Intermediates.noindex/SwiftScraper.build/Debug-watchos/SwiftScraper.build/Objects-normal/armv7k/SwiftScraper-OutputFileMap.json
WriteAuxiliaryFile /Users/admin/builder/spi-builder-workspace/.derivedData/Build/Intermediates.noindex/SwiftScraper.build/Debug-watchos/SwiftScraper.build/Objects-normal/arm64_32/SwiftScraper.SwiftFileList (in target 'SwiftScraper' from project 'SwiftScraper')
cd /Users/admin/builder/spi-builder-workspace/.dependencies/checkouts/SwiftScraper
write-file /Users/admin/builder/spi-builder-workspace/.derivedData/Build/Intermediates.noindex/SwiftScraper.build/Debug-watchos/SwiftScraper.build/Objects-normal/arm64_32/SwiftScraper.SwiftFileList
WriteAuxiliaryFile /Users/admin/builder/spi-builder-workspace/.derivedData/Build/Intermediates.noindex/SwiftScraper.build/Debug-watchos/SwiftScraper.build/Objects-normal/arm64_32/SwiftScraper.SwiftConstValuesFileList (in target 'SwiftScraper' from project 'SwiftScraper')
cd /Users/admin/builder/spi-builder-workspace/.dependencies/checkouts/SwiftScraper
write-file /Users/admin/builder/spi-builder-workspace/.derivedData/Build/Intermediates.noindex/SwiftScraper.build/Debug-watchos/SwiftScraper.build/Objects-normal/arm64_32/SwiftScraper.SwiftConstValuesFileList
WriteAuxiliaryFile /Users/admin/builder/spi-builder-workspace/.derivedData/Build/Intermediates.noindex/SwiftScraper.build/Debug-watchos/SwiftScraper.build/Objects-normal/arm64_32/SwiftScraper_const_extract_protocols.json (in target 'SwiftScraper' from project 'SwiftScraper')
cd /Users/admin/builder/spi-builder-workspace/.dependencies/checkouts/SwiftScraper
write-file /Users/admin/builder/spi-builder-workspace/.derivedData/Build/Intermediates.noindex/SwiftScraper.build/Debug-watchos/SwiftScraper.build/Objects-normal/arm64_32/SwiftScraper_const_extract_protocols.json
WriteAuxiliaryFile /Users/admin/builder/spi-builder-workspace/.derivedData/Build/Intermediates.noindex/SwiftScraper.build/Debug-watchos/SwiftScraper.build/Objects-normal/arm64_32/SwiftScraper.LinkFileList (in target 'SwiftScraper' from project 'SwiftScraper')
cd /Users/admin/builder/spi-builder-workspace/.dependencies/checkouts/SwiftScraper
write-file /Users/admin/builder/spi-builder-workspace/.derivedData/Build/Intermediates.noindex/SwiftScraper.build/Debug-watchos/SwiftScraper.build/Objects-normal/arm64_32/SwiftScraper.LinkFileList
WriteAuxiliaryFile /Users/admin/builder/spi-builder-workspace/.derivedData/Build/Intermediates.noindex/SwiftScraper.build/Debug-watchos/SwiftScraper.build/Objects-normal/arm64_32/SwiftScraper-OutputFileMap.json (in target 'SwiftScraper' from project 'SwiftScraper')
cd /Users/admin/builder/spi-builder-workspace/.dependencies/checkouts/SwiftScraper
write-file /Users/admin/builder/spi-builder-workspace/.derivedData/Build/Intermediates.noindex/SwiftScraper.build/Debug-watchos/SwiftScraper.build/Objects-normal/arm64_32/SwiftScraper-OutputFileMap.json
WriteAuxiliaryFile /Users/admin/builder/spi-builder-workspace/.derivedData/Build/Intermediates.noindex/SwiftScraper.build/Debug-watchos/SwiftScraper.build/Objects-normal/arm64/SwiftScraper.SwiftFileList (in target 'SwiftScraper' from project 'SwiftScraper')
cd /Users/admin/builder/spi-builder-workspace/.dependencies/checkouts/SwiftScraper
write-file /Users/admin/builder/spi-builder-workspace/.derivedData/Build/Intermediates.noindex/SwiftScraper.build/Debug-watchos/SwiftScraper.build/Objects-normal/arm64/SwiftScraper.SwiftFileList
WriteAuxiliaryFile /Users/admin/builder/spi-builder-workspace/.derivedData/Build/Intermediates.noindex/SwiftScraper.build/Debug-watchos/SwiftScraper.build/Objects-normal/arm64/SwiftScraper_const_extract_protocols.json (in target 'SwiftScraper' from project 'SwiftScraper')
cd /Users/admin/builder/spi-builder-workspace/.dependencies/checkouts/SwiftScraper
write-file /Users/admin/builder/spi-builder-workspace/.derivedData/Build/Intermediates.noindex/SwiftScraper.build/Debug-watchos/SwiftScraper.build/Objects-normal/arm64/SwiftScraper_const_extract_protocols.json
WriteAuxiliaryFile /Users/admin/builder/spi-builder-workspace/.derivedData/Build/Intermediates.noindex/SwiftScraper.build/Debug-watchos/SwiftScraper.build/Objects-normal/arm64/SwiftScraper.SwiftConstValuesFileList (in target 'SwiftScraper' from project 'SwiftScraper')
cd /Users/admin/builder/spi-builder-workspace/.dependencies/checkouts/SwiftScraper
write-file /Users/admin/builder/spi-builder-workspace/.derivedData/Build/Intermediates.noindex/SwiftScraper.build/Debug-watchos/SwiftScraper.build/Objects-normal/arm64/SwiftScraper.SwiftConstValuesFileList
WriteAuxiliaryFile /Users/admin/builder/spi-builder-workspace/.derivedData/Build/Intermediates.noindex/SwiftScraper.build/Debug-watchos/SwiftScraper.build/Objects-normal/arm64/SwiftScraper.LinkFileList (in target 'SwiftScraper' from project 'SwiftScraper')
cd /Users/admin/builder/spi-builder-workspace/.dependencies/checkouts/SwiftScraper
write-file /Users/admin/builder/spi-builder-workspace/.derivedData/Build/Intermediates.noindex/SwiftScraper.build/Debug-watchos/SwiftScraper.build/Objects-normal/arm64/SwiftScraper.LinkFileList
WriteAuxiliaryFile /Users/admin/builder/spi-builder-workspace/.derivedData/Build/Intermediates.noindex/SwiftScraper.build/Debug-watchos/SwiftScraper.build/Objects-normal/arm64/SwiftScraper-OutputFileMap.json (in target 'SwiftScraper' from project 'SwiftScraper')
cd /Users/admin/builder/spi-builder-workspace/.dependencies/checkouts/SwiftScraper
write-file /Users/admin/builder/spi-builder-workspace/.derivedData/Build/Intermediates.noindex/SwiftScraper.build/Debug-watchos/SwiftScraper.build/Objects-normal/arm64/SwiftScraper-OutputFileMap.json
WriteAuxiliaryFile /Users/admin/builder/spi-builder-workspace/.derivedData/Build/Intermediates.noindex/SwiftScraper.build/Debug-watchos/SwiftScraper.build/DerivedSources/resource_bundle_accessor.swift (in target 'SwiftScraper' from project 'SwiftScraper')
cd /Users/admin/builder/spi-builder-workspace/.dependencies/checkouts/SwiftScraper
write-file /Users/admin/builder/spi-builder-workspace/.derivedData/Build/Intermediates.noindex/SwiftScraper.build/Debug-watchos/SwiftScraper.build/DerivedSources/resource_bundle_accessor.swift
Copy /Users/admin/builder/spi-builder-workspace/.derivedData/Build/Intermediates.noindex/GeneratedModuleMaps-watchos/SwiftScraper.modulemap /Users/admin/builder/spi-builder-workspace/.derivedData/Build/Intermediates.noindex/SwiftScraper.build/Debug-watchos/SwiftScraper.build/SwiftScraper.modulemap (in target 'SwiftScraper' from project 'SwiftScraper')
cd /Users/admin/builder/spi-builder-workspace/.dependencies/checkouts/SwiftScraper
builtin-copy -exclude .DS_Store -exclude CVS -exclude .svn -exclude .git -exclude .hg -resolve-src-symlinks /Users/admin/builder/spi-builder-workspace/.derivedData/Build/Intermediates.noindex/SwiftScraper.build/Debug-watchos/SwiftScraper.build/SwiftScraper.modulemap /Users/admin/builder/spi-builder-workspace/.derivedData/Build/Intermediates.noindex/GeneratedModuleMaps-watchos
MkDir /Users/admin/builder/spi-builder-workspace/.derivedData/Build/Products/Debug-watchos/TangerineDownloader_TangerineDownloader.bundle (in target 'TangerineDownloader_TangerineDownloader' from project 'TangerineDownloader')
cd /Users/admin/builder/spi-builder-workspace
/bin/mkdir -p /Users/admin/builder/spi-builder-workspace/.derivedData/Build/Products/Debug-watchos/TangerineDownloader_TangerineDownloader.bundle
MkDir /Users/admin/builder/spi-builder-workspace/.derivedData/Build/Products/Debug-watchos/SwiftScraper_SwiftScraper.bundle (in target 'SwiftScraper_SwiftScraper' from project 'SwiftScraper')
cd /Users/admin/builder/spi-builder-workspace/.dependencies/checkouts/SwiftScraper
/bin/mkdir -p /Users/admin/builder/spi-builder-workspace/.derivedData/Build/Products/Debug-watchos/SwiftScraper_SwiftScraper.bundle
CpResource /Users/admin/builder/spi-builder-workspace/.derivedData/Build/Products/Debug-watchos/TangerineDownloader_TangerineDownloader.bundle/TangerineDownload.js /Users/admin/builder/spi-builder-workspace/Sources/TangerineDownloader/Resources/TangerineDownload.js (in target 'TangerineDownloader_TangerineDownloader' from project 'TangerineDownloader')
cd /Users/admin/builder/spi-builder-workspace
builtin-copy -exclude .DS_Store -exclude CVS -exclude .svn -exclude .git -exclude .hg -resolve-src-symlinks /Users/admin/builder/spi-builder-workspace/Sources/TangerineDownloader/Resources/TangerineDownload.js /Users/admin/builder/spi-builder-workspace/.derivedData/Build/Products/Debug-watchos/TangerineDownloader_TangerineDownloader.bundle
ProcessInfoPlistFile /Users/admin/builder/spi-builder-workspace/.derivedData/Build/Products/Debug-watchos/TangerineDownloader_TangerineDownloader.bundle/Info.plist /Users/admin/builder/spi-builder-workspace/.derivedData/Build/Intermediates.noindex/TangerineDownloader.build/Debug-watchos/TangerineDownloader_TangerineDownloader.build/empty-TangerineDownloader_TangerineDownloader.plist (in target 'TangerineDownloader_TangerineDownloader' from project 'TangerineDownloader')
cd /Users/admin/builder/spi-builder-workspace
builtin-infoPlistUtility /Users/admin/builder/spi-builder-workspace/.derivedData/Build/Intermediates.noindex/TangerineDownloader.build/Debug-watchos/TangerineDownloader_TangerineDownloader.build/empty-TangerineDownloader_TangerineDownloader.plist -producttype com.apple.product-type.bundle -expandbuildsettings -format binary -platform watchos -o /Users/admin/builder/spi-builder-workspace/.derivedData/Build/Products/Debug-watchos/TangerineDownloader_TangerineDownloader.bundle/Info.plist
ProcessInfoPlistFile /Users/admin/builder/spi-builder-workspace/.derivedData/Build/Products/Debug-watchos/SwiftScraper_SwiftScraper.bundle/Info.plist /Users/admin/builder/spi-builder-workspace/.derivedData/Build/Intermediates.noindex/SwiftScraper.build/Debug-watchos/SwiftScraper_SwiftScraper.build/empty-SwiftScraper_SwiftScraper.plist (in target 'SwiftScraper_SwiftScraper' from project 'SwiftScraper')
cd /Users/admin/builder/spi-builder-workspace/.dependencies/checkouts/SwiftScraper
builtin-infoPlistUtility /Users/admin/builder/spi-builder-workspace/.derivedData/Build/Intermediates.noindex/SwiftScraper.build/Debug-watchos/SwiftScraper_SwiftScraper.build/empty-SwiftScraper_SwiftScraper.plist -producttype com.apple.product-type.bundle -expandbuildsettings -format binary -platform watchos -o /Users/admin/builder/spi-builder-workspace/.derivedData/Build/Products/Debug-watchos/SwiftScraper_SwiftScraper.bundle/Info.plist
CpResource /Users/admin/builder/spi-builder-workspace/.derivedData/Build/Products/Debug-watchos/SwiftScraper_SwiftScraper.bundle/SwiftScraper.js /Users/admin/builder/spi-builder-workspace/.dependencies/checkouts/SwiftScraper/Sources/SwiftScraper/Resources/SwiftScraper.js (in target 'SwiftScraper_SwiftScraper' from project 'SwiftScraper')
cd /Users/admin/builder/spi-builder-workspace/.dependencies/checkouts/SwiftScraper
builtin-copy -exclude .DS_Store -exclude CVS -exclude .svn -exclude .git -exclude .hg -resolve-src-symlinks /Users/admin/builder/spi-builder-workspace/.dependencies/checkouts/SwiftScraper/Sources/SwiftScraper/Resources/SwiftScraper.js /Users/admin/builder/spi-builder-workspace/.derivedData/Build/Products/Debug-watchos/SwiftScraper_SwiftScraper.bundle
RegisterExecutionPolicyException /Users/admin/builder/spi-builder-workspace/.derivedData/Build/Products/Debug-watchos/TangerineDownloader_TangerineDownloader.bundle (in target 'TangerineDownloader_TangerineDownloader' from project 'TangerineDownloader')
cd /Users/admin/builder/spi-builder-workspace
builtin-RegisterExecutionPolicyException /Users/admin/builder/spi-builder-workspace/.derivedData/Build/Products/Debug-watchos/TangerineDownloader_TangerineDownloader.bundle
RegisterExecutionPolicyException /Users/admin/builder/spi-builder-workspace/.derivedData/Build/Products/Debug-watchos/SwiftScraper_SwiftScraper.bundle (in target 'SwiftScraper_SwiftScraper' from project 'SwiftScraper')
cd /Users/admin/builder/spi-builder-workspace/.dependencies/checkouts/SwiftScraper
builtin-RegisterExecutionPolicyException /Users/admin/builder/spi-builder-workspace/.derivedData/Build/Products/Debug-watchos/SwiftScraper_SwiftScraper.bundle
Touch /Users/admin/builder/spi-builder-workspace/.derivedData/Build/Products/Debug-watchos/SwiftScraper_SwiftScraper.bundle (in target 'SwiftScraper_SwiftScraper' from project 'SwiftScraper')
cd /Users/admin/builder/spi-builder-workspace/.dependencies/checkouts/SwiftScraper
/usr/bin/touch -c /Users/admin/builder/spi-builder-workspace/.derivedData/Build/Products/Debug-watchos/SwiftScraper_SwiftScraper.bundle
Touch /Users/admin/builder/spi-builder-workspace/.derivedData/Build/Products/Debug-watchos/TangerineDownloader_TangerineDownloader.bundle (in target 'TangerineDownloader_TangerineDownloader' from project 'TangerineDownloader')
cd /Users/admin/builder/spi-builder-workspace
/usr/bin/touch -c /Users/admin/builder/spi-builder-workspace/.derivedData/Build/Products/Debug-watchos/TangerineDownloader_TangerineDownloader.bundle
SwiftDriver SwiftScraper normal arm64 com.apple.xcode.tools.swift.compiler (in target 'SwiftScraper' from project 'SwiftScraper')
cd /Users/admin/builder/spi-builder-workspace/.swiftpm/xcode
builtin-SwiftDriver -- /Applications/Xcode-26.3.0.app/Contents/Developer/Toolchains/XcodeDefault.xctoolchain/usr/bin/swiftc -module-name SwiftScraper -Onone -enforce-exclusivity\=checked @/Users/admin/builder/spi-builder-workspace/.derivedData/Build/Intermediates.noindex/SwiftScraper.build/Debug-watchos/SwiftScraper.build/Objects-normal/arm64/SwiftScraper.SwiftFileList -DSWIFT_PACKAGE -DDEBUG -DSWIFT_MODULE_RESOURCE_BUNDLE_AVAILABLE -DXcode -plugin-path /Applications/Xcode-26.3.0.app/Contents/Developer/Toolchains/XcodeDefault.xctoolchain/usr/lib/swift/host/plugins/testing -enable-experimental-feature DebugDescriptionMacro -sdk /Applications/Xcode-26.3.0.app/Contents/Developer/Platforms/WatchOS.platform/Developer/SDKs/WatchOS26.2.sdk -target arm64-apple-watchos7.0 -g -module-cache-path /Users/admin/builder/spi-builder-workspace/.derivedData/ModuleCache.noindex -Xfrontend -serialize-debugging-options -profile-coverage-mapping -profile-generate -enable-testing -suppress-warnings -index-store-path /Users/admin/builder/spi-builder-workspace/.derivedData/Index.noindex/DataStore -Xcc -D_LIBCPP_HARDENING_MODE\=_LIBCPP_HARDENING_MODE_DEBUG -swift-version 5 -I /Users/admin/builder/spi-builder-workspace/.derivedData/Build/Products/Debug-watchos -Isystem /Applications/Xcode-26.3.0.app/Contents/Developer/Platforms/WatchOS.platform/Developer/usr/lib -F /Users/admin/builder/spi-builder-workspace/.derivedData/Build/Products/Debug-watchos -F /Applications/Xcode-26.3.0.app/Contents/Developer/Platforms/WatchOS.platform/Developer/Library/Frameworks -F /Applications/Xcode-26.3.0.app/Contents/Developer/Platforms/WatchOS.platform/Developer/SDKs/WatchOS26.2.sdk/Developer/Library/Frameworks -c -j10 -enable-batch-mode -incremental -Xcc -ivfsstatcache -Xcc /Users/admin/builder/spi-builder-workspace/.derivedData/SDKStatCaches.noindex/watchos26.2-23S303-dc75598d0054f22ec865fa860f139d721753b489057de6bda919edfa1c59a62b.sdkstatcache -output-file-map /Users/admin/builder/spi-builder-workspace/.derivedData/Build/Intermediates.noindex/SwiftScraper.build/Debug-watchos/SwiftScraper.build/Objects-normal/arm64/SwiftScraper-OutputFileMap.json -use-frontend-parseable-output -save-temps -no-color-diagnostics -explicit-module-build -module-cache-path /Users/admin/builder/spi-builder-workspace/.derivedData/Build/Intermediates.noindex/SwiftExplicitPrecompiledModules -clang-scanner-module-cache-path /Users/admin/builder/spi-builder-workspace/.derivedData/ModuleCache.noindex -sdk-module-cache-path /Users/admin/builder/spi-builder-workspace/.derivedData/ModuleCache.noindex -serialize-diagnostics -emit-dependencies -emit-module -emit-module-path /Users/admin/builder/spi-builder-workspace/.derivedData/Build/Intermediates.noindex/SwiftScraper.build/Debug-watchos/SwiftScraper.build/Objects-normal/arm64/SwiftScraper.swiftmodule -validate-clang-modules-once -clang-build-session-file /Users/admin/builder/spi-builder-workspace/.derivedData/ModuleCache.noindex/Session.modulevalidation -Xcc -I/Users/admin/builder/spi-builder-workspace/.derivedData/Build/Intermediates.noindex/SwiftScraper.build/Debug-watchos/SwiftScraper.build/swift-overrides.hmap -emit-const-values -Xfrontend -const-gather-protocols-file -Xfrontend /Users/admin/builder/spi-builder-workspace/.derivedData/Build/Intermediates.noindex/SwiftScraper.build/Debug-watchos/SwiftScraper.build/Objects-normal/arm64/SwiftScraper_const_extract_protocols.json -Xcc -I/Users/admin/builder/spi-builder-workspace/.derivedData/Build/Products/Debug-watchos/include -Xcc -I/Users/admin/builder/spi-builder-workspace/.derivedData/Build/Intermediates.noindex/SwiftScraper.build/Debug-watchos/SwiftScraper.build/DerivedSources-normal/arm64 -Xcc -I/Users/admin/builder/spi-builder-workspace/.derivedData/Build/Intermediates.noindex/SwiftScraper.build/Debug-watchos/SwiftScraper.build/DerivedSources/arm64 -Xcc -I/Users/admin/builder/spi-builder-workspace/.derivedData/Build/Intermediates.noindex/SwiftScraper.build/Debug-watchos/SwiftScraper.build/DerivedSources -Xcc -DSWIFT_PACKAGE -Xcc -DDEBUG\=1 -emit-objc-header -emit-objc-header-path /Users/admin/builder/spi-builder-workspace/.derivedData/Build/Intermediates.noindex/SwiftScraper.build/Debug-watchos/SwiftScraper.build/Objects-normal/arm64/SwiftScraper-Swift.h -working-directory /Users/admin/builder/spi-builder-workspace/.swiftpm/xcode -experimental-emit-module-separately -disable-cmo
/Users/admin/builder/spi-builder-workspace/.dependencies/checkouts/SwiftScraper/Sources/SwiftScraper/Browser.swift:11:8: error: Unable to find module dependency: 'WebKit'
import WebKit
^ (in target 'SwiftScraper' from project 'SwiftScraper')
/Users/admin/builder/spi-builder-workspace/.dependencies/checkouts/SwiftScraper/Sources/SwiftScraper/Browser.swift:11:8: note: A dependency of main module 'SwiftScraper'
import WebKit
^ (in target 'SwiftScraper' from project 'SwiftScraper')
/Users/admin/builder/spi-builder-workspace/.dependencies/checkouts/SwiftScraper/Sources/SwiftScraper/Steps/DownloadStep.swift:9:8: note: Also imported here
import WebKit
^ (in target 'SwiftScraper' from project 'SwiftScraper')
SwiftDriver SwiftScraper normal arm64_32 com.apple.xcode.tools.swift.compiler (in target 'SwiftScraper' from project 'SwiftScraper')
cd /Users/admin/builder/spi-builder-workspace/.swiftpm/xcode
builtin-SwiftDriver -- /Applications/Xcode-26.3.0.app/Contents/Developer/Toolchains/XcodeDefault.xctoolchain/usr/bin/swiftc -module-name SwiftScraper -Onone -enforce-exclusivity\=checked @/Users/admin/builder/spi-builder-workspace/.derivedData/Build/Intermediates.noindex/SwiftScraper.build/Debug-watchos/SwiftScraper.build/Objects-normal/arm64_32/SwiftScraper.SwiftFileList -DSWIFT_PACKAGE -DDEBUG -DSWIFT_MODULE_RESOURCE_BUNDLE_AVAILABLE -DXcode -plugin-path /Applications/Xcode-26.3.0.app/Contents/Developer/Toolchains/XcodeDefault.xctoolchain/usr/lib/swift/host/plugins/testing -enable-experimental-feature DebugDescriptionMacro -sdk /Applications/Xcode-26.3.0.app/Contents/Developer/Platforms/WatchOS.platform/Developer/SDKs/WatchOS26.2.sdk -target arm64_32-apple-watchos7.0 -g -module-cache-path /Users/admin/builder/spi-builder-workspace/.derivedData/ModuleCache.noindex -Xfrontend -serialize-debugging-options -profile-coverage-mapping -profile-generate -enable-testing -suppress-warnings -index-store-path /Users/admin/builder/spi-builder-workspace/.derivedData/Index.noindex/DataStore -Xcc -D_LIBCPP_HARDENING_MODE\=_LIBCPP_HARDENING_MODE_DEBUG -swift-version 5 -I /Users/admin/builder/spi-builder-workspace/.derivedData/Build/Products/Debug-watchos -Isystem /Applications/Xcode-26.3.0.app/Contents/Developer/Platforms/WatchOS.platform/Developer/usr/lib -F /Users/admin/builder/spi-builder-workspace/.derivedData/Build/Products/Debug-watchos -F /Applications/Xcode-26.3.0.app/Contents/Developer/Platforms/WatchOS.platform/Developer/Library/Frameworks -F /Applications/Xcode-26.3.0.app/Contents/Developer/Platforms/WatchOS.platform/Developer/SDKs/WatchOS26.2.sdk/Developer/Library/Frameworks -c -j10 -enable-batch-mode -incremental -Xcc -ivfsstatcache -Xcc /Users/admin/builder/spi-builder-workspace/.derivedData/SDKStatCaches.noindex/watchos26.2-23S303-dc75598d0054f22ec865fa860f139d721753b489057de6bda919edfa1c59a62b.sdkstatcache -output-file-map /Users/admin/builder/spi-builder-workspace/.derivedData/Build/Intermediates.noindex/SwiftScraper.build/Debug-watchos/SwiftScraper.build/Objects-normal/arm64_32/SwiftScraper-OutputFileMap.json -use-frontend-parseable-output -save-temps -no-color-diagnostics -explicit-module-build -module-cache-path /Users/admin/builder/spi-builder-workspace/.derivedData/Build/Intermediates.noindex/SwiftExplicitPrecompiledModules -clang-scanner-module-cache-path /Users/admin/builder/spi-builder-workspace/.derivedData/ModuleCache.noindex -sdk-module-cache-path /Users/admin/builder/spi-builder-workspace/.derivedData/ModuleCache.noindex -serialize-diagnostics -emit-dependencies -emit-module -emit-module-path /Users/admin/builder/spi-builder-workspace/.derivedData/Build/Intermediates.noindex/SwiftScraper.build/Debug-watchos/SwiftScraper.build/Objects-normal/arm64_32/SwiftScraper.swiftmodule -validate-clang-modules-once -clang-build-session-file /Users/admin/builder/spi-builder-workspace/.derivedData/ModuleCache.noindex/Session.modulevalidation -Xcc -I/Users/admin/builder/spi-builder-workspace/.derivedData/Build/Intermediates.noindex/SwiftScraper.build/Debug-watchos/SwiftScraper.build/swift-overrides.hmap -emit-const-values -Xfrontend -const-gather-protocols-file -Xfrontend /Users/admin/builder/spi-builder-workspace/.derivedData/Build/Intermediates.noindex/SwiftScraper.build/Debug-watchos/SwiftScraper.build/Objects-normal/arm64_32/SwiftScraper_const_extract_protocols.json -Xcc -I/Users/admin/builder/spi-builder-workspace/.derivedData/Build/Products/Debug-watchos/include -Xcc -I/Users/admin/builder/spi-builder-workspace/.derivedData/Build/Intermediates.noindex/SwiftScraper.build/Debug-watchos/SwiftScraper.build/DerivedSources-normal/arm64_32 -Xcc -I/Users/admin/builder/spi-builder-workspace/.derivedData/Build/Intermediates.noindex/SwiftScraper.build/Debug-watchos/SwiftScraper.build/DerivedSources/arm64_32 -Xcc -I/Users/admin/builder/spi-builder-workspace/.derivedData/Build/Intermediates.noindex/SwiftScraper.build/Debug-watchos/SwiftScraper.build/DerivedSources -Xcc -DSWIFT_PACKAGE -Xcc -DDEBUG\=1 -emit-objc-header -emit-objc-header-path /Users/admin/builder/spi-builder-workspace/.derivedData/Build/Intermediates.noindex/SwiftScraper.build/Debug-watchos/SwiftScraper.build/Objects-normal/arm64_32/SwiftScraper-Swift.h -working-directory /Users/admin/builder/spi-builder-workspace/.swiftpm/xcode -experimental-emit-module-separately -disable-cmo
/Users/admin/builder/spi-builder-workspace/.dependencies/checkouts/SwiftScraper/Sources/SwiftScraper/Browser.swift:11:8: error: Unable to find module dependency: 'WebKit'
import WebKit
^ (in target 'SwiftScraper' from project 'SwiftScraper')
/Users/admin/builder/spi-builder-workspace/.dependencies/checkouts/SwiftScraper/Sources/SwiftScraper/Browser.swift:11:8: note: A dependency of main module 'SwiftScraper'
import WebKit
^ (in target 'SwiftScraper' from project 'SwiftScraper')
/Users/admin/builder/spi-builder-workspace/.dependencies/checkouts/SwiftScraper/Sources/SwiftScraper/Steps/DownloadStep.swift:9:8: note: Also imported here
import WebKit
^ (in target 'SwiftScraper' from project 'SwiftScraper')
SwiftDriver SwiftScraper normal armv7k com.apple.xcode.tools.swift.compiler (in target 'SwiftScraper' from project 'SwiftScraper')
cd /Users/admin/builder/spi-builder-workspace/.swiftpm/xcode
builtin-SwiftDriver -- /Applications/Xcode-26.3.0.app/Contents/Developer/Toolchains/XcodeDefault.xctoolchain/usr/bin/swiftc -module-name SwiftScraper -Onone -enforce-exclusivity\=checked @/Users/admin/builder/spi-builder-workspace/.derivedData/Build/Intermediates.noindex/SwiftScraper.build/Debug-watchos/SwiftScraper.build/Objects-normal/armv7k/SwiftScraper.SwiftFileList -DSWIFT_PACKAGE -DDEBUG -DSWIFT_MODULE_RESOURCE_BUNDLE_AVAILABLE -DXcode -plugin-path /Applications/Xcode-26.3.0.app/Contents/Developer/Toolchains/XcodeDefault.xctoolchain/usr/lib/swift/host/plugins/testing -enable-experimental-feature DebugDescriptionMacro -sdk /Applications/Xcode-26.3.0.app/Contents/Developer/Platforms/WatchOS.platform/Developer/SDKs/WatchOS26.2.sdk -target armv7k-apple-watchos7.0 -g -module-cache-path /Users/admin/builder/spi-builder-workspace/.derivedData/ModuleCache.noindex -Xfrontend -serialize-debugging-options -profile-coverage-mapping -profile-generate -enable-testing -suppress-warnings -index-store-path /Users/admin/builder/spi-builder-workspace/.derivedData/Index.noindex/DataStore -Xcc -D_LIBCPP_HARDENING_MODE\=_LIBCPP_HARDENING_MODE_DEBUG -swift-version 5 -I /Users/admin/builder/spi-builder-workspace/.derivedData/Build/Products/Debug-watchos -Isystem /Applications/Xcode-26.3.0.app/Contents/Developer/Platforms/WatchOS.platform/Developer/usr/lib -F /Users/admin/builder/spi-builder-workspace/.derivedData/Build/Products/Debug-watchos -F /Applications/Xcode-26.3.0.app/Contents/Developer/Platforms/WatchOS.platform/Developer/Library/Frameworks -F /Applications/Xcode-26.3.0.app/Contents/Developer/Platforms/WatchOS.platform/Developer/SDKs/WatchOS26.2.sdk/Developer/Library/Frameworks -c -j10 -enable-batch-mode -incremental -Xcc -ivfsstatcache -Xcc /Users/admin/builder/spi-builder-workspace/.derivedData/SDKStatCaches.noindex/watchos26.2-23S303-dc75598d0054f22ec865fa860f139d721753b489057de6bda919edfa1c59a62b.sdkstatcache -output-file-map /Users/admin/builder/spi-builder-workspace/.derivedData/Build/Intermediates.noindex/SwiftScraper.build/Debug-watchos/SwiftScraper.build/Objects-normal/armv7k/SwiftScraper-OutputFileMap.json -use-frontend-parseable-output -save-temps -no-color-diagnostics -explicit-module-build -module-cache-path /Users/admin/builder/spi-builder-workspace/.derivedData/Build/Intermediates.noindex/SwiftExplicitPrecompiledModules -clang-scanner-module-cache-path /Users/admin/builder/spi-builder-workspace/.derivedData/ModuleCache.noindex -sdk-module-cache-path /Users/admin/builder/spi-builder-workspace/.derivedData/ModuleCache.noindex -serialize-diagnostics -emit-dependencies -emit-module -emit-module-path /Users/admin/builder/spi-builder-workspace/.derivedData/Build/Intermediates.noindex/SwiftScraper.build/Debug-watchos/SwiftScraper.build/Objects-normal/armv7k/SwiftScraper.swiftmodule -validate-clang-modules-once -clang-build-session-file /Users/admin/builder/spi-builder-workspace/.derivedData/ModuleCache.noindex/Session.modulevalidation -Xcc -I/Users/admin/builder/spi-builder-workspace/.derivedData/Build/Intermediates.noindex/SwiftScraper.build/Debug-watchos/SwiftScraper.build/swift-overrides.hmap -emit-const-values -Xfrontend -const-gather-protocols-file -Xfrontend /Users/admin/builder/spi-builder-workspace/.derivedData/Build/Intermediates.noindex/SwiftScraper.build/Debug-watchos/SwiftScraper.build/Objects-normal/armv7k/SwiftScraper_const_extract_protocols.json -Xcc -I/Users/admin/builder/spi-builder-workspace/.derivedData/Build/Products/Debug-watchos/include -Xcc -I/Users/admin/builder/spi-builder-workspace/.derivedData/Build/Intermediates.noindex/SwiftScraper.build/Debug-watchos/SwiftScraper.build/DerivedSources-normal/armv7k -Xcc -I/Users/admin/builder/spi-builder-workspace/.derivedData/Build/Intermediates.noindex/SwiftScraper.build/Debug-watchos/SwiftScraper.build/DerivedSources/armv7k -Xcc -I/Users/admin/builder/spi-builder-workspace/.derivedData/Build/Intermediates.noindex/SwiftScraper.build/Debug-watchos/SwiftScraper.build/DerivedSources -Xcc -DSWIFT_PACKAGE -Xcc -DDEBUG\=1 -emit-objc-header -emit-objc-header-path /Users/admin/builder/spi-builder-workspace/.derivedData/Build/Intermediates.noindex/SwiftScraper.build/Debug-watchos/SwiftScraper.build/Objects-normal/armv7k/SwiftScraper-Swift.h -working-directory /Users/admin/builder/spi-builder-workspace/.swiftpm/xcode -experimental-emit-module-separately -disable-cmo
/Users/admin/builder/spi-builder-workspace/.dependencies/checkouts/SwiftScraper/Sources/SwiftScraper/Browser.swift:11:8: error: Unable to find module dependency: 'WebKit'
import WebKit
^ (in target 'SwiftScraper' from project 'SwiftScraper')
/Users/admin/builder/spi-builder-workspace/.dependencies/checkouts/SwiftScraper/Sources/SwiftScraper/Browser.swift:11:8: note: A dependency of main module 'SwiftScraper'
import WebKit
^ (in target 'SwiftScraper' from project 'SwiftScraper')
/Users/admin/builder/spi-builder-workspace/.dependencies/checkouts/SwiftScraper/Sources/SwiftScraper/Steps/DownloadStep.swift:9:8: note: Also imported here
import WebKit
^ (in target 'SwiftScraper' from project 'SwiftScraper')
2026-07-15 18:36:18.209 xcodebuild[705:4418] [MT] IDERunDestination: Supported platforms for the buildables in the current scheme is empty.
/Users/admin/builder/spi-builder-workspace/.dependencies/checkouts/SwiftScraper/Sources/SwiftScraper/Browser.swift:11:8: error: Unable to find module dependency: 'WebKit'
import WebKit
^
/Users/admin/builder/spi-builder-workspace/.dependencies/checkouts/SwiftScraper/Sources/SwiftScraper/Browser.swift:11:8: note: a dependency of main module 'SwiftScraper'
import WebKit
^
/Users/admin/builder/spi-builder-workspace/.dependencies/checkouts/SwiftScraper/Sources/SwiftScraper/Steps/DownloadStep.swift:9:8: note: also imported here
import WebKit
^
/Users/admin/builder/spi-builder-workspace/.dependencies/checkouts/SwiftScraper/Sources/SwiftScraper/Browser.swift:11:8: error: Unable to find module dependency: 'WebKit'
import WebKit
^
/Users/admin/builder/spi-builder-workspace/.dependencies/checkouts/SwiftScraper/Sources/SwiftScraper/Browser.swift:11:8: note: a dependency of main module 'SwiftScraper'
import WebKit
^
/Users/admin/builder/spi-builder-workspace/.dependencies/checkouts/SwiftScraper/Sources/SwiftScraper/Steps/DownloadStep.swift:9:8: note: also imported here
import WebKit
^
/Users/admin/builder/spi-builder-workspace/.dependencies/checkouts/SwiftScraper/Sources/SwiftScraper/Browser.swift:11:8: error: Unable to find module dependency: 'WebKit'
import WebKit
^
/Users/admin/builder/spi-builder-workspace/.dependencies/checkouts/SwiftScraper/Sources/SwiftScraper/Browser.swift:11:8: note: a dependency of main module 'SwiftScraper'
import WebKit
^
/Users/admin/builder/spi-builder-workspace/.dependencies/checkouts/SwiftScraper/Sources/SwiftScraper/Steps/DownloadStep.swift:9:8: note: also imported here
import WebKit
^
** BUILD FAILED **
The following build commands failed:
SwiftDriver SwiftScraper normal arm64 com.apple.xcode.tools.swift.compiler (in target 'SwiftScraper' from project 'SwiftScraper')
SwiftDriver SwiftScraper normal arm64_32 com.apple.xcode.tools.swift.compiler (in target 'SwiftScraper' from project 'SwiftScraper')
SwiftDriver SwiftScraper normal armv7k com.apple.xcode.tools.swift.compiler (in target 'SwiftScraper' from project 'SwiftScraper')
Building workspace spi-builder-workspace with scheme TangerineDownloader
(4 failures)
Command line invocation:
/Applications/Xcode-26.3.0.app/Contents/Developer/usr/bin/xcodebuild -IDEClonedSourcePackagesDirPathOverride=/Users/admin/builder/spi-builder-workspace/.dependencies -resolvePackageDependencies
Resolve Package Graph
Resolved source packages:
TangerineDownloader: /Users/admin/builder/spi-builder-workspace
SwiftScraper: https://github.com/Nef10/SwiftScraper.git @ 0.7.0
resolved source packages: TangerineDownloader, SwiftScraper
2026-07-15 18:36:22.849 xcodebuild[731:4752] [MT] IDERunDestination: Supported platforms for the buildables in the current scheme is empty.
{
"dependencies" : [
{
"identity" : "swiftscraper",
"requirement" : {
"exact" : [
"0.7.0"
]
},
"type" : "sourceControl",
"url" : "https://github.com/Nef10/SwiftScraper.git"
}
],
"manifest_display_name" : "TangerineDownloader",
"name" : "TangerineDownloader",
"path" : "/Users/admin/builder/spi-builder-workspace",
"platforms" : [
{
"name" : "ios",
"version" : "14.0"
},
{
"name" : "macos",
"version" : "11.0"
}
],
"products" : [
{
"name" : "TangerineDownloader",
"targets" : [
"TangerineDownloader"
],
"type" : {
"library" : [
"automatic"
]
}
}
],
"targets" : [
{
"c99name" : "TangerineDownloaderTests",
"module_type" : "SwiftTarget",
"name" : "TangerineDownloaderTests",
"path" : "Tests/TangerineDownloaderTests",
"sources" : [
"TangerineDownloaderErrorTests.swift"
],
"target_dependencies" : [
"TangerineDownloader"
],
"type" : "test"
},
{
"c99name" : "TangerineDownloader",
"module_type" : "SwiftTarget",
"name" : "TangerineDownloader",
"path" : "Sources/TangerineDownloader",
"product_dependencies" : [
"SwiftScraper"
],
"product_memberships" : [
"TangerineDownloader"
],
"resources" : [
{
"path" : "/Users/admin/builder/spi-builder-workspace/Sources/TangerineDownloader/Resources/TangerineDownload.js",
"rule" : {
"process" : {
}
}
}
],
"sources" : [
"TangerineDownloader.swift",
"TangerineDownloaderDelegate.swift",
"TangerineDownloaderError.swift"
],
"type" : "library"
}
],
"tools_version" : "5.3"
}
{
"workspace" : {
"name" : "spi-builder-workspace",
"schemes" : [
"TangerineDownloader"
]
}
}
2026-07-15 18:36:23.942 xcodebuild[739:4826] [MT] IDERunDestination: Supported platforms for the buildables in the current scheme is empty.
Running build ...
env DEVELOPER_DIR=/Applications/Xcode-26.3.0.app xcrun xcodebuild -IDEClonedSourcePackagesDirPathOverride=$PWD/.dependencies -skipMacroValidation -skipPackagePluginValidation -derivedDataPath $PWD/.derivedData build -scheme TangerineDownloader -destination generic/platform=watchOS
Command line invocation:
/Applications/Xcode-26.3.0.app/Contents/Developer/usr/bin/xcodebuild -IDEClonedSourcePackagesDirPathOverride=/Users/admin/builder/spi-builder-workspace/.dependencies -skipMacroValidation -skipPackagePluginValidation -derivedDataPath /Users/admin/builder/spi-builder-workspace/.derivedData build -scheme TangerineDownloader -destination generic/platform=watchOS
Resolve Package Graph
Resolved source packages:
TangerineDownloader: /Users/admin/builder/spi-builder-workspace
SwiftScraper: https://github.com/Nef10/SwiftScraper.git @ 0.7.0
ComputePackagePrebuildTargetDependencyGraph
Prepare packages
CreateBuildRequest
SendProjectDescription
CreateBuildOperation
ComputeTargetDependencyGraph
note: Building targets in dependency order
note: Target dependency graph (6 targets)
Target 'TangerineDownloader' in project 'TangerineDownloader'
➜ Explicit dependency on target 'TangerineDownloader' in project 'TangerineDownloader'
➜ Explicit dependency on target 'TangerineDownloader_TangerineDownloader' in project 'TangerineDownloader'
➜ Explicit dependency on target 'SwiftScraper' in project 'SwiftScraper'
Target 'TangerineDownloader' in project 'TangerineDownloader'
➜ Explicit dependency on target 'TangerineDownloader_TangerineDownloader' in project 'TangerineDownloader'
➜ Explicit dependency on target 'SwiftScraper' in project 'SwiftScraper'
Target 'SwiftScraper' in project 'SwiftScraper'
➜ Explicit dependency on target 'SwiftScraper' in project 'SwiftScraper'
➜ Explicit dependency on target 'SwiftScraper_SwiftScraper' in project 'SwiftScraper'
Target 'SwiftScraper' in project 'SwiftScraper'
➜ Explicit dependency on target 'SwiftScraper_SwiftScraper' in project 'SwiftScraper'
Target 'SwiftScraper_SwiftScraper' in project 'SwiftScraper' (no dependencies)
Target 'TangerineDownloader_TangerineDownloader' in project 'TangerineDownloader' (no dependencies)
GatherProvisioningInputs
CreateBuildDescription
ClangStatCache /Applications/Xcode-26.3.0.app/Contents/Developer/Toolchains/XcodeDefault.xctoolchain/usr/bin/clang-stat-cache /Applications/Xcode-26.3.0.app/Contents/Developer/Platforms/WatchOS.platform/Developer/SDKs/WatchOS26.2.sdk /Users/admin/builder/spi-builder-workspace/.derivedData/SDKStatCaches.noindex/watchos26.2-23S303-dc75598d0054f22ec865fa860f139d721753b489057de6bda919edfa1c59a62b.sdkstatcache
cd /Users/admin/builder/spi-builder-workspace/.swiftpm/xcode
/Applications/Xcode-26.3.0.app/Contents/Developer/Toolchains/XcodeDefault.xctoolchain/usr/bin/clang-stat-cache /Applications/Xcode-26.3.0.app/Contents/Developer/Platforms/WatchOS.platform/Developer/SDKs/WatchOS26.2.sdk -o /Users/admin/builder/spi-builder-workspace/.derivedData/SDKStatCaches.noindex/watchos26.2-23S303-dc75598d0054f22ec865fa860f139d721753b489057de6bda919edfa1c59a62b.sdkstatcache
SwiftDriver SwiftScraper normal arm64_32 com.apple.xcode.tools.swift.compiler (in target 'SwiftScraper' from project 'SwiftScraper')
cd /Users/admin/builder/spi-builder-workspace/.swiftpm/xcode
builtin-SwiftDriver -- /Applications/Xcode-26.3.0.app/Contents/Developer/Toolchains/XcodeDefault.xctoolchain/usr/bin/swiftc -module-name SwiftScraper -Onone -enforce-exclusivity\=checked @/Users/admin/builder/spi-builder-workspace/.derivedData/Build/Intermediates.noindex/SwiftScraper.build/Debug-watchos/SwiftScraper.build/Objects-normal/arm64_32/SwiftScraper.SwiftFileList -DSWIFT_PACKAGE -DDEBUG -DSWIFT_MODULE_RESOURCE_BUNDLE_AVAILABLE -DXcode -plugin-path /Applications/Xcode-26.3.0.app/Contents/Developer/Toolchains/XcodeDefault.xctoolchain/usr/lib/swift/host/plugins/testing -enable-experimental-feature DebugDescriptionMacro -sdk /Applications/Xcode-26.3.0.app/Contents/Developer/Platforms/WatchOS.platform/Developer/SDKs/WatchOS26.2.sdk -target arm64_32-apple-watchos7.0 -g -module-cache-path /Users/admin/builder/spi-builder-workspace/.derivedData/ModuleCache.noindex -Xfrontend -serialize-debugging-options -profile-coverage-mapping -profile-generate -enable-testing -suppress-warnings -index-store-path /Users/admin/builder/spi-builder-workspace/.derivedData/Index.noindex/DataStore -Xcc -D_LIBCPP_HARDENING_MODE\=_LIBCPP_HARDENING_MODE_DEBUG -swift-version 5 -I /Users/admin/builder/spi-builder-workspace/.derivedData/Build/Products/Debug-watchos -Isystem /Applications/Xcode-26.3.0.app/Contents/Developer/Platforms/WatchOS.platform/Developer/usr/lib -F /Users/admin/builder/spi-builder-workspace/.derivedData/Build/Products/Debug-watchos -F /Applications/Xcode-26.3.0.app/Contents/Developer/Platforms/WatchOS.platform/Developer/Library/Frameworks -F /Applications/Xcode-26.3.0.app/Contents/Developer/Platforms/WatchOS.platform/Developer/SDKs/WatchOS26.2.sdk/Developer/Library/Frameworks -c -j10 -enable-batch-mode -incremental -Xcc -ivfsstatcache -Xcc /Users/admin/builder/spi-builder-workspace/.derivedData/SDKStatCaches.noindex/watchos26.2-23S303-dc75598d0054f22ec865fa860f139d721753b489057de6bda919edfa1c59a62b.sdkstatcache -output-file-map /Users/admin/builder/spi-builder-workspace/.derivedData/Build/Intermediates.noindex/SwiftScraper.build/Debug-watchos/SwiftScraper.build/Objects-normal/arm64_32/SwiftScraper-OutputFileMap.json -use-frontend-parseable-output -save-temps -no-color-diagnostics -explicit-module-build -module-cache-path /Users/admin/builder/spi-builder-workspace/.derivedData/Build/Intermediates.noindex/SwiftExplicitPrecompiledModules -clang-scanner-module-cache-path /Users/admin/builder/spi-builder-workspace/.derivedData/ModuleCache.noindex -sdk-module-cache-path /Users/admin/builder/spi-builder-workspace/.derivedData/ModuleCache.noindex -serialize-diagnostics -emit-dependencies -emit-module -emit-module-path /Users/admin/builder/spi-builder-workspace/.derivedData/Build/Intermediates.noindex/SwiftScraper.build/Debug-watchos/SwiftScraper.build/Objects-normal/arm64_32/SwiftScraper.swiftmodule -validate-clang-modules-once -clang-build-session-file /Users/admin/builder/spi-builder-workspace/.derivedData/ModuleCache.noindex/Session.modulevalidation -Xcc -I/Users/admin/builder/spi-builder-workspace/.derivedData/Build/Intermediates.noindex/SwiftScraper.build/Debug-watchos/SwiftScraper.build/swift-overrides.hmap -emit-const-values -Xfrontend -const-gather-protocols-file -Xfrontend /Users/admin/builder/spi-builder-workspace/.derivedData/Build/Intermediates.noindex/SwiftScraper.build/Debug-watchos/SwiftScraper.build/Objects-normal/arm64_32/SwiftScraper_const_extract_protocols.json -Xcc -I/Users/admin/builder/spi-builder-workspace/.derivedData/Build/Products/Debug-watchos/include -Xcc -I/Users/admin/builder/spi-builder-workspace/.derivedData/Build/Intermediates.noindex/SwiftScraper.build/Debug-watchos/SwiftScraper.build/DerivedSources-normal/arm64_32 -Xcc -I/Users/admin/builder/spi-builder-workspace/.derivedData/Build/Intermediates.noindex/SwiftScraper.build/Debug-watchos/SwiftScraper.build/DerivedSources/arm64_32 -Xcc -I/Users/admin/builder/spi-builder-workspace/.derivedData/Build/Intermediates.noindex/SwiftScraper.build/Debug-watchos/SwiftScraper.build/DerivedSources -Xcc -DSWIFT_PACKAGE -Xcc -DDEBUG\=1 -emit-objc-header -emit-objc-header-path /Users/admin/builder/spi-builder-workspace/.derivedData/Build/Intermediates.noindex/SwiftScraper.build/Debug-watchos/SwiftScraper.build/Objects-normal/arm64_32/SwiftScraper-Swift.h -working-directory /Users/admin/builder/spi-builder-workspace/.swiftpm/xcode -experimental-emit-module-separately -disable-cmo
/Users/admin/builder/spi-builder-workspace/.dependencies/checkouts/SwiftScraper/Sources/SwiftScraper/Browser.swift:11:8: error: Unable to find module dependency: 'WebKit'
import WebKit
^ (in target 'SwiftScraper' from project 'SwiftScraper')
/Users/admin/builder/spi-builder-workspace/.dependencies/checkouts/SwiftScraper/Sources/SwiftScraper/Browser.swift:11:8: note: A dependency of main module 'SwiftScraper'
import WebKit
^ (in target 'SwiftScraper' from project 'SwiftScraper')
/Users/admin/builder/spi-builder-workspace/.dependencies/checkouts/SwiftScraper/Sources/SwiftScraper/Steps/DownloadStep.swift:9:8: note: Also imported here
import WebKit
^ (in target 'SwiftScraper' from project 'SwiftScraper')
SwiftDriver SwiftScraper normal armv7k com.apple.xcode.tools.swift.compiler (in target 'SwiftScraper' from project 'SwiftScraper')
cd /Users/admin/builder/spi-builder-workspace/.swiftpm/xcode
builtin-SwiftDriver -- /Applications/Xcode-26.3.0.app/Contents/Developer/Toolchains/XcodeDefault.xctoolchain/usr/bin/swiftc -module-name SwiftScraper -Onone -enforce-exclusivity\=checked @/Users/admin/builder/spi-builder-workspace/.derivedData/Build/Intermediates.noindex/SwiftScraper.build/Debug-watchos/SwiftScraper.build/Objects-normal/armv7k/SwiftScraper.SwiftFileList -DSWIFT_PACKAGE -DDEBUG -DSWIFT_MODULE_RESOURCE_BUNDLE_AVAILABLE -DXcode -plugin-path /Applications/Xcode-26.3.0.app/Contents/Developer/Toolchains/XcodeDefault.xctoolchain/usr/lib/swift/host/plugins/testing -enable-experimental-feature DebugDescriptionMacro -sdk /Applications/Xcode-26.3.0.app/Contents/Developer/Platforms/WatchOS.platform/Developer/SDKs/WatchOS26.2.sdk -target armv7k-apple-watchos7.0 -g -module-cache-path /Users/admin/builder/spi-builder-workspace/.derivedData/ModuleCache.noindex -Xfrontend -serialize-debugging-options -profile-coverage-mapping -profile-generate -enable-testing -suppress-warnings -index-store-path /Users/admin/builder/spi-builder-workspace/.derivedData/Index.noindex/DataStore -Xcc -D_LIBCPP_HARDENING_MODE\=_LIBCPP_HARDENING_MODE_DEBUG -swift-version 5 -I /Users/admin/builder/spi-builder-workspace/.derivedData/Build/Products/Debug-watchos -Isystem /Applications/Xcode-26.3.0.app/Contents/Developer/Platforms/WatchOS.platform/Developer/usr/lib -F /Users/admin/builder/spi-builder-workspace/.derivedData/Build/Products/Debug-watchos -F /Applications/Xcode-26.3.0.app/Contents/Developer/Platforms/WatchOS.platform/Developer/Library/Frameworks -F /Applications/Xcode-26.3.0.app/Contents/Developer/Platforms/WatchOS.platform/Developer/SDKs/WatchOS26.2.sdk/Developer/Library/Frameworks -c -j10 -enable-batch-mode -incremental -Xcc -ivfsstatcache -Xcc /Users/admin/builder/spi-builder-workspace/.derivedData/SDKStatCaches.noindex/watchos26.2-23S303-dc75598d0054f22ec865fa860f139d721753b489057de6bda919edfa1c59a62b.sdkstatcache -output-file-map /Users/admin/builder/spi-builder-workspace/.derivedData/Build/Intermediates.noindex/SwiftScraper.build/Debug-watchos/SwiftScraper.build/Objects-normal/armv7k/SwiftScraper-OutputFileMap.json -use-frontend-parseable-output -save-temps -no-color-diagnostics -explicit-module-build -module-cache-path /Users/admin/builder/spi-builder-workspace/.derivedData/Build/Intermediates.noindex/SwiftExplicitPrecompiledModules -clang-scanner-module-cache-path /Users/admin/builder/spi-builder-workspace/.derivedData/ModuleCache.noindex -sdk-module-cache-path /Users/admin/builder/spi-builder-workspace/.derivedData/ModuleCache.noindex -serialize-diagnostics -emit-dependencies -emit-module -emit-module-path /Users/admin/builder/spi-builder-workspace/.derivedData/Build/Intermediates.noindex/SwiftScraper.build/Debug-watchos/SwiftScraper.build/Objects-normal/armv7k/SwiftScraper.swiftmodule -validate-clang-modules-once -clang-build-session-file /Users/admin/builder/spi-builder-workspace/.derivedData/ModuleCache.noindex/Session.modulevalidation -Xcc -I/Users/admin/builder/spi-builder-workspace/.derivedData/Build/Intermediates.noindex/SwiftScraper.build/Debug-watchos/SwiftScraper.build/swift-overrides.hmap -emit-const-values -Xfrontend -const-gather-protocols-file -Xfrontend /Users/admin/builder/spi-builder-workspace/.derivedData/Build/Intermediates.noindex/SwiftScraper.build/Debug-watchos/SwiftScraper.build/Objects-normal/armv7k/SwiftScraper_const_extract_protocols.json -Xcc -I/Users/admin/builder/spi-builder-workspace/.derivedData/Build/Products/Debug-watchos/include -Xcc -I/Users/admin/builder/spi-builder-workspace/.derivedData/Build/Intermediates.noindex/SwiftScraper.build/Debug-watchos/SwiftScraper.build/DerivedSources-normal/armv7k -Xcc -I/Users/admin/builder/spi-builder-workspace/.derivedData/Build/Intermediates.noindex/SwiftScraper.build/Debug-watchos/SwiftScraper.build/DerivedSources/armv7k -Xcc -I/Users/admin/builder/spi-builder-workspace/.derivedData/Build/Intermediates.noindex/SwiftScraper.build/Debug-watchos/SwiftScraper.build/DerivedSources -Xcc -DSWIFT_PACKAGE -Xcc -DDEBUG\=1 -emit-objc-header -emit-objc-header-path /Users/admin/builder/spi-builder-workspace/.derivedData/Build/Intermediates.noindex/SwiftScraper.build/Debug-watchos/SwiftScraper.build/Objects-normal/armv7k/SwiftScraper-Swift.h -working-directory /Users/admin/builder/spi-builder-workspace/.swiftpm/xcode -experimental-emit-module-separately -disable-cmo
/Users/admin/builder/spi-builder-workspace/.dependencies/checkouts/SwiftScraper/Sources/SwiftScraper/Browser.swift:11:8: error: Unable to find module dependency: 'WebKit'
import WebKit
^ (in target 'SwiftScraper' from project 'SwiftScraper')
/Users/admin/builder/spi-builder-workspace/.dependencies/checkouts/SwiftScraper/Sources/SwiftScraper/Browser.swift:11:8: note: A dependency of main module 'SwiftScraper'
import WebKit
^ (in target 'SwiftScraper' from project 'SwiftScraper')
/Users/admin/builder/spi-builder-workspace/.dependencies/checkouts/SwiftScraper/Sources/SwiftScraper/Steps/DownloadStep.swift:9:8: note: Also imported here
import WebKit
^ (in target 'SwiftScraper' from project 'SwiftScraper')
SwiftDriver SwiftScraper normal arm64 com.apple.xcode.tools.swift.compiler (in target 'SwiftScraper' from project 'SwiftScraper')
cd /Users/admin/builder/spi-builder-workspace/.swiftpm/xcode
builtin-SwiftDriver -- /Applications/Xcode-26.3.0.app/Contents/Developer/Toolchains/XcodeDefault.xctoolchain/usr/bin/swiftc -module-name SwiftScraper -Onone -enforce-exclusivity\=checked @/Users/admin/builder/spi-builder-workspace/.derivedData/Build/Intermediates.noindex/SwiftScraper.build/Debug-watchos/SwiftScraper.build/Objects-normal/arm64/SwiftScraper.SwiftFileList -DSWIFT_PACKAGE -DDEBUG -DSWIFT_MODULE_RESOURCE_BUNDLE_AVAILABLE -DXcode -plugin-path /Applications/Xcode-26.3.0.app/Contents/Developer/Toolchains/XcodeDefault.xctoolchain/usr/lib/swift/host/plugins/testing -enable-experimental-feature DebugDescriptionMacro -sdk /Applications/Xcode-26.3.0.app/Contents/Developer/Platforms/WatchOS.platform/Developer/SDKs/WatchOS26.2.sdk -target arm64-apple-watchos7.0 -g -module-cache-path /Users/admin/builder/spi-builder-workspace/.derivedData/ModuleCache.noindex -Xfrontend -serialize-debugging-options -profile-coverage-mapping -profile-generate -enable-testing -suppress-warnings -index-store-path /Users/admin/builder/spi-builder-workspace/.derivedData/Index.noindex/DataStore -Xcc -D_LIBCPP_HARDENING_MODE\=_LIBCPP_HARDENING_MODE_DEBUG -swift-version 5 -I /Users/admin/builder/spi-builder-workspace/.derivedData/Build/Products/Debug-watchos -Isystem /Applications/Xcode-26.3.0.app/Contents/Developer/Platforms/WatchOS.platform/Developer/usr/lib -F /Users/admin/builder/spi-builder-workspace/.derivedData/Build/Products/Debug-watchos -F /Applications/Xcode-26.3.0.app/Contents/Developer/Platforms/WatchOS.platform/Developer/Library/Frameworks -F /Applications/Xcode-26.3.0.app/Contents/Developer/Platforms/WatchOS.platform/Developer/SDKs/WatchOS26.2.sdk/Developer/Library/Frameworks -c -j10 -enable-batch-mode -incremental -Xcc -ivfsstatcache -Xcc /Users/admin/builder/spi-builder-workspace/.derivedData/SDKStatCaches.noindex/watchos26.2-23S303-dc75598d0054f22ec865fa860f139d721753b489057de6bda919edfa1c59a62b.sdkstatcache -output-file-map /Users/admin/builder/spi-builder-workspace/.derivedData/Build/Intermediates.noindex/SwiftScraper.build/Debug-watchos/SwiftScraper.build/Objects-normal/arm64/SwiftScraper-OutputFileMap.json -use-frontend-parseable-output -save-temps -no-color-diagnostics -explicit-module-build -module-cache-path /Users/admin/builder/spi-builder-workspace/.derivedData/Build/Intermediates.noindex/SwiftExplicitPrecompiledModules -clang-scanner-module-cache-path /Users/admin/builder/spi-builder-workspace/.derivedData/ModuleCache.noindex -sdk-module-cache-path /Users/admin/builder/spi-builder-workspace/.derivedData/ModuleCache.noindex -serialize-diagnostics -emit-dependencies -emit-module -emit-module-path /Users/admin/builder/spi-builder-workspace/.derivedData/Build/Intermediates.noindex/SwiftScraper.build/Debug-watchos/SwiftScraper.build/Objects-normal/arm64/SwiftScraper.swiftmodule -validate-clang-modules-once -clang-build-session-file /Users/admin/builder/spi-builder-workspace/.derivedData/ModuleCache.noindex/Session.modulevalidation -Xcc -I/Users/admin/builder/spi-builder-workspace/.derivedData/Build/Intermediates.noindex/SwiftScraper.build/Debug-watchos/SwiftScraper.build/swift-overrides.hmap -emit-const-values -Xfrontend -const-gather-protocols-file -Xfrontend /Users/admin/builder/spi-builder-workspace/.derivedData/Build/Intermediates.noindex/SwiftScraper.build/Debug-watchos/SwiftScraper.build/Objects-normal/arm64/SwiftScraper_const_extract_protocols.json -Xcc -I/Users/admin/builder/spi-builder-workspace/.derivedData/Build/Products/Debug-watchos/include -Xcc -I/Users/admin/builder/spi-builder-workspace/.derivedData/Build/Intermediates.noindex/SwiftScraper.build/Debug-watchos/SwiftScraper.build/DerivedSources-normal/arm64 -Xcc -I/Users/admin/builder/spi-builder-workspace/.derivedData/Build/Intermediates.noindex/SwiftScraper.build/Debug-watchos/SwiftScraper.build/DerivedSources/arm64 -Xcc -I/Users/admin/builder/spi-builder-workspace/.derivedData/Build/Intermediates.noindex/SwiftScraper.build/Debug-watchos/SwiftScraper.build/DerivedSources -Xcc -DSWIFT_PACKAGE -Xcc -DDEBUG\=1 -emit-objc-header -emit-objc-header-path /Users/admin/builder/spi-builder-workspace/.derivedData/Build/Intermediates.noindex/SwiftScraper.build/Debug-watchos/SwiftScraper.build/Objects-normal/arm64/SwiftScraper-Swift.h -working-directory /Users/admin/builder/spi-builder-workspace/.swiftpm/xcode -experimental-emit-module-separately -disable-cmo
/Users/admin/builder/spi-builder-workspace/.dependencies/checkouts/SwiftScraper/Sources/SwiftScraper/Browser.swift:11:8: error: Unable to find module dependency: 'WebKit'
import WebKit
^ (in target 'SwiftScraper' from project 'SwiftScraper')
/Users/admin/builder/spi-builder-workspace/.dependencies/checkouts/SwiftScraper/Sources/SwiftScraper/Browser.swift:11:8: note: A dependency of main module 'SwiftScraper'
import WebKit
^ (in target 'SwiftScraper' from project 'SwiftScraper')
/Users/admin/builder/spi-builder-workspace/.dependencies/checkouts/SwiftScraper/Sources/SwiftScraper/Steps/DownloadStep.swift:9:8: note: Also imported here
import WebKit
^ (in target 'SwiftScraper' from project 'SwiftScraper')
2026-07-15 18:36:24.814 xcodebuild[741:4859] [MT] IDERunDestination: Supported platforms for the buildables in the current scheme is empty.
/Users/admin/builder/spi-builder-workspace/.dependencies/checkouts/SwiftScraper/Sources/SwiftScraper/Browser.swift:11:8: error: Unable to find module dependency: 'WebKit'
import WebKit
^
/Users/admin/builder/spi-builder-workspace/.dependencies/checkouts/SwiftScraper/Sources/SwiftScraper/Browser.swift:11:8: note: a dependency of main module 'SwiftScraper'
import WebKit
^
/Users/admin/builder/spi-builder-workspace/.dependencies/checkouts/SwiftScraper/Sources/SwiftScraper/Steps/DownloadStep.swift:9:8: note: also imported here
import WebKit
^
/Users/admin/builder/spi-builder-workspace/.dependencies/checkouts/SwiftScraper/Sources/SwiftScraper/Browser.swift:11:8: error: Unable to find module dependency: 'WebKit'
import WebKit
^
/Users/admin/builder/spi-builder-workspace/.dependencies/checkouts/SwiftScraper/Sources/SwiftScraper/Browser.swift:11:8: note: a dependency of main module 'SwiftScraper'
import WebKit
^
/Users/admin/builder/spi-builder-workspace/.dependencies/checkouts/SwiftScraper/Sources/SwiftScraper/Steps/DownloadStep.swift:9:8: note: also imported here
import WebKit
^
/Users/admin/builder/spi-builder-workspace/.dependencies/checkouts/SwiftScraper/Sources/SwiftScraper/Browser.swift:11:8: error: Unable to find module dependency: 'WebKit'
import WebKit
^
/Users/admin/builder/spi-builder-workspace/.dependencies/checkouts/SwiftScraper/Sources/SwiftScraper/Browser.swift:11:8: note: a dependency of main module 'SwiftScraper'
import WebKit
^
/Users/admin/builder/spi-builder-workspace/.dependencies/checkouts/SwiftScraper/Sources/SwiftScraper/Steps/DownloadStep.swift:9:8: note: also imported here
import WebKit
^
** BUILD FAILED **
The following build commands failed:
SwiftDriver SwiftScraper normal arm64_32 com.apple.xcode.tools.swift.compiler (in target 'SwiftScraper' from project 'SwiftScraper')
SwiftDriver SwiftScraper normal armv7k com.apple.xcode.tools.swift.compiler (in target 'SwiftScraper' from project 'SwiftScraper')
SwiftDriver SwiftScraper normal arm64 com.apple.xcode.tools.swift.compiler (in target 'SwiftScraper' from project 'SwiftScraper')
Building workspace spi-builder-workspace with scheme TangerineDownloader
(4 failures)
BUILD FAILURE 6.2 watchOS