The Swift Package Index logo.Swift Package Index

Build Information

Failed to build XAISDK, reference 1.2.0 (fc3bcc), with Swift 6.2 for Wasm on 27 Jun 2026 13:25:44 UTC.

Build Command

bash -c docker run --pull=always --rm -v "checkouts-53886768-0":/host -w "$PWD" -e JAVA_HOME="/root/.sdkman/candidates/java/current" -e SPI_BUILD="1" -e SPI_PROCESSING="1" registry.gitlab.com/saguaro1/spi-images:wasm-6.2-latest swift build --swift-sdk swift-6.2-RELEASE_wasm 2>&1

Build Log

========================================
RunAll
========================================
Builder version: 0e64495ecc1688c3b3e031a5ef1348b5c05091ae
Interrupt handler set up.
========================================
Checkout
========================================
Clone URL: https://github.com/DnV1eX/XAISDK.git
Reference: 1.2.0
Initialized empty Git repository in /host/spi-builder-workspace/.git/
hint: Using 'master' as the name for the initial branch. This default branch name
hint: is subject to change. To configure the initial branch name to use in all
hint: of your new repositories, which will suppress this warning, call:
hint:
hint: 	git config --global init.defaultBranch <name>
hint:
hint: Names commonly chosen instead of 'master' are 'main', 'trunk' and
hint: 'development'. The just-created branch can be renamed via this command:
hint:
hint: 	git branch -m <name>
From https://github.com/DnV1eX/XAISDK
 * tag               1.2.0      -> FETCH_HEAD
HEAD is now at fc3bccb Drop Swift 6.0 support and regenerate sources
Submodule path 'xai-proto': checked out '543b901d69762b8e96f72450ac3619332eba698a'
Submodule 'xai-proto' (https://github.com/xai-org/xai-proto.git) registered for path 'xai-proto'
Cloning into '/host/spi-builder-workspace/xai-proto'...
Cloned https://github.com/DnV1eX/XAISDK.git
Revision (git rev-parse @):
fc3bccbbe11e841bee30b297997db68f90b60fa3
SUCCESS checkout https://github.com/DnV1eX/XAISDK.git at 1.2.0
========================================
Build
========================================
Selected platform:         wasm
Swift version:             6.2
Building package at path:  $PWD
https://github.com/DnV1eX/XAISDK.git
Running build ...
bash -c docker run --pull=always --rm -v "checkouts-53886768-0":/host -w "$PWD" -e JAVA_HOME="/root/.sdkman/candidates/java/current" -e SPI_BUILD="1" -e SPI_PROCESSING="1" registry.gitlab.com/saguaro1/spi-images:wasm-6.2-latest swift build --swift-sdk swift-6.2-RELEASE_wasm 2>&1
wasm-6.2-latest: Pulling from saguaro1/spi-images
Digest: sha256:dc8dffc38f1d92eca7ee5312617822470123661393ed20672e77964f9dcaaffb
Status: Image is up to date for registry.gitlab.com/saguaro1/spi-images:wasm-6.2-latest
Fetching https://github.com/grpc/grpc-swift-nio-transport.git
Fetching https://github.com/grpc/grpc-swift-2.git
Fetching https://github.com/grpc/grpc-swift-protobuf.git
[1/30187] Fetching grpc-swift-2
[2/32721] Fetching grpc-swift-2, grpc-swift-protobuf
[1619/38627] Fetching grpc-swift-2, grpc-swift-protobuf, grpc-swift-nio-transport
Fetched https://github.com/grpc/grpc-swift-nio-transport.git from cache (0.51s)
[16421/32721] Fetching grpc-swift-2, grpc-swift-protobuf
Fetched https://github.com/grpc/grpc-swift-protobuf.git from cache (0.95s)
Fetched https://github.com/grpc/grpc-swift-2.git from cache (0.96s)
Computing version for https://github.com/grpc/grpc-swift-2.git
Computed https://github.com/grpc/grpc-swift-2.git at 2.4.2 (1.13s)
Fetching https://github.com/apple/swift-collections.git
[1/25239] Fetching swift-collections
Fetched https://github.com/apple/swift-collections.git from cache (1.19s)
Computing version for https://github.com/grpc/grpc-swift-protobuf.git
Computed https://github.com/grpc/grpc-swift-protobuf.git at 2.4.1 (1.38s)
Fetching https://github.com/apple/swift-protobuf.git
[1/50980] Fetching swift-protobuf
Fetched https://github.com/apple/swift-protobuf.git from cache (3.77s)
Computing version for https://github.com/apple/swift-protobuf.git
Computed https://github.com/apple/swift-protobuf.git at 1.38.1 (3.95s)
Computing version for https://github.com/apple/swift-collections.git
Computed https://github.com/apple/swift-collections.git at 1.6.0 (0.22s)
Computing version for https://github.com/grpc/grpc-swift-nio-transport.git
Computed https://github.com/grpc/grpc-swift-nio-transport.git at 2.9.0 (0.16s)
Fetching https://github.com/apple/swift-asn1.git
Fetching https://github.com/apple/swift-certificates.git
Fetching https://github.com/apple/swift-nio-http2.git
Fetching https://github.com/apple/swift-nio-ssl.git
Fetching https://github.com/apple/swift-nio-transport-services.git
Fetching https://github.com/apple/swift-nio.git
[1/2860] Fetching swift-nio-transport-services
[2/10188] Fetching swift-nio-transport-services, swift-certificates
Fetched https://github.com/apple/swift-nio-transport-services.git from cache (0.54s)
Fetching https://github.com/apple/swift-nio-extras.git
[1/84154] Fetching swift-nio
[843/96277] Fetching swift-nio, swift-nio-http2
[3011/98182] Fetching swift-nio, swift-nio-http2, swift-asn1
[18759/113757] Fetching swift-nio, swift-nio-http2, swift-asn1, swift-nio-ssl
[60030/120300] Fetching swift-nio, swift-nio-http2, swift-asn1, swift-nio-ssl, swift-nio-extras
Fetched https://github.com/apple/swift-nio-extras.git from cache (0.57s)
[65636/113757] Fetching swift-nio, swift-nio-http2, swift-asn1, swift-nio-ssl
Fetched https://github.com/apple/swift-asn1.git from cache (1.44s)
Fetched https://github.com/apple/swift-certificates.git from cache (1.44s)
Fetched https://github.com/apple/swift-nio-http2.git from cache (1.44s)
[73642/99729] Fetching swift-nio, swift-nio-ssl
Fetched https://github.com/apple/swift-nio-ssl.git from cache (3.01s)
Fetched https://github.com/apple/swift-nio.git from cache (3.04s)
Computing version for https://github.com/apple/swift-nio-http2.git
Computed https://github.com/apple/swift-nio-http2.git at 1.44.0 (3.20s)
Fetching https://github.com/apple/swift-atomics.git
[1/1868] Fetching swift-atomics
Fetched https://github.com/apple/swift-atomics.git from cache (0.47s)
Computing version for https://github.com/apple/swift-atomics.git
Computed https://github.com/apple/swift-atomics.git at 1.3.1 (0.63s)
Computing version for https://github.com/apple/swift-nio-ssl.git
Computed https://github.com/apple/swift-nio-ssl.git at 2.37.1 (0.18s)
Computing version for https://github.com/apple/swift-nio.git
Computed https://github.com/apple/swift-nio.git at 2.101.2 (0.34s)
Fetching https://github.com/apple/swift-system.git
[1/5941] Fetching swift-system
Fetched https://github.com/apple/swift-system.git from cache (0.51s)
Computing version for https://github.com/apple/swift-certificates.git
Computed https://github.com/apple/swift-certificates.git at 1.19.2 (1.40s)
Fetching https://github.com/apple/swift-crypto.git
[1/17761] Fetching swift-crypto
Fetched https://github.com/apple/swift-crypto.git from cache (1.68s)
Computing version for https://github.com/apple/swift-asn1.git
Computed https://github.com/apple/swift-asn1.git at 1.7.1 (1.86s)
Computing version for https://github.com/apple/swift-nio-transport-services.git
Computed https://github.com/apple/swift-nio-transport-services.git at 1.28.0 (0.14s)
Computing version for https://github.com/apple/swift-system.git
Computed https://github.com/apple/swift-system.git at 1.7.2 (0.17s)
Computing version for https://github.com/apple/swift-nio-extras.git
Computed https://github.com/apple/swift-nio-extras.git at 1.34.1 (0.20s)
Fetching https://github.com/apple/swift-http-structured-headers.git
Fetching https://github.com/apple/swift-algorithms.git
Fetching https://github.com/swift-server/swift-service-lifecycle.git
Fetching https://github.com/apple/swift-log.git
Fetching https://github.com/apple/swift-async-algorithms.git
Fetching https://github.com/apple/swift-http-types.git
[1/7598] Fetching swift-log
[77/8817] Fetching swift-log, swift-http-types
[406/10066] Fetching swift-log, swift-http-types, swift-http-structured-headers
[2911/12830] Fetching swift-log, swift-http-types, swift-http-structured-headers, swift-service-lifecycle
Fetched https://github.com/apple/swift-http-types.git from cache (0.42s)
[4862/11611] Fetching swift-log, swift-http-structured-headers, swift-service-lifecycle
[11474/17674] Fetching swift-log, swift-http-structured-headers, swift-service-lifecycle, swift-algorithms
[11734/24227] Fetching swift-log, swift-http-structured-headers, swift-service-lifecycle, swift-algorithms, swift-async-algorithms
Fetched https://github.com/swift-server/swift-service-lifecycle.git from cache (0.54s)
Fetched https://github.com/apple/swift-http-structured-headers.git from cache (0.54s)
Fetched https://github.com/apple/swift-algorithms.git from cache (0.54s)
Fetched https://github.com/apple/swift-async-algorithms.git from cache (0.54s)
Fetched https://github.com/apple/swift-log.git from cache (0.54s)
Computing version for https://github.com/apple/swift-algorithms.git
Computed https://github.com/apple/swift-algorithms.git at 1.2.1 (1.39s)
Fetching https://github.com/apple/swift-numerics.git
[1/6429] Fetching swift-numerics
Fetched https://github.com/apple/swift-numerics.git from cache (0.53s)
Computing version for https://github.com/swift-server/swift-service-lifecycle.git
Computed https://github.com/swift-server/swift-service-lifecycle.git at 2.11.0 (0.68s)
Computing version for https://github.com/apple/swift-async-algorithms.git
Computed https://github.com/apple/swift-async-algorithms.git at 1.1.4 (0.19s)
Computing version for https://github.com/apple/swift-http-types.git
Computed https://github.com/apple/swift-http-types.git at 1.6.0 (0.14s)
Computing version for https://github.com/apple/swift-numerics.git
Computed https://github.com/apple/swift-numerics.git at 1.1.1 (0.13s)
Computing version for https://github.com/apple/swift-http-structured-headers.git
Computed https://github.com/apple/swift-http-structured-headers.git at 1.7.0 (0.13s)
Computing version for https://github.com/apple/swift-log.git
Computed https://github.com/apple/swift-log.git at 1.14.0 (0.15s)
Computing version for https://github.com/apple/swift-crypto.git
Computed https://github.com/apple/swift-crypto.git at 4.5.0 (0.46s)
Creating working copy for https://github.com/apple/swift-collections.git
Working copy of https://github.com/apple/swift-collections.git resolved at 1.6.0
Creating working copy for https://github.com/grpc/grpc-swift-nio-transport.git
Working copy of https://github.com/grpc/grpc-swift-nio-transport.git resolved at 2.9.0
Creating working copy for https://github.com/apple/swift-log.git
Working copy of https://github.com/apple/swift-log.git resolved at 1.14.0
Creating working copy for https://github.com/apple/swift-http-types.git
Working copy of https://github.com/apple/swift-http-types.git resolved at 1.6.0
Creating working copy for https://github.com/apple/swift-asn1.git
Working copy of https://github.com/apple/swift-asn1.git resolved at 1.7.1
Creating working copy for https://github.com/apple/swift-protobuf.git
Working copy of https://github.com/apple/swift-protobuf.git resolved at 1.38.1
Creating working copy for https://github.com/grpc/grpc-swift-2.git
Working copy of https://github.com/grpc/grpc-swift-2.git resolved at 2.4.2
Creating working copy for https://github.com/apple/swift-atomics.git
Working copy of https://github.com/apple/swift-atomics.git resolved at 1.3.1
Creating working copy for https://github.com/apple/swift-crypto.git
Working copy of https://github.com/apple/swift-crypto.git resolved at 4.5.0
Creating working copy for https://github.com/apple/swift-http-structured-headers.git
Working copy of https://github.com/apple/swift-http-structured-headers.git resolved at 1.7.0
Creating working copy for https://github.com/apple/swift-nio-extras.git
Working copy of https://github.com/apple/swift-nio-extras.git resolved at 1.34.1
Creating working copy for https://github.com/apple/swift-certificates.git
Working copy of https://github.com/apple/swift-certificates.git resolved at 1.19.2
Creating working copy for https://github.com/apple/swift-system.git
Working copy of https://github.com/apple/swift-system.git resolved at 1.7.2
Creating working copy for https://github.com/apple/swift-numerics.git
Working copy of https://github.com/apple/swift-numerics.git resolved at 1.1.1
Creating working copy for https://github.com/apple/swift-nio.git
Working copy of https://github.com/apple/swift-nio.git resolved at 2.101.2
Creating working copy for https://github.com/apple/swift-algorithms.git
Working copy of https://github.com/apple/swift-algorithms.git resolved at 1.2.1
Creating working copy for https://github.com/apple/swift-async-algorithms.git
Working copy of https://github.com/apple/swift-async-algorithms.git resolved at 1.1.4
Creating working copy for https://github.com/grpc/grpc-swift-protobuf.git
Working copy of https://github.com/grpc/grpc-swift-protobuf.git resolved at 2.4.1
Creating working copy for https://github.com/apple/swift-nio-ssl.git
Working copy of https://github.com/apple/swift-nio-ssl.git resolved at 2.37.1
Creating working copy for https://github.com/swift-server/swift-service-lifecycle.git
Working copy of https://github.com/swift-server/swift-service-lifecycle.git resolved at 2.11.0
Creating working copy for https://github.com/apple/swift-nio-transport-services.git
Working copy of https://github.com/apple/swift-nio-transport-services.git resolved at 1.28.0
Creating working copy for https://github.com/apple/swift-nio-http2.git
Working copy of https://github.com/apple/swift-nio-http2.git resolved at 1.44.0
[1/1] Compiling plugin generate-grpc-code-from-protos
[2/2] Compiling plugin GRPCProtobufGenerator
[3/3] Compiling plugin SwiftProtobufPlugin
Building for debugging...
[3/829] Write sources
[33/829] Compiling CNIOWASI CNIOWASI.c
[33/829] Compiling CNIOWindows shim.c
[33/829] Compiling CNIOWindows WSAStartup.c
[33/829] Write sources
[41/829] Compiling CNIOOpenBSD shim.c
[41/829] Compiling CNIOLinux shim.c
[41/829] Compiling CNIOPosix event_loop_id.c
[41/829] Compiling _AtomicsShims.c
[45/829] Compiling SimpleFIPS202.c
[46/829] Compiling CXKCPShims shims.c
[46/829] Compiling CNIOLinux liburing_shims.c
[48/829] Compiling KeccakSponge.c
[49/829] Compiling KeccakHash.c
[50/829] Compiling CNIOFreeBSD shim.c
[51/829] Compiling CNIODarwin shim.c
[52/829] Compiling CNIOLLHTTP c_nio_http.c
[53/829] Write swift-version-24593BA9C3E375BF.txt
[54/829] Compiling fiat_p256_adx_sqr.S
[55/829] Compiling fiat_curve25519_adx_square.S
[56/829] Compiling fiat_p256_adx_mul.S
[57/829] Compiling CNIOLLHTTP c_nio_api.c
[58/829] Compiling fiat_curve25519_adx_mul.S
[59/938] Compiling CNIOBoringSSLShims shims.c
[61/949] Emitting module _NIOBase64
[62/949] Emitting module _CertificateInternals
[62/949] Compiling CNIOLLHTTP c_nio_llhttp.c
[64/967] Emitting module InternalCollectionsUtilities
[65/969] Compiling InternalCollectionsUtilities _UnsafeBitSet+_Word.swift
[66/969] Compiling InternalCollectionsUtilities _UnsafeBitSet.swift
[67/969] Compiling InternalCollectionsUtilities String+Padding.swift
[68/969] Compiling InternalCollectionsUtilities _UnsafeBitSet+Index.swift
[69/969] Compiling InternalCollectionsUtilities Integer rank.swift
[70/969] Compiling InternalCollectionsUtilities UInt+first and last set bit.swift
[71/969] Compiling InternalCollectionsUtilities UInt+reversed.swift
[72/971] Emitting module SwiftASN1
[73/971] Compiling SwiftASN1 Errors.swift
[74/971] Compiling InternalCollectionsUtilities _UniqueCollection.swift
[75/971] Compiling _NIOBase64 Base64.swift
[76/972] Compiling _NIODataStructures PriorityQueue.swift
[81/972] Compiling InternalCollectionsUtilities LifetimeOverride.swift
[82/972] Compiling InternalCollectionsUtilities RandomAccessCollection+Offsets.swift
[85/972] Compiling InternalCollectionsUtilities Span+Extras.swift
[86/972] Compiling _CertificateInternals _TinyArray.swift
[87/973] Compiling InternalCollectionsUtilities UnsafeBufferPointer+Extras.swift
[88/973] Compiling InternalCollectionsUtilities UnsafeMutableBufferPointer+Extras.swift
[89/973] Compiling InternalCollectionsUtilities UnsafeMutableRawBufferPointer+Extras.swift
[90/973] Compiling SwiftASN1 DER.swift
[93/976] Compiling InternalCollectionsUtilities Debugging.swift
[95/976] Compiling InternalCollectionsUtilities Descriptions.swift
[96/976] Compiling InternalCollectionsUtilities FixedWidthInteger+roundUpToPowerOfTwo.swift
[97/976] Compiling _NIODataStructures _TinyArray.swift
[102/977] Compiling Logging Logger.swift
[103/978] Compiling ConcurrencyHelpers LockedValueBox.swift
[104/978] Compiling Logging Logger+With.swift
[105/978] Compiling Logging LoggingSystem.swift
[108/978] Compiling Logging Logger+Attributes.swift
[109/978] Compiling Logging MetadataProvider.swift
[110/978] Emitting module Logging
[122/979] Compiling SwiftProtobuf ProtoNameProviding.swift
[123/979] Compiling SwiftProtobuf ProtobufAPIVersionCheck.swift
[124/979] Compiling SwiftProtobuf ProtobufMap.swift
[125/979] Compiling SwiftProtobuf SelectiveVisitor.swift
[126/979] Compiling SwiftProtobuf SimpleExtensionMap.swift
[127/979] Compiling SwiftProtobuf StringUtils.swift
[128/979] Compiling SwiftProtobuf SwiftProtobufContiguousBytes.swift
[129/979] Compiling SwiftProtobuf SwiftProtobufError.swift
[130/979] Compiling SwiftProtobuf TextFormatDecoder.swift
[131/979] Compiling SwiftProtobuf TextFormatDecodingError.swift
[132/979] Compiling SwiftProtobuf TextFormatDecodingOptions.swift
[133/979] Compiling SwiftProtobuf TextFormatEncoder.swift
[134/990] Compiling SwiftProtobuf Message+BinaryAdditions_Data.swift
[135/990] Compiling SwiftProtobuf Message+FieldMask.swift
[136/990] Compiling SwiftProtobuf Message+JSONAdditions.swift
[137/990] Compiling SwiftProtobuf Message+JSONAdditions_Data.swift
[138/990] Compiling SwiftProtobuf Message+JSONArrayAdditions.swift
[139/990] Compiling SwiftProtobuf Message+JSONArrayAdditions_Data.swift
[140/990] Compiling SwiftProtobuf Message+TextFormatAdditions.swift
[141/990] Compiling SwiftProtobuf Message.swift
[142/990] Compiling SwiftProtobuf MessageExtension.swift
[143/990] Compiling SwiftProtobuf NameMap.swift
[144/990] Compiling SwiftProtobuf PathDecoder.swift
[145/990] Compiling SwiftProtobuf PathVisitor.swift
[146/990] Compiling SwiftProtobuf TextFormatEncodingOptions.swift
[147/990] Compiling SwiftProtobuf TextFormatEncodingVisitor.swift
[148/990] Compiling SwiftProtobuf TextFormatScanner.swift
[149/990] Compiling SwiftProtobuf TimeUtils.swift
[150/990] Compiling SwiftProtobuf UnknownStorage.swift
[151/990] Compiling SwiftProtobuf UnsafeRawPointer+Shims.swift
[152/990] Compiling SwiftProtobuf Varint.swift
[153/990] Compiling SwiftProtobuf Version.swift
[154/990] Emitting module ConcurrencyHelpers
[155/990] Compiling SwiftProtobuf Visitor.swift
[156/990] Compiling SwiftProtobuf WireFormat.swift
[157/990] Compiling SwiftProtobuf ZigZag.swift
[158/994] Compiling ConcurrencyHelpers Lock.swift
[161/1017] Compiling SwiftProtobuf JSONDecoder.swift
[162/1017] Compiling SwiftProtobuf JSONDecodingError.swift
[163/1017] Compiling SwiftProtobuf JSONDecodingOptions.swift
[164/1017] Compiling SwiftProtobuf JSONEncoder.swift
[165/1017] Compiling SwiftProtobuf JSONEncodingError.swift
[166/1017] Compiling SwiftProtobuf JSONEncodingOptions.swift
[167/1017] Compiling SwiftProtobuf JSONEncodingVisitor.swift
[168/1017] Compiling SwiftProtobuf JSONMapEncodingVisitor.swift
[169/1017] Compiling SwiftProtobuf JSONScanner.swift
[170/1017] Compiling SwiftProtobuf MathUtils.swift
[171/1017] Compiling SwiftProtobuf Message+AnyAdditions.swift
[172/1017] Compiling SwiftProtobuf Message+BinaryAdditions.swift
[175/1049] Compiling _NIODataStructures Heap.swift
[176/1049] Emitting module _NIODataStructures
[177/1050] Compiling OrderedCollections OrderedSet+Descriptions.swift
[178/1050] Compiling OrderedCollections OrderedSet+Diffing.swift
[179/1050] Compiling OrderedCollections OrderedSet+Equatable.swift
[180/1050] Compiling OrderedCollections OrderedSet+ExpressibleByArrayLiteral.swift
[181/1050] Compiling OrderedCollections OrderedSet+Partial SetAlgebra formSymmetricDifference.swift
[182/1050] Compiling OrderedCollections OrderedSet+Partial SetAlgebra formUnion.swift
[183/1050] Compiling OrderedCollections OrderedSet+Partial SetAlgebra intersection.swift
[184/1050] Compiling OrderedCollections OrderedSet+Partial SetAlgebra isDisjoint.swift
[185/1050] Compiling OrderedCollections OrderedSet+Partial SetAlgebra isEqualSet.swift
[186/1050] Compiling OrderedCollections OrderedSet+Partial SetAlgebra isStrictSubset.swift
[187/1050] Compiling OrderedCollections OrderedSet+Partial SetAlgebra isStrictSuperset.swift
[188/1050] Compiling OrderedCollections OrderedSet+Partial SetAlgebra isSubset.swift
[189/1050] Compiling OrderedCollections OrderedDictionary+Partial MutableCollection.swift
[190/1050] Compiling OrderedCollections OrderedDictionary+Partial RangeReplaceableCollection.swift
[191/1050] Compiling OrderedCollections OrderedDictionary+Sendable.swift
[192/1050] Compiling OrderedCollections OrderedDictionary+Sequence.swift
[193/1050] Compiling OrderedCollections OrderedDictionary+Codable.swift
[194/1050] Compiling OrderedCollections OrderedDictionary+CustomReflectable.swift
[195/1050] Compiling OrderedCollections OrderedDictionary+Deprecations.swift
[196/1050] Compiling OrderedCollections OrderedDictionary+Descriptions.swift
[197/1050] Compiling OrderedCollections OrderedDictionary+Elements.SubSequence.swift
[198/1050] Compiling OrderedCollections OrderedDictionary+Elements.swift
[199/1050] Compiling OrderedCollections OrderedDictionary+Equatable.swift
[200/1050] Compiling OrderedCollections OrderedDictionary+ExpressibleByDictionaryLiteral.swift
[202/1089] Compiling ContainersPreview BorrowingIteratorProtocol+Map.swift
[203/1089] Compiling ContainersPreview BorrowingIteratorProtocol+Reduce.swift
[204/1089] Compiling ContainersPreview BorrowingIteratorProtocol+SpanwiseZip.swift
[205/1089] Compiling ContainersPreview BorrowingIteratorProtocol.swift
[206/1089] Compiling ContainersPreview BorrowingSequence+Algorithms.swift
[207/1089] Compiling ContainersPreview Drain+Map.swift
[208/1089] Compiling ContainersPreview Drain+Reduce.swift
[209/1089] Compiling ContainersPreview Drain.swift
[210/1089] Compiling ContainersPreview Producer+Collect.swift
[211/1089] Compiling ContainersPreview Producer+Filter.swift
[212/1089] Compiling ContainersPreview PermutableContainer.swift
[213/1089] Compiling ContainersPreview RandomAccessContainer.swift
[214/1089] Compiling ContainersPreview RangeExpression2.swift
[215/1089] Compiling ContainersPreview RangeReplaceableContainer.swift
[216/1089] Compiling ContainersPreview Strideable+Limits.swift
[217/1089] Compiling ContainersPreview BorrowingSequence+Standard Conformances.swift
[218/1089] Compiling ContainersPreview BorrowingSequence+Utilities.swift
[219/1089] Compiling ContainersPreview BorrowingSequence.swift
[220/1089] Compiling ContainersPreview BidirectionalContainer.swift
[221/1089] Compiling ContainersPreview Container+Filter.swift
[222/1089] Compiling ContainersPreview Producer+Map.swift
[223/1089] Compiling ContainersPreview Producer+Reduce.swift
[224/1089] Compiling ContainersPreview Producer.swift
[225/1089] Compiling ContainersPreview InputSpan.swift
[226/1089] Compiling ContainersPreview MutableRef.swift
[227/1089] Compiling ContainersPreview Container+SpanwiseZip.swift
[228/1089] Compiling ContainersPreview Container.swift
[229/1089] Compiling ContainersPreview ContainerIterator.swift
[230/1089] Compiling ContainersPreview DynamicContainer.swift
[231/1089] Compiling ContainersPreview MutableContainer.swift
[232/1093] Compiling ContainersPreview OutputSpan+Extras.swift
[233/1093] Compiling ContainersPreview TemporaryAllocation.swift
[234/1093] Compiling ContainersPreview BorrowingIteratorProtocol+Copy.swift
[235/1093] Compiling ContainersPreview BorrowingIteratorProtocol+ElementsEqual.swift
[236/1093] Compiling ContainersPreview BorrowingIteratorProtocol+Filter.swift
[244/1093] Emitting module SwiftProtobuf
[245/1093] Emitting module ContainersPreview
[246/1093] Emitting module UnixSignals
[247/1093] Compiling UnixSignals UnixSignal.swift
[248/1093] Compiling ContainersPreview Ref.swift
[249/1093] Compiling ContainersPreview Shared.swift
[250/1093] Compiling ContainersPreview SpanIterator.swift
[251/1093] Compiling ContainersPreview UniqueBox.swift
[251/1093] Compiling tls_method.cc
[253/1093] Compiling UnixSignals UnixSignalsSequence.swift
[258/1095] Compiling KeccakP-1600-opt64.c
[261/1095] Compiling tls_record.cc
[294/1102] Compiling tls13_server.cc
[296/1102] Compiling OrderedCollections OrderedSet+Hashable.swift
[297/1102] Compiling OrderedCollections OrderedSet+Initializers.swift
[298/1102] Compiling OrderedCollections OrderedSet+Insertions.swift
[299/1102] Compiling OrderedCollections OrderedSet+Invariants.swift
[300/1102] Compiling OrderedCollections OrderedSet+Move.swift
[301/1102] Compiling OrderedCollections OrderedSet+Partial MutableCollection.swift
[302/1102] Compiling OrderedCollections OrderedSet+Partial RangeReplaceableCollection.swift
[303/1102] Compiling OrderedCollections OrderedSet+Partial SetAlgebra formIntersection.swift
[316/1102] Compiling tls13_enc.cc
[320/1102] Compiling t1_enc.cc
[321/1143] Compiling tls13_both.cc
[323/1143] Compiling OrderedCollections OrderedSet+Sendable.swift
[324/1143] Compiling OrderedCollections OrderedSet+SubSequence.swift
[325/1143] Compiling OrderedCollections OrderedSet+Testing.swift
[326/1143] Compiling OrderedCollections OrderedSet+UnorderedView.swift
[327/1143] Compiling OrderedCollections OrderedSet+UnstableInternals.swift
[328/1143] Compiling OrderedCollections OrderedSet.swift
[329/1143] Compiling OrderedCollections _UnsafeBitset.swift
[329/1143] Compiling tls13_client.cc
[330/1143] Compiling ssl_x509.cc
[332/1143] Compiling DequeModule _DequeBuffer.swift
[333/1143] Compiling DequeModule _DequeBufferHeader.swift
[334/1143] Compiling DequeModule RigidDeque+Append.swift
[335/1143] Compiling DequeModule RigidDeque+Consumption.swift
[336/1143] Compiling DequeModule RigidDeque+Container.swift
[337/1143] Compiling DequeModule RigidDeque+Descriptions.swift
[338/1148] Compiling DequeModule UniqueDeque+Container.swift
[339/1148] Compiling DequeModule UniqueDeque+Deprecated.swift
[340/1148] Compiling DequeModule UniqueDeque+Descriptions.swift
[341/1148] Compiling DequeModule UniqueDeque+Equatable.swift
[342/1148] Compiling DequeModule UniqueDeque+Experimental.swift
[343/1148] Compiling DequeModule UniqueDeque+Hashable.swift
[344/1148] Compiling DequeModule UniqueDeque+Initializers.swift
[345/1148] Compiling DequeModule UniqueDeque+Insertions.swift
[346/1148] Compiling DequeModule UniqueDeque+Prepend.swift
[347/1148] Compiling DequeModule UniqueDeque+Removals.swift
[348/1148] Compiling DequeModule RigidDeque+Removals.swift
[349/1148] Compiling DequeModule RigidDeque+Replacements.swift
[350/1148] Compiling DequeModule RigidDeque+Testing.swift
[351/1148] Compiling DequeModule RigidDeque.swift
[352/1148] Compiling DequeModule UniqueDeque+Append.swift
[353/1148] Compiling DequeModule UniqueDeque+Consumption.swift
[354/1148] Compiling DequeModule RigidDeque+Equatable.swift
[355/1148] Compiling DequeModule RigidDeque+Experimental.swift
[356/1148] Compiling DequeModule RigidDeque+Hashable.swift
[357/1148] Compiling DequeModule RigidDeque+Initializers.swift
[358/1148] Compiling DequeModule RigidDeque+Insertions.swift
[359/1148] Compiling DequeModule RigidDeque+Prepend.swift
[360/1148] Emitting module OrderedCollections
[362/1149] Compiling DequeModule Deque+Codable.swift
[363/1149] Compiling DequeModule Deque+Collection.swift
[364/1149] Compiling DequeModule Deque+CustomReflectable.swift
[365/1149] Compiling DequeModule Deque+Descriptions.swift
[366/1149] Compiling DequeModule Deque+Equatable.swift
[367/1149] Compiling DequeModule Deque+ExpressibleByArrayLiteral.swift
[367/1149] Compiling ssl_transcript.cc
[368/1149] Compiling ssl_stat.cc
[369/1149] Compiling ssl_versions.cc
[371/1149] Compiling DequeModule Deque+Extras.swift
[372/1149] Compiling DequeModule Deque+Hashable.swift
[373/1149] Compiling DequeModule Deque+Testing.swift
[374/1149] Compiling DequeModule Deque._Storage.swift
[375/1149] Compiling DequeModule Deque._UnsafeHandle.swift
[376/1149] Compiling DequeModule Deque.swift
[376/1149] Compiling ssl_session.cc
[377/1149] Compiling ssl_privkey.cc
[378/1149] Compiling ssl_file.cc
[379/1149] Compiling ssl_lib.cc
[380/1149] Compiling ssl_credential.cc
[381/1149] Compiling ssl_key_share.cc
[383/1149] Emitting module DequeModule
[383/1149] Compiling ssl_cipher.cc
[384/1149] Compiling ssl_buffer.cc
[385/1149] Compiling ssl_cert.cc
[386/1149] Compiling s3_pkt.cc
[388/1149] Compiling DequeModule UniqueDeque+Replacements.swift
[389/1149] Compiling DequeModule UniqueDeque.swift
[390/1149] Compiling DequeModule _DequeSlot.swift
[391/1149] Compiling DequeModule _UnsafeDequeHandle.swift
[392/1149] Compiling DequeModule _UnsafeDequeSegments.swift
[393/1150] Compiling ssl_asn1.cc
[394/1150] Compiling ssl_aead_ctx.cc
[395/1205] Compiling s3_lib.cc
[396/1205] Compiling s3_both.cc
[397/1205] Compiling handshake_client.cc
[398/1205] Compiling handshake_server.cc
[399/1205] Compiling handshake.cc
[400/1205] Compiling handoff.cc
[402/1205] Compiling GRPCCore Metadata+GRPC.swift
/host/spi-builder-workspace/.build/checkouts/grpc-swift-2/Sources/GRPCCore/Call/Client/Internal/RetryDelaySequence.swift:27:8: error: Unsupported OS
 25 | public import ucrt  // should be @usableFromInline
 26 | #else
 27 | #error("Unsupported OS")
    |        `- error: Unsupported OS
 28 | #endif
 29 |
/host/spi-builder-workspace/.build/checkouts/grpc-swift-2/Sources/GRPCCore/Timeout.swift:17:17: error: no such module 'Dispatch'
 15 |  */
 16 |
 17 | internal import Dispatch
    |                 `- error: no such module 'Dispatch'
 18 |
 19 | /// A timeout for a gRPC call.
[403/1205] Compiling GRPCCore MethodConfigs.swift
/host/spi-builder-workspace/.build/checkouts/grpc-swift-2/Sources/GRPCCore/Call/Client/Internal/RetryDelaySequence.swift:27:8: error: Unsupported OS
 25 | public import ucrt  // should be @usableFromInline
 26 | #else
 27 | #error("Unsupported OS")
    |        `- error: Unsupported OS
 28 | #endif
 29 |
/host/spi-builder-workspace/.build/checkouts/grpc-swift-2/Sources/GRPCCore/Timeout.swift:17:17: error: no such module 'Dispatch'
 15 |  */
 16 |
 17 | internal import Dispatch
    |                 `- error: no such module 'Dispatch'
 18 |
 19 | /// A timeout for a gRPC call.
[404/1205] Compiling GRPCCore Result+Catching.swift
/host/spi-builder-workspace/.build/checkouts/grpc-swift-2/Sources/GRPCCore/Call/Client/Internal/RetryDelaySequence.swift:27:8: error: Unsupported OS
 25 | public import ucrt  // should be @usableFromInline
 26 | #else
 27 | #error("Unsupported OS")
    |        `- error: Unsupported OS
 28 | #endif
 29 |
/host/spi-builder-workspace/.build/checkouts/grpc-swift-2/Sources/GRPCCore/Timeout.swift:17:17: error: no such module 'Dispatch'
 15 |  */
 16 |
 17 | internal import Dispatch
    |                 `- error: no such module 'Dispatch'
 18 |
 19 | /// A timeout for a gRPC call.
[405/1205] Compiling GRPCCore String+Extensions.swift
/host/spi-builder-workspace/.build/checkouts/grpc-swift-2/Sources/GRPCCore/Call/Client/Internal/RetryDelaySequence.swift:27:8: error: Unsupported OS
 25 | public import ucrt  // should be @usableFromInline
 26 | #else
 27 | #error("Unsupported OS")
    |        `- error: Unsupported OS
 28 | #endif
 29 |
/host/spi-builder-workspace/.build/checkouts/grpc-swift-2/Sources/GRPCCore/Timeout.swift:17:17: error: no such module 'Dispatch'
 15 |  */
 16 |
 17 | internal import Dispatch
    |                 `- error: no such module 'Dispatch'
 18 |
 19 | /// A timeout for a gRPC call.
[406/1205] Compiling GRPCCore TaskGroup+CancellableTask.swift
/host/spi-builder-workspace/.build/checkouts/grpc-swift-2/Sources/GRPCCore/Call/Client/Internal/RetryDelaySequence.swift:27:8: error: Unsupported OS
 25 | public import ucrt  // should be @usableFromInline
 26 | #else
 27 | #error("Unsupported OS")
    |        `- error: Unsupported OS
 28 | #endif
 29 |
/host/spi-builder-workspace/.build/checkouts/grpc-swift-2/Sources/GRPCCore/Timeout.swift:17:17: error: no such module 'Dispatch'
 15 |  */
 16 |
 17 | internal import Dispatch
    |                 `- error: no such module 'Dispatch'
 18 |
 19 | /// A timeout for a gRPC call.
[407/1205] Compiling GRPCCore Metadata.swift
/host/spi-builder-workspace/.build/checkouts/grpc-swift-2/Sources/GRPCCore/Call/Client/Internal/RetryDelaySequence.swift:27:8: error: Unsupported OS
 25 | public import ucrt  // should be @usableFromInline
 26 | #else
 27 | #error("Unsupported OS")
    |        `- error: Unsupported OS
 28 | #endif
 29 |
/host/spi-builder-workspace/.build/checkouts/grpc-swift-2/Sources/GRPCCore/Timeout.swift:17:17: error: no such module 'Dispatch'
 15 |  */
 16 |
 17 | internal import Dispatch
    |                 `- error: no such module 'Dispatch'
 18 |
 19 | /// A timeout for a gRPC call.
[408/1205] Compiling GRPCCore MethodDescriptor.swift
/host/spi-builder-workspace/.build/checkouts/grpc-swift-2/Sources/GRPCCore/Call/Client/Internal/RetryDelaySequence.swift:27:8: error: Unsupported OS
 25 | public import ucrt  // should be @usableFromInline
 26 | #else
 27 | #error("Unsupported OS")
    |        `- error: Unsupported OS
 28 | #endif
 29 |
/host/spi-builder-workspace/.build/checkouts/grpc-swift-2/Sources/GRPCCore/Timeout.swift:17:17: error: no such module 'Dispatch'
 15 |  */
 16 |
 17 | internal import Dispatch
    |                 `- error: no such module 'Dispatch'
 18 |
 19 | /// A timeout for a gRPC call.
[409/1205] Compiling GRPCCore RPCError.swift
/host/spi-builder-workspace/.build/checkouts/grpc-swift-2/Sources/GRPCCore/Call/Client/Internal/RetryDelaySequence.swift:27:8: error: Unsupported OS
 25 | public import ucrt  // should be @usableFromInline
 26 | #else
 27 | #error("Unsupported OS")
    |        `- error: Unsupported OS
 28 | #endif
 29 |
/host/spi-builder-workspace/.build/checkouts/grpc-swift-2/Sources/GRPCCore/Timeout.swift:17:17: error: no such module 'Dispatch'
 15 |  */
 16 |
 17 | internal import Dispatch
    |                 `- error: no such module 'Dispatch'
 18 |
 19 | /// A timeout for a gRPC call.
[410/1205] Compiling GRPCCore RPCWriter+Map.swift
/host/spi-builder-workspace/.build/checkouts/grpc-swift-2/Sources/GRPCCore/Call/Client/Internal/RetryDelaySequence.swift:27:8: error: Unsupported OS
 25 | public import ucrt  // should be @usableFromInline
 26 | #else
 27 | #error("Unsupported OS")
    |        `- error: Unsupported OS
 28 | #endif
 29 |
/host/spi-builder-workspace/.build/checkouts/grpc-swift-2/Sources/GRPCCore/Timeout.swift:17:17: error: no such module 'Dispatch'
 15 |  */
 16 |
 17 | internal import Dispatch
    |                 `- error: no such module 'Dispatch'
 18 |
 19 | /// A timeout for a gRPC call.
[411/1205] Compiling GRPCCore RPCWriter+MessageToRPCResponsePart.swift
/host/spi-builder-workspace/.build/checkouts/grpc-swift-2/Sources/GRPCCore/Call/Client/Internal/RetryDelaySequence.swift:27:8: error: Unsupported OS
 25 | public import ucrt  // should be @usableFromInline
 26 | #else
 27 | #error("Unsupported OS")
    |        `- error: Unsupported OS
 28 | #endif
 29 |
/host/spi-builder-workspace/.build/checkouts/grpc-swift-2/Sources/GRPCCore/Timeout.swift:17:17: error: no such module 'Dispatch'
 15 |  */
 16 |
 17 | internal import Dispatch
    |                 `- error: no such module 'Dispatch'
 18 |
 19 | /// A timeout for a gRPC call.
[412/1205] Compiling GRPCCore RPCWriter+Serialize.swift
/host/spi-builder-workspace/.build/checkouts/grpc-swift-2/Sources/GRPCCore/Call/Client/Internal/RetryDelaySequence.swift:27:8: error: Unsupported OS
 25 | public import ucrt  // should be @usableFromInline
 26 | #else
 27 | #error("Unsupported OS")
    |        `- error: Unsupported OS
 28 | #endif
 29 |
/host/spi-builder-workspace/.build/checkouts/grpc-swift-2/Sources/GRPCCore/Timeout.swift:17:17: error: no such module 'Dispatch'
 15 |  */
 16 |
 17 | internal import Dispatch
    |                 `- error: no such module 'Dispatch'
 18 |
 19 | /// A timeout for a gRPC call.
[413/1205] Compiling GRPCCore UncheckedAsyncIteratorSequence.swift
/host/spi-builder-workspace/.build/checkouts/grpc-swift-2/Sources/GRPCCore/Call/Client/Internal/RetryDelaySequence.swift:27:8: error: Unsupported OS
 25 | public import ucrt  // should be @usableFromInline
 26 | #else
 27 | #error("Unsupported OS")
    |        `- error: Unsupported OS
 28 | #endif
 29 |
/host/spi-builder-workspace/.build/checkouts/grpc-swift-2/Sources/GRPCCore/Timeout.swift:17:17: error: no such module 'Dispatch'
 15 |  */
 16 |
 17 | internal import Dispatch
    |                 `- error: no such module 'Dispatch'
 18 |
 19 | /// A timeout for a gRPC call.
[414/1205] Compiling GRPCCore RPCAsyncSequence.swift
/host/spi-builder-workspace/.build/checkouts/grpc-swift-2/Sources/GRPCCore/Call/Client/Internal/RetryDelaySequence.swift:27:8: error: Unsupported OS
 25 | public import ucrt  // should be @usableFromInline
 26 | #else
 27 | #error("Unsupported OS")
    |        `- error: Unsupported OS
 28 | #endif
 29 |
/host/spi-builder-workspace/.build/checkouts/grpc-swift-2/Sources/GRPCCore/Timeout.swift:17:17: error: no such module 'Dispatch'
 15 |  */
 16 |
 17 | internal import Dispatch
    |                 `- error: no such module 'Dispatch'
 18 |
 19 | /// A timeout for a gRPC call.
[415/1205] Compiling GRPCCore RPCWriter+Closable.swift
/host/spi-builder-workspace/.build/checkouts/grpc-swift-2/Sources/GRPCCore/Call/Client/Internal/RetryDelaySequence.swift:27:8: error: Unsupported OS
 25 | public import ucrt  // should be @usableFromInline
 26 | #else
 27 | #error("Unsupported OS")
    |        `- error: Unsupported OS
 28 | #endif
 29 |
/host/spi-builder-workspace/.build/checkouts/grpc-swift-2/Sources/GRPCCore/Timeout.swift:17:17: error: no such module 'Dispatch'
 15 |  */
 16 |
 17 | internal import Dispatch
    |                 `- error: no such module 'Dispatch'
 18 |
 19 | /// A timeout for a gRPC call.
[416/1205] Compiling GRPCCore RPCWriter.swift
/host/spi-builder-workspace/.build/checkouts/grpc-swift-2/Sources/GRPCCore/Call/Client/Internal/RetryDelaySequence.swift:27:8: error: Unsupported OS
 25 | public import ucrt  // should be @usableFromInline
 26 | #else
 27 | #error("Unsupported OS")
    |        `- error: Unsupported OS
 28 | #endif
 29 |
/host/spi-builder-workspace/.build/checkouts/grpc-swift-2/Sources/GRPCCore/Timeout.swift:17:17: error: no such module 'Dispatch'
 15 |  */
 16 |
 17 | internal import Dispatch
    |                 `- error: no such module 'Dispatch'
 18 |
 19 | /// A timeout for a gRPC call.
[416/1212] Compiling extensions.cc
[418/1212] Compiling GRPCCore RuntimeError.swift
/host/spi-builder-workspace/.build/checkouts/grpc-swift-2/Sources/GRPCCore/Call/Client/Internal/RetryDelaySequence.swift:27:8: error: Unsupported OS
 25 | public import ucrt  // should be @usableFromInline
 26 | #else
 27 | #error("Unsupported OS")
    |        `- error: Unsupported OS
 28 | #endif
 29 |
/host/spi-builder-workspace/.build/checkouts/grpc-swift-2/Sources/GRPCCore/Timeout.swift:17:17: error: no such module 'Dispatch'
 15 |  */
 16 |
 17 | internal import Dispatch
    |                 `- error: no such module 'Dispatch'
 18 |
 19 | /// A timeout for a gRPC call.
[419/1212] Compiling GRPCCore ServiceDescriptor.swift
/host/spi-builder-workspace/.build/checkouts/grpc-swift-2/Sources/GRPCCore/Call/Client/Internal/RetryDelaySequence.swift:27:8: error: Unsupported OS
 25 | public import ucrt  // should be @usableFromInline
 26 | #else
 27 | #error("Unsupported OS")
    |        `- error: Unsupported OS
 28 | #endif
 29 |
/host/spi-builder-workspace/.build/checkouts/grpc-swift-2/Sources/GRPCCore/Timeout.swift:17:17: error: no such module 'Dispatch'
 15 |  */
 16 |
 17 | internal import Dispatch
    |                 `- error: no such module 'Dispatch'
 18 |
 19 | /// A timeout for a gRPC call.
[420/1212] Compiling GRPCCore Status.swift
/host/spi-builder-workspace/.build/checkouts/grpc-swift-2/Sources/GRPCCore/Call/Client/Internal/RetryDelaySequence.swift:27:8: error: Unsupported OS
 25 | public import ucrt  // should be @usableFromInline
 26 | #else
 27 | #error("Unsupported OS")
    |        `- error: Unsupported OS
 28 | #endif
 29 |
/host/spi-builder-workspace/.build/checkouts/grpc-swift-2/Sources/GRPCCore/Timeout.swift:17:17: error: no such module 'Dispatch'
 15 |  */
 16 |
 17 | internal import Dispatch
    |                 `- error: no such module 'Dispatch'
 18 |
 19 | /// A timeout for a gRPC call.
[421/1212] Compiling GRPCCore AsyncSequenceOfOne.swift
/host/spi-builder-workspace/.build/checkouts/grpc-swift-2/Sources/GRPCCore/Call/Client/Internal/RetryDelaySequence.swift:27:8: error: Unsupported OS
 25 | public import ucrt  // should be @usableFromInline
 26 | #else
 27 | #error("Unsupported OS")
    |        `- error: Unsupported OS
 28 | #endif
 29 |
/host/spi-builder-workspace/.build/checkouts/grpc-swift-2/Sources/GRPCCore/Timeout.swift:17:17: error: no such module 'Dispatch'
 15 |  */
 16 |
 17 | internal import Dispatch
    |                 `- error: no such module 'Dispatch'
 18 |
 19 | /// A timeout for a gRPC call.
[422/1212] Compiling GRPCCore BroadcastAsyncSequence+RPCWriter.swift
/host/spi-builder-workspace/.build/checkouts/grpc-swift-2/Sources/GRPCCore/Call/Client/Internal/RetryDelaySequence.swift:27:8: error: Unsupported OS
 25 | public import ucrt  // should be @usableFromInline
 26 | #else
 27 | #error("Unsupported OS")
    |        `- error: Unsupported OS
 28 | #endif
 29 |
/host/spi-builder-workspace/.build/checkouts/grpc-swift-2/Sources/GRPCCore/Timeout.swift:17:17: error: no such module 'Dispatch'
 15 |  */
 16 |
 17 | internal import Dispatch
    |                 `- error: no such module 'Dispatch'
 18 |
 19 | /// A timeout for a gRPC call.
[423/1212] Compiling GRPCCore BroadcastAsyncSequence.swift
/host/spi-builder-workspace/.build/checkouts/grpc-swift-2/Sources/GRPCCore/Call/Client/Internal/RetryDelaySequence.swift:27:8: error: Unsupported OS
 25 | public import ucrt  // should be @usableFromInline
 26 | #else
 27 | #error("Unsupported OS")
    |        `- error: Unsupported OS
 28 | #endif
 29 |
/host/spi-builder-workspace/.build/checkouts/grpc-swift-2/Sources/GRPCCore/Timeout.swift:17:17: error: no such module 'Dispatch'
 15 |  */
 16 |
 17 | internal import Dispatch
    |                 `- error: no such module 'Dispatch'
 18 |
 19 | /// A timeout for a gRPC call.
[424/1212] Compiling GRPCCore GRPCAsyncThrowingStream.swift
/host/spi-builder-workspace/.build/checkouts/grpc-swift-2/Sources/GRPCCore/Call/Client/Internal/RetryDelaySequence.swift:27:8: error: Unsupported OS
 25 | public import ucrt  // should be @usableFromInline
 26 | #else
 27 | #error("Unsupported OS")
    |        `- error: Unsupported OS
 28 | #endif
 29 |
/host/spi-builder-workspace/.build/checkouts/grpc-swift-2/Sources/GRPCCore/Timeout.swift:17:17: error: no such module 'Dispatch'
 15 |  */
 16 |
 17 | internal import Dispatch
    |                 `- error: no such module 'Dispatch'
 18 |
 19 | /// A timeout for a gRPC call.
[425/1212] Compiling GRPCCore RPCRouter.swift
/host/spi-builder-workspace/.build/checkouts/grpc-swift-2/Sources/GRPCCore/Call/Client/Internal/RetryDelaySequence.swift:27:8: error: Unsupported OS
 25 | public import ucrt  // should be @usableFromInline
 26 | #else
 27 | #error("Unsupported OS")
    |        `- error: Unsupported OS
 28 | #endif
 29 |
/host/spi-builder-workspace/.build/checkouts/grpc-swift-2/Sources/GRPCCore/Timeout.swift:17:17: error: no such module 'Dispatch'
 15 |  */
 16 |
 17 | internal import Dispatch
    |                 `- error: no such module 'Dispatch'
 18 |
 19 | /// A timeout for a gRPC call.
[426/1212] Compiling GRPCCore RegistrableRPCService.swift
/host/spi-builder-workspace/.build/checkouts/grpc-swift-2/Sources/GRPCCore/Call/Client/Internal/RetryDelaySequence.swift:27:8: error: Unsupported OS
 25 | public import ucrt  // should be @usableFromInline
 26 | #else
 27 | #error("Unsupported OS")
    |        `- error: Unsupported OS
 28 | #endif
 29 |
/host/spi-builder-workspace/.build/checkouts/grpc-swift-2/Sources/GRPCCore/Timeout.swift:17:17: error: no such module 'Dispatch'
 15 |  */
 16 |
 17 | internal import Dispatch
    |                 `- error: no such module 'Dispatch'
 18 |
 19 | /// A timeout for a gRPC call.
[427/1212] Compiling GRPCCore ServerContext+RPCCancellationHandle.swift
/host/spi-builder-workspace/.build/checkouts/grpc-swift-2/Sources/GRPCCore/Call/Client/Internal/RetryDelaySequence.swift:27:8: error: Unsupported OS
 25 | public import ucrt  // should be @usableFromInline
 26 | #else
 27 | #error("Unsupported OS")
    |        `- error: Unsupported OS
 28 | #endif
 29 |
/host/spi-builder-workspace/.build/checkouts/grpc-swift-2/Sources/GRPCCore/Timeout.swift:17:17: error: no such module 'Dispatch'
 15 |  */
 16 |
 17 | internal import Dispatch
    |                 `- error: no such module 'Dispatch'
 18 |
 19 | /// A timeout for a gRPC call.
[428/1212] Compiling GRPCCore ServerContext.swift
/host/spi-builder-workspace/.build/checkouts/grpc-swift-2/Sources/GRPCCore/Call/Client/Internal/RetryDelaySequence.swift:27:8: error: Unsupported OS
 25 | public import ucrt  // should be @usableFromInline
 26 | #else
 27 | #error("Unsupported OS")
    |        `- error: Unsupported OS
 28 | #endif
 29 |
/host/spi-builder-workspace/.build/checkouts/grpc-swift-2/Sources/GRPCCore/Timeout.swift:17:17: error: no such module 'Dispatch'
 15 |  */
 16 |
 17 | internal import Dispatch
    |                 `- error: no such module 'Dispatch'
 18 |
 19 | /// A timeout for a gRPC call.
[429/1212] Compiling GRPCCore ServerInterceptor.swift
/host/spi-builder-workspace/.build/checkouts/grpc-swift-2/Sources/GRPCCore/Call/Client/Internal/RetryDelaySequence.swift:27:8: error: Unsupported OS
 25 | public import ucrt  // should be @usableFromInline
 26 | #else
 27 | #error("Unsupported OS")
    |        `- error: Unsupported OS
 28 | #endif
 29 |
/host/spi-builder-workspace/.build/checkouts/grpc-swift-2/Sources/GRPCCore/Timeout.swift:17:17: error: no such module 'Dispatch'
 15 |  */
 16 |
 17 | internal import Dispatch
    |                 `- error: no such module 'Dispatch'
 18 |
 19 | /// A timeout for a gRPC call.
[430/1212] Compiling GRPCCore ServerRequest.swift
/host/spi-builder-workspace/.build/checkouts/grpc-swift-2/Sources/GRPCCore/Call/Client/Internal/RetryDelaySequence.swift:27:8: error: Unsupported OS
 25 | public import ucrt  // should be @usableFromInline
 26 | #else
 27 | #error("Unsupported OS")
    |        `- error: Unsupported OS
 28 | #endif
 29 |
/host/spi-builder-workspace/.build/checkouts/grpc-swift-2/Sources/GRPCCore/Timeout.swift:17:17: error: no such module 'Dispatch'
 15 |  */
 16 |
 17 | internal import Dispatch
    |                 `- error: no such module 'Dispatch'
 18 |
 19 | /// A timeout for a gRPC call.
[431/1212] Compiling GRPCCore ServerResponse.swift
/host/spi-builder-workspace/.build/checkouts/grpc-swift-2/Sources/GRPCCore/Call/Client/Internal/RetryDelaySequence.swift:27:8: error: Unsupported OS
 25 | public import ucrt  // should be @usableFromInline
 26 | #else
 27 | #error("Unsupported OS")
    |        `- error: Unsupported OS
 28 | #endif
 29 |
/host/spi-builder-workspace/.build/checkouts/grpc-swift-2/Sources/GRPCCore/Timeout.swift:17:17: error: no such module 'Dispatch'
 15 |  */
 16 |
 17 | internal import Dispatch
    |                 `- error: no such module 'Dispatch'
 18 |
 19 | /// A timeout for a gRPC call.
[432/1212] Compiling GRPCCore Coding.swift
/host/spi-builder-workspace/.build/checkouts/grpc-swift-2/Sources/GRPCCore/Call/Client/Internal/RetryDelaySequence.swift:27:8: error: Unsupported OS
 25 | public import ucrt  // should be @usableFromInline
 26 | #else
 27 | #error("Unsupported OS")
    |        `- error: Unsupported OS
 28 | #endif
 29 |
/host/spi-builder-workspace/.build/checkouts/grpc-swift-2/Sources/GRPCCore/Timeout.swift:17:17: error: no such module 'Dispatch'
 15 |  */
 16 |
 17 | internal import Dispatch
    |                 `- error: no such module 'Dispatch'
 18 |
 19 | /// A timeout for a gRPC call.
[433/1212] Compiling GRPCCore RPCWriterProtocol.swift
/host/spi-builder-workspace/.build/checkouts/grpc-swift-2/Sources/GRPCCore/Call/Client/Internal/RetryDelaySequence.swift:27:8: error: Unsupported OS
 25 | public import ucrt  // should be @usableFromInline
 26 | #else
 27 | #error("Unsupported OS")
    |        `- error: Unsupported OS
 28 | #endif
 29 |
/host/spi-builder-workspace/.build/checkouts/grpc-swift-2/Sources/GRPCCore/Timeout.swift:17:17: error: no such module 'Dispatch'
 15 |  */
 16 |
 17 | internal import Dispatch
    |                 `- error: no such module 'Dispatch'
 18 |
 19 | /// A timeout for a gRPC call.
[434/1212] Compiling GRPCCore Timeout.swift
/host/spi-builder-workspace/.build/checkouts/grpc-swift-2/Sources/GRPCCore/Call/Client/Internal/RetryDelaySequence.swift:27:8: error: Unsupported OS
 25 | public import ucrt  // should be @usableFromInline
 26 | #else
 27 | #error("Unsupported OS")
    |        `- error: Unsupported OS
 28 | #endif
 29 |
/host/spi-builder-workspace/.build/checkouts/grpc-swift-2/Sources/GRPCCore/Timeout.swift:17:17: error: no such module 'Dispatch'
 15 |  */
 16 |
 17 | internal import Dispatch
    |                 `- error: no such module 'Dispatch'
 18 |
 19 | /// A timeout for a gRPC call.
[435/1212] Compiling GRPCCore ClientTransport.swift
/host/spi-builder-workspace/.build/checkouts/grpc-swift-2/Sources/GRPCCore/Call/Client/Internal/RetryDelaySequence.swift:27:8: error: Unsupported OS
 25 | public import ucrt  // should be @usableFromInline
 26 | #else
 27 | #error("Unsupported OS")
    |        `- error: Unsupported OS
 28 | #endif
 29 |
/host/spi-builder-workspace/.build/checkouts/grpc-swift-2/Sources/GRPCCore/Timeout.swift:17:17: error: no such module 'Dispatch'
 15 |  */
 16 |
 17 | internal import Dispatch
    |                 `- error: no such module 'Dispatch'
 18 |
 19 | /// A timeout for a gRPC call.
[436/1212] Compiling GRPCCore RPCParts.swift
/host/spi-builder-workspace/.build/checkouts/grpc-swift-2/Sources/GRPCCore/Call/Client/Internal/RetryDelaySequence.swift:27:8: error: Unsupported OS
 25 | public import ucrt  // should be @usableFromInline
 26 | #else
 27 | #error("Unsupported OS")
    |        `- error: Unsupported OS
 28 | #endif
 29 |
/host/spi-builder-workspace/.build/checkouts/grpc-swift-2/Sources/GRPCCore/Timeout.swift:17:17: error: no such module 'Dispatch'
 15 |  */
 16 |
 17 | internal import Dispatch
    |                 `- error: no such module 'Dispatch'
 18 |
 19 | /// A timeout for a gRPC call.
[437/1212] Compiling GRPCCore RPCStream.swift
/host/spi-builder-workspace/.build/checkouts/grpc-swift-2/Sources/GRPCCore/Call/Client/Internal/RetryDelaySequence.swift:27:8: error: Unsupported OS
 25 | public import ucrt  // should be @usableFromInline
 26 | #else
 27 | #error("Unsupported OS")
    |        `- error: Unsupported OS
 28 | #endif
 29 |
/host/spi-builder-workspace/.build/checkouts/grpc-swift-2/Sources/GRPCCore/Timeout.swift:17:17: error: no such module 'Dispatch'
 15 |  */
 16 |
 17 | internal import Dispatch
    |                 `- error: no such module 'Dispatch'
 18 |
 19 | /// A timeout for a gRPC call.
[438/1212] Compiling GRPCCore RetryThrottle.swift
/host/spi-builder-workspace/.build/checkouts/grpc-swift-2/Sources/GRPCCore/Call/Client/Internal/RetryDelaySequence.swift:27:8: error: Unsupported OS
 25 | public import ucrt  // should be @usableFromInline
 26 | #else
 27 | #error("Unsupported OS")
    |        `- error: Unsupported OS
 28 | #endif
 29 |
/host/spi-builder-workspace/.build/checkouts/grpc-swift-2/Sources/GRPCCore/Timeout.swift:17:17: error: no such module 'Dispatch'
 15 |  */
 16 |
 17 | internal import Dispatch
    |                 `- error: no such module 'Dispatch'
 18 |
 19 | /// A timeout for a gRPC call.
[439/1212] Compiling GRPCCore ServerTransport.swift
/host/spi-builder-workspace/.build/checkouts/grpc-swift-2/Sources/GRPCCore/Call/Client/Internal/RetryDelaySequence.swift:27:8: error: Unsupported OS
 25 | public import ucrt  // should be @usableFromInline
 26 | #else
 27 | #error("Unsupported OS")
    |        `- error: Unsupported OS
 28 | #endif
 29 |
/host/spi-builder-workspace/.build/checkouts/grpc-swift-2/Sources/GRPCCore/Timeout.swift:17:17: error: no such module 'Dispatch'
 15 |  */
 16 |
 17 | internal import Dispatch
    |                 `- error: no such module 'Dispatch'
 18 |
 19 | /// A timeout for a gRPC call.
[440/1212] Compiling GRPCCore CompressionAlgorithm.swift
/host/spi-builder-workspace/.build/checkouts/grpc-swift-2/Sources/GRPCCore/Call/Client/Internal/RetryDelaySequence.swift:27:8: error: Unsupported OS
 25 | public import ucrt  // should be @usableFromInline
 26 | #else
 27 | #error("Unsupported OS")
    |        `- error: Unsupported OS
 28 | #endif
 29 |
/host/spi-builder-workspace/.build/checkouts/grpc-swift-2/Sources/GRPCCore/Timeout.swift:17:17: error: no such module 'Dispatch'
 15 |  */
 16 |
 17 | internal import Dispatch
    |                 `- error: no such module 'Dispatch'
 18 |
 19 | /// A timeout for a gRPC call.
[441/1212] Compiling GRPCCore GRPCContiguousBytes.swift
/host/spi-builder-workspace/.build/checkouts/grpc-swift-2/Sources/GRPCCore/Call/Client/Internal/RetryDelaySequence.swift:27:8: error: Unsupported OS
 25 | public import ucrt  // should be @usableFromInline
 26 | #else
 27 | #error("Unsupported OS")
    |        `- error: Unsupported OS
 28 | #endif
 29 |
/host/spi-builder-workspace/.build/checkouts/grpc-swift-2/Sources/GRPCCore/Timeout.swift:17:17: error: no such module 'Dispatch'
 15 |  */
 16 |
 17 | internal import Dispatch
    |                 `- error: no such module 'Dispatch'
 18 |
 19 | /// A timeout for a gRPC call.
[442/1212] Compiling GRPCCore MethodConfig.swift
/host/spi-builder-workspace/.build/checkouts/grpc-swift-2/Sources/GRPCCore/Call/Client/Internal/RetryDelaySequence.swift:27:8: error: Unsupported OS
 25 | public import ucrt  // should be @usableFromInline
 26 | #else
 27 | #error("Unsupported OS")
    |        `- error: Unsupported OS
 28 | #endif
 29 |
/host/spi-builder-workspace/.build/checkouts/grpc-swift-2/Sources/GRPCCore/Timeout.swift:17:17: error: no such module 'Dispatch'
 15 |  */
 16 |
 17 | internal import Dispatch
    |                 `- error: no such module 'Dispatch'
 18 |
 19 | /// A timeout for a gRPC call.
[443/1212] Compiling GRPCCore ServiceConfig.swift
/host/spi-builder-workspace/.build/checkouts/grpc-swift-2/Sources/GRPCCore/Call/Client/Internal/RetryDelaySequence.swift:27:8: error: Unsupported OS
 25 | public import ucrt  // should be @usableFromInline
 26 | #else
 27 | #error("Unsupported OS")
    |        `- error: Unsupported OS
 28 | #endif
 29 |
/host/spi-builder-workspace/.build/checkouts/grpc-swift-2/Sources/GRPCCore/Timeout.swift:17:17: error: no such module 'Dispatch'
 15 |  */
 16 |
 17 | internal import Dispatch
    |                 `- error: no such module 'Dispatch'
 18 |
 19 | /// A timeout for a gRPC call.
[444/1212] Compiling GRPCCore GRPCClient.swift
/host/spi-builder-workspace/.build/checkouts/grpc-swift-2/Sources/GRPCCore/Call/Client/Internal/RetryDelaySequence.swift:27:8: error: Unsupported OS
 25 | public import ucrt  // should be @usableFromInline
 26 | #else
 27 | #error("Unsupported OS")
    |        `- error: Unsupported OS
 28 | #endif
 29 |
/host/spi-builder-workspace/.build/checkouts/grpc-swift-2/Sources/GRPCCore/Timeout.swift:17:17: error: no such module 'Dispatch'
 15 |  */
 16 |
 17 | internal import Dispatch
    |                 `- error: no such module 'Dispatch'
 18 |
 19 | /// A timeout for a gRPC call.
[445/1212] Compiling GRPCCore GRPCServer.swift
/host/spi-builder-workspace/.build/checkouts/grpc-swift-2/Sources/GRPCCore/Call/Client/Internal/RetryDelaySequence.swift:27:8: error: Unsupported OS
 25 | public import ucrt  // should be @usableFromInline
 26 | #else
 27 | #error("Unsupported OS")
    |        `- error: Unsupported OS
 28 | #endif
 29 |
/host/spi-builder-workspace/.build/checkouts/grpc-swift-2/Sources/GRPCCore/Timeout.swift:17:17: error: no such module 'Dispatch'
 15 |  */
 16 |
 17 | internal import Dispatch
    |                 `- error: no such module 'Dispatch'
 18 |
 19 | /// A timeout for a gRPC call.
[446/1212] Compiling GRPCCore Base64.swift
/host/spi-builder-workspace/.build/checkouts/grpc-swift-2/Sources/GRPCCore/Call/Client/Internal/RetryDelaySequence.swift:27:8: error: Unsupported OS
 25 | public import ucrt  // should be @usableFromInline
 26 | #else
 27 | #error("Unsupported OS")
    |        `- error: Unsupported OS
 28 | #endif
 29 |
/host/spi-builder-workspace/.build/checkouts/grpc-swift-2/Sources/GRPCCore/Timeout.swift:17:17: error: no such module 'Dispatch'
 15 |  */
 16 |
 17 | internal import Dispatch
    |                 `- error: no such module 'Dispatch'
 18 |
 19 | /// A timeout for a gRPC call.
[447/1212] Compiling GRPCCore UnsafeTransfer.swift
/host/spi-builder-workspace/.build/checkouts/grpc-swift-2/Sources/GRPCCore/Call/Client/Internal/RetryDelaySequence.swift:27:8: error: Unsupported OS
 25 | public import ucrt  // should be @usableFromInline
 26 | #else
 27 | #error("Unsupported OS")
    |        `- error: Unsupported OS
 28 | #endif
 29 |
/host/spi-builder-workspace/.build/checkouts/grpc-swift-2/Sources/GRPCCore/Timeout.swift:17:17: error: no such module 'Dispatch'
 15 |  */
 16 |
 17 | internal import Dispatch
    |                 `- error: no such module 'Dispatch'
 18 |
 19 | /// A timeout for a gRPC call.
[447/1212] Compiling dtls_record.cc
[448/1212] Compiling encrypted_client_hello.cc
[449/1212] Compiling dtls_method.cc
[450/1212] Compiling md5-x86_64-linux.S
[451/1212] Compiling d1_srtp.cc
[452/1212] Compiling md5-x86_64-apple.S
[453/1212] Compiling d1_pkt.cc
[454/1212] Compiling md5-586-linux.S
[455/1212] Compiling md5-586-apple.S
[456/1212] Compiling chacha20_poly1305_x86_64-linux.S
[457/1212] Compiling chacha20_poly1305_x86_64-apple.S
[458/1212] Compiling chacha20_poly1305_armv8-win.S
[460/1212] Compiling GRPCCore CallOptions.swift
/host/spi-builder-workspace/.build/checkouts/grpc-swift-2/Sources/GRPCCore/Call/Client/Internal/RetryDelaySequence.swift:27:8: error: Unsupported OS
 25 | public import ucrt  // should be @usableFromInline
 26 | #else
 27 | #error("Unsupported OS")
    |        `- error: Unsupported OS
 28 | #endif
 29 |
/host/spi-builder-workspace/.build/checkouts/grpc-swift-2/Sources/GRPCCore/Timeout.swift:17:17: error: no such module 'Dispatch'
 15 |  */
 16 |
 17 | internal import Dispatch
    |                 `- error: no such module 'Dispatch'
 18 |
 19 | /// A timeout for a gRPC call.
[461/1212] Compiling GRPCCore ClientContext.swift
/host/spi-builder-workspace/.build/checkouts/grpc-swift-2/Sources/GRPCCore/Call/Client/Internal/RetryDelaySequence.swift:27:8: error: Unsupported OS
 25 | public import ucrt  // should be @usableFromInline
 26 | #else
 27 | #error("Unsupported OS")
    |        `- error: Unsupported OS
 28 | #endif
 29 |
/host/spi-builder-workspace/.build/checkouts/grpc-swift-2/Sources/GRPCCore/Timeout.swift:17:17: error: no such module 'Dispatch'
 15 |  */
 16 |
 17 | internal import Dispatch
    |                 `- error: no such module 'Dispatch'
 18 |
 19 | /// A timeout for a gRPC call.
[462/1212] Compiling GRPCCore ClientInterceptor.swift
/host/spi-builder-workspace/.build/checkouts/grpc-swift-2/Sources/GRPCCore/Call/Client/Internal/RetryDelaySequence.swift:27:8: error: Unsupported OS
 25 | public import ucrt  // should be @usableFromInline
 26 | #else
 27 | #error("Unsupported OS")
    |        `- error: Unsupported OS
 28 | #endif
 29 |
/host/spi-builder-workspace/.build/checkouts/grpc-swift-2/Sources/GRPCCore/Timeout.swift:17:17: error: no such module 'Dispatch'
 15 |  */
 16 |
 17 | internal import Dispatch
    |                 `- error: no such module 'Dispatch'
 18 |
 19 | /// A timeout for a gRPC call.
[463/1212] Compiling GRPCCore ClientRequest.swift
/host/spi-builder-workspace/.build/checkouts/grpc-swift-2/Sources/GRPCCore/Call/Client/Internal/RetryDelaySequence.swift:27:8: error: Unsupported OS
 25 | public import ucrt  // should be @usableFromInline
 26 | #else
 27 | #error("Unsupported OS")
    |        `- error: Unsupported OS
 28 | #endif
 29 |
/host/spi-builder-workspace/.build/checkouts/grpc-swift-2/Sources/GRPCCore/Timeout.swift:17:17: error: no such module 'Dispatch'
 15 |  */
 16 |
 17 | internal import Dispatch
    |                 `- error: no such module 'Dispatch'
 18 |
 19 | /// A timeout for a gRPC call.
[464/1212] Compiling GRPCCore ClientResponse.swift
/host/spi-builder-workspace/.build/checkouts/grpc-swift-2/Sources/GRPCCore/Call/Client/Internal/RetryDelaySequence.swift:27:8: error: Unsupported OS
 25 | public import ucrt  // should be @usableFromInline
 26 | #else
 27 | #error("Unsupported OS")
    |        `- error: Unsupported OS
 28 | #endif
 29 |
/host/spi-builder-workspace/.build/checkouts/grpc-swift-2/Sources/GRPCCore/Timeout.swift:17:17: error: no such module 'Dispatch'
 15 |  */
 16 |
 17 | internal import Dispatch
    |                 `- error: no such module 'Dispatch'
 18 |
 19 | /// A timeout for a gRPC call.
[465/1212] Compiling GRPCCore ClientRPCExecutor+HedgingExecutor.swift
/host/spi-builder-workspace/.build/checkouts/grpc-swift-2/Sources/GRPCCore/Call/Client/Internal/RetryDelaySequence.swift:27:8: error: Unsupported OS
 25 | public import ucrt  // should be @usableFromInline
 26 | #else
 27 | #error("Unsupported OS")
    |        `- error: Unsupported OS
 28 | #endif
 29 |
/host/spi-builder-workspace/.build/checkouts/grpc-swift-2/Sources/GRPCCore/Timeout.swift:17:17: error: no such module 'Dispatch'
 15 |  */
 16 |
 17 | internal import Dispatch
    |                 `- error: no such module 'Dispatch'
 18 |
 19 | /// A timeout for a gRPC call.
[466/1212] Compiling GRPCCore ClientRPCExecutor+OneShotExecutor.swift
/host/spi-builder-workspace/.build/checkouts/grpc-swift-2/Sources/GRPCCore/Call/Client/Internal/RetryDelaySequence.swift:27:8: error: Unsupported OS
 25 | public import ucrt  // should be @usableFromInline
 26 | #else
 27 | #error("Unsupported OS")
    |        `- error: Unsupported OS
 28 | #endif
 29 |
/host/spi-builder-workspace/.build/checkouts/grpc-swift-2/Sources/GRPCCore/Timeout.swift:17:17: error: no such module 'Dispatch'
 15 |  */
 16 |
 17 | internal import Dispatch
    |                 `- error: no such module 'Dispatch'
 18 |
 19 | /// A timeout for a gRPC call.
[467/1212] Compiling GRPCCore ClientRPCExecutor+RetryExecutor.swift
/host/spi-builder-workspace/.build/checkouts/grpc-swift-2/Sources/GRPCCore/Call/Client/Internal/RetryDelaySequence.swift:27:8: error: Unsupported OS
 25 | public import ucrt  // should be @usableFromInline
 26 | #else
 27 | #error("Unsupported OS")
    |        `- error: Unsupported OS
 28 | #endif
 29 |
/host/spi-builder-workspace/.build/checkouts/grpc-swift-2/Sources/GRPCCore/Timeout.swift:17:17: error: no such module 'Dispatch'
 15 |  */
 16 |
 17 | internal import Dispatch
    |                 `- error: no such module 'Dispatch'
 18 |
 19 | /// A timeout for a gRPC call.
error: emit-module command failed with exit code 1 (use -v to see invocation)
[468/1212] Emitting module GRPCCore
/host/spi-builder-workspace/.build/checkouts/grpc-swift-2/Sources/GRPCCore/Call/Client/Internal/RetryDelaySequence.swift:27:8: error: Unsupported OS
 25 | public import ucrt  // should be @usableFromInline
 26 | #else
 27 | #error("Unsupported OS")
    |        `- error: Unsupported OS
 28 | #endif
 29 |
/host/spi-builder-workspace/.build/checkouts/grpc-swift-2/Sources/GRPCCore/Timeout.swift:17:17: error: no such module 'Dispatch'
 15 |  */
 16 |
 17 | internal import Dispatch
    |                 `- error: no such module 'Dispatch'
 18 |
 19 | /// A timeout for a gRPC call.
[469/1212] Compiling GRPCCore ClientRPCExecutor.swift
/host/spi-builder-workspace/.build/checkouts/grpc-swift-2/Sources/GRPCCore/Call/Client/Internal/RetryDelaySequence.swift:27:8: error: Unsupported OS
 25 | public import ucrt  // should be @usableFromInline
 26 | #else
 27 | #error("Unsupported OS")
    |        `- error: Unsupported OS
 28 | #endif
 29 |
/host/spi-builder-workspace/.build/checkouts/grpc-swift-2/Sources/GRPCCore/Timeout.swift:17:17: error: no such module 'Dispatch'
 15 |  */
 16 |
 17 | internal import Dispatch
    |                 `- error: no such module 'Dispatch'
 18 |
 19 | /// A timeout for a gRPC call.
[470/1212] Compiling GRPCCore ClientRequest+Convenience.swift
/host/spi-builder-workspace/.build/checkouts/grpc-swift-2/Sources/GRPCCore/Call/Client/Internal/RetryDelaySequence.swift:27:8: error: Unsupported OS
 25 | public import ucrt  // should be @usableFromInline
 26 | #else
 27 | #error("Unsupported OS")
    |        `- error: Unsupported OS
 28 | #endif
 29 |
/host/spi-builder-workspace/.build/checkouts/grpc-swift-2/Sources/GRPCCore/Timeout.swift:17:17: error: no such module 'Dispatch'
 15 |  */
 16 |
 17 | internal import Dispatch
    |                 `- error: no such module 'Dispatch'
 18 |
 19 | /// A timeout for a gRPC call.
[471/1212] Compiling GRPCCore ClientResponse+Convenience.swift
/host/spi-builder-workspace/.build/checkouts/grpc-swift-2/Sources/GRPCCore/Call/Client/Internal/RetryDelaySequence.swift:27:8: error: Unsupported OS
 25 | public import ucrt  // should be @usableFromInline
 26 | #else
 27 | #error("Unsupported OS")
    |        `- error: Unsupported OS
 28 | #endif
 29 |
/host/spi-builder-workspace/.build/checkouts/grpc-swift-2/Sources/GRPCCore/Timeout.swift:17:17: error: no such module 'Dispatch'
 15 |  */
 16 |
 17 | internal import Dispatch
    |                 `- error: no such module 'Dispatch'
 18 |
 19 | /// A timeout for a gRPC call.
[472/1212] Compiling GRPCCore ClientStreamExecutor.swift
/host/spi-builder-workspace/.build/checkouts/grpc-swift-2/Sources/GRPCCore/Call/Client/Internal/RetryDelaySequence.swift:27:8: error: Unsupported OS
 25 | public import ucrt  // should be @usableFromInline
 26 | #else
 27 | #error("Unsupported OS")
    |        `- error: Unsupported OS
 28 | #endif
 29 |
/host/spi-builder-workspace/.build/checkouts/grpc-swift-2/Sources/GRPCCore/Timeout.swift:17:17: error: no such module 'Dispatch'
 15 |  */
 16 |
 17 | internal import Dispatch
    |                 `- error: no such module 'Dispatch'
 18 |
 19 | /// A timeout for a gRPC call.
[473/1212] Compiling GRPCCore RetryDelaySequence.swift
/host/spi-builder-workspace/.build/checkouts/grpc-swift-2/Sources/GRPCCore/Call/Client/Internal/RetryDelaySequence.swift:27:8: error: Unsupported OS
 25 | public import ucrt  // should be @usableFromInline
 26 | #else
 27 | #error("Unsupported OS")
    |        `- error: Unsupported OS
 28 | #endif
 29 |
/host/spi-builder-workspace/.build/checkouts/grpc-swift-2/Sources/GRPCCore/Timeout.swift:17:17: error: no such module 'Dispatch'
 15 |  */
 16 |
 17 | internal import Dispatch
    |                 `- error: no such module 'Dispatch'
 18 |
 19 | /// A timeout for a gRPC call.
[474/1212] Compiling GRPCCore ConditionalInterceptor.swift
/host/spi-builder-workspace/.build/checkouts/grpc-swift-2/Sources/GRPCCore/Call/Client/Internal/RetryDelaySequence.swift:27:8: error: Unsupported OS
 25 | public import ucrt  // should be @usableFromInline
 26 | #else
 27 | #error("Unsupported OS")
    |        `- error: Unsupported OS
 28 | #endif
 29 |
/host/spi-builder-workspace/.build/checkouts/grpc-swift-2/Sources/GRPCCore/Timeout.swift:17:17: error: no such module 'Dispatch'
 15 |  */
 16 |
 17 | internal import Dispatch
    |                 `- error: no such module 'Dispatch'
 18 |
 19 | /// A timeout for a gRPC call.
[475/1212] Compiling GRPCCore ServerCancellationManager.swift
/host/spi-builder-workspace/.build/checkouts/grpc-swift-2/Sources/GRPCCore/Call/Client/Internal/RetryDelaySequence.swift:27:8: error: Unsupported OS
 25 | public import ucrt  // should be @usableFromInline
 26 | #else
 27 | #error("Unsupported OS")
    |        `- error: Unsupported OS
 28 | #endif
 29 |
/host/spi-builder-workspace/.build/checkouts/grpc-swift-2/Sources/GRPCCore/Timeout.swift:17:17: error: no such module 'Dispatch'
 15 |  */
 16 |
 17 | internal import Dispatch
    |                 `- error: no such module 'Dispatch'
 18 |
 19 | /// A timeout for a gRPC call.
[476/1212] Compiling GRPCCore ServerRPCExecutor.swift
/host/spi-builder-workspace/.build/checkouts/grpc-swift-2/Sources/GRPCCore/Call/Client/Internal/RetryDelaySequence.swift:27:8: error: Unsupported OS
 25 | public import ucrt  // should be @usableFromInline
 26 | #else
 27 | #error("Unsupported OS")
    |        `- error: Unsupported OS
 28 | #endif
 29 |
/host/spi-builder-workspace/.build/checkouts/grpc-swift-2/Sources/GRPCCore/Timeout.swift:17:17: error: no such module 'Dispatch'
 15 |  */
 16 |
 17 | internal import Dispatch
    |                 `- error: no such module 'Dispatch'
 18 |
 19 | /// A timeout for a gRPC call.
[476/1212] Compiling chacha20_poly1305_armv8-apple.S
[477/1212] Compiling chacha20_poly1305_armv8-linux.S
[478/1212] Compiling err_data.cc
[478/1212] Compiling bio_ssl.cc
[478/1212] Compiling d1_both.cc
[478/1212] Compiling chacha-x86_64-linux.S
[478/1212] Compiling chacha-x86_64-apple.S
[478/1212] Compiling d1_lib.cc
BUILD FAILURE 6.2 wasm