Build Information
Failed to build SwordRPC, reference master (97535a), with Swift 6.4 for tvOS using Xcode 27.0 on 15 Sep 2026 18:06:48 UTC.
Build Command
No build command. This typically means the build failed at an early stage where we determine the build command.Build Log
========================================
RunAll
========================================
Builder version: 5.1.0
Interrupt handler set up.
========================================
Checkout
========================================
Clone URL: https://github.com/Azoy/SwordRPC.git
Reference: master
Initialized empty Git repository in /Users/admin/builder/spi-builder-workspace/.git/
From https://github.com/Azoy/SwordRPC
* branch master -> FETCH_HEAD
* [new branch] master -> origin/master
HEAD is now at 97535a2 TMPDIR Function bby
Cloned https://github.com/Azoy/SwordRPC.git
Revision (git rev-parse @):
97535a22bdca462f8b91e8a7349391fb2344d757
SUCCESS checkout https://github.com/Azoy/SwordRPC.git at master
========================================
Build
========================================
Selected platform: tvOS
Swift version: 6.4
Building package at path: $PWD
https://github.com/Azoy/SwordRPC.git
Command line invocation:
/Applications/Xcode-27.0.0-Release.Candidate.app/Contents/Developer/usr/bin/xcodebuild -IDEClonedSourcePackagesDirPathOverride=/Users/admin/builder/spi-builder-workspace/.dependencies -resolvePackageDependencies
Resolve Package Graph
Fetching from https://github.com/IBM-Swift/BlueSocket.git
the Swift tools version specification is missing a label; consider inserting 'swift-tools-version:' between the comment marker and the version specifierResolve Package Graph
Updating from https://github.com/IBM-Swift/BlueSocket.git
the Swift tools version specification is missing a label; consider inserting 'swift-tools-version:' between the comment marker and the version specifierResolve Package Graph
Updating from https://github.com/IBM-Swift/BlueSocket.git
the Swift tools version specification is missing a label; consider inserting 'swift-tools-version:' between the comment marker and the version specifierResolve Package Graph
Updating from https://github.com/IBM-Swift/BlueSocket.git
the Swift tools version specification is missing a label; consider inserting 'swift-tools-version:' between the comment marker and the version specifier
Resolved source packages:
spi-builder-workspace: (null)
2026-09-15 14:06:44.965 xcodebuild[529:3027] Writing error result bundle to /var/folders/xq/y_g06wb113726d38xsyx71_h0000gn/T/ResultBundle_2026-15-09_14-06-0044.xcresult
xcodebuild: error: Could not resolve package dependencies:
the Swift tools version specification is missing a label; consider inserting 'swift-tools-version:' between the comment marker and the version specifier
Command line invocation:
/Applications/Xcode-27.0.0-Release.Candidate.app/Contents/Developer/usr/bin/xcodebuild -IDEClonedSourcePackagesDirPathOverride=/Users/admin/builder/spi-builder-workspace/.dependencies -resolvePackageDependencies
Resolve Package Graph
Updating from https://github.com/IBM-Swift/BlueSocket.git
the Swift tools version specification is missing a label; consider inserting 'swift-tools-version:' between the comment marker and the version specifier
Resolved source packages:
spi-builder-workspace: (null)
2026-09-15 14:06:48.599 xcodebuild[901:4570] Writing error result bundle to /var/folders/xq/y_g06wb113726d38xsyx71_h0000gn/T/ResultBundle_2026-15-09_14-06-0048.xcresult
xcodebuild: error: Could not resolve package dependencies:
the Swift tools version specification is missing a label; consider inserting 'swift-tools-version:' between the comment marker and the version specifier
BUILD FAILURE 6.4 tvOS