Build Information
Failed to build OpenAPIDoctor, reference 1.2.2 (7af5c5), with Swift 6.2 for macOS (Xcode) using Xcode 26.3 on 20 Sep 2026 09:35:37 UTC.
Build Command
No build command. This typically means the build failed at an early stage where we determine the build command.Build Log
========================================
RunAll
========================================
Builder version: 5.1.0
Interrupt handler set up.
========================================
Checkout
========================================
Clone URL: https://github.com/diyamantina/OpenAPIDoctor.git
Reference: 1.2.2
Initialized empty Git repository in /Users/admin/builder/spi-builder-workspace/.git/
From https://github.com/diyamantina/OpenAPIDoctor
* tag 1.2.2 -> FETCH_HEAD
HEAD is now at 7af5c5c fix(repair): never overwrite source with a non-clean repair
Cloned https://github.com/diyamantina/OpenAPIDoctor.git
Revision (git rev-parse @):
7af5c5cb23848695c4ed502abb681c7e1d9d1159
SUCCESS checkout https://github.com/diyamantina/OpenAPIDoctor.git at 1.2.2
========================================
Build
========================================
Selected platform: macosXcodebuild
Swift version: 6.2
Building package at path: $PWD
https://github.com/diyamantina/OpenAPIDoctor.git
Command line invocation:
/Applications/Xcode-26.3.0.app/Contents/Developer/usr/bin/xcodebuild -IDEClonedSourcePackagesDirPathOverride=/Users/admin/builder/spi-builder-workspace/.dependencies -resolvePackageDependencies
Resolve Package Graph
Fetching from https://github.com/mihaelamj/Stitcher
skipping cache due to an error: Failed to clone repository https://github.com/mihaelamj/Stitcher:
Cloning into bare repository '/Users/admin/Library/Caches/org.swift.swiftpm/repositories/Stitcher-0c2e0140'...
fatal: could not read Username for 'https://github.com': terminal prompts disabled
Fetching from https://github.com/apple/swift-docc-plugin
Fetching from https://github.com/mihaelamj/PureYAML.git
skipping cache due to an error: Failed to clone repository https://github.com/mihaelamj/PureYAML.git:
Cloning into bare repository '/Users/admin/Library/Caches/org.swift.swiftpm/repositories/PureYAML-f122ae12'...
fatal: could not read Username for 'https://github.com': terminal prompts disabled
Fetching from https://github.com/mattpolzin/OpenAPIKit
Resolve Package Graph
Updating from https://github.com/mattpolzin/OpenAPIKit
Updating from https://github.com/apple/swift-docc-plugin
Resolve Package Graph
Updating from https://github.com/mattpolzin/OpenAPIKit
Updating from https://github.com/apple/swift-docc-plugin
Resolved source packages:
spi-builder-workspace: (null)
2026-09-20 05:35:35.736 xcodebuild[538:3093] Writing error result bundle to /var/folders/xq/y_g06wb113726d38xsyx71_h0000gn/T/ResultBundle_2026-20-09_05-35-0035.xcresult
xcodebuild: error: Could not resolve package dependencies:
Failed to clone repository https://github.com/mihaelamj/PureYAML.git:
Cloning into bare repository '/Users/admin/builder/spi-builder-workspace/.dependencies/repositories/PureYAML-f122ae12'...
fatal: could not read Username for 'https://github.com': terminal prompts disabled
Command line invocation:
/Applications/Xcode-26.3.0.app/Contents/Developer/usr/bin/xcodebuild -IDEClonedSourcePackagesDirPathOverride=/Users/admin/builder/spi-builder-workspace/.dependencies -resolvePackageDependencies
Resolve Package Graph
Fetching from https://github.com/mihaelamj/PureYAML.git
skipping cache due to an error: Failed to clone repository https://github.com/mihaelamj/PureYAML.git:
Cloning into bare repository '/Users/admin/Library/Caches/org.swift.swiftpm/repositories/PureYAML-f122ae12'...
fatal: could not read Username for 'https://github.com': terminal prompts disabled
Fetching from https://github.com/mihaelamj/Stitcher
skipping cache due to an error: Failed to clone repository https://github.com/mihaelamj/Stitcher:
Cloning into bare repository '/Users/admin/Library/Caches/org.swift.swiftpm/repositories/Stitcher-0c2e0140'...
fatal: could not read Username for 'https://github.com': terminal prompts disabled
Updating from https://github.com/apple/swift-docc-plugin
Updating from https://github.com/mattpolzin/OpenAPIKit
Resolved source packages:
spi-builder-workspace: (null)
2026-09-20 05:35:37.367 xcodebuild[723:4332] Writing error result bundle to /var/folders/xq/y_g06wb113726d38xsyx71_h0000gn/T/ResultBundle_2026-20-09_05-35-0037.xcresult
xcodebuild: error: Could not resolve package dependencies:
Failed to clone repository https://github.com/mihaelamj/PureYAML.git:
Cloning into bare repository '/Users/admin/builder/spi-builder-workspace/.dependencies/repositories/PureYAML-f122ae12'...
fatal: could not read Username for 'https://github.com': terminal prompts disabled
BUILD FAILURE 6.2 macosXcodebuild