Build Information
Failed to build StorifyMe, reference main (aeb13d), with Swift 6.1 for macOS (Xcode) using Xcode 16.3 on 10 Oct 2026 12:59:51 UTC.
Build Command
env DEVELOPER_DIR=/Applications/Xcode-16.3.0.app xcrun xcodebuild -IDEClonedSourcePackagesDirPathOverride=$PWD/.dependencies -skipMacroValidation -skipPackagePluginValidation -derivedDataPath $PWD/.derivedData build -scheme StorifyMe -destination platform=macOS,arch=arm64Build Log
========================================
RunAll
========================================
Builder version: 5.1.1
Interrupt handler set up.
========================================
Checkout
========================================
Clone URL: https://github.com/storifyme/ios-storifyme-sdk.git
Reference: main
Initialized empty Git repository in /Users/admin/builder/spi-builder-workspace/.git/
From https://github.com/storifyme/ios-storifyme-sdk
* branch main -> FETCH_HEAD
* [new branch] main -> origin/main
HEAD is now at aeb13d7 Version 2.6.9
Cloned https://github.com/storifyme/ios-storifyme-sdk.git
Revision (git rev-parse @):
aeb13d7848faa5a567610c9bded70ccbf3414d35
SUCCESS checkout https://github.com/storifyme/ios-storifyme-sdk.git at main
========================================
Build
========================================
Selected platform: macosXcodebuild
Swift version: 6.1
Building package at path: $PWD
https://github.com/storifyme/ios-storifyme-sdk.git
https://github.com/storifyme/ios-storifyme-sdk.git
{
"dependencies" : [
],
"manifest_display_name" : "StorifyMe",
"name" : "StorifyMe",
"path" : "/Users/admin/builder/spi-builder-workspace",
"platforms" : [
{
"name" : "ios",
"version" : "12.0"
}
],
"products" : [
{
"name" : "StorifyMe",
"targets" : [
"StorifyMe"
],
"type" : {
"library" : [
"automatic"
]
}
}
],
"swift_languages_versions" : [
"5"
],
"targets" : [
{
"c99name" : "StorifyMe",
"module_type" : "BinaryTarget",
"name" : "StorifyMe",
"path" : "remote/archive/StorifyMe.zip",
"product_memberships" : [
"StorifyMe"
],
"sources" : [
],
"type" : "binary"
}
],
"tools_version" : "5.3"
}
Command line invocation:
/Applications/Xcode-16.3.0.app/Contents/Developer/usr/bin/xcodebuild -IDEClonedSourcePackagesDirPathOverride=/Users/admin/builder/spi-builder-workspace/.dependencies -resolvePackageDependencies
Resolve Package Graph
Resolved source packages:
StorifyMe: /Users/admin/builder/spi-builder-workspace
resolved source packages: StorifyMe
{
"dependencies" : [
],
"manifest_display_name" : "StorifyMe",
"name" : "StorifyMe",
"path" : "/Users/admin/builder/spi-builder-workspace",
"platforms" : [
{
"name" : "ios",
"version" : "12.0"
}
],
"products" : [
{
"name" : "StorifyMe",
"targets" : [
"StorifyMe"
],
"type" : {
"library" : [
"automatic"
]
}
}
],
"swift_languages_versions" : [
"5"
],
"targets" : [
{
"c99name" : "StorifyMe",
"module_type" : "BinaryTarget",
"name" : "StorifyMe",
"path" : "remote/archive/StorifyMe.zip",
"product_memberships" : [
"StorifyMe"
],
"sources" : [
],
"type" : "binary"
}
],
"tools_version" : "5.3"
}
{
"workspace" : {
"name" : "spi-builder-workspace",
"schemes" : [
"StorifyMe"
]
}
}
Running build ...
env DEVELOPER_DIR=/Applications/Xcode-16.3.0.app xcrun xcodebuild -IDEClonedSourcePackagesDirPathOverride=$PWD/.dependencies -skipMacroValidation -skipPackagePluginValidation -derivedDataPath $PWD/.derivedData build -scheme StorifyMe -destination platform=macOS,arch=arm64 OTHER_SWIFT_FLAGS=-stats-output-dir .stats -strict-concurrency=complete -enable-upcoming-feature StrictConcurrency -enable-upcoming-feature DisableOutwardActorInference -enable-upcoming-feature GlobalActorIsolatedTypesUsability -enable-upcoming-feature InferSendableFromCaptures
Command line invocation:
/Applications/Xcode-16.3.0.app/Contents/Developer/usr/bin/xcodebuild -IDEClonedSourcePackagesDirPathOverride=/Users/admin/builder/spi-builder-workspace/.dependencies -skipMacroValidation -skipPackagePluginValidation -derivedDataPath /Users/admin/builder/spi-builder-workspace/.derivedData build -scheme StorifyMe -destination platform=macOS,arch=arm64 "OTHER_SWIFT_FLAGS=-stats-output-dir .stats -strict-concurrency=complete -enable-upcoming-feature StrictConcurrency -enable-upcoming-feature DisableOutwardActorInference -enable-upcoming-feature GlobalActorIsolatedTypesUsability -enable-upcoming-feature InferSendableFromCaptures"
Build settings from command line:
OTHER_SWIFT_FLAGS = -stats-output-dir .stats -strict-concurrency=complete -enable-upcoming-feature StrictConcurrency -enable-upcoming-feature DisableOutwardActorInference -enable-upcoming-feature GlobalActorIsolatedTypesUsability -enable-upcoming-feature InferSendableFromCaptures
Resolve Package Graph
Resolved source packages:
StorifyMe: /Users/admin/builder/spi-builder-workspace
ComputePackagePrebuildTargetDependencyGraph
Prepare packages
CreateBuildRequest
SendProjectDescription
CreateBuildOperation
ComputeTargetDependencyGraph
note: Building targets in dependency order
note: Target dependency graph (1 target)
Target 'StorifyMe' in project 'StorifyMe' (no dependencies)
GatherProvisioningInputs
CreateBuildDescription
ExecuteExternalTool /Applications/Xcode-16.3.0.app/Contents/Developer/Toolchains/XcodeDefault.xctoolchain/usr/bin/clang -v -E -dM -isysroot /Applications/Xcode-16.3.0.app/Contents/Developer/Platforms/MacOSX.platform/Developer/SDKs/MacOSX15.4.sdk -x c -c /dev/null
Build description signature: 7df0553ba588499f821c1364ae06748b
Build description path: /Users/admin/builder/spi-builder-workspace/.derivedData/Build/Intermediates.noindex/XCBuildData/7df0553ba588499f821c1364ae06748b.xcbuilddata
/Users/admin/builder/spi-builder-workspace/.dependencies/artifacts/spi-builder-workspace/StorifyMe/StorifyMe.xcframework:1:1: error: While building for macOS, no library for this platform was found in '/Users/admin/builder/spi-builder-workspace/.dependencies/artifacts/spi-builder-workspace/StorifyMe/StorifyMe.xcframework'. (in target 'StorifyMe' from project 'StorifyMe')
--- xcodebuild: WARNING: Using the first of multiple matching destinations:
{ platform:macOS, arch:arm64, id:1f6afebd176ed488f0863a3e35709ca2c7bb1663, name:My Mac }
{ platform:macOS, arch:arm64, variant:Mac Catalyst, id:1f6afebd176ed488f0863a3e35709ca2c7bb1663, name:My Mac }
{ platform:macOS, arch:arm64, variant:DriverKit, id:1f6afebd176ed488f0863a3e35709ca2c7bb1663, name:My Mac }
{ platform:macOS, arch:arm64, variant:Designed for [iPad,iPhone], id:1f6afebd176ed488f0863a3e35709ca2c7bb1663, name:My Mac }
** BUILD FAILED **
The following build commands failed:
Building workspace spi-builder-workspace with scheme StorifyMe
(1 failure)
Command line invocation:
/Applications/Xcode-16.3.0.app/Contents/Developer/usr/bin/xcodebuild -IDEClonedSourcePackagesDirPathOverride=/Users/admin/builder/spi-builder-workspace/.dependencies -resolvePackageDependencies
Resolve Package Graph
Resolved source packages:
StorifyMe: /Users/admin/builder/spi-builder-workspace
resolved source packages: StorifyMe
{
"dependencies" : [
],
"manifest_display_name" : "StorifyMe",
"name" : "StorifyMe",
"path" : "/Users/admin/builder/spi-builder-workspace",
"platforms" : [
{
"name" : "ios",
"version" : "12.0"
}
],
"products" : [
{
"name" : "StorifyMe",
"targets" : [
"StorifyMe"
],
"type" : {
"library" : [
"automatic"
]
}
}
],
"swift_languages_versions" : [
"5"
],
"targets" : [
{
"c99name" : "StorifyMe",
"module_type" : "BinaryTarget",
"name" : "StorifyMe",
"path" : "remote/archive/StorifyMe.zip",
"product_memberships" : [
"StorifyMe"
],
"sources" : [
],
"type" : "binary"
}
],
"tools_version" : "5.3"
}
{
"workspace" : {
"name" : "spi-builder-workspace",
"schemes" : [
"StorifyMe"
]
}
}
Running build ...
env DEVELOPER_DIR=/Applications/Xcode-16.3.0.app xcrun xcodebuild -IDEClonedSourcePackagesDirPathOverride=$PWD/.dependencies -skipMacroValidation -skipPackagePluginValidation -derivedDataPath $PWD/.derivedData build -scheme StorifyMe -destination platform=macOS,arch=arm64
Command line invocation:
/Applications/Xcode-16.3.0.app/Contents/Developer/usr/bin/xcodebuild -IDEClonedSourcePackagesDirPathOverride=/Users/admin/builder/spi-builder-workspace/.dependencies -skipMacroValidation -skipPackagePluginValidation -derivedDataPath /Users/admin/builder/spi-builder-workspace/.derivedData build -scheme StorifyMe -destination platform=macOS,arch=arm64
Resolve Package Graph
Resolved source packages:
StorifyMe: /Users/admin/builder/spi-builder-workspace
ComputePackagePrebuildTargetDependencyGraph
Prepare packages
CreateBuildRequest
SendProjectDescription
CreateBuildOperation
ComputeTargetDependencyGraph
note: Building targets in dependency order
note: Target dependency graph (1 target)
Target 'StorifyMe' in project 'StorifyMe' (no dependencies)
GatherProvisioningInputs
CreateBuildDescription
ExecuteExternalTool /Applications/Xcode-16.3.0.app/Contents/Developer/Toolchains/XcodeDefault.xctoolchain/usr/bin/clang -v -E -dM -isysroot /Applications/Xcode-16.3.0.app/Contents/Developer/Platforms/MacOSX.platform/Developer/SDKs/MacOSX15.4.sdk -x c -c /dev/null
Build description signature: 98ca9f308be54f56df232f31d7f4d713
Build description path: /Users/admin/builder/spi-builder-workspace/.derivedData/Build/Intermediates.noindex/XCBuildData/98ca9f308be54f56df232f31d7f4d713.xcbuilddata
/Users/admin/builder/spi-builder-workspace/.dependencies/artifacts/spi-builder-workspace/StorifyMe/StorifyMe.xcframework:1:1: error: While building for macOS, no library for this platform was found in '/Users/admin/builder/spi-builder-workspace/.dependencies/artifacts/spi-builder-workspace/StorifyMe/StorifyMe.xcframework'. (in target 'StorifyMe' from project 'StorifyMe')
--- xcodebuild: WARNING: Using the first of multiple matching destinations:
{ platform:macOS, arch:arm64, id:1f6afebd176ed488f0863a3e35709ca2c7bb1663, name:My Mac }
{ platform:macOS, arch:arm64, variant:Mac Catalyst, id:1f6afebd176ed488f0863a3e35709ca2c7bb1663, name:My Mac }
{ platform:macOS, arch:arm64, variant:DriverKit, id:1f6afebd176ed488f0863a3e35709ca2c7bb1663, name:My Mac }
{ platform:macOS, arch:arm64, variant:Designed for [iPad,iPhone], id:1f6afebd176ed488f0863a3e35709ca2c7bb1663, name:My Mac }
** BUILD FAILED **
The following build commands failed:
Building workspace spi-builder-workspace with scheme StorifyMe
(1 failure)
BUILD FAILURE 6.1 macosXcodebuild