The Swift Package Index logo.Swift Package Index

Build Information

Failed to build jira-swift, reference master (7dc1ab), with Swift 6.4 for Android on 16 Sep 2026 12:14:22 UTC.

Build Command

bash -c docker run --pull=always --rm -v "checkouts-53886770-0":/host -w "$PWD" -e JAVA_HOME="/root/.sdkman/candidates/java/current" -e SPI_BUILD="1" -e SPI_PROCESSING="1" registry.gitlab.com/saguaro1/spi-images:android-6.4-latest swift build --swift-sdk aarch64-unknown-linux-android28 2>&1

Build Log

========================================
RunAll
========================================
Builder version: 5.1.0
Interrupt handler set up.
========================================
Checkout
========================================
Clone URL: https://github.com/cpageler93/jiraswift.git
Reference: master
Initialized empty Git repository in /host/spi-builder-workspace/.git/
hint: Using 'master' as the name for the initial branch. This default branch name
hint: is subject to change. To configure the initial branch name to use in all
hint: of your new repositories, which will suppress this warning, call:
hint:
hint: 	git config --global init.defaultBranch <name>
hint:
hint: Names commonly chosen instead of 'master' are 'main', 'trunk' and
hint: 'development'. The just-created branch can be renamed via this command:
hint:
hint: 	git branch -m <name>
From https://github.com/cpageler93/jiraswift
 * branch            master     -> FETCH_HEAD
 * [new branch]      master     -> origin/master
HEAD is now at 7dc1abc Update README.md
Cloned https://github.com/cpageler93/jiraswift.git
Revision (git rev-parse @):
7dc1abc1ca53a699be30a8097330d3400c57f9cb
SUCCESS checkout https://github.com/cpageler93/jiraswift.git at master
========================================
Build
========================================
Selected platform:         android
Swift version:             6.4
Building package at path:  $PWD
https://github.com/cpageler93/jiraswift.git
Running build ...
bash -c docker run --pull=always --rm -v "checkouts-53886770-0":/host -w "$PWD" -e JAVA_HOME="/root/.sdkman/candidates/java/current" -e SPI_BUILD="1" -e SPI_PROCESSING="1" registry.gitlab.com/saguaro1/spi-images:android-6.4-latest swift build --swift-sdk aarch64-unknown-linux-android28 2>&1
android-6.4-latest: Pulling from saguaro1/spi-images
Digest: sha256:abadcff584c273feba50641b454858d377ba30b35ea7287a94f45ebd8afd0ea0
Status: Image is up to date for registry.gitlab.com/saguaro1/spi-images:android-6.4-latest
Fetching https://github.com/scottrhoyt/SwiftyTextTable.git
Fetching https://github.com/cpageler93/api-client.git
Fetching https://github.com/apple/swift-argument-parser.git
[1/37] Fetching api-client
[38/966] Fetching api-client, swiftytexttable
[967/19825] Fetching api-client, swiftytexttable, swift-argument-parser
Fetched https://github.com/cpageler93/api-client.git (0.82s)
Fetched https://github.com/scottrhoyt/SwiftyTextTable.git (0.82s)
Fetched https://github.com/apple/swift-argument-parser.git (0.82s)
Computing version for https://github.com/scottrhoyt/SwiftyTextTable.git
Computed https://github.com/scottrhoyt/SwiftyTextTable.git at 0.9.0 (1.88s)
Computing version for https://github.com/cpageler93/api-client.git
Computed https://github.com/cpageler93/api-client.git at 0.4.0 (0.18s)
Fetching https://github.com/swift-server/async-http-client.git
[1/16197] Fetching async-http-client
Fetched https://github.com/swift-server/async-http-client.git (0.94s)
Computing version for https://github.com/apple/swift-argument-parser.git
Computed https://github.com/apple/swift-argument-parser.git at 0.0.6 (1.14s)
Computing version for https://github.com/swift-server/async-http-client.git
Computed https://github.com/swift-server/async-http-client.git at 1.36.1 (0.23s)
Fetching https://github.com/apple/swift-nio-http2.git
Fetching https://github.com/apple/swift-service-context.git
Fetching https://github.com/apple/swift-configuration.git
Fetching https://github.com/apple/swift-distributed-tracing.git
Fetching https://github.com/apple/swift-nio-ssl.git
Fetching https://github.com/apple/swift-nio-transport-services.git
[1/16064] Fetching swift-nio-ssl
[2/19806] Fetching swift-nio-ssl, swift-configuration
[1120/22669] Fetching swift-nio-ssl, swift-configuration, swift-nio-transport-services
[7401/28880] Fetching swift-nio-ssl, swift-configuration, swift-nio-transport-services, swift-distributed-tracing
Fetched https://github.com/apple/swift-configuration.git (0.58s)
Fetched https://github.com/apple/swift-distributed-tracing.git (0.58s)
Fetching https://github.com/apple/swift-log.git
Fetching https://github.com/apple/swift-algorithms.git
[6398/18927] Fetching swift-nio-ssl, swift-nio-transport-services
[6559/31179] Fetching swift-nio-ssl, swift-nio-transport-services, swift-nio-http2
[31180/32543] Fetching swift-nio-ssl, swift-nio-transport-services, swift-nio-http2, swift-service-context
Fetched https://github.com/apple/swift-service-context.git (1.01s)
[1/8083] Fetching swift-log
Fetching https://github.com/apple/swift-atomics.git
Fetched https://github.com/apple/swift-nio-http2.git (1.02s)
Fetching https://github.com/apple/swift-nio.git
[1699/14223] Fetching swift-log, swift-algorithms
Fetched https://github.com/apple/swift-nio-transport-services.git (1.07s)
Fetching https://github.com/apple/swift-nio-extras.git
Fetched https://github.com/apple/swift-nio-ssl.git (1.08s)
Fetched https://github.com/apple/swift-log.git (0.55s)
Fetched https://github.com/apple/swift-algorithms.git (0.55s)
[1/1875] Fetching swift-atomics
[451/8547] Fetching swift-atomics, swift-nio-extras
Fetched https://github.com/apple/swift-atomics.git (0.60s)
Fetched https://github.com/apple/swift-nio-extras.git (0.56s)
[1/85947] Fetching swift-nio
Fetched https://github.com/apple/swift-nio.git (3.14s)
Computing version for https://github.com/apple/swift-service-context.git
Computed https://github.com/apple/swift-service-context.git at 1.3.0 (4.35s)
Computing version for https://github.com/apple/swift-distributed-tracing.git
Computed https://github.com/apple/swift-distributed-tracing.git at 1.4.1 (0.19s)
Computing version for https://github.com/apple/swift-algorithms.git
Computed https://github.com/apple/swift-algorithms.git at 1.2.1 (0.18s)
Fetching https://github.com/apple/swift-numerics.git
[1/6636] Fetching swift-numerics
Fetched https://github.com/apple/swift-numerics.git (1.19s)
Computing version for https://github.com/apple/swift-configuration.git
Computed https://github.com/apple/swift-configuration.git at 1.2.0 (2.18s)
Fetching https://github.com/swift-server/swift-service-lifecycle
Fetching https://github.com/apple/swift-collections
Fetching https://github.com/apple/swift-system
[1/2843] Fetching swift-service-lifecycle
Fetched https://github.com/swift-server/swift-service-lifecycle (0.56s)
[1/6898] Fetching swift-system
[70/34143] Fetching swift-system, swift-collections
Fetched https://github.com/apple/swift-system (1.21s)
Fetched https://github.com/apple/swift-collections (1.22s)
Computing version for https://github.com/apple/swift-atomics.git
Computed https://github.com/apple/swift-atomics.git at 1.3.1 (1.38s)
Computing version for https://github.com/apple/swift-nio.git
Computed https://github.com/apple/swift-nio.git at 2.102.0 (0.33s)
Computing version for https://github.com/apple/swift-numerics.git
Computed https://github.com/apple/swift-numerics.git at 1.1.1 (0.15s)
Computing version for https://github.com/apple/swift-collections
Computed https://github.com/apple/swift-collections at 1.6.0 (0.28s)
Computing version for https://github.com/apple/swift-nio-transport-services.git
Computed https://github.com/apple/swift-nio-transport-services.git at 1.28.0 (0.19s)
Computing version for https://github.com/swift-server/swift-service-lifecycle
Computed https://github.com/swift-server/swift-service-lifecycle at 2.12.0 (0.17s)
Fetching https://github.com/apple/swift-async-algorithms.git
[1/6723] Fetching swift-async-algorithms
Fetched https://github.com/apple/swift-async-algorithms.git (0.59s)
Computing version for https://github.com/apple/swift-log.git
Computed https://github.com/apple/swift-log.git at 1.15.1 (0.78s)
Computing version for https://github.com/apple/swift-async-algorithms.git
Computed https://github.com/apple/swift-async-algorithms.git at 1.1.5 (0.20s)
Computing version for https://github.com/apple/swift-nio-http2.git
Computed https://github.com/apple/swift-nio-http2.git at 1.46.0 (0.19s)
Computing version for https://github.com/apple/swift-nio-ssl.git
Computed https://github.com/apple/swift-nio-ssl.git at 2.37.4 (0.22s)
Computing version for https://github.com/apple/swift-system
Computed https://github.com/apple/swift-system at 1.8.1 (0.21s)
Computing version for https://github.com/apple/swift-nio-extras.git
Computed https://github.com/apple/swift-nio-extras.git at 1.35.1 (0.47s)
Fetching https://github.com/apple/swift-http-types.git
Fetching https://github.com/apple/swift-certificates.git
Fetching https://github.com/apple/swift-http-structured-headers.git
Fetching https://github.com/apple/swift-asn1.git
[1/1253] Fetching swift-http-structured-headers
[1254/3188] Fetching swift-http-structured-headers, swift-http-types
[1255/5171] Fetching swift-http-structured-headers, swift-http-types, swift-asn1
[1839/12721] Fetching swift-http-structured-headers, swift-http-types, swift-asn1, swift-certificates
Fetched https://github.com/apple/swift-http-types.git (0.52s)
Fetched https://github.com/apple/swift-http-structured-headers.git (0.52s)
[7042/9533] Fetching swift-asn1, swift-certificates
Fetched https://github.com/apple/swift-asn1.git (0.58s)
Fetched https://github.com/apple/swift-certificates.git (0.58s)
Computing version for https://github.com/apple/swift-http-structured-headers.git
Computed https://github.com/apple/swift-http-structured-headers.git at 1.7.0 (0.78s)
Computing version for https://github.com/apple/swift-http-types.git
Computed https://github.com/apple/swift-http-types.git at 1.8.0 (0.22s)
Computing version for https://github.com/apple/swift-asn1.git
Computed https://github.com/apple/swift-asn1.git at 1.7.2 (0.21s)
Computing version for https://github.com/apple/swift-certificates.git
Computed https://github.com/apple/swift-certificates.git at 1.20.0 (0.25s)
Fetching https://github.com/apple/swift-crypto.git
[1/18530] Fetching swift-crypto
Fetched https://github.com/apple/swift-crypto.git (1.17s)
Computing version for https://github.com/apple/swift-crypto.git
Computed https://github.com/apple/swift-crypto.git at 4.5.2 (1.45s)
Creating working copy for https://github.com/apple/swift-service-context.git
Working copy of https://github.com/apple/swift-service-context.git resolved at 1.3.0
Creating working copy for https://github.com/apple/swift-certificates.git
Working copy of https://github.com/apple/swift-certificates.git resolved at 1.20.0
Creating working copy for https://github.com/apple/swift-algorithms.git
Working copy of https://github.com/apple/swift-algorithms.git resolved at 1.2.1
Creating working copy for https://github.com/swift-server/async-http-client.git
Working copy of https://github.com/swift-server/async-http-client.git resolved at 1.36.1
Creating working copy for https://github.com/cpageler93/api-client.git
Working copy of https://github.com/cpageler93/api-client.git resolved at 0.4.0
Creating working copy for https://github.com/apple/swift-crypto.git
Working copy of https://github.com/apple/swift-crypto.git resolved at 4.5.2
Creating working copy for https://github.com/apple/swift-nio-ssl.git
Working copy of https://github.com/apple/swift-nio-ssl.git resolved at 2.37.4
Creating working copy for https://github.com/apple/swift-log.git
Working copy of https://github.com/apple/swift-log.git resolved at 1.15.1
Creating working copy for https://github.com/apple/swift-system
Working copy of https://github.com/apple/swift-system resolved at 1.8.1
Creating working copy for https://github.com/apple/swift-nio-extras.git
Working copy of https://github.com/apple/swift-nio-extras.git resolved at 1.35.1
Creating working copy for https://github.com/apple/swift-http-types.git
Working copy of https://github.com/apple/swift-http-types.git resolved at 1.8.0
Creating working copy for https://github.com/apple/swift-nio-http2.git
Working copy of https://github.com/apple/swift-nio-http2.git resolved at 1.46.0
Creating working copy for https://github.com/apple/swift-asn1.git
Working copy of https://github.com/apple/swift-asn1.git resolved at 1.7.2
Creating working copy for https://github.com/apple/swift-collections
Working copy of https://github.com/apple/swift-collections resolved at 1.6.0
Creating working copy for https://github.com/apple/swift-nio-transport-services.git
Working copy of https://github.com/apple/swift-nio-transport-services.git resolved at 1.28.0
Creating working copy for https://github.com/apple/swift-distributed-tracing.git
Working copy of https://github.com/apple/swift-distributed-tracing.git resolved at 1.4.1
Creating working copy for https://github.com/scottrhoyt/SwiftyTextTable.git
Working copy of https://github.com/scottrhoyt/SwiftyTextTable.git resolved at 0.9.0
Creating working copy for https://github.com/apple/swift-http-structured-headers.git
Working copy of https://github.com/apple/swift-http-structured-headers.git resolved at 1.7.0
Creating working copy for https://github.com/apple/swift-atomics.git
Working copy of https://github.com/apple/swift-atomics.git resolved at 1.3.1
Creating working copy for https://github.com/apple/swift-configuration.git
Working copy of https://github.com/apple/swift-configuration.git resolved at 1.2.0
Creating working copy for https://github.com/apple/swift-async-algorithms.git
Working copy of https://github.com/apple/swift-async-algorithms.git resolved at 1.1.5
Creating working copy for https://github.com/swift-server/swift-service-lifecycle
Working copy of https://github.com/swift-server/swift-service-lifecycle resolved at 2.12.0
Creating working copy for https://github.com/apple/swift-argument-parser.git
Working copy of https://github.com/apple/swift-argument-parser.git resolved at 0.0.6
Creating working copy for https://github.com/apple/swift-numerics.git
Working copy of https://github.com/apple/swift-numerics.git resolved at 1.1.1
Creating working copy for https://github.com/apple/swift-nio.git
Working copy of https://github.com/apple/swift-nio.git resolved at 2.102.0
Building for debugging...
[Computing dependencies]
[Constructing description]
[Pre-planning 1 / 1468]
[Planning 1032 / 1468]
[Planning deferred tasks]
[Constructing 2987 / 3579]
[189 / 921] CNIOOpenBSD
[277 / 966] NIOConcurrencyHelpers
[278 / 966] ServiceContextModule
[290 / 975] InternalCollectionsUtilities
[293 / 984] RealModule
[302 / 984] _NIODataStructures
[308 / 984] Logging
[315 / 984] SystemPackage
[318 / 984] SystemPackage
[333 / 984] SystemPackage
[337 / 985] _NIOBase64
[340 / 986] _NIODataStructures
[343 / 986] ServiceContextModule
[348 / 987] RealModule
[350 / 987] RealModule-product
[353 / 987] RealModule
[355 / 987] NIOConcurrencyHelpers
[359 / 988] NIOConcurrencyHelpers-product
[363 / 988] Logging
[367 / 989] SystemPackage
[368 / 989] Logging
[372 / 989] InternalCollectionsUtilities
[375 / 990] NIOConcurrencyHelpers
[378 / 990] NIOConcurrencyHelpers
[386 / 991] SwiftyTextTable
[392 / 998] CSystem
[399 / 999] Instrumentation
[414 / 1000] Tracing
[424 / 1030] ArgumentParser
[431 / 1030] CNIOFreeBSD
[444 / 1031] CNIOExtrasZlib
[453 / 1031] CNIOBoringSSLShims
[455 / 1031] CNIOBoringSSL
[459 / 1031] CNIOBoringSSL
[461 / 1031] CNIOBoringSSL
[472 / 1031] CNIOBoringSSL
[473 / 1031] CNIOBoringSSL
error: SwiftCompile normal aarch64 failed with a nonzero exit code. Command line:     cd /host

/host/spi-builder-workspace/.build/checkouts/swift-argument-parser/Sources/ArgumentParser/Parsable Properties/Errors.swift:61:40: error: cannot find 'EXIT_SUCCESS' in scope
 59 |
 60 |   /// An exit code that indicates successful completion of a command.
 61 |   public static let success = ExitCode(EXIT_SUCCESS)
    |                                        `- error: cannot find 'EXIT_SUCCESS' in scope
 62 |
 63 |   /// An exit code that indicates that the command failed.
/host/spi-builder-workspace/.build/checkouts/swift-argument-parser/Sources/ArgumentParser/Parsable Properties/Errors.swift:64:40: error: cannot find 'EXIT_FAILURE' in scope
 62 |
 63 |   /// An exit code that indicates that the command failed.
 64 |   public static let failure = ExitCode(EXIT_FAILURE)
    |                                        `- error: cannot find 'EXIT_FAILURE' in scope
 65 |
 66 |   /// An exit code that indicates that the user provided invalid input.
/host/spi-builder-workspace/.build/checkouts/swift-argument-parser/Sources/ArgumentParser/Parsable Properties/Errors.swift:70:50: error: cannot find 'EX_USAGE' in scope
 68 |   public static let validationFailure = ExitCode(ERROR_BAD_ARGUMENTS)
 69 | #else
 70 |   public static let validationFailure = ExitCode(EX_USAGE)
    |                                                  `- error: cannot find 'EX_USAGE' in scope
 71 | #endif
 72 |
Failed frontend command:
/root/.local/share/swiftly/toolchains/6.4.x-snapshot-2026-09-04/usr/bin/swift-frontend -frontend -emit-module -experimental-skip-non-inlinable-function-bodies-without-types /host/spi-builder-workspace/.build/checkouts/swift-argument-parser/Sources/ArgumentParser/Parsable\ Properties/Argument.swift /host/spi-builder-workspace/.build/checkouts/swift-argument-parser/Sources/ArgumentParser/Parsable\ Properties/ArgumentHelp.swift /host/spi-builder-workspace/.build/checkouts/swift-argument-parser/Sources/ArgumentParser/Parsable\ Properties/Errors.swift /host/spi-builder-workspace/.build/checkouts/swift-argument-parser/Sources/ArgumentParser/Parsable\ Properties/Flag.swift /host/spi-builder-workspace/.build/checkouts/swift-argument-parser/Sources/ArgumentParser/Parsable\ Properties/NameSpecification.swift /host/spi-builder-workspace/.build/checkouts/swift-argument-parser/Sources/ArgumentParser/Parsable\ Properties/Option.swift /host/spi-builder-workspace/.build/checkouts/swift-argument-parser/Sources/ArgumentParser/Parsable\ Properties/OptionGroup.swift /host/spi-builder-workspace/.build/checkouts/swift-argument-parser/Sources/ArgumentParser/Parsable\ Types/CommandConfiguration.swift /host/spi-builder-workspace/.build/checkouts/swift-argument-parser/Sources/ArgumentParser/Parsable\ Types/EnumerableFlag.swift /host/spi-builder-workspace/.build/checkouts/swift-argument-parser/Sources/ArgumentParser/Parsable\ Types/ExpressibleByArgument.swift /host/spi-builder-workspace/.build/checkouts/swift-argument-parser/Sources/ArgumentParser/Parsable\ Types/ParsableArguments.swift /host/spi-builder-workspace/.build/checkouts/swift-argument-parser/Sources/ArgumentParser/Parsable\ Types/ParsableArgumentsValidation.swift /host/spi-builder-workspace/.build/checkouts/swift-argument-parser/Sources/ArgumentParser/Parsable\ Types/ParsableCommand.swift /host/spi-builder-workspace/.build/checkouts/swift-argument-parser/Sources/ArgumentParser/Parsing/ArgumentDecoder.swift /host/spi-builder-workspace/.build/checkouts/swift-argument-parser/Sources/ArgumentParser/Parsing/ArgumentDefinition.swift /host/spi-builder-workspace/.build/checkouts/swift-argument-parser/Sources/ArgumentParser/Parsing/ArgumentSet.swift /host/spi-builder-workspace/.build/checkouts/swift-argument-parser/Sources/ArgumentParser/Parsing/ArgumentSetSequence.swift /host/spi-builder-workspace/.build/checkouts/swift-argument-parser/Sources/ArgumentParser/Parsing/CommandParser.swift /host/spi-builder-workspace/.build/checkouts/swift-argument-parser/Sources/ArgumentParser/Parsing/InputOrigin.swift /host/spi-builder-workspace/.build/checkouts/swift-argument-parser/Sources/ArgumentParser/Parsing/Name.swift /host/spi-builder-workspace/.build/checkouts/swift-argument-parser/Sources/ArgumentParser/Parsing/Parsed.swift /host/spi-builder-workspace/.build/checkouts/swift-argument-parser/Sources/ArgumentParser/Parsing/ParsedValues.swift /host/spi-builder-workspace/.build/checkouts/swift-argument-parser/Sources/ArgumentParser/Parsing/ParserError.swift /host/spi-builder-workspace/.build/checkouts/swift-argument-parser/Sources/ArgumentParser/Parsing/SplitArguments.swift /host/spi-builder-workspace/.build/checkouts/swift-argument-parser/Sources/ArgumentParser/Usage/HelpCommand.swift /host/spi-builder-workspace/.build/checkouts/swift-argument-parser/Sources/ArgumentParser/Usage/HelpGenerator.swift /host/spi-builder-workspace/.build/checkouts/swift-argument-parser/Sources/ArgumentParser/Usage/MessageInfo.swift /host/spi-builder-workspace/.build/checkouts/swift-argument-parser/Sources/ArgumentParser/Usage/UsageGenerator.swift /host/spi-builder-workspace/.build/checkouts/swift-argument-parser/Sources/ArgumentParser/Utilities/StringExtensions.swift /host/spi-builder-workspace/.build/checkouts/swift-argument-parser/Sources/ArgumentParser/Utilities/Tree.swift -target aarch64-unknown-linux-android28 -Xllvm -aarch64-use-tbi -disable-objc-interop -sdk /android-ndk/android-ndk-r27d/toolchains/llvm/prebuilt/linux-x86_64/sysroot -sysroot /android-ndk/android-ndk-r27d/toolchains/llvm/prebuilt/linux-x86_64/sysroot -I /host/spi-builder-workspace/.build/out/Products/Debug-android-aarch64 -module-cache-path /host/spi-builder-workspace/.build/out/ModuleCache.noindex -color-diagnostics -Xcc -fcolor-diagnostics -enable-testing -g -debug-info-format\=dwarf -dwarf-version\=4 -suppress-warnings -swift-version 5 -Onone -D SWIFT_PACKAGE -D DEBUG -D SWIFT_MODULE_RESOURCE_BUNDLE_UNAVAILABLE -D Xcode -serialize-debugging-options -enable-experimental-feature DebugDescriptionMacro -empty-abi-descriptor -external-plugin-path /root/.local/share/swiftly/toolchains/6.4.x-snapshot-2026-09-04/usr/lib/swift/host/plugins/testing\#/root/.local/share/swiftly/toolchains/6.4.x-snapshot-2026-09-04/usr/bin/swift-plugin-server -validate-clang-modules-once -clang-build-session-file /host/spi-builder-workspace/.build/out/ModuleCache.noindex/Session.modulevalidation -Xcc -working-directory -Xcc /host -resource-dir /root/.swiftpm/swift-sdks/swift-6.4.x-DEVELOPMENT-SNAPSHOT-2026-09-04-a_android.artifactbundle/swift-android/swift-resources/usr/lib/swift-aarch64 -enable-anonymous-context-mangled-names -file-compilation-dir /host -Xcc -resource-dir -Xcc /android-ndk/android-ndk-r27d/toolchains/llvm/prebuilt/linux-x86_64/lib/clang/18 -Xcc -fno-omit-frame-pointer -Xcc -D_LIBCPP_HARDENING_MODE\=_LIBCPP_HARDENING_MODE_DEBUG -Xcc -fmodules-prune-interval\=86400 -Xcc -fmodules-prune-after\=345600 -Xcc -I/host/spi-builder-workspace/.build/out/Products/Debug-android-aarch64/include -Xcc -I/host/spi-builder-workspace/.build/out/Intermediates.noindex/swift-argument-parser.build/Debug-android-aarch64/ArgumentParser-t.build/DerivedSources-normal/aarch64 -Xcc -I/host/spi-builder-workspace/.build/out/Intermediates.noindex/swift-argument-parser.build/Debug-android-aarch64/ArgumentParser-t.build/DerivedSources/aarch64 -Xcc -I/host/spi-builder-workspace/.build/out/Intermediates.noindex/swift-argument-parser.build/Debug-android-aarch64/ArgumentParser-t.build/DerivedSources -Xcc -DSWIFT_PACKAGE -Xcc -DDEBUG\=1 -no-auto-bridging-header-chaining -module-name ArgumentParser -const-gather-protocols-file /host/spi-builder-workspace/.build/out/Intermediates.noindex/swift-argument-parser.build/Debug-android-aarch64/ArgumentParser-t.build/Objects-normal/aarch64/ArgumentParser_const_extract_protocols.json -in-process-plugin-server-path /root/.local/share/swiftly/toolchains/6.4.x-snapshot-2026-09-04/usr/lib/swift/host/libSwiftInProcPluginServer.so -plugin-path /root/.local/share/swiftly/toolchains/6.4.x-snapshot-2026-09-04/usr/lib/swift/host/plugins -plugin-path /root/.local/share/swiftly/toolchains/6.4.x-snapshot-2026-09-04/usr/local/lib/swift/host/plugins -emit-module-doc-path /host/spi-builder-workspace/.build/out/Intermediates.noindex/swift-argument-parser.build/Debug-android-aarch64/ArgumentParser-t.build/Objects-normal/aarch64/Modules/ArgumentParser.swiftdoc -emit-module-source-info-path /host/spi-builder-workspace/.build/out/Intermediates.noindex/swift-argument-parser.build/Debug-android-aarch64/ArgumentParser-t.build/Objects-normal/aarch64/Modules/ArgumentParser.swiftsourceinfo -emit-objc-header-path /host/spi-builder-workspace/.build/out/Intermediates.noindex/swift-argument-parser.build/Debug-android-aarch64/ArgumentParser-t.build/Objects-normal/aarch64/ArgumentParser-Swift.h -serialize-diagnostics-path /host/spi-builder-workspace/.build/out/Intermediates.noindex/swift-argument-parser.build/Debug-android-aarch64/ArgumentParser-t.build/Objects-normal/aarch64/ArgumentParser-primary-emit-module.dia -emit-dependencies-path /host/spi-builder-workspace/.build/out/Intermediates.noindex/swift-argument-parser.build/Debug-android-aarch64/ArgumentParser-t.build/Objects-normal/aarch64/ArgumentParser-primary-emit-module.d -parse-as-library -o /host/spi-builder-workspace/.build/out/Intermediates.noindex/swift-argument-parser.build/Debug-android-aarch64/ArgumentParser-t.build/Objects-normal/aarch64/Modules/ArgumentParser.swiftmodule
error: Build failed
BUILD FAILURE 6.4 android