The Swift Package Index logo.Swift Package Index

Build Information

Failed to build PinPointAgoraExtension, reference 0.0.1 (a81632), with Swift 6.4 for macOS (Xcode) using Xcode 27.0 on 18 Sep 2026 18:49:09 UTC.

Build Command

env DEVELOPER_DIR=/Applications/Xcode-27.0.0-Release.Candidate.app xcrun xcodebuild -IDEClonedSourcePackagesDirPathOverride=$PWD/.dependencies -skipMacroValidation -skipPackagePluginValidation -derivedDataPath $PWD/.derivedData build -scheme PinPointAgoraExtension -destination platform=macOS,arch=arm64

Build Log

========================================
RunAll
========================================
Builder version: 5.1.0
Interrupt handler set up.
========================================
Checkout
========================================
Clone URL: https://github.com/AgoraIO-Community/Extension-Bose-PinPoint-iOS.git
Reference: 0.0.1
Initialized empty Git repository in /Users/admin/builder/spi-builder-workspace/.git/
From https://github.com/AgoraIO-Community/Extension-Bose-PinPoint-iOS
 * tag               0.0.1      -> FETCH_HEAD
HEAD is now at a81632c initial commit
Cloned https://github.com/AgoraIO-Community/Extension-Bose-PinPoint-iOS.git
Revision (git rev-parse @):
a81632c2732994d0a768ec2bbc3d5ab7d5a69c17
SUCCESS checkout https://github.com/AgoraIO-Community/Extension-Bose-PinPoint-iOS.git at 0.0.1
========================================
Build
========================================
Selected platform:         macosXcodebuild
Swift version:             6.4
Building package at path:  $PWD
https://github.com/AgoraIO-Community/Extension-Bose-PinPoint-iOS.git
Command line invocation:
    /Applications/Xcode-27.0.0-Release.Candidate.app/Contents/Developer/usr/bin/xcodebuild -IDEClonedSourcePackagesDirPathOverride=/Users/admin/builder/spi-builder-workspace/.dependencies -resolvePackageDependencies
Resolve Package Graph
Resolve Package Graph
Resolved source packages:
  PinPointAgoraExtension: /Users/admin/builder/spi-builder-workspace
resolved source packages: PinPointAgoraExtension
2026-09-18 14:48:22.239 xcodebuild[529:3042] [MT] IDERunDestination: Supported platforms for the buildables in the current scheme is empty.
{
  "default_localization" : "en",
  "dependencies" : [
  ],
  "manifest_display_name" : "PinPointAgoraExtension",
  "name" : "PinPointAgoraExtension",
  "path" : "/Users/admin/builder/spi-builder-workspace",
  "platforms" : [
    {
      "name" : "ios",
      "version" : "14.5"
    }
  ],
  "products" : [
    {
      "name" : "PinPointAgoraExtension",
      "targets" : [
        "PinPointAgoraExtension"
      ],
      "type" : {
        "library" : [
          "automatic"
        ]
      }
    }
  ],
  "targets" : [
    {
      "c99name" : "PinPointAgoraExtension",
      "module_type" : "BinaryTarget",
      "name" : "PinPointAgoraExtension",
      "path" : "remote/archive/PinPointAgoraExtension.xcframework.zip",
      "product_memberships" : [
        "PinPointAgoraExtension"
      ],
      "sources" : [
      ],
      "type" : "binary"
    }
  ],
  "tools_version" : "5.3"
}
{
  "workspace" : {
    "name" : "PinPointAgoraExtension",
    "schemes" : [
      "PinPointAgoraExtension"
    ]
  }
}
2026-09-18 14:49:03.667 xcodebuild[660:4167] [MT] IDERunDestination: Supported platforms for the buildables in the current scheme is empty.
Running build ...
env DEVELOPER_DIR=/Applications/Xcode-27.0.0-Release.Candidate.app xcrun xcodebuild -IDEClonedSourcePackagesDirPathOverride=$PWD/.dependencies -skipMacroValidation -skipPackagePluginValidation -derivedDataPath $PWD/.derivedData build -scheme PinPointAgoraExtension -destination platform=macOS,arch=arm64
Command line invocation:
    /Applications/Xcode-27.0.0-Release.Candidate.app/Contents/Developer/usr/bin/xcodebuild -IDEClonedSourcePackagesDirPathOverride=/Users/admin/builder/spi-builder-workspace/.dependencies -skipMacroValidation -skipPackagePluginValidation -derivedDataPath /Users/admin/builder/spi-builder-workspace/.derivedData build -scheme PinPointAgoraExtension -destination platform=macOS,arch=arm64
Resolve Package Graph
Resolved source packages:
  PinPointAgoraExtension: /Users/admin/builder/spi-builder-workspace
ComputePackagePrebuildTargetDependencyGraph
Prepare packages
CreateBuildRequest
SendProjectDescription
CreateBuildOperation
ComputeTargetDependencyGraph
note: Building targets in dependency order
note: Target dependency graph (1 target)
    Target 'PinPointAgoraExtension-product' in project 'PinPointAgoraExtension' (no dependencies)
GatherProvisioningInputs
CreateBuildDescription
ExecuteExternalTool /Applications/Xcode-27.0.0-Release.Candidate.app/Contents/Developer/Toolchains/XcodeDefault.xctoolchain/usr/bin/clang -v -E -dM -isysroot /Applications/Xcode-27.0.0-Release.Candidate.app/Contents/Developer/Platforms/MacOSX.platform/Developer/SDKs/MacOSX27.0.sdk -x c -c /dev/null
Build description signature: e2c7807f05a63be1e128d562c394c7cb
Build description path: /Users/admin/builder/spi-builder-workspace/.derivedData/Build/Intermediates.noindex/XCBuildData/e2c7807f05a63be1e128d562c394c7cb.xcbuilddata
/Users/admin/builder/spi-builder-workspace/.dependencies/artifacts/spi-builder-workspace/PinPointAgoraExtension/PinPointAgoraExtension.xcframework:1:1: error: While building for macOS, no library for this platform was found in '/Users/admin/builder/spi-builder-workspace/.dependencies/artifacts/spi-builder-workspace/PinPointAgoraExtension/PinPointAgoraExtension.xcframework'. (in target 'PinPointAgoraExtension-product' from project 'PinPointAgoraExtension')
2026-09-18 14:49:05.176 xcodebuild[661:4208] [MT] IDERunDestination: Supported platforms for the buildables in the current scheme is empty.
--- xcodebuild: WARNING: Using the first of multiple matching destinations:
{ platform:macOS, arch:arm64, id:20b8f304eb913c1c1fc309b1ba2a9d4cfd5be5ec, name:My Mac }
{ platform:macOS, arch:arm64, variant:Mac Catalyst, id:20b8f304eb913c1c1fc309b1ba2a9d4cfd5be5ec, name:My Mac }
{ platform:macOS, arch:arm64, variant:DriverKit, id:20b8f304eb913c1c1fc309b1ba2a9d4cfd5be5ec, name:My Mac }
{ platform:macOS, arch:arm64, variant:Designed for [iPad,iPhone], id:20b8f304eb913c1c1fc309b1ba2a9d4cfd5be5ec, name:My Mac }
** BUILD FAILED **
The following build commands failed:
	Building workspace PinPointAgoraExtension with scheme PinPointAgoraExtension
(1 failure)
Command line invocation:
    /Applications/Xcode-27.0.0-Release.Candidate.app/Contents/Developer/usr/bin/xcodebuild -IDEClonedSourcePackagesDirPathOverride=/Users/admin/builder/spi-builder-workspace/.dependencies -resolvePackageDependencies
Resolve Package Graph
Resolved source packages:
  PinPointAgoraExtension: /Users/admin/builder/spi-builder-workspace
resolved source packages: PinPointAgoraExtension
2026-09-18 14:49:06.756 xcodebuild[673:4303] [MT] IDERunDestination: Supported platforms for the buildables in the current scheme is empty.
{
  "default_localization" : "en",
  "dependencies" : [
  ],
  "manifest_display_name" : "PinPointAgoraExtension",
  "name" : "PinPointAgoraExtension",
  "path" : "/Users/admin/builder/spi-builder-workspace",
  "platforms" : [
    {
      "name" : "ios",
      "version" : "14.5"
    }
  ],
  "products" : [
    {
      "name" : "PinPointAgoraExtension",
      "targets" : [
        "PinPointAgoraExtension"
      ],
      "type" : {
        "library" : [
          "automatic"
        ]
      }
    }
  ],
  "targets" : [
    {
      "c99name" : "PinPointAgoraExtension",
      "module_type" : "BinaryTarget",
      "name" : "PinPointAgoraExtension",
      "path" : "remote/archive/PinPointAgoraExtension.xcframework.zip",
      "product_memberships" : [
        "PinPointAgoraExtension"
      ],
      "sources" : [
      ],
      "type" : "binary"
    }
  ],
  "tools_version" : "5.3"
}
{
  "workspace" : {
    "name" : "PinPointAgoraExtension",
    "schemes" : [
      "PinPointAgoraExtension"
    ]
  }
}
2026-09-18 14:49:07.959 xcodebuild[681:4365] [MT] IDERunDestination: Supported platforms for the buildables in the current scheme is empty.
Running build ...
env DEVELOPER_DIR=/Applications/Xcode-27.0.0-Release.Candidate.app xcrun xcodebuild -IDEClonedSourcePackagesDirPathOverride=$PWD/.dependencies -skipMacroValidation -skipPackagePluginValidation -derivedDataPath $PWD/.derivedData build -scheme PinPointAgoraExtension -destination platform=macOS,arch=arm64
Command line invocation:
    /Applications/Xcode-27.0.0-Release.Candidate.app/Contents/Developer/usr/bin/xcodebuild -IDEClonedSourcePackagesDirPathOverride=/Users/admin/builder/spi-builder-workspace/.dependencies -skipMacroValidation -skipPackagePluginValidation -derivedDataPath /Users/admin/builder/spi-builder-workspace/.derivedData build -scheme PinPointAgoraExtension -destination platform=macOS,arch=arm64
Resolve Package Graph
Resolved source packages:
  PinPointAgoraExtension: /Users/admin/builder/spi-builder-workspace
ComputePackagePrebuildTargetDependencyGraph
Prepare packages
CreateBuildRequest
SendProjectDescription
CreateBuildOperation
ComputeTargetDependencyGraph
note: Building targets in dependency order
note: Target dependency graph (1 target)
    Target 'PinPointAgoraExtension-product' in project 'PinPointAgoraExtension' (no dependencies)
GatherProvisioningInputs
CreateBuildDescription
/Users/admin/builder/spi-builder-workspace/.dependencies/artifacts/spi-builder-workspace/PinPointAgoraExtension/PinPointAgoraExtension.xcframework:1:1: error: While building for macOS, no library for this platform was found in '/Users/admin/builder/spi-builder-workspace/.dependencies/artifacts/spi-builder-workspace/PinPointAgoraExtension/PinPointAgoraExtension.xcframework'. (in target 'PinPointAgoraExtension-product' from project 'PinPointAgoraExtension')
2026-09-18 14:49:08.952 xcodebuild[682:4397] [MT] IDERunDestination: Supported platforms for the buildables in the current scheme is empty.
--- xcodebuild: WARNING: Using the first of multiple matching destinations:
{ platform:macOS, arch:arm64, id:20b8f304eb913c1c1fc309b1ba2a9d4cfd5be5ec, name:My Mac }
{ platform:macOS, arch:arm64, variant:Mac Catalyst, id:20b8f304eb913c1c1fc309b1ba2a9d4cfd5be5ec, name:My Mac }
{ platform:macOS, arch:arm64, variant:DriverKit, id:20b8f304eb913c1c1fc309b1ba2a9d4cfd5be5ec, name:My Mac }
{ platform:macOS, arch:arm64, variant:Designed for [iPad,iPhone], id:20b8f304eb913c1c1fc309b1ba2a9d4cfd5be5ec, name:My Mac }
** BUILD FAILED **
The following build commands failed:
	Building workspace PinPointAgoraExtension with scheme PinPointAgoraExtension
(1 failure)
BUILD FAILURE 6.4 macosXcodebuild