Build Information
Failed to build ModelAssistant, reference master (80a0db), with Swift 6.4 for watchOS using Xcode 27.0 on 17 Sep 2026 10:31:12 UTC.
Build Command
env DEVELOPER_DIR=/Applications/Xcode-27.0.0-Release.Candidate.app xcrun xcodebuild -IDEClonedSourcePackagesDirPathOverride=$PWD/.dependencies -skipMacroValidation -skipPackagePluginValidation -derivedDataPath $PWD/.derivedData build -scheme ModelAssistant -destination generic/platform=watchOSBuild Log
========================================
RunAll
========================================
Builder version: 5.1.0
Interrupt handler set up.
========================================
Checkout
========================================
Clone URL: https://github.com/ssamadgh/ModelAssistant.git
Reference: master
Initialized empty Git repository in /Users/admin/builder/spi-builder-workspace/.git/
From https://github.com/ssamadgh/ModelAssistant
* branch master -> FETCH_HEAD
* [new branch] master -> origin/master
HEAD is now at 80a0db6 Merge pull request #1 from Adobels/patch-1
Cloned https://github.com/ssamadgh/ModelAssistant.git
Revision (git rev-parse @):
80a0db6aa5466e0011cae64953ffba61c6487d3f
SUCCESS checkout https://github.com/ssamadgh/ModelAssistant.git at master
========================================
Build
========================================
Selected platform: watchOS
Swift version: 6.4
Building package at path: $PWD
https://github.com/ssamadgh/ModelAssistant.git
Command line invocation:
/Applications/Xcode-27.0.0-Release.Candidate.app/Contents/Developer/usr/bin/xcodebuild -IDEClonedSourcePackagesDirPathOverride=/Users/admin/builder/spi-builder-workspace/.dependencies -resolvePackageDependencies
resolved source packages:
{
"dependencies" : [
],
"manifest_display_name" : "ModelAssistant",
"name" : "ModelAssistant",
"path" : "/Users/admin/builder/spi-builder-workspace",
"platforms" : [
],
"products" : [
{
"name" : "ModelAssistant",
"targets" : [
"ModelAssistant"
],
"type" : {
"library" : [
"automatic"
]
}
}
],
"targets" : [
{
"c99name" : "ModelAssistant_iOS_Tests",
"module_type" : "SwiftTarget",
"name" : "ModelAssistant iOS Tests",
"path" : "Tests",
"sources" : [
"Entity/Member.swift",
"ModelTestPagedDatabase.swift",
"ModelTestsBasic.swift",
"ModelTestsBasic0.swift",
"ModelTestsBasicFiltered.swift",
"ModelTestsBasicSorted.swift",
"ModelTestsBasicSortedAndFiltered.swift",
"ModelTestsWithSection.swift",
"ModelTestsWithSectionFiltered.swift",
"ModelTestsWithSectionFilteredAndSorted.swift",
"ModelTestsWithSectionSorted.swift",
"TestTableView/TestTableView.swift"
],
"target_dependencies" : [
"ModelAssistant"
],
"type" : "test"
},
{
"c99name" : "ModelAssistant",
"module_type" : "SwiftTarget",
"name" : "ModelAssistant",
"path" : "Source",
"product_memberships" : [
"ModelAssistant"
],
"sources" : [
"Extenseions/Algorithms.swift",
"Extenseions/Array+Extensions.swift",
"Extenseions/IndexPath+Extensions.swift",
"Extenseions/UICollectionViewController+Extension.swift",
"Extenseions/UITableViewController+Extension.swift",
"Libraries/AOperation/Conditions/MutuallyExclusive.swift",
"Libraries/AOperation/Conditions/OperationCondition.swift",
"Libraries/AOperation/Conditions/OperationErrors.swift",
"Libraries/AOperation/Conditions/ReachabilityCondition.swift",
"Libraries/AOperation/Foundation.Operation+Operation.swift",
"Libraries/AOperation/NSLock+MyOperations.swift",
"Libraries/AOperation/Observers/BlockObserver.swift",
"Libraries/AOperation/Observers/OperationObserver.swift",
"Libraries/AOperation/Observers/OperationTimer.swift",
"Libraries/AOperation/OperationQueue/AOperationQueue.swift",
"Libraries/AOperation/OperationQueue/ExclusivityController.swift",
"Libraries/AOperation/Operations/AOperation.swift",
"Libraries/AOperation/Operations/BlockOperation.swift",
"Libraries/AOperation/Operations/GroupOperation.swift",
"Libraries/AOperation/Operations/URLSessionTaskManager.swift",
"Libraries/AssistantDebugger.swift",
"MAEntity.swift",
"MAFaultable.swift",
"MASectionInfo.swift",
"ModelAssistant.swift",
"ModelAssistantDelegateManager.swift",
"ModelAssistantOperation.swift",
"ModelAssistantProtocol.swift",
"SectionsManager.swift"
],
"type" : "library"
}
],
"tools_version" : "4.2"
}
{
"project" : {
"configurations" : [
"Debug",
"Release"
],
"name" : "ModelAssistant",
"schemes" : [
"ModelAssistant iOS",
"Package iOS"
],
"targets" : [
"ModelAssistant iOS",
"ModelAssistant iOS Tests",
"Package iOS"
]
}
}
{
"workspace" : {
"name" : "ModelAssistant",
"schemes" : [
"ModelAssistant"
]
}
}
2026-09-17 06:31:01.316 xcodebuild[653:4163] [MT] IDERunDestination: Supported platforms for the buildables in the current scheme is empty.
Running build ...
env DEVELOPER_DIR=/Applications/Xcode-27.0.0-Release.Candidate.app xcrun xcodebuild -IDEClonedSourcePackagesDirPathOverride=$PWD/.dependencies -skipMacroValidation -skipPackagePluginValidation -derivedDataPath $PWD/.derivedData build -scheme ModelAssistant -destination generic/platform=watchOS
Command line invocation:
/Applications/Xcode-27.0.0-Release.Candidate.app/Contents/Developer/usr/bin/xcodebuild -IDEClonedSourcePackagesDirPathOverride=/Users/admin/builder/spi-builder-workspace/.dependencies -skipMacroValidation -skipPackagePluginValidation -derivedDataPath /Users/admin/builder/spi-builder-workspace/.derivedData build -scheme ModelAssistant -destination generic/platform=watchOS
Resolve Package Graph
Resolved source packages:
ModelAssistant: /Users/admin/builder/spi-builder-workspace
ComputePackagePrebuildTargetDependencyGraph
Prepare packages
CreateBuildRequest
SendProjectDescription
CreateBuildOperation
ComputeTargetDependencyGraph
note: Building targets in dependency order
note: Target dependency graph (2 targets)
Target 'ModelAssistant-product' in project 'ModelAssistant'
➜ Explicit dependency on target 'ModelAssistant' in project 'ModelAssistant'
Target 'ModelAssistant' in project 'ModelAssistant' (no dependencies)
GatherProvisioningInputs
CreateBuildDescription
ExecuteExternalTool /Applications/Xcode-27.0.0-Release.Candidate.app/Contents/Developer/Toolchains/XcodeDefault.xctoolchain/usr/bin/clang -v -E -dM -isysroot /Applications/Xcode-27.0.0-Release.Candidate.app/Contents/Developer/Platforms/WatchOS.platform/Developer/SDKs/WatchOS27.0.sdk -x c -c /dev/null
ExecuteExternalTool /Applications/Xcode-27.0.0-Release.Candidate.app/Contents/Developer/Toolchains/XcodeDefault.xctoolchain/usr/bin/swiftc --version
ExecuteExternalTool /Applications/Xcode-27.0.0-Release.Candidate.app/Contents/Developer/Toolchains/XcodeDefault.xctoolchain/usr/bin/ld -version_details
Build description signature: b428a41dc805dee49f027f803e4a96bd
Build description path: /Users/admin/builder/spi-builder-workspace/.derivedData/Build/Intermediates.noindex/XCBuildData/b428a41dc805dee49f027f803e4a96bd.xcbuilddata
CreateBuildDirectory /Users/admin/builder/spi-builder-workspace/.derivedData/SDKExplicitPrecompiledModules
cd /Users/admin/builder/spi-builder-workspace/.swiftpm/xcode
builtin-create-build-directory /Users/admin/builder/spi-builder-workspace/.derivedData/SDKExplicitPrecompiledModules
CreateBuildDirectory /Users/admin/builder/spi-builder-workspace/.derivedData/CompilationCache.noindex
cd /Users/admin/builder/spi-builder-workspace/.swiftpm/xcode
builtin-create-build-directory /Users/admin/builder/spi-builder-workspace/.derivedData/CompilationCache.noindex
CreateBuildDirectory /Users/admin/builder/spi-builder-workspace/.derivedData/ModuleCache.noindex
cd /Users/admin/builder/spi-builder-workspace/.swiftpm/xcode
builtin-create-build-directory /Users/admin/builder/spi-builder-workspace/.derivedData/ModuleCache.noindex
CreateBuildDirectory /Users/admin/builder/spi-builder-workspace/.derivedData/Build/Products
cd /Users/admin/builder/spi-builder-workspace/.swiftpm/xcode
builtin-create-build-directory /Users/admin/builder/spi-builder-workspace/.derivedData/Build/Products
CreateBuildDirectory /Users/admin/builder/spi-builder-workspace/.derivedData/Build/Intermediates.noindex
cd /Users/admin/builder/spi-builder-workspace/.swiftpm/xcode
builtin-create-build-directory /Users/admin/builder/spi-builder-workspace/.derivedData/Build/Intermediates.noindex
ClangStatCache /Applications/Xcode-27.0.0-Release.Candidate.app/Contents/Developer/Toolchains/XcodeDefault.xctoolchain/usr/bin/clang-stat-cache /Applications/Xcode-27.0.0-Release.Candidate.app/Contents/Developer/Platforms/WatchOS.platform/Developer/SDKs/WatchOS27.0.sdk /Users/admin/builder/spi-builder-workspace/.derivedData/SDKStatCaches.noindex/watchos27.0-24R360-e829b21a6f8c9b70876ba0858053c04477534ef55a1706bf4c1112bbb242f0a2.sdkstatcache
cd /Users/admin/builder/spi-builder-workspace/.swiftpm/xcode
/Applications/Xcode-27.0.0-Release.Candidate.app/Contents/Developer/Toolchains/XcodeDefault.xctoolchain/usr/bin/clang-stat-cache /Applications/Xcode-27.0.0-Release.Candidate.app/Contents/Developer/Platforms/WatchOS.platform/Developer/SDKs/WatchOS27.0.sdk -o /Users/admin/builder/spi-builder-workspace/.derivedData/SDKStatCaches.noindex/watchos27.0-24R360-e829b21a6f8c9b70876ba0858053c04477534ef55a1706bf4c1112bbb242f0a2.sdkstatcache
CreateBuildDirectory /Users/admin/builder/spi-builder-workspace/.derivedData/Build/Intermediates.noindex/SwiftExplicitPrecompiledModules
cd /Users/admin/builder/spi-builder-workspace/.swiftpm/xcode
builtin-create-build-directory /Users/admin/builder/spi-builder-workspace/.derivedData/Build/Intermediates.noindex/SwiftExplicitPrecompiledModules
CreateBuildDirectory /Users/admin/builder/spi-builder-workspace/.derivedData/Build/Intermediates.noindex/PrecompiledHeaders
cd /Users/admin/builder/spi-builder-workspace/.swiftpm/xcode
builtin-create-build-directory /Users/admin/builder/spi-builder-workspace/.derivedData/Build/Intermediates.noindex/PrecompiledHeaders
CreateBuildDirectory /Users/admin/builder/spi-builder-workspace/.derivedData/Build/Intermediates.noindex/ExplicitPrecompiledModules
cd /Users/admin/builder/spi-builder-workspace/.swiftpm/xcode
builtin-create-build-directory /Users/admin/builder/spi-builder-workspace/.derivedData/Build/Intermediates.noindex/ExplicitPrecompiledModules
CreateBuildDirectory /Users/admin/builder/spi-builder-workspace/.derivedData/Build/Products/Debug-watchos
cd /Users/admin/builder/spi-builder-workspace/.swiftpm/xcode
builtin-create-build-directory /Users/admin/builder/spi-builder-workspace/.derivedData/Build/Products/Debug-watchos
CreateBuildDirectory /Users/admin/builder/spi-builder-workspace/.derivedData/Build/Intermediates.noindex/EagerLinkingTBDs/Debug-watchos
cd /Users/admin/builder/spi-builder-workspace/.swiftpm/xcode
builtin-create-build-directory /Users/admin/builder/spi-builder-workspace/.derivedData/Build/Intermediates.noindex/EagerLinkingTBDs/Debug-watchos
CreateBuildDirectory /Users/admin/builder/spi-builder-workspace/.derivedData/Build/Products/Debug-watchos/PackageFrameworks
cd /Users/admin/builder/spi-builder-workspace/.swiftpm/xcode
builtin-create-build-directory /Users/admin/builder/spi-builder-workspace/.derivedData/Build/Products/Debug-watchos/PackageFrameworks
WriteAuxiliaryFile /Users/admin/builder/spi-builder-workspace/.derivedData/Build/Intermediates.noindex/ModelAssistant.build/Debug-watchos/ModelAssistant-t.build/Objects-normal/arm64_32/ModelAssistant.SwiftConstValuesFileList (in target 'ModelAssistant' from project 'ModelAssistant')
cd /Users/admin/builder/spi-builder-workspace
write-file /Users/admin/builder/spi-builder-workspace/.derivedData/Build/Intermediates.noindex/ModelAssistant.build/Debug-watchos/ModelAssistant-t.build/Objects-normal/arm64_32/ModelAssistant.SwiftConstValuesFileList
WriteAuxiliaryFile /Users/admin/builder/spi-builder-workspace/.derivedData/Build/Intermediates.noindex/ModelAssistant.build/Debug-watchos/ModelAssistant-t.build/Objects-normal/arm64_32/ModelAssistant-OutputFileMap.json (in target 'ModelAssistant' from project 'ModelAssistant')
cd /Users/admin/builder/spi-builder-workspace
write-file /Users/admin/builder/spi-builder-workspace/.derivedData/Build/Intermediates.noindex/ModelAssistant.build/Debug-watchos/ModelAssistant-t.build/Objects-normal/arm64_32/ModelAssistant-OutputFileMap.json
WriteAuxiliaryFile /Users/admin/builder/spi-builder-workspace/.derivedData/Build/Intermediates.noindex/ModelAssistant.build/Debug-watchos/ModelAssistant-t.build/Objects-normal/arm64_32/ModelAssistant.SwiftFileList (in target 'ModelAssistant' from project 'ModelAssistant')
cd /Users/admin/builder/spi-builder-workspace
write-file /Users/admin/builder/spi-builder-workspace/.derivedData/Build/Intermediates.noindex/ModelAssistant.build/Debug-watchos/ModelAssistant-t.build/Objects-normal/arm64_32/ModelAssistant.SwiftFileList
WriteAuxiliaryFile /Users/admin/builder/spi-builder-workspace/.derivedData/Build/Intermediates.noindex/ModelAssistant.build/Debug-watchos/ModelAssistant-t.build/Objects-normal/arm64_32/ModelAssistant.LinkFileList (in target 'ModelAssistant' from project 'ModelAssistant')
cd /Users/admin/builder/spi-builder-workspace
write-file /Users/admin/builder/spi-builder-workspace/.derivedData/Build/Intermediates.noindex/ModelAssistant.build/Debug-watchos/ModelAssistant-t.build/Objects-normal/arm64_32/ModelAssistant.LinkFileList
WriteAuxiliaryFile /Users/admin/builder/spi-builder-workspace/.derivedData/Build/Intermediates.noindex/ModelAssistant.build/Debug-watchos/ModelAssistant-t.build/Objects-normal/arm64/ModelAssistant.SwiftFileList (in target 'ModelAssistant' from project 'ModelAssistant')
cd /Users/admin/builder/spi-builder-workspace
write-file /Users/admin/builder/spi-builder-workspace/.derivedData/Build/Intermediates.noindex/ModelAssistant.build/Debug-watchos/ModelAssistant-t.build/Objects-normal/arm64/ModelAssistant.SwiftFileList
WriteAuxiliaryFile /Users/admin/builder/spi-builder-workspace/.derivedData/Build/Intermediates.noindex/ModelAssistant.build/Debug-watchos/ModelAssistant-t.build/Objects-normal/arm64/ModelAssistant_const_extract_protocols.json (in target 'ModelAssistant' from project 'ModelAssistant')
cd /Users/admin/builder/spi-builder-workspace
write-file /Users/admin/builder/spi-builder-workspace/.derivedData/Build/Intermediates.noindex/ModelAssistant.build/Debug-watchos/ModelAssistant-t.build/Objects-normal/arm64/ModelAssistant_const_extract_protocols.json
WriteAuxiliaryFile /Users/admin/builder/spi-builder-workspace/.derivedData/Build/Intermediates.noindex/ModelAssistant.build/Debug-watchos/ModelAssistant-t.build/Objects-normal/arm64_32/ModelAssistant_const_extract_protocols.json (in target 'ModelAssistant' from project 'ModelAssistant')
cd /Users/admin/builder/spi-builder-workspace
write-file /Users/admin/builder/spi-builder-workspace/.derivedData/Build/Intermediates.noindex/ModelAssistant.build/Debug-watchos/ModelAssistant-t.build/Objects-normal/arm64_32/ModelAssistant_const_extract_protocols.json
WriteAuxiliaryFile /Users/admin/builder/spi-builder-workspace/.derivedData/Build/Intermediates.noindex/ModelAssistant.build/Debug-watchos/ModelAssistant-t.build/Objects-normal/arm64/ModelAssistant.SwiftConstValuesFileList (in target 'ModelAssistant' from project 'ModelAssistant')
cd /Users/admin/builder/spi-builder-workspace
write-file /Users/admin/builder/spi-builder-workspace/.derivedData/Build/Intermediates.noindex/ModelAssistant.build/Debug-watchos/ModelAssistant-t.build/Objects-normal/arm64/ModelAssistant.SwiftConstValuesFileList
WriteAuxiliaryFile /Users/admin/builder/spi-builder-workspace/.derivedData/Build/Intermediates.noindex/ModelAssistant.build/Debug-watchos/ModelAssistant-t.build/Objects-normal/arm64/ModelAssistant.LinkFileList (in target 'ModelAssistant' from project 'ModelAssistant')
cd /Users/admin/builder/spi-builder-workspace
write-file /Users/admin/builder/spi-builder-workspace/.derivedData/Build/Intermediates.noindex/ModelAssistant.build/Debug-watchos/ModelAssistant-t.build/Objects-normal/arm64/ModelAssistant.LinkFileList
WriteAuxiliaryFile /Users/admin/builder/spi-builder-workspace/.derivedData/Build/Intermediates.noindex/ModelAssistant.build/Debug-watchos/ModelAssistant-t.build/Objects-normal/arm64/ModelAssistant-OutputFileMap.json (in target 'ModelAssistant' from project 'ModelAssistant')
cd /Users/admin/builder/spi-builder-workspace
write-file /Users/admin/builder/spi-builder-workspace/.derivedData/Build/Intermediates.noindex/ModelAssistant.build/Debug-watchos/ModelAssistant-t.build/Objects-normal/arm64/ModelAssistant-OutputFileMap.json
WriteAuxiliaryFile /Users/admin/builder/spi-builder-workspace/.derivedData/Build/Intermediates.noindex/ModelAssistant.build/Debug-watchos/ModelAssistant-t.build/ModelAssistant.modulemap (in target 'ModelAssistant' from project 'ModelAssistant')
cd /Users/admin/builder/spi-builder-workspace
write-file /Users/admin/builder/spi-builder-workspace/.derivedData/Build/Intermediates.noindex/ModelAssistant.build/Debug-watchos/ModelAssistant-t.build/ModelAssistant.modulemap
WriteAuxiliaryFile /Users/admin/builder/spi-builder-workspace/.derivedData/Build/Intermediates.noindex/ModelAssistant.build/Debug-watchos/ModelAssistant-t.build/ModelAssistant.DependencyStaticMetadataFileList (in target 'ModelAssistant' from project 'ModelAssistant')
cd /Users/admin/builder/spi-builder-workspace
write-file /Users/admin/builder/spi-builder-workspace/.derivedData/Build/Intermediates.noindex/ModelAssistant.build/Debug-watchos/ModelAssistant-t.build/ModelAssistant.DependencyStaticMetadataFileList
WriteAuxiliaryFile /Users/admin/builder/spi-builder-workspace/.derivedData/Build/Intermediates.noindex/ModelAssistant.build/Debug-watchos/ModelAssistant-t.build/ModelAssistant.DependencyMetadataFileList (in target 'ModelAssistant' from project 'ModelAssistant')
cd /Users/admin/builder/spi-builder-workspace
write-file /Users/admin/builder/spi-builder-workspace/.derivedData/Build/Intermediates.noindex/ModelAssistant.build/Debug-watchos/ModelAssistant-t.build/ModelAssistant.DependencyMetadataFileList
Copy /Users/admin/builder/spi-builder-workspace/.derivedData/Build/Intermediates.noindex/GeneratedModuleMaps-watchos/ModelAssistant.modulemap /Users/admin/builder/spi-builder-workspace/.derivedData/Build/Intermediates.noindex/ModelAssistant.build/Debug-watchos/ModelAssistant-t.build/ModelAssistant.modulemap (in target 'ModelAssistant' from project 'ModelAssistant')
cd /Users/admin/builder/spi-builder-workspace
builtin-copy -exclude .DS_Store -exclude CVS -exclude .svn -exclude .git -exclude .hg -resolve-src-symlinks /Users/admin/builder/spi-builder-workspace/.derivedData/Build/Intermediates.noindex/ModelAssistant.build/Debug-watchos/ModelAssistant-t.build/ModelAssistant.modulemap /Users/admin/builder/spi-builder-workspace/.derivedData/Build/Intermediates.noindex/GeneratedModuleMaps-watchos
SwiftDriver ModelAssistant normal arm64 com.apple.xcode.tools.swift.compiler (in target 'ModelAssistant' from project 'ModelAssistant')
cd /Users/admin/builder/spi-builder-workspace/.swiftpm/xcode
builtin-SwiftDriver -- /Applications/Xcode-27.0.0-Release.Candidate.app/Contents/Developer/Toolchains/XcodeDefault.xctoolchain/usr/bin/swiftc -parse-as-library -module-name ModelAssistant -Onone @/Users/admin/builder/spi-builder-workspace/.derivedData/Build/Intermediates.noindex/ModelAssistant.build/Debug-watchos/ModelAssistant-t.build/Objects-normal/arm64/ModelAssistant.SwiftFileList -DSWIFT_PACKAGE -DDEBUG -DSWIFT_MODULE_RESOURCE_BUNDLE_UNAVAILABLE -DXcode -plugin-path /Applications/Xcode-27.0.0-Release.Candidate.app/Contents/Developer/Toolchains/XcodeDefault.xctoolchain/usr/lib/swift/host/plugins/testing -enable-experimental-feature DebugDescriptionMacro -sdk /Applications/Xcode-27.0.0-Release.Candidate.app/Contents/Developer/Platforms/WatchOS.platform/Developer/SDKs/WatchOS27.0.sdk -target arm64-apple-watchos9.0 -g -module-cache-path /Users/admin/builder/spi-builder-workspace/.derivedData/ModuleCache.noindex -Xfrontend -serialize-debugging-options -profile-coverage-mapping -profile-generate -enable-testing -index-store-path /Users/admin/builder/spi-builder-workspace/.derivedData/Index.noindex/DataStore -Xcc -D_LIBCPP_HARDENING_MODE\=_LIBCPP_HARDENING_MODE_DEBUG -swift-version 4.2 -I /Users/admin/builder/spi-builder-workspace/.derivedData/Build/Products/Debug-watchos -Isystem /Applications/Xcode-27.0.0-Release.Candidate.app/Contents/Developer/Platforms/WatchOS.platform/Developer/usr/lib -F /Users/admin/builder/spi-builder-workspace/.derivedData/Build/Products/Debug-watchos -F /Applications/Xcode-27.0.0-Release.Candidate.app/Contents/Developer/Platforms/WatchOS.platform/Developer/Library/Frameworks -F /Applications/Xcode-27.0.0-Release.Candidate.app/Contents/Developer/Platforms/WatchOS.platform/Developer/SDKs/WatchOS27.0.sdk/Developer/Library/Frameworks -c -j10 -enable-batch-mode -incremental -Xcc -ivfsstatcache -Xcc /Users/admin/builder/spi-builder-workspace/.derivedData/SDKStatCaches.noindex/watchos27.0-24R360-e829b21a6f8c9b70876ba0858053c04477534ef55a1706bf4c1112bbb242f0a2.sdkstatcache -output-file-map /Users/admin/builder/spi-builder-workspace/.derivedData/Build/Intermediates.noindex/ModelAssistant.build/Debug-watchos/ModelAssistant-t.build/Objects-normal/arm64/ModelAssistant-OutputFileMap.json -save-temps -no-color-diagnostics -emit-dependencies -emit-module -emit-module-path /Users/admin/builder/spi-builder-workspace/.derivedData/Build/Intermediates.noindex/ModelAssistant.build/Debug-watchos/ModelAssistant-t.build/Objects-normal/arm64/ModelAssistant.swiftmodule -serialize-diagnostics -validate-clang-modules-once -clang-build-session-file /Users/admin/builder/spi-builder-workspace/.derivedData/ModuleCache.noindex/Session.modulevalidation -Xcc -fmodules-prune-interval\=86400 -Xcc -fmodules-prune-after\=345600 -emit-const-values -const-gather-protocols-list /Users/admin/builder/spi-builder-workspace/.derivedData/Build/Intermediates.noindex/ModelAssistant.build/Debug-watchos/ModelAssistant-t.build/Objects-normal/arm64/ModelAssistant_const_extract_protocols.json -Xcc -I/Users/admin/builder/spi-builder-workspace/.derivedData/Build/Products/Debug-watchos/include -Xcc -I/Users/admin/builder/spi-builder-workspace/.derivedData/Build/Intermediates.noindex/ModelAssistant.build/Debug-watchos/ModelAssistant-t.build/DerivedSources-normal/arm64 -Xcc -I/Users/admin/builder/spi-builder-workspace/.derivedData/Build/Intermediates.noindex/ModelAssistant.build/Debug-watchos/ModelAssistant-t.build/DerivedSources/arm64 -Xcc -I/Users/admin/builder/spi-builder-workspace/.derivedData/Build/Intermediates.noindex/ModelAssistant.build/Debug-watchos/ModelAssistant-t.build/DerivedSources -Xcc -DSWIFT_PACKAGE -Xcc -DDEBUG\=1 -emit-objc-header -emit-objc-header-path /Users/admin/builder/spi-builder-workspace/.derivedData/Build/Intermediates.noindex/ModelAssistant.build/Debug-watchos/ModelAssistant-t.build/Objects-normal/arm64/ModelAssistant-Swift.h -working-directory /Users/admin/builder/spi-builder-workspace/.swiftpm/xcode -experimental-emit-module-separately -disable-cmo
SwiftDriver ModelAssistant normal arm64_32 com.apple.xcode.tools.swift.compiler (in target 'ModelAssistant' from project 'ModelAssistant')
cd /Users/admin/builder/spi-builder-workspace/.swiftpm/xcode
builtin-SwiftDriver -- /Applications/Xcode-27.0.0-Release.Candidate.app/Contents/Developer/Toolchains/XcodeDefault.xctoolchain/usr/bin/swiftc -parse-as-library -module-name ModelAssistant -Onone @/Users/admin/builder/spi-builder-workspace/.derivedData/Build/Intermediates.noindex/ModelAssistant.build/Debug-watchos/ModelAssistant-t.build/Objects-normal/arm64_32/ModelAssistant.SwiftFileList -DSWIFT_PACKAGE -DDEBUG -DSWIFT_MODULE_RESOURCE_BUNDLE_UNAVAILABLE -DXcode -plugin-path /Applications/Xcode-27.0.0-Release.Candidate.app/Contents/Developer/Toolchains/XcodeDefault.xctoolchain/usr/lib/swift/host/plugins/testing -enable-experimental-feature DebugDescriptionMacro -sdk /Applications/Xcode-27.0.0-Release.Candidate.app/Contents/Developer/Platforms/WatchOS.platform/Developer/SDKs/WatchOS27.0.sdk -target arm64_32-apple-watchos9.0 -g -module-cache-path /Users/admin/builder/spi-builder-workspace/.derivedData/ModuleCache.noindex -Xfrontend -serialize-debugging-options -profile-coverage-mapping -profile-generate -enable-testing -index-store-path /Users/admin/builder/spi-builder-workspace/.derivedData/Index.noindex/DataStore -Xcc -D_LIBCPP_HARDENING_MODE\=_LIBCPP_HARDENING_MODE_DEBUG -swift-version 4.2 -I /Users/admin/builder/spi-builder-workspace/.derivedData/Build/Products/Debug-watchos -Isystem /Applications/Xcode-27.0.0-Release.Candidate.app/Contents/Developer/Platforms/WatchOS.platform/Developer/usr/lib -F /Users/admin/builder/spi-builder-workspace/.derivedData/Build/Products/Debug-watchos -F /Applications/Xcode-27.0.0-Release.Candidate.app/Contents/Developer/Platforms/WatchOS.platform/Developer/Library/Frameworks -F /Applications/Xcode-27.0.0-Release.Candidate.app/Contents/Developer/Platforms/WatchOS.platform/Developer/SDKs/WatchOS27.0.sdk/Developer/Library/Frameworks -c -j10 -enable-batch-mode -incremental -Xcc -ivfsstatcache -Xcc /Users/admin/builder/spi-builder-workspace/.derivedData/SDKStatCaches.noindex/watchos27.0-24R360-e829b21a6f8c9b70876ba0858053c04477534ef55a1706bf4c1112bbb242f0a2.sdkstatcache -output-file-map /Users/admin/builder/spi-builder-workspace/.derivedData/Build/Intermediates.noindex/ModelAssistant.build/Debug-watchos/ModelAssistant-t.build/Objects-normal/arm64_32/ModelAssistant-OutputFileMap.json -save-temps -no-color-diagnostics -emit-dependencies -emit-module -emit-module-path /Users/admin/builder/spi-builder-workspace/.derivedData/Build/Intermediates.noindex/ModelAssistant.build/Debug-watchos/ModelAssistant-t.build/Objects-normal/arm64_32/ModelAssistant.swiftmodule -serialize-diagnostics -validate-clang-modules-once -clang-build-session-file /Users/admin/builder/spi-builder-workspace/.derivedData/ModuleCache.noindex/Session.modulevalidation -Xcc -fmodules-prune-interval\=86400 -Xcc -fmodules-prune-after\=345600 -emit-const-values -const-gather-protocols-list /Users/admin/builder/spi-builder-workspace/.derivedData/Build/Intermediates.noindex/ModelAssistant.build/Debug-watchos/ModelAssistant-t.build/Objects-normal/arm64_32/ModelAssistant_const_extract_protocols.json -Xcc -I/Users/admin/builder/spi-builder-workspace/.derivedData/Build/Products/Debug-watchos/include -Xcc -I/Users/admin/builder/spi-builder-workspace/.derivedData/Build/Intermediates.noindex/ModelAssistant.build/Debug-watchos/ModelAssistant-t.build/DerivedSources-normal/arm64_32 -Xcc -I/Users/admin/builder/spi-builder-workspace/.derivedData/Build/Intermediates.noindex/ModelAssistant.build/Debug-watchos/ModelAssistant-t.build/DerivedSources/arm64_32 -Xcc -I/Users/admin/builder/spi-builder-workspace/.derivedData/Build/Intermediates.noindex/ModelAssistant.build/Debug-watchos/ModelAssistant-t.build/DerivedSources -Xcc -DSWIFT_PACKAGE -Xcc -DDEBUG\=1 -emit-objc-header -emit-objc-header-path /Users/admin/builder/spi-builder-workspace/.derivedData/Build/Intermediates.noindex/ModelAssistant.build/Debug-watchos/ModelAssistant-t.build/Objects-normal/arm64_32/ModelAssistant-Swift.h -working-directory /Users/admin/builder/spi-builder-workspace/.swiftpm/xcode -experimental-emit-module-separately -disable-cmo
SwiftEmitModule normal arm64_32 Emitting\ module\ for\ ModelAssistant (in target 'ModelAssistant' from project 'ModelAssistant')
SwiftCompile normal arm64_32 (in target 'ModelAssistant' from project 'ModelAssistant')
cd /Users/admin/builder/spi-builder-workspace/.swiftpm/xcode
/Users/admin/builder/spi-builder-workspace/Source/Libraries/AOperation/Conditions/ReachabilityCondition.swift:10:8: error: no such module 'SystemConfiguration'
8 |
9 | import Foundation
10 | import SystemConfiguration
| `- error: no such module 'SystemConfiguration'
11 |
12 | /**
Failed frontend command:
/Applications/Xcode-27.0.0-Release.Candidate.app/Contents/Developer/Toolchains/XcodeDefault.xctoolchain/usr/bin/swift-frontend -frontend -emit-module -experimental-skip-non-inlinable-function-bodies-without-types /Users/admin/builder/spi-builder-workspace/Source/Extenseions/Algorithms.swift /Users/admin/builder/spi-builder-workspace/Source/Extenseions/Array+Extensions.swift /Users/admin/builder/spi-builder-workspace/Source/Extenseions/IndexPath+Extensions.swift /Users/admin/builder/spi-builder-workspace/Source/Extenseions/UICollectionViewController+Extension.swift /Users/admin/builder/spi-builder-workspace/Source/Extenseions/UITableViewController+Extension.swift /Users/admin/builder/spi-builder-workspace/Source/Libraries/AOperation/Conditions/MutuallyExclusive.swift /Users/admin/builder/spi-builder-workspace/Source/Libraries/AOperation/Conditions/OperationCondition.swift /Users/admin/builder/spi-builder-workspace/Source/Libraries/AOperation/Conditions/OperationErrors.swift /Users/admin/builder/spi-builder-workspace/Source/Libraries/AOperation/Conditions/ReachabilityCondition.swift /Users/admin/builder/spi-builder-workspace/Source/Libraries/AOperation/Foundation.Operation+Operation.swift /Users/admin/builder/spi-builder-workspace/Source/Libraries/AOperation/NSLock+MyOperations.swift /Users/admin/builder/spi-builder-workspace/Source/Libraries/AOperation/Observers/BlockObserver.swift /Users/admin/builder/spi-builder-workspace/Source/Libraries/AOperation/Observers/OperationObserver.swift /Users/admin/builder/spi-builder-workspace/Source/Libraries/AOperation/Observers/OperationTimer.swift /Users/admin/builder/spi-builder-workspace/Source/Libraries/AOperation/OperationQueue/AOperationQueue.swift /Users/admin/builder/spi-builder-workspace/Source/Libraries/AOperation/OperationQueue/ExclusivityController.swift /Users/admin/builder/spi-builder-workspace/Source/Libraries/AOperation/Operations/AOperation.swift /Users/admin/builder/spi-builder-workspace/Source/Libraries/AOperation/Operations/BlockOperation.swift /Users/admin/builder/spi-builder-workspace/Source/Libraries/AOperation/Operations/GroupOperation.swift /Users/admin/builder/spi-builder-workspace/Source/Libraries/AOperation/Operations/URLSessionTaskManager.swift /Users/admin/builder/spi-builder-workspace/Source/Libraries/AssistantDebugger.swift /Users/admin/builder/spi-builder-workspace/Source/MAEntity.swift /Users/admin/builder/spi-builder-workspace/Source/MAFaultable.swift /Users/admin/builder/spi-builder-workspace/Source/MASectionInfo.swift /Users/admin/builder/spi-builder-workspace/Source/ModelAssistant.swift /Users/admin/builder/spi-builder-workspace/Source/ModelAssistantDelegateManager.swift /Users/admin/builder/spi-builder-workspace/Source/ModelAssistantOperation.swift /Users/admin/builder/spi-builder-workspace/Source/ModelAssistantProtocol.swift /Users/admin/builder/spi-builder-workspace/Source/SectionsManager.swift -target arm64_32-apple-watchos9.0 -enable-objc-interop -sdk /Applications/Xcode-27.0.0-Release.Candidate.app/Contents/Developer/Platforms/WatchOS.platform/Developer/SDKs/WatchOS27.0.sdk -I /Users/admin/builder/spi-builder-workspace/.derivedData/Build/Products/Debug-watchos -Isystem /Applications/Xcode-27.0.0-Release.Candidate.app/Contents/Developer/Platforms/WatchOS.platform/Developer/usr/lib -F /Users/admin/builder/spi-builder-workspace/.derivedData/Build/Products/Debug-watchos -F /Applications/Xcode-27.0.0-Release.Candidate.app/Contents/Developer/Platforms/WatchOS.platform/Developer/Library/Frameworks -F /Applications/Xcode-27.0.0-Release.Candidate.app/Contents/Developer/Platforms/WatchOS.platform/Developer/SDKs/WatchOS27.0.sdk/Developer/Library/Frameworks -module-cache-path /Users/admin/builder/spi-builder-workspace/.derivedData/ModuleCache.noindex -no-color-diagnostics -Xcc -fno-color-diagnostics -enable-testing -g -debug-info-format\=dwarf -dwarf-version\=4 -profile-generate -profile-coverage-mapping -swift-version 4.2 -Onone -D SWIFT_PACKAGE -D DEBUG -D SWIFT_MODULE_RESOURCE_BUNDLE_UNAVAILABLE -D Xcode -serialize-debugging-options -enable-experimental-feature DebugDescriptionMacro -empty-abi-descriptor -plugin-path /Applications/Xcode-27.0.0-Release.Candidate.app/Contents/Developer/Toolchains/XcodeDefault.xctoolchain/usr/lib/swift/host/plugins/testing -validate-clang-modules-once -clang-build-session-file /Users/admin/builder/spi-builder-workspace/.derivedData/ModuleCache.noindex/Session.modulevalidation -Xcc -working-directory -Xcc /Users/admin/builder/spi-builder-workspace/.swiftpm/xcode -enable-anonymous-context-mangled-names -file-compilation-dir /Users/admin/builder/spi-builder-workspace/.swiftpm/xcode -Xcc -D_LIBCPP_HARDENING_MODE\=_LIBCPP_HARDENING_MODE_DEBUG -Xcc -ivfsstatcache -Xcc /Users/admin/builder/spi-builder-workspace/.derivedData/SDKStatCaches.noindex/watchos27.0-24R360-e829b21a6f8c9b70876ba0858053c04477534ef55a1706bf4c1112bbb242f0a2.sdkstatcache -Xcc -fmodules-prune-interval\=86400 -Xcc -fmodules-prune-after\=345600 -Xcc -I/Users/admin/builder/spi-builder-workspace/.derivedData/Build/Products/Debug-watchos/include -Xcc -I/Users/admin/builder/spi-builder-workspace/.derivedData/Build/Intermediates.noindex/ModelAssistant.build/Debug-watchos/ModelAssistant-t.build/DerivedSources-normal/arm64_32 -Xcc -I/Users/admin/builder/spi-builder-workspace/.derivedData/Build/Intermediates.noindex/ModelAssistant.build/Debug-watchos/ModelAssistant-t.build/DerivedSources/arm64_32 -Xcc -I/Users/admin/builder/spi-builder-workspace/.derivedData/Build/Intermediates.noindex/ModelAssistant.build/Debug-watchos/ModelAssistant-t.build/DerivedSources -Xcc -DSWIFT_PACKAGE -Xcc -DDEBUG\=1 -no-auto-bridging-header-chaining -module-name ModelAssistant -const-gather-protocols-file /Users/admin/builder/spi-builder-workspace/.derivedData/Build/Intermediates.noindex/ModelAssistant.build/Debug-watchos/ModelAssistant-t.build/Objects-normal/arm64_32/ModelAssistant_const_extract_protocols.json -disable-clang-spi -target-sdk-version 27.0 -target-sdk-name watchos27.0 -external-plugin-path /Applications/Xcode-27.0.0-Release.Candidate.app/Contents/Developer/Platforms/WatchOS.platform/Developer/usr/lib/swift/host/plugins\#/Applications/Xcode-27.0.0-Release.Candidate.app/Contents/Developer/Platforms/WatchOS.platform/Developer/usr/bin/swift-plugin-server -external-plugin-path /Applications/Xcode-27.0.0-Release.Candidate.app/Contents/Developer/Platforms/WatchOS.platform/Developer/usr/local/lib/swift/host/plugins\#/Applications/Xcode-27.0.0-Release.Candidate.app/Contents/Developer/Platforms/WatchOS.platform/Developer/usr/bin/swift-plugin-server -in-process-plugin-server-path /Applications/Xcode-27.0.0-Release.Candidate.app/Contents/Developer/Toolchains/XcodeDefault.xctoolchain/usr/lib/swift/host/libSwiftInProcPluginServer.dylib -plugin-path /Applications/Xcode-27.0.0-Release.Candidate.app/Contents/Developer/Toolchains/XcodeDefault.xctoolchain/usr/lib/swift/host/plugins -plugin-path /Applications/Xcode-27.0.0-Release.Candidate.app/Contents/Developer/Toolchains/XcodeDefault.xctoolchain/usr/local/lib/swift/host/plugins -emit-module-doc-path /Users/admin/builder/spi-builder-workspace/.derivedData/Build/Intermediates.noindex/ModelAssistant.build/Debug-watchos/ModelAssistant-t.build/Objects-normal/arm64_32/ModelAssistant.swiftdoc -emit-module-source-info-path /Users/admin/builder/spi-builder-workspace/.derivedData/Build/Intermediates.noindex/ModelAssistant.build/Debug-watchos/ModelAssistant-t.build/Objects-normal/arm64_32/ModelAssistant.swiftsourceinfo -emit-objc-header-path /Users/admin/builder/spi-builder-workspace/.derivedData/Build/Intermediates.noindex/ModelAssistant.build/Debug-watchos/ModelAssistant-t.build/Objects-normal/arm64_32/ModelAssistant-Swift.h -serialize-diagnostics-path /Users/admin/builder/spi-builder-workspace/.derivedData/Build/Intermediates.noindex/ModelAssistant.build/Debug-watchos/ModelAssistant-t.build/Objects-normal/arm64_32/ModelAssistant-primary-emit-module.dia -emit-dependencies-path /Users/admin/builder/spi-builder-workspace/.derivedData/Build/Intermediates.noindex/ModelAssistant.build/Debug-watchos/ModelAssistant-t.build/Objects-normal/arm64_32/ModelAssistant-primary-emit-module.d -parse-as-library -o /Users/admin/builder/spi-builder-workspace/.derivedData/Build/Intermediates.noindex/ModelAssistant.build/Debug-watchos/ModelAssistant-t.build/Objects-normal/arm64_32/ModelAssistant.swiftmodule -emit-abi-descriptor-path /Users/admin/builder/spi-builder-workspace/.derivedData/Build/Intermediates.noindex/ModelAssistant.build/Debug-watchos/ModelAssistant-t.build/Objects-normal/arm64_32/ModelAssistant.abi.json
SwiftCompile normal arm64_32 Compiling\ UICollectionViewController+Extension.swift,\ UITableViewController+Extension.swift,\ MutuallyExclusive.swift /Users/admin/builder/spi-builder-workspace/Source/Extenseions/UICollectionViewController+Extension.swift /Users/admin/builder/spi-builder-workspace/Source/Extenseions/UITableViewController+Extension.swift /Users/admin/builder/spi-builder-workspace/Source/Libraries/AOperation/Conditions/MutuallyExclusive.swift (in target 'ModelAssistant' from project 'ModelAssistant')
SwiftCompile normal arm64_32 /Users/admin/builder/spi-builder-workspace/Source/Extenseions/UICollectionViewController+Extension.swift (in target 'ModelAssistant' from project 'ModelAssistant')
cd /Users/admin/builder/spi-builder-workspace/.swiftpm/xcode
builtin-SwiftPerFileCompile UICollectionViewController+Extension.swift
SwiftCompile normal arm64_32 /Users/admin/builder/spi-builder-workspace/Source/Extenseions/UITableViewController+Extension.swift (in target 'ModelAssistant' from project 'ModelAssistant')
cd /Users/admin/builder/spi-builder-workspace/.swiftpm/xcode
builtin-SwiftPerFileCompile UITableViewController+Extension.swift
SwiftCompile normal arm64_32 /Users/admin/builder/spi-builder-workspace/Source/Libraries/AOperation/Conditions/MutuallyExclusive.swift (in target 'ModelAssistant' from project 'ModelAssistant')
cd /Users/admin/builder/spi-builder-workspace/.swiftpm/xcode
builtin-SwiftPerFileCompile MutuallyExclusive.swift
SwiftCompile normal arm64_32 Compiling\ Algorithms.swift,\ Array+Extensions.swift,\ IndexPath+Extensions.swift /Users/admin/builder/spi-builder-workspace/Source/Extenseions/Algorithms.swift /Users/admin/builder/spi-builder-workspace/Source/Extenseions/Array+Extensions.swift /Users/admin/builder/spi-builder-workspace/Source/Extenseions/IndexPath+Extensions.swift (in target 'ModelAssistant' from project 'ModelAssistant')
SwiftCompile normal arm64_32 /Users/admin/builder/spi-builder-workspace/Source/Extenseions/Algorithms.swift (in target 'ModelAssistant' from project 'ModelAssistant')
cd /Users/admin/builder/spi-builder-workspace/.swiftpm/xcode
builtin-SwiftPerFileCompile Algorithms.swift
SwiftCompile normal arm64_32 /Users/admin/builder/spi-builder-workspace/Source/Extenseions/Array+Extensions.swift (in target 'ModelAssistant' from project 'ModelAssistant')
cd /Users/admin/builder/spi-builder-workspace/.swiftpm/xcode
builtin-SwiftPerFileCompile Array+Extensions.swift
SwiftCompile normal arm64_32 /Users/admin/builder/spi-builder-workspace/Source/Extenseions/IndexPath+Extensions.swift (in target 'ModelAssistant' from project 'ModelAssistant')
cd /Users/admin/builder/spi-builder-workspace/.swiftpm/xcode
builtin-SwiftPerFileCompile IndexPath+Extensions.swift
SwiftCompile normal arm64_32 Compiling\ OperationCondition.swift,\ OperationErrors.swift,\ ReachabilityCondition.swift /Users/admin/builder/spi-builder-workspace/Source/Libraries/AOperation/Conditions/OperationCondition.swift /Users/admin/builder/spi-builder-workspace/Source/Libraries/AOperation/Conditions/OperationErrors.swift /Users/admin/builder/spi-builder-workspace/Source/Libraries/AOperation/Conditions/ReachabilityCondition.swift (in target 'ModelAssistant' from project 'ModelAssistant')
SwiftCompile normal arm64_32 /Users/admin/builder/spi-builder-workspace/Source/Libraries/AOperation/Conditions/OperationCondition.swift (in target 'ModelAssistant' from project 'ModelAssistant')
cd /Users/admin/builder/spi-builder-workspace/.swiftpm/xcode
builtin-SwiftPerFileCompile OperationCondition.swift
SwiftCompile normal arm64_32 /Users/admin/builder/spi-builder-workspace/Source/Libraries/AOperation/Conditions/OperationErrors.swift (in target 'ModelAssistant' from project 'ModelAssistant')
cd /Users/admin/builder/spi-builder-workspace/.swiftpm/xcode
builtin-SwiftPerFileCompile OperationErrors.swift
SwiftCompile normal arm64_32 /Users/admin/builder/spi-builder-workspace/Source/Libraries/AOperation/Conditions/ReachabilityCondition.swift (in target 'ModelAssistant' from project 'ModelAssistant')
cd /Users/admin/builder/spi-builder-workspace/.swiftpm/xcode
builtin-SwiftPerFileCompile ReachabilityCondition.swift
SwiftCompile normal arm64_32 Compiling\ GroupOperation.swift,\ URLSessionTaskManager.swift,\ AssistantDebugger.swift /Users/admin/builder/spi-builder-workspace/Source/Libraries/AOperation/Operations/GroupOperation.swift /Users/admin/builder/spi-builder-workspace/Source/Libraries/AOperation/Operations/URLSessionTaskManager.swift /Users/admin/builder/spi-builder-workspace/Source/Libraries/AssistantDebugger.swift (in target 'ModelAssistant' from project 'ModelAssistant')
SwiftCompile normal arm64_32 /Users/admin/builder/spi-builder-workspace/Source/Libraries/AOperation/Operations/GroupOperation.swift (in target 'ModelAssistant' from project 'ModelAssistant')
cd /Users/admin/builder/spi-builder-workspace/.swiftpm/xcode
builtin-SwiftPerFileCompile GroupOperation.swift
SwiftCompile normal arm64_32 /Users/admin/builder/spi-builder-workspace/Source/Libraries/AOperation/Operations/URLSessionTaskManager.swift (in target 'ModelAssistant' from project 'ModelAssistant')
cd /Users/admin/builder/spi-builder-workspace/.swiftpm/xcode
builtin-SwiftPerFileCompile URLSessionTaskManager.swift
SwiftCompile normal arm64_32 /Users/admin/builder/spi-builder-workspace/Source/Libraries/AssistantDebugger.swift (in target 'ModelAssistant' from project 'ModelAssistant')
cd /Users/admin/builder/spi-builder-workspace/.swiftpm/xcode
builtin-SwiftPerFileCompile AssistantDebugger.swift
SwiftCompile normal arm64_32 Compiling\ Foundation.Operation+Operation.swift,\ NSLock+MyOperations.swift,\ BlockObserver.swift /Users/admin/builder/spi-builder-workspace/Source/Libraries/AOperation/Foundation.Operation+Operation.swift /Users/admin/builder/spi-builder-workspace/Source/Libraries/AOperation/NSLock+MyOperations.swift /Users/admin/builder/spi-builder-workspace/Source/Libraries/AOperation/Observers/BlockObserver.swift (in target 'ModelAssistant' from project 'ModelAssistant')
SwiftCompile normal arm64_32 /Users/admin/builder/spi-builder-workspace/Source/Libraries/AOperation/Foundation.Operation+Operation.swift (in target 'ModelAssistant' from project 'ModelAssistant')
cd /Users/admin/builder/spi-builder-workspace/.swiftpm/xcode
builtin-SwiftPerFileCompile Foundation.Operation+Operation.swift
SwiftCompile normal arm64_32 /Users/admin/builder/spi-builder-workspace/Source/Libraries/AOperation/NSLock+MyOperations.swift (in target 'ModelAssistant' from project 'ModelAssistant')
cd /Users/admin/builder/spi-builder-workspace/.swiftpm/xcode
builtin-SwiftPerFileCompile NSLock+MyOperations.swift
SwiftCompile normal arm64_32 /Users/admin/builder/spi-builder-workspace/Source/Libraries/AOperation/Observers/BlockObserver.swift (in target 'ModelAssistant' from project 'ModelAssistant')
cd /Users/admin/builder/spi-builder-workspace/.swiftpm/xcode
builtin-SwiftPerFileCompile BlockObserver.swift
SwiftCompile normal arm64_32 Compiling\ MAEntity.swift,\ MAFaultable.swift,\ MASectionInfo.swift /Users/admin/builder/spi-builder-workspace/Source/MAEntity.swift /Users/admin/builder/spi-builder-workspace/Source/MAFaultable.swift /Users/admin/builder/spi-builder-workspace/Source/MASectionInfo.swift (in target 'ModelAssistant' from project 'ModelAssistant')
SwiftCompile normal arm64_32 /Users/admin/builder/spi-builder-workspace/Source/MAEntity.swift (in target 'ModelAssistant' from project 'ModelAssistant')
cd /Users/admin/builder/spi-builder-workspace/.swiftpm/xcode
builtin-SwiftPerFileCompile MAEntity.swift
SwiftCompile normal arm64_32 /Users/admin/builder/spi-builder-workspace/Source/MAFaultable.swift (in target 'ModelAssistant' from project 'ModelAssistant')
cd /Users/admin/builder/spi-builder-workspace/.swiftpm/xcode
builtin-SwiftPerFileCompile MAFaultable.swift
SwiftCompile normal arm64_32 /Users/admin/builder/spi-builder-workspace/Source/MASectionInfo.swift (in target 'ModelAssistant' from project 'ModelAssistant')
cd /Users/admin/builder/spi-builder-workspace/.swiftpm/xcode
builtin-SwiftPerFileCompile MASectionInfo.swift
SwiftCompile normal arm64_32 Compiling\ ModelAssistantProtocol.swift,\ SectionsManager.swift /Users/admin/builder/spi-builder-workspace/Source/ModelAssistantProtocol.swift /Users/admin/builder/spi-builder-workspace/Source/SectionsManager.swift (in target 'ModelAssistant' from project 'ModelAssistant')
SwiftCompile normal arm64_32 /Users/admin/builder/spi-builder-workspace/Source/ModelAssistantProtocol.swift (in target 'ModelAssistant' from project 'ModelAssistant')
cd /Users/admin/builder/spi-builder-workspace/.swiftpm/xcode
builtin-SwiftPerFileCompile ModelAssistantProtocol.swift
SwiftCompile normal arm64_32 /Users/admin/builder/spi-builder-workspace/Source/SectionsManager.swift (in target 'ModelAssistant' from project 'ModelAssistant')
cd /Users/admin/builder/spi-builder-workspace/.swiftpm/xcode
builtin-SwiftPerFileCompile SectionsManager.swift
SwiftCompile normal arm64_32 Compiling\ ModelAssistant.swift,\ ModelAssistantDelegateManager.swift,\ ModelAssistantOperation.swift /Users/admin/builder/spi-builder-workspace/Source/ModelAssistant.swift /Users/admin/builder/spi-builder-workspace/Source/ModelAssistantDelegateManager.swift /Users/admin/builder/spi-builder-workspace/Source/ModelAssistantOperation.swift (in target 'ModelAssistant' from project 'ModelAssistant')
SwiftCompile normal arm64_32 /Users/admin/builder/spi-builder-workspace/Source/ModelAssistant.swift (in target 'ModelAssistant' from project 'ModelAssistant')
cd /Users/admin/builder/spi-builder-workspace/.swiftpm/xcode
builtin-SwiftPerFileCompile ModelAssistant.swift
SwiftCompile normal arm64_32 /Users/admin/builder/spi-builder-workspace/Source/ModelAssistantDelegateManager.swift (in target 'ModelAssistant' from project 'ModelAssistant')
cd /Users/admin/builder/spi-builder-workspace/.swiftpm/xcode
builtin-SwiftPerFileCompile ModelAssistantDelegateManager.swift
SwiftCompile normal arm64_32 /Users/admin/builder/spi-builder-workspace/Source/ModelAssistantOperation.swift (in target 'ModelAssistant' from project 'ModelAssistant')
cd /Users/admin/builder/spi-builder-workspace/.swiftpm/xcode
builtin-SwiftPerFileCompile ModelAssistantOperation.swift
SwiftCompile normal arm64_32 Compiling\ ExclusivityController.swift,\ AOperation.swift,\ BlockOperation.swift /Users/admin/builder/spi-builder-workspace/Source/Libraries/AOperation/OperationQueue/ExclusivityController.swift /Users/admin/builder/spi-builder-workspace/Source/Libraries/AOperation/Operations/AOperation.swift /Users/admin/builder/spi-builder-workspace/Source/Libraries/AOperation/Operations/BlockOperation.swift (in target 'ModelAssistant' from project 'ModelAssistant')
SwiftCompile normal arm64_32 /Users/admin/builder/spi-builder-workspace/Source/Libraries/AOperation/OperationQueue/ExclusivityController.swift (in target 'ModelAssistant' from project 'ModelAssistant')
cd /Users/admin/builder/spi-builder-workspace/.swiftpm/xcode
builtin-SwiftPerFileCompile ExclusivityController.swift
SwiftCompile normal arm64_32 /Users/admin/builder/spi-builder-workspace/Source/Libraries/AOperation/Operations/AOperation.swift (in target 'ModelAssistant' from project 'ModelAssistant')
cd /Users/admin/builder/spi-builder-workspace/.swiftpm/xcode
builtin-SwiftPerFileCompile AOperation.swift
SwiftCompile normal arm64_32 /Users/admin/builder/spi-builder-workspace/Source/Libraries/AOperation/Operations/BlockOperation.swift (in target 'ModelAssistant' from project 'ModelAssistant')
cd /Users/admin/builder/spi-builder-workspace/.swiftpm/xcode
builtin-SwiftPerFileCompile BlockOperation.swift
SwiftEmitModule normal arm64 Emitting\ module\ for\ ModelAssistant (in target 'ModelAssistant' from project 'ModelAssistant')
SwiftCompile normal arm64 (in target 'ModelAssistant' from project 'ModelAssistant')
cd /Users/admin/builder/spi-builder-workspace/.swiftpm/xcode
PruneExplicitPrecompiledModules /Users/admin/builder/spi-builder-workspace/.derivedData/Build/Intermediates.noindex/ExplicitPrecompiledModules
PruneExplicitPrecompiledModules /Users/admin/builder/spi-builder-workspace/.derivedData/Build/Intermediates.noindex/SwiftExplicitPrecompiledModules
PruneExplicitPrecompiledModules /Users/admin/builder/spi-builder-workspace/.derivedData/SDKExplicitPrecompiledModules
2026-09-17 06:31:02.992 xcodebuild[668:4367] [MT] IDERunDestination: Supported platforms for the buildables in the current scheme is empty.
** BUILD FAILED **
The following build commands failed:
SwiftCompile normal arm64_32 (in target 'ModelAssistant' from project 'ModelAssistant')
SwiftEmitModule normal arm64_32 Emitting\ module\ for\ ModelAssistant (in target 'ModelAssistant' from project 'ModelAssistant')
Building workspace ModelAssistant with scheme ModelAssistant
(3 failures)
Command line invocation:
/Applications/Xcode-27.0.0-Release.Candidate.app/Contents/Developer/usr/bin/xcodebuild -IDEClonedSourcePackagesDirPathOverride=/Users/admin/builder/spi-builder-workspace/.dependencies -resolvePackageDependencies
Resolve Package Graph
Resolved source packages:
ModelAssistant: /Users/admin/builder/spi-builder-workspace
resolved source packages: ModelAssistant
2026-09-17 06:31:08.813 xcodebuild[693:4583] [MT] IDERunDestination: Supported platforms for the buildables in the current scheme is empty.
{
"dependencies" : [
],
"manifest_display_name" : "ModelAssistant",
"name" : "ModelAssistant",
"path" : "/Users/admin/builder/spi-builder-workspace",
"platforms" : [
],
"products" : [
{
"name" : "ModelAssistant",
"targets" : [
"ModelAssistant"
],
"type" : {
"library" : [
"automatic"
]
}
}
],
"targets" : [
{
"c99name" : "ModelAssistant_iOS_Tests",
"module_type" : "SwiftTarget",
"name" : "ModelAssistant iOS Tests",
"path" : "Tests",
"sources" : [
"Entity/Member.swift",
"ModelTestPagedDatabase.swift",
"ModelTestsBasic.swift",
"ModelTestsBasic0.swift",
"ModelTestsBasicFiltered.swift",
"ModelTestsBasicSorted.swift",
"ModelTestsBasicSortedAndFiltered.swift",
"ModelTestsWithSection.swift",
"ModelTestsWithSectionFiltered.swift",
"ModelTestsWithSectionFilteredAndSorted.swift",
"ModelTestsWithSectionSorted.swift",
"TestTableView/TestTableView.swift"
],
"target_dependencies" : [
"ModelAssistant"
],
"type" : "test"
},
{
"c99name" : "ModelAssistant",
"module_type" : "SwiftTarget",
"name" : "ModelAssistant",
"path" : "Source",
"product_memberships" : [
"ModelAssistant"
],
"sources" : [
"Extenseions/Algorithms.swift",
"Extenseions/Array+Extensions.swift",
"Extenseions/IndexPath+Extensions.swift",
"Extenseions/UICollectionViewController+Extension.swift",
"Extenseions/UITableViewController+Extension.swift",
"Libraries/AOperation/Conditions/MutuallyExclusive.swift",
"Libraries/AOperation/Conditions/OperationCondition.swift",
"Libraries/AOperation/Conditions/OperationErrors.swift",
"Libraries/AOperation/Conditions/ReachabilityCondition.swift",
"Libraries/AOperation/Foundation.Operation+Operation.swift",
"Libraries/AOperation/NSLock+MyOperations.swift",
"Libraries/AOperation/Observers/BlockObserver.swift",
"Libraries/AOperation/Observers/OperationObserver.swift",
"Libraries/AOperation/Observers/OperationTimer.swift",
"Libraries/AOperation/OperationQueue/AOperationQueue.swift",
"Libraries/AOperation/OperationQueue/ExclusivityController.swift",
"Libraries/AOperation/Operations/AOperation.swift",
"Libraries/AOperation/Operations/BlockOperation.swift",
"Libraries/AOperation/Operations/GroupOperation.swift",
"Libraries/AOperation/Operations/URLSessionTaskManager.swift",
"Libraries/AssistantDebugger.swift",
"MAEntity.swift",
"MAFaultable.swift",
"MASectionInfo.swift",
"ModelAssistant.swift",
"ModelAssistantDelegateManager.swift",
"ModelAssistantOperation.swift",
"ModelAssistantProtocol.swift",
"SectionsManager.swift"
],
"type" : "library"
}
],
"tools_version" : "4.2"
}
{
"workspace" : {
"name" : "ModelAssistant",
"schemes" : [
"ModelAssistant"
]
}
}
2026-09-17 06:31:10.070 xcodebuild[701:4651] [MT] IDERunDestination: Supported platforms for the buildables in the current scheme is empty.
Running build ...
env DEVELOPER_DIR=/Applications/Xcode-27.0.0-Release.Candidate.app xcrun xcodebuild -IDEClonedSourcePackagesDirPathOverride=$PWD/.dependencies -skipMacroValidation -skipPackagePluginValidation -derivedDataPath $PWD/.derivedData build -scheme ModelAssistant -destination generic/platform=watchOS
Command line invocation:
/Applications/Xcode-27.0.0-Release.Candidate.app/Contents/Developer/usr/bin/xcodebuild -IDEClonedSourcePackagesDirPathOverride=/Users/admin/builder/spi-builder-workspace/.dependencies -skipMacroValidation -skipPackagePluginValidation -derivedDataPath /Users/admin/builder/spi-builder-workspace/.derivedData build -scheme ModelAssistant -destination generic/platform=watchOS
Resolve Package Graph
Resolved source packages:
ModelAssistant: /Users/admin/builder/spi-builder-workspace
ComputePackagePrebuildTargetDependencyGraph
Prepare packages
CreateBuildRequest
SendProjectDescription
CreateBuildOperation
ComputeTargetDependencyGraph
note: Building targets in dependency order
note: Target dependency graph (2 targets)
Target 'ModelAssistant-product' in project 'ModelAssistant'
➜ Explicit dependency on target 'ModelAssistant' in project 'ModelAssistant'
Target 'ModelAssistant' in project 'ModelAssistant' (no dependencies)
GatherProvisioningInputs
CreateBuildDescription
ClangStatCache /Applications/Xcode-27.0.0-Release.Candidate.app/Contents/Developer/Toolchains/XcodeDefault.xctoolchain/usr/bin/clang-stat-cache /Applications/Xcode-27.0.0-Release.Candidate.app/Contents/Developer/Platforms/WatchOS.platform/Developer/SDKs/WatchOS27.0.sdk /Users/admin/builder/spi-builder-workspace/.derivedData/SDKStatCaches.noindex/watchos27.0-24R360-e829b21a6f8c9b70876ba0858053c04477534ef55a1706bf4c1112bbb242f0a2.sdkstatcache
cd /Users/admin/builder/spi-builder-workspace/.swiftpm/xcode
/Applications/Xcode-27.0.0-Release.Candidate.app/Contents/Developer/Toolchains/XcodeDefault.xctoolchain/usr/bin/clang-stat-cache /Applications/Xcode-27.0.0-Release.Candidate.app/Contents/Developer/Platforms/WatchOS.platform/Developer/SDKs/WatchOS27.0.sdk -o /Users/admin/builder/spi-builder-workspace/.derivedData/SDKStatCaches.noindex/watchos27.0-24R360-e829b21a6f8c9b70876ba0858053c04477534ef55a1706bf4c1112bbb242f0a2.sdkstatcache
SwiftDriver ModelAssistant normal arm64_32 com.apple.xcode.tools.swift.compiler (in target 'ModelAssistant' from project 'ModelAssistant')
cd /Users/admin/builder/spi-builder-workspace/.swiftpm/xcode
builtin-SwiftDriver -- /Applications/Xcode-27.0.0-Release.Candidate.app/Contents/Developer/Toolchains/XcodeDefault.xctoolchain/usr/bin/swiftc -parse-as-library -module-name ModelAssistant -Onone @/Users/admin/builder/spi-builder-workspace/.derivedData/Build/Intermediates.noindex/ModelAssistant.build/Debug-watchos/ModelAssistant-t.build/Objects-normal/arm64_32/ModelAssistant.SwiftFileList -DSWIFT_PACKAGE -DDEBUG -DSWIFT_MODULE_RESOURCE_BUNDLE_UNAVAILABLE -DXcode -plugin-path /Applications/Xcode-27.0.0-Release.Candidate.app/Contents/Developer/Toolchains/XcodeDefault.xctoolchain/usr/lib/swift/host/plugins/testing -enable-experimental-feature DebugDescriptionMacro -sdk /Applications/Xcode-27.0.0-Release.Candidate.app/Contents/Developer/Platforms/WatchOS.platform/Developer/SDKs/WatchOS27.0.sdk -target arm64_32-apple-watchos9.0 -g -module-cache-path /Users/admin/builder/spi-builder-workspace/.derivedData/ModuleCache.noindex -Xfrontend -serialize-debugging-options -profile-coverage-mapping -profile-generate -enable-testing -index-store-path /Users/admin/builder/spi-builder-workspace/.derivedData/Index.noindex/DataStore -Xcc -D_LIBCPP_HARDENING_MODE\=_LIBCPP_HARDENING_MODE_DEBUG -swift-version 4.2 -I /Users/admin/builder/spi-builder-workspace/.derivedData/Build/Products/Debug-watchos -Isystem /Applications/Xcode-27.0.0-Release.Candidate.app/Contents/Developer/Platforms/WatchOS.platform/Developer/usr/lib -F /Users/admin/builder/spi-builder-workspace/.derivedData/Build/Products/Debug-watchos -F /Applications/Xcode-27.0.0-Release.Candidate.app/Contents/Developer/Platforms/WatchOS.platform/Developer/Library/Frameworks -F /Applications/Xcode-27.0.0-Release.Candidate.app/Contents/Developer/Platforms/WatchOS.platform/Developer/SDKs/WatchOS27.0.sdk/Developer/Library/Frameworks -c -j10 -enable-batch-mode -incremental -Xcc -ivfsstatcache -Xcc /Users/admin/builder/spi-builder-workspace/.derivedData/SDKStatCaches.noindex/watchos27.0-24R360-e829b21a6f8c9b70876ba0858053c04477534ef55a1706bf4c1112bbb242f0a2.sdkstatcache -output-file-map /Users/admin/builder/spi-builder-workspace/.derivedData/Build/Intermediates.noindex/ModelAssistant.build/Debug-watchos/ModelAssistant-t.build/Objects-normal/arm64_32/ModelAssistant-OutputFileMap.json -save-temps -no-color-diagnostics -emit-dependencies -emit-module -emit-module-path /Users/admin/builder/spi-builder-workspace/.derivedData/Build/Intermediates.noindex/ModelAssistant.build/Debug-watchos/ModelAssistant-t.build/Objects-normal/arm64_32/ModelAssistant.swiftmodule -serialize-diagnostics -validate-clang-modules-once -clang-build-session-file /Users/admin/builder/spi-builder-workspace/.derivedData/ModuleCache.noindex/Session.modulevalidation -Xcc -fmodules-prune-interval\=86400 -Xcc -fmodules-prune-after\=345600 -emit-const-values -const-gather-protocols-list /Users/admin/builder/spi-builder-workspace/.derivedData/Build/Intermediates.noindex/ModelAssistant.build/Debug-watchos/ModelAssistant-t.build/Objects-normal/arm64_32/ModelAssistant_const_extract_protocols.json -Xcc -I/Users/admin/builder/spi-builder-workspace/.derivedData/Build/Products/Debug-watchos/include -Xcc -I/Users/admin/builder/spi-builder-workspace/.derivedData/Build/Intermediates.noindex/ModelAssistant.build/Debug-watchos/ModelAssistant-t.build/DerivedSources-normal/arm64_32 -Xcc -I/Users/admin/builder/spi-builder-workspace/.derivedData/Build/Intermediates.noindex/ModelAssistant.build/Debug-watchos/ModelAssistant-t.build/DerivedSources/arm64_32 -Xcc -I/Users/admin/builder/spi-builder-workspace/.derivedData/Build/Intermediates.noindex/ModelAssistant.build/Debug-watchos/ModelAssistant-t.build/DerivedSources -Xcc -DSWIFT_PACKAGE -Xcc -DDEBUG\=1 -emit-objc-header -emit-objc-header-path /Users/admin/builder/spi-builder-workspace/.derivedData/Build/Intermediates.noindex/ModelAssistant.build/Debug-watchos/ModelAssistant-t.build/Objects-normal/arm64_32/ModelAssistant-Swift.h -working-directory /Users/admin/builder/spi-builder-workspace/.swiftpm/xcode -experimental-emit-module-separately -disable-cmo
SwiftDriver ModelAssistant normal arm64 com.apple.xcode.tools.swift.compiler (in target 'ModelAssistant' from project 'ModelAssistant')
cd /Users/admin/builder/spi-builder-workspace/.swiftpm/xcode
builtin-SwiftDriver -- /Applications/Xcode-27.0.0-Release.Candidate.app/Contents/Developer/Toolchains/XcodeDefault.xctoolchain/usr/bin/swiftc -parse-as-library -module-name ModelAssistant -Onone @/Users/admin/builder/spi-builder-workspace/.derivedData/Build/Intermediates.noindex/ModelAssistant.build/Debug-watchos/ModelAssistant-t.build/Objects-normal/arm64/ModelAssistant.SwiftFileList -DSWIFT_PACKAGE -DDEBUG -DSWIFT_MODULE_RESOURCE_BUNDLE_UNAVAILABLE -DXcode -plugin-path /Applications/Xcode-27.0.0-Release.Candidate.app/Contents/Developer/Toolchains/XcodeDefault.xctoolchain/usr/lib/swift/host/plugins/testing -enable-experimental-feature DebugDescriptionMacro -sdk /Applications/Xcode-27.0.0-Release.Candidate.app/Contents/Developer/Platforms/WatchOS.platform/Developer/SDKs/WatchOS27.0.sdk -target arm64-apple-watchos9.0 -g -module-cache-path /Users/admin/builder/spi-builder-workspace/.derivedData/ModuleCache.noindex -Xfrontend -serialize-debugging-options -profile-coverage-mapping -profile-generate -enable-testing -index-store-path /Users/admin/builder/spi-builder-workspace/.derivedData/Index.noindex/DataStore -Xcc -D_LIBCPP_HARDENING_MODE\=_LIBCPP_HARDENING_MODE_DEBUG -swift-version 4.2 -I /Users/admin/builder/spi-builder-workspace/.derivedData/Build/Products/Debug-watchos -Isystem /Applications/Xcode-27.0.0-Release.Candidate.app/Contents/Developer/Platforms/WatchOS.platform/Developer/usr/lib -F /Users/admin/builder/spi-builder-workspace/.derivedData/Build/Products/Debug-watchos -F /Applications/Xcode-27.0.0-Release.Candidate.app/Contents/Developer/Platforms/WatchOS.platform/Developer/Library/Frameworks -F /Applications/Xcode-27.0.0-Release.Candidate.app/Contents/Developer/Platforms/WatchOS.platform/Developer/SDKs/WatchOS27.0.sdk/Developer/Library/Frameworks -c -j10 -enable-batch-mode -incremental -Xcc -ivfsstatcache -Xcc /Users/admin/builder/spi-builder-workspace/.derivedData/SDKStatCaches.noindex/watchos27.0-24R360-e829b21a6f8c9b70876ba0858053c04477534ef55a1706bf4c1112bbb242f0a2.sdkstatcache -output-file-map /Users/admin/builder/spi-builder-workspace/.derivedData/Build/Intermediates.noindex/ModelAssistant.build/Debug-watchos/ModelAssistant-t.build/Objects-normal/arm64/ModelAssistant-OutputFileMap.json -save-temps -no-color-diagnostics -emit-dependencies -emit-module -emit-module-path /Users/admin/builder/spi-builder-workspace/.derivedData/Build/Intermediates.noindex/ModelAssistant.build/Debug-watchos/ModelAssistant-t.build/Objects-normal/arm64/ModelAssistant.swiftmodule -serialize-diagnostics -validate-clang-modules-once -clang-build-session-file /Users/admin/builder/spi-builder-workspace/.derivedData/ModuleCache.noindex/Session.modulevalidation -Xcc -fmodules-prune-interval\=86400 -Xcc -fmodules-prune-after\=345600 -emit-const-values -const-gather-protocols-list /Users/admin/builder/spi-builder-workspace/.derivedData/Build/Intermediates.noindex/ModelAssistant.build/Debug-watchos/ModelAssistant-t.build/Objects-normal/arm64/ModelAssistant_const_extract_protocols.json -Xcc -I/Users/admin/builder/spi-builder-workspace/.derivedData/Build/Products/Debug-watchos/include -Xcc -I/Users/admin/builder/spi-builder-workspace/.derivedData/Build/Intermediates.noindex/ModelAssistant.build/Debug-watchos/ModelAssistant-t.build/DerivedSources-normal/arm64 -Xcc -I/Users/admin/builder/spi-builder-workspace/.derivedData/Build/Intermediates.noindex/ModelAssistant.build/Debug-watchos/ModelAssistant-t.build/DerivedSources/arm64 -Xcc -I/Users/admin/builder/spi-builder-workspace/.derivedData/Build/Intermediates.noindex/ModelAssistant.build/Debug-watchos/ModelAssistant-t.build/DerivedSources -Xcc -DSWIFT_PACKAGE -Xcc -DDEBUG\=1 -emit-objc-header -emit-objc-header-path /Users/admin/builder/spi-builder-workspace/.derivedData/Build/Intermediates.noindex/ModelAssistant.build/Debug-watchos/ModelAssistant-t.build/Objects-normal/arm64/ModelAssistant-Swift.h -working-directory /Users/admin/builder/spi-builder-workspace/.swiftpm/xcode -experimental-emit-module-separately -disable-cmo
SwiftEmitModule normal arm64_32 Emitting\ module\ for\ ModelAssistant (in target 'ModelAssistant' from project 'ModelAssistant')
SwiftCompile normal arm64_32 (in target 'ModelAssistant' from project 'ModelAssistant')
cd /Users/admin/builder/spi-builder-workspace/.swiftpm/xcode
/Users/admin/builder/spi-builder-workspace/Source/Libraries/AOperation/Conditions/ReachabilityCondition.swift:10:8: error: no such module 'SystemConfiguration'
8 |
9 | import Foundation
10 | import SystemConfiguration
| `- error: no such module 'SystemConfiguration'
11 |
12 | /**
Failed frontend command:
/Applications/Xcode-27.0.0-Release.Candidate.app/Contents/Developer/Toolchains/XcodeDefault.xctoolchain/usr/bin/swift-frontend -frontend -emit-module -experimental-skip-non-inlinable-function-bodies-without-types /Users/admin/builder/spi-builder-workspace/Source/Extenseions/Algorithms.swift /Users/admin/builder/spi-builder-workspace/Source/Extenseions/Array+Extensions.swift /Users/admin/builder/spi-builder-workspace/Source/Extenseions/IndexPath+Extensions.swift /Users/admin/builder/spi-builder-workspace/Source/Extenseions/UICollectionViewController+Extension.swift /Users/admin/builder/spi-builder-workspace/Source/Extenseions/UITableViewController+Extension.swift /Users/admin/builder/spi-builder-workspace/Source/Libraries/AOperation/Conditions/MutuallyExclusive.swift /Users/admin/builder/spi-builder-workspace/Source/Libraries/AOperation/Conditions/OperationCondition.swift /Users/admin/builder/spi-builder-workspace/Source/Libraries/AOperation/Conditions/OperationErrors.swift /Users/admin/builder/spi-builder-workspace/Source/Libraries/AOperation/Conditions/ReachabilityCondition.swift /Users/admin/builder/spi-builder-workspace/Source/Libraries/AOperation/Foundation.Operation+Operation.swift /Users/admin/builder/spi-builder-workspace/Source/Libraries/AOperation/NSLock+MyOperations.swift /Users/admin/builder/spi-builder-workspace/Source/Libraries/AOperation/Observers/BlockObserver.swift /Users/admin/builder/spi-builder-workspace/Source/Libraries/AOperation/Observers/OperationObserver.swift /Users/admin/builder/spi-builder-workspace/Source/Libraries/AOperation/Observers/OperationTimer.swift /Users/admin/builder/spi-builder-workspace/Source/Libraries/AOperation/OperationQueue/AOperationQueue.swift /Users/admin/builder/spi-builder-workspace/Source/Libraries/AOperation/OperationQueue/ExclusivityController.swift /Users/admin/builder/spi-builder-workspace/Source/Libraries/AOperation/Operations/AOperation.swift /Users/admin/builder/spi-builder-workspace/Source/Libraries/AOperation/Operations/BlockOperation.swift /Users/admin/builder/spi-builder-workspace/Source/Libraries/AOperation/Operations/GroupOperation.swift /Users/admin/builder/spi-builder-workspace/Source/Libraries/AOperation/Operations/URLSessionTaskManager.swift /Users/admin/builder/spi-builder-workspace/Source/Libraries/AssistantDebugger.swift /Users/admin/builder/spi-builder-workspace/Source/MAEntity.swift /Users/admin/builder/spi-builder-workspace/Source/MAFaultable.swift /Users/admin/builder/spi-builder-workspace/Source/MASectionInfo.swift /Users/admin/builder/spi-builder-workspace/Source/ModelAssistant.swift /Users/admin/builder/spi-builder-workspace/Source/ModelAssistantDelegateManager.swift /Users/admin/builder/spi-builder-workspace/Source/ModelAssistantOperation.swift /Users/admin/builder/spi-builder-workspace/Source/ModelAssistantProtocol.swift /Users/admin/builder/spi-builder-workspace/Source/SectionsManager.swift -target arm64_32-apple-watchos9.0 -enable-objc-interop -sdk /Applications/Xcode-27.0.0-Release.Candidate.app/Contents/Developer/Platforms/WatchOS.platform/Developer/SDKs/WatchOS27.0.sdk -I /Users/admin/builder/spi-builder-workspace/.derivedData/Build/Products/Debug-watchos -Isystem /Applications/Xcode-27.0.0-Release.Candidate.app/Contents/Developer/Platforms/WatchOS.platform/Developer/usr/lib -F /Users/admin/builder/spi-builder-workspace/.derivedData/Build/Products/Debug-watchos -F /Applications/Xcode-27.0.0-Release.Candidate.app/Contents/Developer/Platforms/WatchOS.platform/Developer/Library/Frameworks -F /Applications/Xcode-27.0.0-Release.Candidate.app/Contents/Developer/Platforms/WatchOS.platform/Developer/SDKs/WatchOS27.0.sdk/Developer/Library/Frameworks -module-cache-path /Users/admin/builder/spi-builder-workspace/.derivedData/ModuleCache.noindex -no-color-diagnostics -Xcc -fno-color-diagnostics -enable-testing -g -debug-info-format\=dwarf -dwarf-version\=4 -profile-generate -profile-coverage-mapping -swift-version 4.2 -Onone -D SWIFT_PACKAGE -D DEBUG -D SWIFT_MODULE_RESOURCE_BUNDLE_UNAVAILABLE -D Xcode -serialize-debugging-options -enable-experimental-feature DebugDescriptionMacro -empty-abi-descriptor -plugin-path /Applications/Xcode-27.0.0-Release.Candidate.app/Contents/Developer/Toolchains/XcodeDefault.xctoolchain/usr/lib/swift/host/plugins/testing -validate-clang-modules-once -clang-build-session-file /Users/admin/builder/spi-builder-workspace/.derivedData/ModuleCache.noindex/Session.modulevalidation -Xcc -working-directory -Xcc /Users/admin/builder/spi-builder-workspace/.swiftpm/xcode -enable-anonymous-context-mangled-names -file-compilation-dir /Users/admin/builder/spi-builder-workspace/.swiftpm/xcode -Xcc -D_LIBCPP_HARDENING_MODE\=_LIBCPP_HARDENING_MODE_DEBUG -Xcc -ivfsstatcache -Xcc /Users/admin/builder/spi-builder-workspace/.derivedData/SDKStatCaches.noindex/watchos27.0-24R360-e829b21a6f8c9b70876ba0858053c04477534ef55a1706bf4c1112bbb242f0a2.sdkstatcache -Xcc -fmodules-prune-interval\=86400 -Xcc -fmodules-prune-after\=345600 -Xcc -I/Users/admin/builder/spi-builder-workspace/.derivedData/Build/Products/Debug-watchos/include -Xcc -I/Users/admin/builder/spi-builder-workspace/.derivedData/Build/Intermediates.noindex/ModelAssistant.build/Debug-watchos/ModelAssistant-t.build/DerivedSources-normal/arm64_32 -Xcc -I/Users/admin/builder/spi-builder-workspace/.derivedData/Build/Intermediates.noindex/ModelAssistant.build/Debug-watchos/ModelAssistant-t.build/DerivedSources/arm64_32 -Xcc -I/Users/admin/builder/spi-builder-workspace/.derivedData/Build/Intermediates.noindex/ModelAssistant.build/Debug-watchos/ModelAssistant-t.build/DerivedSources -Xcc -DSWIFT_PACKAGE -Xcc -DDEBUG\=1 -no-auto-bridging-header-chaining -module-name ModelAssistant -const-gather-protocols-file /Users/admin/builder/spi-builder-workspace/.derivedData/Build/Intermediates.noindex/ModelAssistant.build/Debug-watchos/ModelAssistant-t.build/Objects-normal/arm64_32/ModelAssistant_const_extract_protocols.json -disable-clang-spi -target-sdk-version 27.0 -target-sdk-name watchos27.0 -external-plugin-path /Applications/Xcode-27.0.0-Release.Candidate.app/Contents/Developer/Platforms/WatchOS.platform/Developer/usr/lib/swift/host/plugins\#/Applications/Xcode-27.0.0-Release.Candidate.app/Contents/Developer/Platforms/WatchOS.platform/Developer/usr/bin/swift-plugin-server -external-plugin-path /Applications/Xcode-27.0.0-Release.Candidate.app/Contents/Developer/Platforms/WatchOS.platform/Developer/usr/local/lib/swift/host/plugins\#/Applications/Xcode-27.0.0-Release.Candidate.app/Contents/Developer/Platforms/WatchOS.platform/Developer/usr/bin/swift-plugin-server -in-process-plugin-server-path /Applications/Xcode-27.0.0-Release.Candidate.app/Contents/Developer/Toolchains/XcodeDefault.xctoolchain/usr/lib/swift/host/libSwiftInProcPluginServer.dylib -plugin-path /Applications/Xcode-27.0.0-Release.Candidate.app/Contents/Developer/Toolchains/XcodeDefault.xctoolchain/usr/lib/swift/host/plugins -plugin-path /Applications/Xcode-27.0.0-Release.Candidate.app/Contents/Developer/Toolchains/XcodeDefault.xctoolchain/usr/local/lib/swift/host/plugins -emit-module-doc-path /Users/admin/builder/spi-builder-workspace/.derivedData/Build/Intermediates.noindex/ModelAssistant.build/Debug-watchos/ModelAssistant-t.build/Objects-normal/arm64_32/ModelAssistant.swiftdoc -emit-module-source-info-path /Users/admin/builder/spi-builder-workspace/.derivedData/Build/Intermediates.noindex/ModelAssistant.build/Debug-watchos/ModelAssistant-t.build/Objects-normal/arm64_32/ModelAssistant.swiftsourceinfo -emit-objc-header-path /Users/admin/builder/spi-builder-workspace/.derivedData/Build/Intermediates.noindex/ModelAssistant.build/Debug-watchos/ModelAssistant-t.build/Objects-normal/arm64_32/ModelAssistant-Swift.h -serialize-diagnostics-path /Users/admin/builder/spi-builder-workspace/.derivedData/Build/Intermediates.noindex/ModelAssistant.build/Debug-watchos/ModelAssistant-t.build/Objects-normal/arm64_32/ModelAssistant-primary-emit-module.dia -emit-dependencies-path /Users/admin/builder/spi-builder-workspace/.derivedData/Build/Intermediates.noindex/ModelAssistant.build/Debug-watchos/ModelAssistant-t.build/Objects-normal/arm64_32/ModelAssistant-primary-emit-module.d -parse-as-library -o /Users/admin/builder/spi-builder-workspace/.derivedData/Build/Intermediates.noindex/ModelAssistant.build/Debug-watchos/ModelAssistant-t.build/Objects-normal/arm64_32/ModelAssistant.swiftmodule -emit-abi-descriptor-path /Users/admin/builder/spi-builder-workspace/.derivedData/Build/Intermediates.noindex/ModelAssistant.build/Debug-watchos/ModelAssistant-t.build/Objects-normal/arm64_32/ModelAssistant.abi.json
SwiftCompile normal arm64_32 Compiling\ UICollectionViewController+Extension.swift,\ UITableViewController+Extension.swift,\ MutuallyExclusive.swift /Users/admin/builder/spi-builder-workspace/Source/Extenseions/UICollectionViewController+Extension.swift /Users/admin/builder/spi-builder-workspace/Source/Extenseions/UITableViewController+Extension.swift /Users/admin/builder/spi-builder-workspace/Source/Libraries/AOperation/Conditions/MutuallyExclusive.swift (in target 'ModelAssistant' from project 'ModelAssistant')
SwiftCompile normal arm64_32 /Users/admin/builder/spi-builder-workspace/Source/Extenseions/UICollectionViewController+Extension.swift (in target 'ModelAssistant' from project 'ModelAssistant')
cd /Users/admin/builder/spi-builder-workspace/.swiftpm/xcode
builtin-SwiftPerFileCompile UICollectionViewController+Extension.swift
SwiftCompile normal arm64_32 /Users/admin/builder/spi-builder-workspace/Source/Extenseions/UITableViewController+Extension.swift (in target 'ModelAssistant' from project 'ModelAssistant')
cd /Users/admin/builder/spi-builder-workspace/.swiftpm/xcode
builtin-SwiftPerFileCompile UITableViewController+Extension.swift
SwiftCompile normal arm64_32 /Users/admin/builder/spi-builder-workspace/Source/Libraries/AOperation/Conditions/MutuallyExclusive.swift (in target 'ModelAssistant' from project 'ModelAssistant')
cd /Users/admin/builder/spi-builder-workspace/.swiftpm/xcode
builtin-SwiftPerFileCompile MutuallyExclusive.swift
SwiftCompile normal arm64_32 Compiling\ OperationCondition.swift,\ OperationErrors.swift,\ ReachabilityCondition.swift /Users/admin/builder/spi-builder-workspace/Source/Libraries/AOperation/Conditions/OperationCondition.swift /Users/admin/builder/spi-builder-workspace/Source/Libraries/AOperation/Conditions/OperationErrors.swift /Users/admin/builder/spi-builder-workspace/Source/Libraries/AOperation/Conditions/ReachabilityCondition.swift (in target 'ModelAssistant' from project 'ModelAssistant')
SwiftCompile normal arm64_32 /Users/admin/builder/spi-builder-workspace/Source/Libraries/AOperation/Conditions/OperationCondition.swift (in target 'ModelAssistant' from project 'ModelAssistant')
cd /Users/admin/builder/spi-builder-workspace/.swiftpm/xcode
builtin-SwiftPerFileCompile OperationCondition.swift
SwiftCompile normal arm64_32 /Users/admin/builder/spi-builder-workspace/Source/Libraries/AOperation/Conditions/OperationErrors.swift (in target 'ModelAssistant' from project 'ModelAssistant')
cd /Users/admin/builder/spi-builder-workspace/.swiftpm/xcode
builtin-SwiftPerFileCompile OperationErrors.swift
SwiftCompile normal arm64_32 /Users/admin/builder/spi-builder-workspace/Source/Libraries/AOperation/Conditions/ReachabilityCondition.swift (in target 'ModelAssistant' from project 'ModelAssistant')
cd /Users/admin/builder/spi-builder-workspace/.swiftpm/xcode
builtin-SwiftPerFileCompile ReachabilityCondition.swift
SwiftCompile normal arm64_32 Compiling\ ExclusivityController.swift,\ AOperation.swift,\ BlockOperation.swift /Users/admin/builder/spi-builder-workspace/Source/Libraries/AOperation/OperationQueue/ExclusivityController.swift /Users/admin/builder/spi-builder-workspace/Source/Libraries/AOperation/Operations/AOperation.swift /Users/admin/builder/spi-builder-workspace/Source/Libraries/AOperation/Operations/BlockOperation.swift (in target 'ModelAssistant' from project 'ModelAssistant')
SwiftCompile normal arm64_32 /Users/admin/builder/spi-builder-workspace/Source/Libraries/AOperation/OperationQueue/ExclusivityController.swift (in target 'ModelAssistant' from project 'ModelAssistant')
cd /Users/admin/builder/spi-builder-workspace/.swiftpm/xcode
builtin-SwiftPerFileCompile ExclusivityController.swift
SwiftCompile normal arm64_32 /Users/admin/builder/spi-builder-workspace/Source/Libraries/AOperation/Operations/AOperation.swift (in target 'ModelAssistant' from project 'ModelAssistant')
cd /Users/admin/builder/spi-builder-workspace/.swiftpm/xcode
builtin-SwiftPerFileCompile AOperation.swift
SwiftCompile normal arm64_32 /Users/admin/builder/spi-builder-workspace/Source/Libraries/AOperation/Operations/BlockOperation.swift (in target 'ModelAssistant' from project 'ModelAssistant')
cd /Users/admin/builder/spi-builder-workspace/.swiftpm/xcode
builtin-SwiftPerFileCompile BlockOperation.swift
SwiftCompile normal arm64_32 Compiling\ Algorithms.swift,\ Array+Extensions.swift,\ IndexPath+Extensions.swift /Users/admin/builder/spi-builder-workspace/Source/Extenseions/Algorithms.swift /Users/admin/builder/spi-builder-workspace/Source/Extenseions/Array+Extensions.swift /Users/admin/builder/spi-builder-workspace/Source/Extenseions/IndexPath+Extensions.swift (in target 'ModelAssistant' from project 'ModelAssistant')
SwiftCompile normal arm64_32 /Users/admin/builder/spi-builder-workspace/Source/Extenseions/Algorithms.swift (in target 'ModelAssistant' from project 'ModelAssistant')
cd /Users/admin/builder/spi-builder-workspace/.swiftpm/xcode
builtin-SwiftPerFileCompile Algorithms.swift
SwiftCompile normal arm64_32 /Users/admin/builder/spi-builder-workspace/Source/Extenseions/Array+Extensions.swift (in target 'ModelAssistant' from project 'ModelAssistant')
cd /Users/admin/builder/spi-builder-workspace/.swiftpm/xcode
builtin-SwiftPerFileCompile Array+Extensions.swift
SwiftCompile normal arm64_32 /Users/admin/builder/spi-builder-workspace/Source/Extenseions/IndexPath+Extensions.swift (in target 'ModelAssistant' from project 'ModelAssistant')
cd /Users/admin/builder/spi-builder-workspace/.swiftpm/xcode
builtin-SwiftPerFileCompile IndexPath+Extensions.swift
SwiftCompile normal arm64_32 Compiling\ MAEntity.swift,\ MAFaultable.swift,\ MASectionInfo.swift /Users/admin/builder/spi-builder-workspace/Source/MAEntity.swift /Users/admin/builder/spi-builder-workspace/Source/MAFaultable.swift /Users/admin/builder/spi-builder-workspace/Source/MASectionInfo.swift (in target 'ModelAssistant' from project 'ModelAssistant')
SwiftCompile normal arm64_32 /Users/admin/builder/spi-builder-workspace/Source/MAEntity.swift (in target 'ModelAssistant' from project 'ModelAssistant')
cd /Users/admin/builder/spi-builder-workspace/.swiftpm/xcode
builtin-SwiftPerFileCompile MAEntity.swift
SwiftCompile normal arm64_32 /Users/admin/builder/spi-builder-workspace/Source/MAFaultable.swift (in target 'ModelAssistant' from project 'ModelAssistant')
cd /Users/admin/builder/spi-builder-workspace/.swiftpm/xcode
builtin-SwiftPerFileCompile MAFaultable.swift
SwiftCompile normal arm64_32 /Users/admin/builder/spi-builder-workspace/Source/MASectionInfo.swift (in target 'ModelAssistant' from project 'ModelAssistant')
cd /Users/admin/builder/spi-builder-workspace/.swiftpm/xcode
builtin-SwiftPerFileCompile MASectionInfo.swift
SwiftCompile normal arm64_32 Compiling\ OperationObserver.swift,\ OperationTimer.swift,\ AOperationQueue.swift /Users/admin/builder/spi-builder-workspace/Source/Libraries/AOperation/Observers/OperationObserver.swift /Users/admin/builder/spi-builder-workspace/Source/Libraries/AOperation/Observers/OperationTimer.swift /Users/admin/builder/spi-builder-workspace/Source/Libraries/AOperation/OperationQueue/AOperationQueue.swift (in target 'ModelAssistant' from project 'ModelAssistant')
SwiftCompile normal arm64_32 /Users/admin/builder/spi-builder-workspace/Source/Libraries/AOperation/Observers/OperationObserver.swift (in target 'ModelAssistant' from project 'ModelAssistant')
cd /Users/admin/builder/spi-builder-workspace/.swiftpm/xcode
builtin-SwiftPerFileCompile OperationObserver.swift
SwiftCompile normal arm64_32 /Users/admin/builder/spi-builder-workspace/Source/Libraries/AOperation/Observers/OperationTimer.swift (in target 'ModelAssistant' from project 'ModelAssistant')
cd /Users/admin/builder/spi-builder-workspace/.swiftpm/xcode
builtin-SwiftPerFileCompile OperationTimer.swift
SwiftCompile normal arm64_32 /Users/admin/builder/spi-builder-workspace/Source/Libraries/AOperation/OperationQueue/AOperationQueue.swift (in target 'ModelAssistant' from project 'ModelAssistant')
cd /Users/admin/builder/spi-builder-workspace/.swiftpm/xcode
builtin-SwiftPerFileCompile AOperationQueue.swift
SwiftEmitModule normal arm64 Emitting\ module\ for\ ModelAssistant (in target 'ModelAssistant' from project 'ModelAssistant')
SwiftCompile normal arm64 (in target 'ModelAssistant' from project 'ModelAssistant')
cd /Users/admin/builder/spi-builder-workspace/.swiftpm/xcode
SwiftCompile normal arm64 Compiling\ UICollectionViewController+Extension.swift,\ UITableViewController+Extension.swift,\ MutuallyExclusive.swift /Users/admin/builder/spi-builder-workspace/Source/Extenseions/UICollectionViewController+Extension.swift /Users/admin/builder/spi-builder-workspace/Source/Extenseions/UITableViewController+Extension.swift /Users/admin/builder/spi-builder-workspace/Source/Libraries/AOperation/Conditions/MutuallyExclusive.swift (in target 'ModelAssistant' from project 'ModelAssistant')
SwiftCompile normal arm64 /Users/admin/builder/spi-builder-workspace/Source/Extenseions/UICollectionViewController+Extension.swift (in target 'ModelAssistant' from project 'ModelAssistant')
cd /Users/admin/builder/spi-builder-workspace/.swiftpm/xcode
builtin-SwiftPerFileCompile UICollectionViewController+Extension.swift
SwiftCompile normal arm64 /Users/admin/builder/spi-builder-workspace/Source/Extenseions/UITableViewController+Extension.swift (in target 'ModelAssistant' from project 'ModelAssistant')
cd /Users/admin/builder/spi-builder-workspace/.swiftpm/xcode
builtin-SwiftPerFileCompile UITableViewController+Extension.swift
SwiftCompile normal arm64 /Users/admin/builder/spi-builder-workspace/Source/Libraries/AOperation/Conditions/MutuallyExclusive.swift (in target 'ModelAssistant' from project 'ModelAssistant')
cd /Users/admin/builder/spi-builder-workspace/.swiftpm/xcode
builtin-SwiftPerFileCompile MutuallyExclusive.swift
SwiftCompile normal arm64 Compiling\ ModelAssistant.swift,\ ModelAssistantDelegateManager.swift,\ ModelAssistantOperation.swift /Users/admin/builder/spi-builder-workspace/Source/ModelAssistant.swift /Users/admin/builder/spi-builder-workspace/Source/ModelAssistantDelegateManager.swift /Users/admin/builder/spi-builder-workspace/Source/ModelAssistantOperation.swift (in target 'ModelAssistant' from project 'ModelAssistant')
SwiftCompile normal arm64 /Users/admin/builder/spi-builder-workspace/Source/ModelAssistant.swift (in target 'ModelAssistant' from project 'ModelAssistant')
cd /Users/admin/builder/spi-builder-workspace/.swiftpm/xcode
builtin-SwiftPerFileCompile ModelAssistant.swift
SwiftCompile normal arm64 /Users/admin/builder/spi-builder-workspace/Source/ModelAssistantDelegateManager.swift (in target 'ModelAssistant' from project 'ModelAssistant')
cd /Users/admin/builder/spi-builder-workspace/.swiftpm/xcode
builtin-SwiftPerFileCompile ModelAssistantDelegateManager.swift
SwiftCompile normal arm64 /Users/admin/builder/spi-builder-workspace/Source/ModelAssistantOperation.swift (in target 'ModelAssistant' from project 'ModelAssistant')
cd /Users/admin/builder/spi-builder-workspace/.swiftpm/xcode
builtin-SwiftPerFileCompile ModelAssistantOperation.swift
SwiftCompile normal arm64_32 Compiling\ ModelAssistant.swift,\ ModelAssistantDelegateManager.swift,\ ModelAssistantOperation.swift /Users/admin/builder/spi-builder-workspace/Source/ModelAssistant.swift /Users/admin/builder/spi-builder-workspace/Source/ModelAssistantDelegateManager.swift /Users/admin/builder/spi-builder-workspace/Source/ModelAssistantOperation.swift (in target 'ModelAssistant' from project 'ModelAssistant')
SwiftCompile normal arm64_32 /Users/admin/builder/spi-builder-workspace/Source/ModelAssistant.swift (in target 'ModelAssistant' from project 'ModelAssistant')
cd /Users/admin/builder/spi-builder-workspace/.swiftpm/xcode
builtin-SwiftPerFileCompile ModelAssistant.swift
SwiftCompile normal arm64_32 /Users/admin/builder/spi-builder-workspace/Source/ModelAssistantDelegateManager.swift (in target 'ModelAssistant' from project 'ModelAssistant')
cd /Users/admin/builder/spi-builder-workspace/.swiftpm/xcode
builtin-SwiftPerFileCompile ModelAssistantDelegateManager.swift
SwiftCompile normal arm64_32 /Users/admin/builder/spi-builder-workspace/Source/ModelAssistantOperation.swift (in target 'ModelAssistant' from project 'ModelAssistant')
cd /Users/admin/builder/spi-builder-workspace/.swiftpm/xcode
builtin-SwiftPerFileCompile ModelAssistantOperation.swift
PruneExplicitPrecompiledModules /Users/admin/builder/spi-builder-workspace/.derivedData/Build/Intermediates.noindex/ExplicitPrecompiledModules
PruneExplicitPrecompiledModules /Users/admin/builder/spi-builder-workspace/.derivedData/SDKExplicitPrecompiledModules
PruneExplicitPrecompiledModules /Users/admin/builder/spi-builder-workspace/.derivedData/Build/Intermediates.noindex/SwiftExplicitPrecompiledModules
2026-09-17 06:31:11.044 xcodebuild[702:4683] [MT] IDERunDestination: Supported platforms for the buildables in the current scheme is empty.
** BUILD FAILED **
The following build commands failed:
SwiftCompile normal arm64_32 (in target 'ModelAssistant' from project 'ModelAssistant')
SwiftEmitModule normal arm64_32 Emitting\ module\ for\ ModelAssistant (in target 'ModelAssistant' from project 'ModelAssistant')
Building workspace ModelAssistant with scheme ModelAssistant
(3 failures)
BUILD FAILURE 6.4 watchOS