Build Information
Failed to build BartisUtilities, reference 1.0.5 (ff15a6), with Swift 6.4 for iOS using Xcode 27.0 on 18 Sep 2026 15:08:34 UTC.
Build Command
env DEVELOPER_DIR=/Applications/Xcode-27.0.0-Release.Candidate.app xcrun xcodebuild -IDEClonedSourcePackagesDirPathOverride=$PWD/.dependencies -skipMacroValidation -skipPackagePluginValidation -derivedDataPath $PWD/.derivedData build -scheme BartisUtilities-Package -destination generic/platform=iOSBuild Log
========================================
RunAll
========================================
Builder version: 5.1.0
Interrupt handler set up.
========================================
Checkout
========================================
Clone URL: https://github.com/alexbartisro/BartisUtilities.git
Reference: 1.0.5
Initialized empty Git repository in /Users/admin/builder/spi-builder-workspace/.git/
From https://github.com/alexbartisro/BartisUtilities
* tag 1.0.5 -> FETCH_HEAD
HEAD is now at ff15a62 iOS14 Support
Cloned https://github.com/alexbartisro/BartisUtilities.git
Revision (git rev-parse @):
ff15a6270067e4d4374b42c022480dbc060d1a0a
SUCCESS checkout https://github.com/alexbartisro/BartisUtilities.git at 1.0.5
========================================
Build
========================================
Selected platform: iOS
Swift version: 6.4
Building package at path: $PWD
https://github.com/alexbartisro/BartisUtilities.git
Command line invocation:
/Applications/Xcode-27.0.0-Release.Candidate.app/Contents/Developer/usr/bin/xcodebuild -IDEClonedSourcePackagesDirPathOverride=/Users/admin/builder/spi-builder-workspace/.dependencies -resolvePackageDependencies
resolved source packages:
{
"dependencies" : [
],
"manifest_display_name" : "BartisUtilities",
"name" : "BartisUtilities",
"path" : "/Users/admin/builder/spi-builder-workspace",
"platforms" : [
],
"products" : [
{
"name" : "BartisUtilities",
"targets" : [
"BartisUtilities"
],
"type" : {
"library" : [
"automatic"
]
}
}
],
"targets" : [
{
"c99name" : "BartisUtilitiesTests",
"module_type" : "SwiftTarget",
"name" : "BartisUtilitiesTests",
"path" : "Tests",
"sources" : [
"BartisUtilitiesTests/BartisUtilities_DictionaryTests.swift",
"BartisUtilitiesTests/BartisUtilities_HTTPRequestTests.swift",
"BartisUtilitiesTests/BartisUtilities_HTTPRequesterTests.swift",
"BartisUtilitiesTests/BartisUtilities_PropertyLoopableTests.swift",
"BartisUtilitiesTests/BartisUtilities_StringTests.swift",
"BartisUtilitiesTests/BartisUtilities_UIColorTests.swift",
"BartisUtilitiesTests/Helpers/HTTPRequesterHelpers.swift"
],
"target_dependencies" : [
"BartisUtilities"
],
"type" : "test"
},
{
"c99name" : "BartisUtilities",
"module_type" : "SwiftTarget",
"name" : "BartisUtilities",
"path" : "Sources",
"product_memberships" : [
"BartisUtilities"
],
"sources" : [
"BartisUtilitiesPackage/Dictionary-Extension.swift",
"BartisUtilitiesPackage/DispatchQueue-Extension.swift",
"BartisUtilitiesPackage/HTTPRequest.swift",
"BartisUtilitiesPackage/HTTPRequester.swift",
"BartisUtilitiesPackage/HTTPResponse.swift",
"BartisUtilitiesPackage/PropertyLoopable.swift",
"BartisUtilitiesPackage/String-Extension.swift",
"BartisUtilitiesPackage/ThemableViews.swift",
"BartisUtilitiesPackage/UIColor-Extension.swift"
],
"type" : "library"
}
],
"tools_version" : "5.0"
}
{
"project" : {
"configurations" : [
"Debug",
"Release"
],
"name" : "BartisUtilities",
"schemes" : [
"BartisUtilities",
"BartisUtilities-Package"
],
"targets" : [
"BartisUtilities",
"BartisUtilitiesPackageDescription",
"BartisUtilitiesPackageTests",
"BartisUtilitiesTests"
]
}
}
Running build ...
env DEVELOPER_DIR=/Applications/Xcode-27.0.0-Release.Candidate.app xcrun xcodebuild -IDEClonedSourcePackagesDirPathOverride=$PWD/.dependencies -skipMacroValidation -skipPackagePluginValidation -derivedDataPath $PWD/.derivedData build -scheme BartisUtilities-Package -destination generic/platform=iOS
Command line invocation:
/Applications/Xcode-27.0.0-Release.Candidate.app/Contents/Developer/usr/bin/xcodebuild -IDEClonedSourcePackagesDirPathOverride=/Users/admin/builder/spi-builder-workspace/.dependencies -skipMacroValidation -skipPackagePluginValidation -derivedDataPath /Users/admin/builder/spi-builder-workspace/.derivedData build -scheme BartisUtilities-Package -destination generic/platform=iOS
ComputePackagePrebuildTargetDependencyGraph
Prepare packages
CreateBuildRequest
SendProjectDescription
CreateBuildOperation
ComputeTargetDependencyGraph
note: Building targets in dependency order
note: Target dependency graph (1 target)
Target 'BartisUtilities' in project 'BartisUtilities' (no dependencies)
GatherProvisioningInputs
CreateBuildDescription
ExecuteExternalTool /Applications/Xcode-27.0.0-Release.Candidate.app/Contents/Developer/Toolchains/XcodeDefault.xctoolchain/usr/bin/clang -v -E -dM -isysroot /Applications/Xcode-27.0.0-Release.Candidate.app/Contents/Developer/Platforms/iPhoneOS.platform/Developer/SDKs/iPhoneOS27.0.sdk -x c -c /dev/null
ExecuteExternalTool /Applications/Xcode-27.0.0-Release.Candidate.app/Contents/Developer/Toolchains/XcodeDefault.xctoolchain/usr/bin/swiftc --version
ExecuteExternalTool /Applications/Xcode-27.0.0-Release.Candidate.app/Contents/Developer/Toolchains/XcodeDefault.xctoolchain/usr/bin/ld -version_details
Build description signature: af8c139c0d93401732720268fdbb8bbf
Build description path: /Users/admin/builder/spi-builder-workspace/.derivedData/Build/Intermediates.noindex/XCBuildData/af8c139c0d93401732720268fdbb8bbf.xcbuilddata
/Users/admin/builder/spi-builder-workspace/BartisUtilities.xcodeproj: error: The iOS deployment target 'IPHONEOS_DEPLOYMENT_TARGET' is set to 13.6, but the range of supported deployment target versions is 15.0 to 27.0.x. (in target 'BartisUtilities' from project 'BartisUtilities')
** BUILD FAILED **
The following build commands failed:
Building project BartisUtilities with scheme BartisUtilities-Package
(1 failure)
Command line invocation:
/Applications/Xcode-27.0.0-Release.Candidate.app/Contents/Developer/usr/bin/xcodebuild -IDEClonedSourcePackagesDirPathOverride=/Users/admin/builder/spi-builder-workspace/.dependencies -resolvePackageDependencies
resolved source packages:
{
"dependencies" : [
],
"manifest_display_name" : "BartisUtilities",
"name" : "BartisUtilities",
"path" : "/Users/admin/builder/spi-builder-workspace",
"platforms" : [
],
"products" : [
{
"name" : "BartisUtilities",
"targets" : [
"BartisUtilities"
],
"type" : {
"library" : [
"automatic"
]
}
}
],
"targets" : [
{
"c99name" : "BartisUtilitiesTests",
"module_type" : "SwiftTarget",
"name" : "BartisUtilitiesTests",
"path" : "Tests",
"sources" : [
"BartisUtilitiesTests/BartisUtilities_DictionaryTests.swift",
"BartisUtilitiesTests/BartisUtilities_HTTPRequestTests.swift",
"BartisUtilitiesTests/BartisUtilities_HTTPRequesterTests.swift",
"BartisUtilitiesTests/BartisUtilities_PropertyLoopableTests.swift",
"BartisUtilitiesTests/BartisUtilities_StringTests.swift",
"BartisUtilitiesTests/BartisUtilities_UIColorTests.swift",
"BartisUtilitiesTests/Helpers/HTTPRequesterHelpers.swift"
],
"target_dependencies" : [
"BartisUtilities"
],
"type" : "test"
},
{
"c99name" : "BartisUtilities",
"module_type" : "SwiftTarget",
"name" : "BartisUtilities",
"path" : "Sources",
"product_memberships" : [
"BartisUtilities"
],
"sources" : [
"BartisUtilitiesPackage/Dictionary-Extension.swift",
"BartisUtilitiesPackage/DispatchQueue-Extension.swift",
"BartisUtilitiesPackage/HTTPRequest.swift",
"BartisUtilitiesPackage/HTTPRequester.swift",
"BartisUtilitiesPackage/HTTPResponse.swift",
"BartisUtilitiesPackage/PropertyLoopable.swift",
"BartisUtilitiesPackage/String-Extension.swift",
"BartisUtilitiesPackage/ThemableViews.swift",
"BartisUtilitiesPackage/UIColor-Extension.swift"
],
"type" : "library"
}
],
"tools_version" : "5.0"
}
{
"project" : {
"configurations" : [
"Debug",
"Release"
],
"name" : "BartisUtilities",
"schemes" : [
"BartisUtilities",
"BartisUtilities-Package"
],
"targets" : [
"BartisUtilities",
"BartisUtilitiesPackageDescription",
"BartisUtilitiesPackageTests",
"BartisUtilitiesTests"
]
}
}
Running build ...
env DEVELOPER_DIR=/Applications/Xcode-27.0.0-Release.Candidate.app xcrun xcodebuild -IDEClonedSourcePackagesDirPathOverride=$PWD/.dependencies -skipMacroValidation -skipPackagePluginValidation -derivedDataPath $PWD/.derivedData build -scheme BartisUtilities-Package -destination generic/platform=iOS
Command line invocation:
/Applications/Xcode-27.0.0-Release.Candidate.app/Contents/Developer/usr/bin/xcodebuild -IDEClonedSourcePackagesDirPathOverride=/Users/admin/builder/spi-builder-workspace/.dependencies -skipMacroValidation -skipPackagePluginValidation -derivedDataPath /Users/admin/builder/spi-builder-workspace/.derivedData build -scheme BartisUtilities-Package -destination generic/platform=iOS
ComputePackagePrebuildTargetDependencyGraph
Prepare packages
CreateBuildRequest
SendProjectDescription
CreateBuildOperation
ComputeTargetDependencyGraph
note: Building targets in dependency order
note: Target dependency graph (1 target)
Target 'BartisUtilities' in project 'BartisUtilities' (no dependencies)
GatherProvisioningInputs
CreateBuildDescription
/Users/admin/builder/spi-builder-workspace/BartisUtilities.xcodeproj: error: The iOS deployment target 'IPHONEOS_DEPLOYMENT_TARGET' is set to 13.6, but the range of supported deployment target versions is 15.0 to 27.0.x. (in target 'BartisUtilities' from project 'BartisUtilities')
** BUILD FAILED **
The following build commands failed:
Building project BartisUtilities with scheme BartisUtilities-Package
(1 failure)
BUILD FAILURE 6.4 iOS