Build Information
Failed to build Nexus, reference 2.0.0 (e84c3d), with Swift 6.4 for watchOS using Xcode 27.0 on 19 Sep 2026 17:00:04 UTC.
Build Command
env DEVELOPER_DIR=/Applications/Xcode-27.0.0-Release.Candidate.app xcrun xcodebuild -IDEClonedSourcePackagesDirPathOverride=$PWD/.dependencies -skipMacroValidation -skipPackagePluginValidation -derivedDataPath $PWD/.derivedData build -scheme Nexus -destination generic/platform=watchOSBuild Log
cd /Users/admin/builder/spi-builder-workspace
write-file /Users/admin/builder/spi-builder-workspace/.derivedData/Build/Intermediates.noindex/Nexus.build/Debug-watchos/NexusTests-p.build/Objects-normal/arm64_32/NexusTests.SwiftFileList
WriteAuxiliaryFile /Users/admin/builder/spi-builder-workspace/.derivedData/Build/Intermediates.noindex/Nexus.build/Debug-watchos/NexusTests-p.build/Objects-normal/arm64/NexusTests.LinkFileList (in target 'NexusTests-product' from project 'Nexus')
cd /Users/admin/builder/spi-builder-workspace
write-file /Users/admin/builder/spi-builder-workspace/.derivedData/Build/Intermediates.noindex/Nexus.build/Debug-watchos/NexusTests-p.build/Objects-normal/arm64/NexusTests.LinkFileList
WriteAuxiliaryFile /Users/admin/builder/spi-builder-workspace/.derivedData/Build/Intermediates.noindex/Nexus.build/Debug-watchos/NexusTests-p.build/Objects-normal/arm64/NexusTests_const_extract_protocols.json (in target 'NexusTests-product' from project 'Nexus')
cd /Users/admin/builder/spi-builder-workspace
write-file /Users/admin/builder/spi-builder-workspace/.derivedData/Build/Intermediates.noindex/Nexus.build/Debug-watchos/NexusTests-p.build/Objects-normal/arm64/NexusTests_const_extract_protocols.json
WriteAuxiliaryFile /Users/admin/builder/spi-builder-workspace/.derivedData/Build/Intermediates.noindex/Nexus.build/Debug-watchos/NexusTests-p.build/Objects-normal/arm64/NexusTests.SwiftConstValuesFileList (in target 'NexusTests-product' from project 'Nexus')
cd /Users/admin/builder/spi-builder-workspace
write-file /Users/admin/builder/spi-builder-workspace/.derivedData/Build/Intermediates.noindex/Nexus.build/Debug-watchos/NexusTests-p.build/Objects-normal/arm64/NexusTests.SwiftConstValuesFileList
WriteAuxiliaryFile /Users/admin/builder/spi-builder-workspace/.derivedData/Build/Intermediates.noindex/Nexus.build/Debug-watchos/NexusTests-p.build/Objects-normal/arm64_32/NexusTests.SwiftConstValuesFileList (in target 'NexusTests-product' from project 'Nexus')
cd /Users/admin/builder/spi-builder-workspace
write-file /Users/admin/builder/spi-builder-workspace/.derivedData/Build/Intermediates.noindex/Nexus.build/Debug-watchos/NexusTests-p.build/Objects-normal/arm64_32/NexusTests.SwiftConstValuesFileList
WriteAuxiliaryFile /Users/admin/builder/spi-builder-workspace/.derivedData/Build/Intermediates.noindex/Nexus.build/Debug-watchos/NexusTests-p.build/Objects-normal/arm64/NexusTests.SwiftFileList (in target 'NexusTests-product' from project 'Nexus')
cd /Users/admin/builder/spi-builder-workspace
write-file /Users/admin/builder/spi-builder-workspace/.derivedData/Build/Intermediates.noindex/Nexus.build/Debug-watchos/NexusTests-p.build/Objects-normal/arm64/NexusTests.SwiftFileList
WriteAuxiliaryFile /Users/admin/builder/spi-builder-workspace/.derivedData/Build/Intermediates.noindex/Nexus.build/Debug-watchos/NexusTests-p.build/Objects-normal/arm64/NexusTests-OutputFileMap.json (in target 'NexusTests-product' from project 'Nexus')
cd /Users/admin/builder/spi-builder-workspace
write-file /Users/admin/builder/spi-builder-workspace/.derivedData/Build/Intermediates.noindex/Nexus.build/Debug-watchos/NexusTests-p.build/Objects-normal/arm64/NexusTests-OutputFileMap.json
WriteAuxiliaryFile /Users/admin/builder/spi-builder-workspace/.derivedData/Build/Intermediates.noindex/Nexus.build/Debug-watchos/NexusTests-p.build/NexusTests.DependencyStaticMetadataFileList (in target 'NexusTests-product' from project 'Nexus')
cd /Users/admin/builder/spi-builder-workspace
write-file /Users/admin/builder/spi-builder-workspace/.derivedData/Build/Intermediates.noindex/Nexus.build/Debug-watchos/NexusTests-p.build/NexusTests.DependencyStaticMetadataFileList
WriteAuxiliaryFile /Users/admin/builder/spi-builder-workspace/.derivedData/Build/Intermediates.noindex/Nexus.build/Debug-watchos/NexusTests-p.build/NexusTests.DependencyMetadataFileList (in target 'NexusTests-product' from project 'Nexus')
cd /Users/admin/builder/spi-builder-workspace
write-file /Users/admin/builder/spi-builder-workspace/.derivedData/Build/Intermediates.noindex/Nexus.build/Debug-watchos/NexusTests-p.build/NexusTests.DependencyMetadataFileList
WriteAuxiliaryFile /Users/admin/builder/spi-builder-workspace/.derivedData/Build/Intermediates.noindex/Nexus.build/Debug-watchos/Nexus-t.build/Objects-normal/arm64_32/Nexus-OutputFileMap.json (in target 'Nexus' from project 'Nexus')
cd /Users/admin/builder/spi-builder-workspace
write-file /Users/admin/builder/spi-builder-workspace/.derivedData/Build/Intermediates.noindex/Nexus.build/Debug-watchos/Nexus-t.build/Objects-normal/arm64_32/Nexus-OutputFileMap.json
WriteAuxiliaryFile /Users/admin/builder/spi-builder-workspace/.derivedData/Build/Intermediates.noindex/Nexus.build/Debug-watchos/Nexus-t.build/Objects-normal/arm64_32/Nexus.LinkFileList (in target 'Nexus' from project 'Nexus')
cd /Users/admin/builder/spi-builder-workspace
write-file /Users/admin/builder/spi-builder-workspace/.derivedData/Build/Intermediates.noindex/Nexus.build/Debug-watchos/Nexus-t.build/Objects-normal/arm64_32/Nexus.LinkFileList
WriteAuxiliaryFile /Users/admin/builder/spi-builder-workspace/.derivedData/Build/Intermediates.noindex/Nexus.build/Debug-watchos/Nexus-t.build/Objects-normal/arm64_32/Nexus_const_extract_protocols.json (in target 'Nexus' from project 'Nexus')
cd /Users/admin/builder/spi-builder-workspace
write-file /Users/admin/builder/spi-builder-workspace/.derivedData/Build/Intermediates.noindex/Nexus.build/Debug-watchos/Nexus-t.build/Objects-normal/arm64_32/Nexus_const_extract_protocols.json
WriteAuxiliaryFile /Users/admin/builder/spi-builder-workspace/.derivedData/Build/Intermediates.noindex/Nexus.build/Debug-watchos/Nexus-t.build/Objects-normal/arm64/Nexus_const_extract_protocols.json (in target 'Nexus' from project 'Nexus')
cd /Users/admin/builder/spi-builder-workspace
write-file /Users/admin/builder/spi-builder-workspace/.derivedData/Build/Intermediates.noindex/Nexus.build/Debug-watchos/Nexus-t.build/Objects-normal/arm64/Nexus_const_extract_protocols.json
WriteAuxiliaryFile /Users/admin/builder/spi-builder-workspace/.derivedData/Build/Intermediates.noindex/Nexus.build/Debug-watchos/Nexus-t.build/Objects-normal/arm64_32/Nexus.SwiftFileList (in target 'Nexus' from project 'Nexus')
cd /Users/admin/builder/spi-builder-workspace
write-file /Users/admin/builder/spi-builder-workspace/.derivedData/Build/Intermediates.noindex/Nexus.build/Debug-watchos/Nexus-t.build/Objects-normal/arm64_32/Nexus.SwiftFileList
WriteAuxiliaryFile /Users/admin/builder/spi-builder-workspace/.derivedData/Build/Intermediates.noindex/Nexus.build/Debug-watchos/Nexus-t.build/Objects-normal/arm64_32/Nexus.SwiftConstValuesFileList (in target 'Nexus' from project 'Nexus')
cd /Users/admin/builder/spi-builder-workspace
write-file /Users/admin/builder/spi-builder-workspace/.derivedData/Build/Intermediates.noindex/Nexus.build/Debug-watchos/Nexus-t.build/Objects-normal/arm64_32/Nexus.SwiftConstValuesFileList
WriteAuxiliaryFile /Users/admin/builder/spi-builder-workspace/.derivedData/Build/Intermediates.noindex/Nexus.build/Debug-watchos/Nexus-t.build/Objects-normal/arm64/Nexus.SwiftFileList (in target 'Nexus' from project 'Nexus')
cd /Users/admin/builder/spi-builder-workspace
write-file /Users/admin/builder/spi-builder-workspace/.derivedData/Build/Intermediates.noindex/Nexus.build/Debug-watchos/Nexus-t.build/Objects-normal/arm64/Nexus.SwiftFileList
WriteAuxiliaryFile /Users/admin/builder/spi-builder-workspace/.derivedData/Build/Intermediates.noindex/Nexus.build/Debug-watchos/Nexus-t.build/Objects-normal/arm64/Nexus.SwiftConstValuesFileList (in target 'Nexus' from project 'Nexus')
cd /Users/admin/builder/spi-builder-workspace
write-file /Users/admin/builder/spi-builder-workspace/.derivedData/Build/Intermediates.noindex/Nexus.build/Debug-watchos/Nexus-t.build/Objects-normal/arm64/Nexus.SwiftConstValuesFileList
WriteAuxiliaryFile /Users/admin/builder/spi-builder-workspace/.derivedData/Build/Intermediates.noindex/Nexus.build/Debug-watchos/Nexus-t.build/Objects-normal/arm64/Nexus.LinkFileList (in target 'Nexus' from project 'Nexus')
cd /Users/admin/builder/spi-builder-workspace
write-file /Users/admin/builder/spi-builder-workspace/.derivedData/Build/Intermediates.noindex/Nexus.build/Debug-watchos/Nexus-t.build/Objects-normal/arm64/Nexus.LinkFileList
WriteAuxiliaryFile /Users/admin/builder/spi-builder-workspace/.derivedData/Build/Intermediates.noindex/Nexus.build/Debug-watchos/Nexus-t.build/Nexus.modulemap (in target 'Nexus' from project 'Nexus')
cd /Users/admin/builder/spi-builder-workspace
write-file /Users/admin/builder/spi-builder-workspace/.derivedData/Build/Intermediates.noindex/Nexus.build/Debug-watchos/Nexus-t.build/Nexus.modulemap
WriteAuxiliaryFile /Users/admin/builder/spi-builder-workspace/.derivedData/Build/Intermediates.noindex/Nexus.build/Debug-watchos/Nexus-t.build/Objects-normal/arm64/Nexus-OutputFileMap.json (in target 'Nexus' from project 'Nexus')
cd /Users/admin/builder/spi-builder-workspace
write-file /Users/admin/builder/spi-builder-workspace/.derivedData/Build/Intermediates.noindex/Nexus.build/Debug-watchos/Nexus-t.build/Objects-normal/arm64/Nexus-OutputFileMap.json
WriteAuxiliaryFile /Users/admin/builder/spi-builder-workspace/.derivedData/Build/Intermediates.noindex/Nexus.build/Debug-watchos/Nexus-t.build/Nexus.DependencyStaticMetadataFileList (in target 'Nexus' from project 'Nexus')
cd /Users/admin/builder/spi-builder-workspace
write-file /Users/admin/builder/spi-builder-workspace/.derivedData/Build/Intermediates.noindex/Nexus.build/Debug-watchos/Nexus-t.build/Nexus.DependencyStaticMetadataFileList
WriteAuxiliaryFile /Users/admin/builder/spi-builder-workspace/.derivedData/Build/Intermediates.noindex/Nexus.build/Debug-watchos/Nexus-t.build/Nexus.DependencyMetadataFileList (in target 'Nexus' from project 'Nexus')
cd /Users/admin/builder/spi-builder-workspace
write-file /Users/admin/builder/spi-builder-workspace/.derivedData/Build/Intermediates.noindex/Nexus.build/Debug-watchos/Nexus-t.build/Nexus.DependencyMetadataFileList
MkDir /Users/admin/builder/spi-builder-workspace/.derivedData/Build/Products/Debug-watchos/NexusTests.xctest (in target 'NexusTests-product' from project 'Nexus')
cd /Users/admin/builder/spi-builder-workspace
/bin/mkdir -p /Users/admin/builder/spi-builder-workspace/.derivedData/Build/Products/Debug-watchos/NexusTests.xctest
Copy /Users/admin/builder/spi-builder-workspace/.derivedData/Build/Intermediates.noindex/GeneratedModuleMaps-watchos/Nexus.modulemap /Users/admin/builder/spi-builder-workspace/.derivedData/Build/Intermediates.noindex/Nexus.build/Debug-watchos/Nexus-t.build/Nexus.modulemap (in target 'Nexus' from project 'Nexus')
cd /Users/admin/builder/spi-builder-workspace
builtin-copy -exclude .DS_Store -exclude CVS -exclude .svn -exclude .git -exclude .hg -resolve-src-symlinks /Users/admin/builder/spi-builder-workspace/.derivedData/Build/Intermediates.noindex/Nexus.build/Debug-watchos/Nexus-t.build/Nexus.modulemap /Users/admin/builder/spi-builder-workspace/.derivedData/Build/Intermediates.noindex/GeneratedModuleMaps-watchos
SwiftDriver Nexus normal arm64_32 com.apple.xcode.tools.swift.compiler (in target 'Nexus' from project 'Nexus')
cd /Users/admin/builder/spi-builder-workspace/.swiftpm/xcode
builtin-SwiftDriver -- /Applications/Xcode-27.0.0-Release.Candidate.app/Contents/Developer/Toolchains/XcodeDefault.xctoolchain/usr/bin/swiftc -parse-as-library -module-name Nexus -Onone @/Users/admin/builder/spi-builder-workspace/.derivedData/Build/Intermediates.noindex/Nexus.build/Debug-watchos/Nexus-t.build/Objects-normal/arm64_32/Nexus.SwiftFileList -DSWIFT_PACKAGE -DDEBUG -DSWIFT_MODULE_RESOURCE_BUNDLE_UNAVAILABLE -DXcode -plugin-path /Applications/Xcode-27.0.0-Release.Candidate.app/Contents/Developer/Toolchains/XcodeDefault.xctoolchain/usr/lib/swift/host/plugins/testing -enable-experimental-feature DebugDescriptionMacro -sdk /Applications/Xcode-27.0.0-Release.Candidate.app/Contents/Developer/Platforms/WatchOS.platform/Developer/SDKs/WatchOS27.0.sdk -target arm64_32-apple-watchos9.0 -g -module-cache-path /Users/admin/builder/spi-builder-workspace/.derivedData/ModuleCache.noindex -Xfrontend -serialize-debugging-options -profile-coverage-mapping -profile-generate -enable-testing -index-store-path /Users/admin/builder/spi-builder-workspace/.derivedData/Index.noindex/DataStore -Xcc -D_LIBCPP_HARDENING_MODE\=_LIBCPP_HARDENING_MODE_DEBUG -swift-version 5 -I /Users/admin/builder/spi-builder-workspace/.derivedData/Build/Products/Debug-watchos -Isystem /Applications/Xcode-27.0.0-Release.Candidate.app/Contents/Developer/Platforms/WatchOS.platform/Developer/usr/lib -F /Users/admin/builder/spi-builder-workspace/.derivedData/Build/Products/Debug-watchos -F /Applications/Xcode-27.0.0-Release.Candidate.app/Contents/Developer/Platforms/WatchOS.platform/Developer/Library/Frameworks -F /Applications/Xcode-27.0.0-Release.Candidate.app/Contents/Developer/Platforms/WatchOS.platform/Developer/SDKs/WatchOS27.0.sdk/Developer/Library/Frameworks -c -j10 -enable-batch-mode -incremental -Xcc -ivfsstatcache -Xcc /Users/admin/builder/spi-builder-workspace/.derivedData/SDKStatCaches.noindex/watchos27.0-24R360-e829b21a6f8c9b70876ba0858053c04477534ef55a1706bf4c1112bbb242f0a2.sdkstatcache -output-file-map /Users/admin/builder/spi-builder-workspace/.derivedData/Build/Intermediates.noindex/Nexus.build/Debug-watchos/Nexus-t.build/Objects-normal/arm64_32/Nexus-OutputFileMap.json -save-temps -no-color-diagnostics -explicit-module-build -module-cache-path /Users/admin/builder/spi-builder-workspace/.derivedData/Build/Intermediates.noindex/SwiftExplicitPrecompiledModules -clang-scanner-module-cache-path /Users/admin/builder/spi-builder-workspace/.derivedData/ModuleCache.noindex -sdk-module-cache-path /Users/admin/builder/spi-builder-workspace/.derivedData/SDKExplicitPrecompiledModules -emit-dependencies -emit-module -emit-module-path /Users/admin/builder/spi-builder-workspace/.derivedData/Build/Intermediates.noindex/Nexus.build/Debug-watchos/Nexus-t.build/Objects-normal/arm64_32/Nexus.swiftmodule -serialize-diagnostics -dependency-scan-serialize-diagnostics-path /Users/admin/builder/spi-builder-workspace/.derivedData/Build/Intermediates.noindex/Nexus.build/Debug-watchos/Nexus-t.build/Objects-normal/arm64_32/Nexus-dependency-scan.dia -validate-clang-modules-once -clang-build-session-file /Users/admin/builder/spi-builder-workspace/.derivedData/ModuleCache.noindex/Session.modulevalidation -Xcc -fmodules-prune-interval\=86400 -Xcc -fmodules-prune-after\=345600 -emit-const-values -const-gather-protocols-list /Users/admin/builder/spi-builder-workspace/.derivedData/Build/Intermediates.noindex/Nexus.build/Debug-watchos/Nexus-t.build/Objects-normal/arm64_32/Nexus_const_extract_protocols.json -Xcc -I/Users/admin/builder/spi-builder-workspace/.derivedData/Build/Products/Debug-watchos/include -Xcc -I/Users/admin/builder/spi-builder-workspace/.derivedData/Build/Intermediates.noindex/Nexus.build/Debug-watchos/Nexus-t.build/DerivedSources-normal/arm64_32 -Xcc -I/Users/admin/builder/spi-builder-workspace/.derivedData/Build/Intermediates.noindex/Nexus.build/Debug-watchos/Nexus-t.build/DerivedSources/arm64_32 -Xcc -I/Users/admin/builder/spi-builder-workspace/.derivedData/Build/Intermediates.noindex/Nexus.build/Debug-watchos/Nexus-t.build/DerivedSources -Xcc -DSWIFT_PACKAGE -Xcc -DDEBUG\=1 -emit-objc-header -emit-objc-header-path /Users/admin/builder/spi-builder-workspace/.derivedData/Build/Intermediates.noindex/Nexus.build/Debug-watchos/Nexus-t.build/Objects-normal/arm64_32/Nexus-Swift.h -working-directory /Users/admin/builder/spi-builder-workspace/.swiftpm/xcode -experimental-emit-module-separately -disable-cmo
SwiftDriver Nexus normal arm64 com.apple.xcode.tools.swift.compiler (in target 'Nexus' from project 'Nexus')
cd /Users/admin/builder/spi-builder-workspace/.swiftpm/xcode
builtin-SwiftDriver -- /Applications/Xcode-27.0.0-Release.Candidate.app/Contents/Developer/Toolchains/XcodeDefault.xctoolchain/usr/bin/swiftc -parse-as-library -module-name Nexus -Onone @/Users/admin/builder/spi-builder-workspace/.derivedData/Build/Intermediates.noindex/Nexus.build/Debug-watchos/Nexus-t.build/Objects-normal/arm64/Nexus.SwiftFileList -DSWIFT_PACKAGE -DDEBUG -DSWIFT_MODULE_RESOURCE_BUNDLE_UNAVAILABLE -DXcode -plugin-path /Applications/Xcode-27.0.0-Release.Candidate.app/Contents/Developer/Toolchains/XcodeDefault.xctoolchain/usr/lib/swift/host/plugins/testing -enable-experimental-feature DebugDescriptionMacro -sdk /Applications/Xcode-27.0.0-Release.Candidate.app/Contents/Developer/Platforms/WatchOS.platform/Developer/SDKs/WatchOS27.0.sdk -target arm64-apple-watchos9.0 -g -module-cache-path /Users/admin/builder/spi-builder-workspace/.derivedData/ModuleCache.noindex -Xfrontend -serialize-debugging-options -profile-coverage-mapping -profile-generate -enable-testing -index-store-path /Users/admin/builder/spi-builder-workspace/.derivedData/Index.noindex/DataStore -Xcc -D_LIBCPP_HARDENING_MODE\=_LIBCPP_HARDENING_MODE_DEBUG -swift-version 5 -I /Users/admin/builder/spi-builder-workspace/.derivedData/Build/Products/Debug-watchos -Isystem /Applications/Xcode-27.0.0-Release.Candidate.app/Contents/Developer/Platforms/WatchOS.platform/Developer/usr/lib -F /Users/admin/builder/spi-builder-workspace/.derivedData/Build/Products/Debug-watchos -F /Applications/Xcode-27.0.0-Release.Candidate.app/Contents/Developer/Platforms/WatchOS.platform/Developer/Library/Frameworks -F /Applications/Xcode-27.0.0-Release.Candidate.app/Contents/Developer/Platforms/WatchOS.platform/Developer/SDKs/WatchOS27.0.sdk/Developer/Library/Frameworks -c -j10 -enable-batch-mode -incremental -Xcc -ivfsstatcache -Xcc /Users/admin/builder/spi-builder-workspace/.derivedData/SDKStatCaches.noindex/watchos27.0-24R360-e829b21a6f8c9b70876ba0858053c04477534ef55a1706bf4c1112bbb242f0a2.sdkstatcache -output-file-map /Users/admin/builder/spi-builder-workspace/.derivedData/Build/Intermediates.noindex/Nexus.build/Debug-watchos/Nexus-t.build/Objects-normal/arm64/Nexus-OutputFileMap.json -save-temps -no-color-diagnostics -explicit-module-build -module-cache-path /Users/admin/builder/spi-builder-workspace/.derivedData/Build/Intermediates.noindex/SwiftExplicitPrecompiledModules -clang-scanner-module-cache-path /Users/admin/builder/spi-builder-workspace/.derivedData/ModuleCache.noindex -sdk-module-cache-path /Users/admin/builder/spi-builder-workspace/.derivedData/SDKExplicitPrecompiledModules -emit-dependencies -emit-module -emit-module-path /Users/admin/builder/spi-builder-workspace/.derivedData/Build/Intermediates.noindex/Nexus.build/Debug-watchos/Nexus-t.build/Objects-normal/arm64/Nexus.swiftmodule -serialize-diagnostics -dependency-scan-serialize-diagnostics-path /Users/admin/builder/spi-builder-workspace/.derivedData/Build/Intermediates.noindex/Nexus.build/Debug-watchos/Nexus-t.build/Objects-normal/arm64/Nexus-dependency-scan.dia -validate-clang-modules-once -clang-build-session-file /Users/admin/builder/spi-builder-workspace/.derivedData/ModuleCache.noindex/Session.modulevalidation -Xcc -fmodules-prune-interval\=86400 -Xcc -fmodules-prune-after\=345600 -emit-const-values -const-gather-protocols-list /Users/admin/builder/spi-builder-workspace/.derivedData/Build/Intermediates.noindex/Nexus.build/Debug-watchos/Nexus-t.build/Objects-normal/arm64/Nexus_const_extract_protocols.json -Xcc -I/Users/admin/builder/spi-builder-workspace/.derivedData/Build/Products/Debug-watchos/include -Xcc -I/Users/admin/builder/spi-builder-workspace/.derivedData/Build/Intermediates.noindex/Nexus.build/Debug-watchos/Nexus-t.build/DerivedSources-normal/arm64 -Xcc -I/Users/admin/builder/spi-builder-workspace/.derivedData/Build/Intermediates.noindex/Nexus.build/Debug-watchos/Nexus-t.build/DerivedSources/arm64 -Xcc -I/Users/admin/builder/spi-builder-workspace/.derivedData/Build/Intermediates.noindex/Nexus.build/Debug-watchos/Nexus-t.build/DerivedSources -Xcc -DSWIFT_PACKAGE -Xcc -DDEBUG\=1 -emit-objc-header -emit-objc-header-path /Users/admin/builder/spi-builder-workspace/.derivedData/Build/Intermediates.noindex/Nexus.build/Debug-watchos/Nexus-t.build/Objects-normal/arm64/Nexus-Swift.h -working-directory /Users/admin/builder/spi-builder-workspace/.swiftpm/xcode -experimental-emit-module-separately -disable-cmo
SwiftExplicitDependencyGeneratePcm arm64 /Users/admin/builder/spi-builder-workspace/.derivedData/SDKExplicitPrecompiledModules/_Builtin_float-C0CW5Q4HGBQYKE77TC42IAFB5.pcm
SwiftExplicitDependencyGeneratePcm arm64 /Users/admin/builder/spi-builder-workspace/.derivedData/SDKExplicitPrecompiledModules/SwiftShims-4MXFZPV6FEB0XBYXCGPWAMQGL.pcm
SwiftExplicitDependencyGeneratePcm arm64_32 /Users/admin/builder/spi-builder-workspace/.derivedData/SDKExplicitPrecompiledModules/ptrcheck-7ELIH9BTIGVKX3UBITM9N72WD.pcm
SwiftExplicitDependencyGeneratePcm arm64_32 /Users/admin/builder/spi-builder-workspace/.derivedData/SDKExplicitPrecompiledModules/_AvailabilityInternal-244WAN3Z1QBT7PIA64EZEFY1R.pcm
SwiftExplicitDependencyGeneratePcm arm64_32 /Users/admin/builder/spi-builder-workspace/.derivedData/SDKExplicitPrecompiledModules/_Builtin_stddef-H44EFHQX6XSS5MZ7QP6YJZ76.pcm
SwiftExplicitDependencyGeneratePcm arm64 /Users/admin/builder/spi-builder-workspace/.derivedData/SDKExplicitPrecompiledModules/_Builtin_stdarg-A7UU8LE6MP85SM26YO7PBZNUQ.pcm
SwiftExplicitDependencyGeneratePcm arm64 /Users/admin/builder/spi-builder-workspace/.derivedData/SDKExplicitPrecompiledModules/_Builtin_stddef-1FU30Y8SWFB7OUUHMJQH5J6FM.pcm
SwiftExplicitDependencyGeneratePcm arm64_32 /Users/admin/builder/spi-builder-workspace/.derivedData/SDKExplicitPrecompiledModules/_Builtin_stdarg-D305JG44A2WPI6CJY37X3QJE8.pcm
SwiftExplicitDependencyGeneratePcm arm64 /Users/admin/builder/spi-builder-workspace/.derivedData/SDKExplicitPrecompiledModules/_Builtin_stdbool-83J96QSOFE9VX04AAS6310UAE.pcm
SwiftExplicitDependencyGeneratePcm arm64 /Users/admin/builder/spi-builder-workspace/.derivedData/SDKExplicitPrecompiledModules/ptrauth-3TZ9WJCGLYD25HQPWH4968ONX.pcm
SwiftExplicitDependencyGeneratePcm arm64 /Users/admin/builder/spi-builder-workspace/.derivedData/SDKExplicitPrecompiledModules/_AvailabilityInternal-BUNV3UXM65NT37THI4W1AM0SF.pcm
SwiftExplicitDependencyGeneratePcm arm64_32 /Users/admin/builder/spi-builder-workspace/.derivedData/SDKExplicitPrecompiledModules/_Builtin_stdbool-A967K8W8YUYEC9SN52KJ7OO88.pcm
SwiftExplicitDependencyGeneratePcm arm64 /Users/admin/builder/spi-builder-workspace/.derivedData/SDKExplicitPrecompiledModules/ptrcheck-AIF0NDOYZ8ORBNHQAQR5NNB8M.pcm
SwiftExplicitDependencyGeneratePcm arm64_32 /Users/admin/builder/spi-builder-workspace/.derivedData/SDKExplicitPrecompiledModules/ptrauth-BFXF358ME5AK535N5A9Z766WU.pcm
SwiftExplicitDependencyGeneratePcm arm64 /Users/admin/builder/spi-builder-workspace/.derivedData/SDKExplicitPrecompiledModules/_SwiftConcurrencyShims-659N52XSKR5F0QSB880BH2FJR.pcm
SwiftExplicitDependencyGeneratePcm arm64_32 /Users/admin/builder/spi-builder-workspace/.derivedData/SDKExplicitPrecompiledModules/_Builtin_float-6KO8O3PEWRCA4WC6PPLOYO6WJ.pcm
SwiftExplicitDependencyGeneratePcm arm64_32 /Users/admin/builder/spi-builder-workspace/.derivedData/SDKExplicitPrecompiledModules/_SwiftConcurrencyShims-6RTBPQ03V7BM9SPRK8SUE055H.pcm
SwiftExplicitDependencyGeneratePcm arm64_32 /Users/admin/builder/spi-builder-workspace/.derivedData/SDKExplicitPrecompiledModules/SwiftShims-9CQQGWTSNTN9EB5NSHDWUJICH.pcm
SwiftExplicitDependencyGeneratePcm arm64_32 /Users/admin/builder/spi-builder-workspace/.derivedData/SDKExplicitPrecompiledModules/_DarwinFoundation1-2GWF9RFMPLQW4PDHS3NARVI3G.pcm
SwiftExplicitDependencyGeneratePcm arm64 /Users/admin/builder/spi-builder-workspace/.derivedData/SDKExplicitPrecompiledModules/_DarwinFoundation1-7SPX3MD0HMP55E4OLNCPNDQ53.pcm
SwiftExplicitDependencyGeneratePcm arm64_32 /Users/admin/builder/spi-builder-workspace/.derivedData/SDKExplicitPrecompiledModules/_DarwinFoundation2-9MY8GOSYRO0M9MKNXF6D3MBNK.pcm
SwiftExplicitDependencyGeneratePcm arm64_32 /Users/admin/builder/spi-builder-workspace/.derivedData/SDKExplicitPrecompiledModules/_Builtin_limits-3VKBU2AFTD65PAJZ5CJ3LHFM2.pcm
SwiftExplicitDependencyGeneratePcm arm64 /Users/admin/builder/spi-builder-workspace/.derivedData/SDKExplicitPrecompiledModules/_Builtin_limits-9GWPA2B0H20DYUNYHYCWKABJG.pcm
SwiftExplicitDependencyGeneratePcm arm64 /Users/admin/builder/spi-builder-workspace/.derivedData/SDKExplicitPrecompiledModules/_DarwinFoundation2-D0XAPJU49S5E9XMKYOFGSTB1Q.pcm
SwiftExplicitDependencyGeneratePcm arm64_32 /Users/admin/builder/spi-builder-workspace/.derivedData/SDKExplicitPrecompiledModules/_Builtin_stdint-1HMXWI3V0V4TXHRWZOMZGZ80Y.pcm
SwiftExplicitDependencyGeneratePcm arm64_32 /Users/admin/builder/spi-builder-workspace/.derivedData/SDKExplicitPrecompiledModules/string_h-BFVLUQUSBZWYMLCU9QI7VZALW.pcm
SwiftExplicitDependencyGeneratePcm arm64_32 /Users/admin/builder/spi-builder-workspace/.derivedData/SDKExplicitPrecompiledModules/sys_types-8TLLMW08ZJWDGIIPKOYFGHHZW.pcm
SwiftExplicitDependencyGeneratePcm arm64 /Users/admin/builder/spi-builder-workspace/.derivedData/SDKExplicitPrecompiledModules/_Builtin_stdint-8XMILLJZEGRN2XG7XZUXZ5RLX.pcm
SwiftExplicitDependencyGeneratePcm arm64 /Users/admin/builder/spi-builder-workspace/.derivedData/SDKExplicitPrecompiledModules/sys_types-2KXQLI78OUCDP779AE68GZJ2.pcm
SwiftExplicitDependencyGeneratePcm arm64 /Users/admin/builder/spi-builder-workspace/.derivedData/SDKExplicitPrecompiledModules/string_h-E6PRXK75PHIPCZFWOFCQ3QBMK.pcm
SwiftExplicitDependencyGeneratePcm arm64_32 /Users/admin/builder/spi-builder-workspace/.derivedData/SDKExplicitPrecompiledModules/_DarwinFoundation3-3DUTYQDQSD9HUAAVY947NMWOI.pcm
SwiftExplicitDependencyGeneratePcm arm64 /Users/admin/builder/spi-builder-workspace/.derivedData/SDKExplicitPrecompiledModules/_DarwinFoundation3-B97LRG0E9GON2NUE65TVG81HU.pcm
SwiftExplicitDependencyGeneratePcm arm64_32 /Users/admin/builder/spi-builder-workspace/.derivedData/SDKExplicitPrecompiledModules/_Builtin_inttypes-D2KPCR4PEX9AQA33NGLUT5SBR.pcm
SwiftExplicitDependencyGeneratePcm arm64 /Users/admin/builder/spi-builder-workspace/.derivedData/SDKExplicitPrecompiledModules/_Builtin_inttypes-3UQSCM7WNM9EK4HZML8TY5J3D.pcm
SwiftExplicitDependencyGeneratePcm arm64_32 /Users/admin/builder/spi-builder-workspace/.derivedData/SDKExplicitPrecompiledModules/Darwin-3FVT1SKLN2ZQ5RVOABMTQBB34.pcm
SwiftExplicitDependencyGeneratePcm arm64 /Users/admin/builder/spi-builder-workspace/.derivedData/SDKExplicitPrecompiledModules/Darwin-3984OXKFNSPE77NT743WK8SEX.pcm
SwiftExplicitDependencyGeneratePcm arm64 /Users/admin/builder/spi-builder-workspace/.derivedData/SDKExplicitPrecompiledModules/ObjectiveC-72IVD3VS2RS8Q28D9PIMY0KQP.pcm
SwiftExplicitDependencyGeneratePcm arm64_32 /Users/admin/builder/spi-builder-workspace/.derivedData/SDKExplicitPrecompiledModules/ObjectiveC-6IJNELR2E80E7LUKESVCP2KET.pcm
SwiftExplicitDependencyGeneratePcm arm64 /Users/admin/builder/spi-builder-workspace/.derivedData/SDKExplicitPrecompiledModules/os_object-3SDKD7F87FTZ26OON37DRYT6O.pcm
SwiftExplicitDependencyGeneratePcm arm64_32 /Users/admin/builder/spi-builder-workspace/.derivedData/SDKExplicitPrecompiledModules/os_object-5YWTC6L4756IWSTPGXS5NM0D0.pcm
SwiftExplicitDependencyGeneratePcm arm64 /Users/admin/builder/spi-builder-workspace/.derivedData/SDKExplicitPrecompiledModules/os_workgroup-89GG5G7YC2D0ZTK6AZXXQ20DH.pcm
SwiftExplicitDependencyGeneratePcm arm64_32 /Users/admin/builder/spi-builder-workspace/.derivedData/SDKExplicitPrecompiledModules/os_workgroup-5JHTPDMNBUNHLJI8LPHKQK1JK.pcm
SwiftExplicitDependencyGeneratePcm arm64_32 /Users/admin/builder/spi-builder-workspace/.derivedData/SDKExplicitPrecompiledModules/Dispatch-2P62F1T4XV63S4P99TUDTOK2Q.pcm
SwiftExplicitDependencyGeneratePcm arm64 /Users/admin/builder/spi-builder-workspace/.derivedData/SDKExplicitPrecompiledModules/Dispatch-1NLJOVAK60XP0DUB05XA59EIM.pcm
SwiftExplicitDependencyGeneratePcm arm64_32 /Users/admin/builder/spi-builder-workspace/.derivedData/SDKExplicitPrecompiledModules/XPC-81Y45QFY96XYYFCW2GT6FY8S4.pcm
SwiftExplicitDependencyGeneratePcm arm64_32 /Users/admin/builder/spi-builder-workspace/.derivedData/SDKExplicitPrecompiledModules/CoreFoundation-8E6Y4BA3EXYKUGJ24GT9LGV3N.pcm
SwiftExplicitDependencyGeneratePcm arm64 /Users/admin/builder/spi-builder-workspace/.derivedData/SDKExplicitPrecompiledModules/XPC-40DR0X1DHKGCV4J1IOLFS8MOU.pcm
SwiftExplicitDependencyGeneratePcm arm64 /Users/admin/builder/spi-builder-workspace/.derivedData/SDKExplicitPrecompiledModules/CoreFoundation-8T2L24YC5NU7WO6WQJWRY7W08.pcm
SwiftExplicitDependencyGeneratePcm arm64 /Users/admin/builder/spi-builder-workspace/.derivedData/SDKExplicitPrecompiledModules/Security-6RZ6YBRU8WCUHRFFRVUK5WKMM.pcm
SwiftExplicitDependencyGeneratePcm arm64_32 /Users/admin/builder/spi-builder-workspace/.derivedData/SDKExplicitPrecompiledModules/Security-D7TOWF88VWF67TB9HAFP5UWB1.pcm
SwiftExplicitDependencyGeneratePcm arm64_32 /Users/admin/builder/spi-builder-workspace/.derivedData/SDKExplicitPrecompiledModules/Foundation-BJ2VQGI3OGR34500MEQ1VKHPH.pcm
SwiftExplicitDependencyGeneratePcm arm64 /Users/admin/builder/spi-builder-workspace/.derivedData/SDKExplicitPrecompiledModules/Foundation-DLBKUSGXN8QHAT8W0OARR9S8A.pcm
SwiftExplicitDependencyGeneratePcm arm64 /Users/admin/builder/spi-builder-workspace/.derivedData/SDKExplicitPrecompiledModules/WatchConnectivity-AJLAJNMLYGVXXPI7LUCAI38EJ.pcm
SwiftExplicitDependencyGeneratePcm arm64_32 /Users/admin/builder/spi-builder-workspace/.derivedData/SDKExplicitPrecompiledModules/WatchConnectivity-4SIRTF193PW9PMOYOULOVHMYG.pcm
SwiftEmitModule normal arm64 Emitting\ module\ for\ Nexus (in target 'Nexus' from project 'Nexus')
SwiftCompile normal arm64 (in target 'Nexus' from project 'Nexus')
cd /Users/admin/builder/spi-builder-workspace/.swiftpm/xcode
SwiftCompile normal arm64 Compiling\ Encodable+Dictonary.swift /Users/admin/builder/spi-builder-workspace/Sources/Nexus/Classes/Extensions/Encodable+Dictonary.swift (in target 'Nexus' from project 'Nexus')
SwiftCompile normal arm64 /Users/admin/builder/spi-builder-workspace/Sources/Nexus/Classes/Extensions/Encodable+Dictonary.swift (in target 'Nexus' from project 'Nexus')
cd /Users/admin/builder/spi-builder-workspace/.swiftpm/xcode
builtin-SwiftPerFileCompile Encodable+Dictonary.swift
SwiftCompile normal arm64 Compiling\ WatchConnectivityError.swift /Users/admin/builder/spi-builder-workspace/Sources/Nexus/Classes/Models/WatchConnectivityError.swift (in target 'Nexus' from project 'Nexus')
SwiftCompile normal arm64 /Users/admin/builder/spi-builder-workspace/Sources/Nexus/Classes/Models/WatchConnectivityError.swift (in target 'Nexus' from project 'Nexus')
cd /Users/admin/builder/spi-builder-workspace/.swiftpm/xcode
builtin-SwiftPerFileCompile WatchConnectivityError.swift
SwiftCompile normal arm64 Compiling\ WatchConnectivityService.swift /Users/admin/builder/spi-builder-workspace/Sources/Nexus/Classes/Core/Services/WatchConnectivityService/WatchConnectivityService.swift (in target 'Nexus' from project 'Nexus')
SwiftCompile normal arm64 /Users/admin/builder/spi-builder-workspace/Sources/Nexus/Classes/Core/Services/WatchConnectivityService/WatchConnectivityService.swift (in target 'Nexus' from project 'Nexus')
cd /Users/admin/builder/spi-builder-workspace/.swiftpm/xcode
builtin-SwiftPerFileCompile WatchConnectivityService.swift
SwiftCompile normal arm64 Compiling\ ICommunicationService.swift,\ IWatchConnectivityService.swift /Users/admin/builder/spi-builder-workspace/Sources/Nexus/Classes/Core/Services/CommunicationService/ICommunicationService.swift /Users/admin/builder/spi-builder-workspace/Sources/Nexus/Classes/Core/Services/WatchConnectivityService/IWatchConnectivityService.swift (in target 'Nexus' from project 'Nexus')
SwiftCompile normal arm64 /Users/admin/builder/spi-builder-workspace/Sources/Nexus/Classes/Core/Services/CommunicationService/ICommunicationService.swift (in target 'Nexus' from project 'Nexus')
cd /Users/admin/builder/spi-builder-workspace/.swiftpm/xcode
builtin-SwiftPerFileCompile ICommunicationService.swift
SwiftCompile normal arm64 /Users/admin/builder/spi-builder-workspace/Sources/Nexus/Classes/Core/Services/WatchConnectivityService/IWatchConnectivityService.swift (in target 'Nexus' from project 'Nexus')
cd /Users/admin/builder/spi-builder-workspace/.swiftpm/xcode
builtin-SwiftPerFileCompile IWatchConnectivityService.swift
SwiftCompile normal arm64 Compiling\ WatchConnectivityServiceDelegate.swift /Users/admin/builder/spi-builder-workspace/Sources/Nexus/Classes/Core/Services/WatchConnectivityService/WatchConnectivityServiceDelegate.swift (in target 'Nexus' from project 'Nexus')
SwiftCompile normal arm64 /Users/admin/builder/spi-builder-workspace/Sources/Nexus/Classes/Core/Services/WatchConnectivityService/WatchConnectivityServiceDelegate.swift (in target 'Nexus' from project 'Nexus')
cd /Users/admin/builder/spi-builder-workspace/.swiftpm/xcode
builtin-SwiftPerFileCompile WatchConnectivityServiceDelegate.swift
SwiftCompile normal arm64 Compiling\ NotificationCenter+INotificationCenter.swift /Users/admin/builder/spi-builder-workspace/Sources/Nexus/Classes/Extensions/NotificationCenter+INotificationCenter.swift (in target 'Nexus' from project 'Nexus')
SwiftCompile normal arm64 /Users/admin/builder/spi-builder-workspace/Sources/Nexus/Classes/Extensions/NotificationCenter+INotificationCenter.swift (in target 'Nexus' from project 'Nexus')
cd /Users/admin/builder/spi-builder-workspace/.swiftpm/xcode
builtin-SwiftPerFileCompile NotificationCenter+INotificationCenter.swift
SwiftCompile normal arm64 Compiling\ CommunicationService.swift,\ CommunicationServiceDelegate.swift /Users/admin/builder/spi-builder-workspace/Sources/Nexus/Classes/Core/Services/CommunicationService/CommunicationService.swift /Users/admin/builder/spi-builder-workspace/Sources/Nexus/Classes/Core/Services/CommunicationService/CommunicationServiceDelegate.swift (in target 'Nexus' from project 'Nexus')
SwiftCompile normal arm64 /Users/admin/builder/spi-builder-workspace/Sources/Nexus/Classes/Core/Services/CommunicationService/CommunicationService.swift (in target 'Nexus' from project 'Nexus')
cd /Users/admin/builder/spi-builder-workspace/.swiftpm/xcode
builtin-SwiftPerFileCompile CommunicationService.swift
SwiftCompile normal arm64 /Users/admin/builder/spi-builder-workspace/Sources/Nexus/Classes/Core/Services/CommunicationService/CommunicationServiceDelegate.swift (in target 'Nexus' from project 'Nexus')
cd /Users/admin/builder/spi-builder-workspace/.swiftpm/xcode
builtin-SwiftPerFileCompile CommunicationServiceDelegate.swift
SwiftCompile normal arm64 Compiling\ ISessionCompatibleProvider.swift,\ SessionCompatibleProvider.swift /Users/admin/builder/spi-builder-workspace/Sources/Nexus/Classes/Core/Providers/SessionCompatibleProvider/ISessionCompatibleProvider.swift /Users/admin/builder/spi-builder-workspace/Sources/Nexus/Classes/Core/Providers/SessionCompatibleProvider/SessionCompatibleProvider.swift (in target 'Nexus' from project 'Nexus')
SwiftCompile normal arm64 /Users/admin/builder/spi-builder-workspace/Sources/Nexus/Classes/Core/Providers/SessionCompatibleProvider/ISessionCompatibleProvider.swift (in target 'Nexus' from project 'Nexus')
cd /Users/admin/builder/spi-builder-workspace/.swiftpm/xcode
builtin-SwiftPerFileCompile ISessionCompatibleProvider.swift
SwiftCompile normal arm64 /Users/admin/builder/spi-builder-workspace/Sources/Nexus/Classes/Core/Providers/SessionCompatibleProvider/SessionCompatibleProvider.swift (in target 'Nexus' from project 'Nexus')
cd /Users/admin/builder/spi-builder-workspace/.swiftpm/xcode
builtin-SwiftPerFileCompile SessionCompatibleProvider.swift
SwiftCompile normal arm64 Compiling\ INotificationCenter.swift,\ IWCSession.swift /Users/admin/builder/spi-builder-workspace/Sources/Nexus/Classes/Core/Interfaces/INotificationCenter.swift /Users/admin/builder/spi-builder-workspace/Sources/Nexus/Classes/Core/Interfaces/IWCSession.swift (in target 'Nexus' from project 'Nexus')
SwiftCompile normal arm64 /Users/admin/builder/spi-builder-workspace/Sources/Nexus/Classes/Core/Interfaces/INotificationCenter.swift (in target 'Nexus' from project 'Nexus')
cd /Users/admin/builder/spi-builder-workspace/.swiftpm/xcode
builtin-SwiftPerFileCompile INotificationCenter.swift
SwiftCompile normal arm64 /Users/admin/builder/spi-builder-workspace/Sources/Nexus/Classes/Core/Interfaces/IWCSession.swift (in target 'Nexus' from project 'Nexus')
cd /Users/admin/builder/spi-builder-workspace/.swiftpm/xcode
builtin-SwiftPerFileCompile IWCSession.swift
SwiftEmitModule normal arm64_32 Emitting\ module\ for\ Nexus (in target 'Nexus' from project 'Nexus')
SwiftCompile normal arm64_32 (in target 'Nexus' from project 'Nexus')
cd /Users/admin/builder/spi-builder-workspace/.swiftpm/xcode
SwiftDriverJobDiscovery normal arm64 Emitting module for Nexus (in target 'Nexus' from project 'Nexus')
SwiftDriver\ Compilation\ Requirements Nexus normal arm64 com.apple.xcode.tools.swift.compiler (in target 'Nexus' from project 'Nexus')
cd /Users/admin/builder/spi-builder-workspace/.swiftpm/xcode
builtin-Swift-Compilation-Requirements -- /Applications/Xcode-27.0.0-Release.Candidate.app/Contents/Developer/Toolchains/XcodeDefault.xctoolchain/usr/bin/swiftc -parse-as-library -module-name Nexus -Onone @/Users/admin/builder/spi-builder-workspace/.derivedData/Build/Intermediates.noindex/Nexus.build/Debug-watchos/Nexus-t.build/Objects-normal/arm64/Nexus.SwiftFileList -DSWIFT_PACKAGE -DDEBUG -DSWIFT_MODULE_RESOURCE_BUNDLE_UNAVAILABLE -DXcode -plugin-path /Applications/Xcode-27.0.0-Release.Candidate.app/Contents/Developer/Toolchains/XcodeDefault.xctoolchain/usr/lib/swift/host/plugins/testing -enable-experimental-feature DebugDescriptionMacro -sdk /Applications/Xcode-27.0.0-Release.Candidate.app/Contents/Developer/Platforms/WatchOS.platform/Developer/SDKs/WatchOS27.0.sdk -target arm64-apple-watchos9.0 -g -module-cache-path /Users/admin/builder/spi-builder-workspace/.derivedData/ModuleCache.noindex -Xfrontend -serialize-debugging-options -profile-coverage-mapping -profile-generate -enable-testing -index-store-path /Users/admin/builder/spi-builder-workspace/.derivedData/Index.noindex/DataStore -Xcc -D_LIBCPP_HARDENING_MODE\=_LIBCPP_HARDENING_MODE_DEBUG -swift-version 5 -I /Users/admin/builder/spi-builder-workspace/.derivedData/Build/Products/Debug-watchos -Isystem /Applications/Xcode-27.0.0-Release.Candidate.app/Contents/Developer/Platforms/WatchOS.platform/Developer/usr/lib -F /Users/admin/builder/spi-builder-workspace/.derivedData/Build/Products/Debug-watchos -F /Applications/Xcode-27.0.0-Release.Candidate.app/Contents/Developer/Platforms/WatchOS.platform/Developer/Library/Frameworks -F /Applications/Xcode-27.0.0-Release.Candidate.app/Contents/Developer/Platforms/WatchOS.platform/Developer/SDKs/WatchOS27.0.sdk/Developer/Library/Frameworks -c -j10 -enable-batch-mode -incremental -Xcc -ivfsstatcache -Xcc /Users/admin/builder/spi-builder-workspace/.derivedData/SDKStatCaches.noindex/watchos27.0-24R360-e829b21a6f8c9b70876ba0858053c04477534ef55a1706bf4c1112bbb242f0a2.sdkstatcache -output-file-map /Users/admin/builder/spi-builder-workspace/.derivedData/Build/Intermediates.noindex/Nexus.build/Debug-watchos/Nexus-t.build/Objects-normal/arm64/Nexus-OutputFileMap.json -save-temps -no-color-diagnostics -explicit-module-build -module-cache-path /Users/admin/builder/spi-builder-workspace/.derivedData/Build/Intermediates.noindex/SwiftExplicitPrecompiledModules -clang-scanner-module-cache-path /Users/admin/builder/spi-builder-workspace/.derivedData/ModuleCache.noindex -sdk-module-cache-path /Users/admin/builder/spi-builder-workspace/.derivedData/SDKExplicitPrecompiledModules -emit-dependencies -emit-module -emit-module-path /Users/admin/builder/spi-builder-workspace/.derivedData/Build/Intermediates.noindex/Nexus.build/Debug-watchos/Nexus-t.build/Objects-normal/arm64/Nexus.swiftmodule -serialize-diagnostics -dependency-scan-serialize-diagnostics-path /Users/admin/builder/spi-builder-workspace/.derivedData/Build/Intermediates.noindex/Nexus.build/Debug-watchos/Nexus-t.build/Objects-normal/arm64/Nexus-dependency-scan.dia -validate-clang-modules-once -clang-build-session-file /Users/admin/builder/spi-builder-workspace/.derivedData/ModuleCache.noindex/Session.modulevalidation -Xcc -fmodules-prune-interval\=86400 -Xcc -fmodules-prune-after\=345600 -emit-const-values -const-gather-protocols-list /Users/admin/builder/spi-builder-workspace/.derivedData/Build/Intermediates.noindex/Nexus.build/Debug-watchos/Nexus-t.build/Objects-normal/arm64/Nexus_const_extract_protocols.json -Xcc -I/Users/admin/builder/spi-builder-workspace/.derivedData/Build/Products/Debug-watchos/include -Xcc -I/Users/admin/builder/spi-builder-workspace/.derivedData/Build/Intermediates.noindex/Nexus.build/Debug-watchos/Nexus-t.build/DerivedSources-normal/arm64 -Xcc -I/Users/admin/builder/spi-builder-workspace/.derivedData/Build/Intermediates.noindex/Nexus.build/Debug-watchos/Nexus-t.build/DerivedSources/arm64 -Xcc -I/Users/admin/builder/spi-builder-workspace/.derivedData/Build/Intermediates.noindex/Nexus.build/Debug-watchos/Nexus-t.build/DerivedSources -Xcc -DSWIFT_PACKAGE -Xcc -DDEBUG\=1 -emit-objc-header -emit-objc-header-path /Users/admin/builder/spi-builder-workspace/.derivedData/Build/Intermediates.noindex/Nexus.build/Debug-watchos/Nexus-t.build/Objects-normal/arm64/Nexus-Swift.h -working-directory /Users/admin/builder/spi-builder-workspace/.swiftpm/xcode -experimental-emit-module-separately -disable-cmo
SwiftDriverJobDiscovery normal arm64_32 Emitting module for Nexus (in target 'Nexus' from project 'Nexus')
SwiftCompile normal arm64_32 Compiling\ INotificationCenter.swift,\ IWCSession.swift /Users/admin/builder/spi-builder-workspace/Sources/Nexus/Classes/Core/Interfaces/INotificationCenter.swift /Users/admin/builder/spi-builder-workspace/Sources/Nexus/Classes/Core/Interfaces/IWCSession.swift (in target 'Nexus' from project 'Nexus')
SwiftCompile normal arm64_32 /Users/admin/builder/spi-builder-workspace/Sources/Nexus/Classes/Core/Interfaces/INotificationCenter.swift (in target 'Nexus' from project 'Nexus')
cd /Users/admin/builder/spi-builder-workspace/.swiftpm/xcode
builtin-SwiftPerFileCompile INotificationCenter.swift
SwiftCompile normal arm64_32 /Users/admin/builder/spi-builder-workspace/Sources/Nexus/Classes/Core/Interfaces/IWCSession.swift (in target 'Nexus' from project 'Nexus')
cd /Users/admin/builder/spi-builder-workspace/.swiftpm/xcode
builtin-SwiftPerFileCompile IWCSession.swift
SwiftDriver\ Compilation\ Requirements Nexus normal arm64_32 com.apple.xcode.tools.swift.compiler (in target 'Nexus' from project 'Nexus')
cd /Users/admin/builder/spi-builder-workspace/.swiftpm/xcode
builtin-Swift-Compilation-Requirements -- /Applications/Xcode-27.0.0-Release.Candidate.app/Contents/Developer/Toolchains/XcodeDefault.xctoolchain/usr/bin/swiftc -parse-as-library -module-name Nexus -Onone @/Users/admin/builder/spi-builder-workspace/.derivedData/Build/Intermediates.noindex/Nexus.build/Debug-watchos/Nexus-t.build/Objects-normal/arm64_32/Nexus.SwiftFileList -DSWIFT_PACKAGE -DDEBUG -DSWIFT_MODULE_RESOURCE_BUNDLE_UNAVAILABLE -DXcode -plugin-path /Applications/Xcode-27.0.0-Release.Candidate.app/Contents/Developer/Toolchains/XcodeDefault.xctoolchain/usr/lib/swift/host/plugins/testing -enable-experimental-feature DebugDescriptionMacro -sdk /Applications/Xcode-27.0.0-Release.Candidate.app/Contents/Developer/Platforms/WatchOS.platform/Developer/SDKs/WatchOS27.0.sdk -target arm64_32-apple-watchos9.0 -g -module-cache-path /Users/admin/builder/spi-builder-workspace/.derivedData/ModuleCache.noindex -Xfrontend -serialize-debugging-options -profile-coverage-mapping -profile-generate -enable-testing -index-store-path /Users/admin/builder/spi-builder-workspace/.derivedData/Index.noindex/DataStore -Xcc -D_LIBCPP_HARDENING_MODE\=_LIBCPP_HARDENING_MODE_DEBUG -swift-version 5 -I /Users/admin/builder/spi-builder-workspace/.derivedData/Build/Products/Debug-watchos -Isystem /Applications/Xcode-27.0.0-Release.Candidate.app/Contents/Developer/Platforms/WatchOS.platform/Developer/usr/lib -F /Users/admin/builder/spi-builder-workspace/.derivedData/Build/Products/Debug-watchos -F /Applications/Xcode-27.0.0-Release.Candidate.app/Contents/Developer/Platforms/WatchOS.platform/Developer/Library/Frameworks -F /Applications/Xcode-27.0.0-Release.Candidate.app/Contents/Developer/Platforms/WatchOS.platform/Developer/SDKs/WatchOS27.0.sdk/Developer/Library/Frameworks -c -j10 -enable-batch-mode -incremental -Xcc -ivfsstatcache -Xcc /Users/admin/builder/spi-builder-workspace/.derivedData/SDKStatCaches.noindex/watchos27.0-24R360-e829b21a6f8c9b70876ba0858053c04477534ef55a1706bf4c1112bbb242f0a2.sdkstatcache -output-file-map /Users/admin/builder/spi-builder-workspace/.derivedData/Build/Intermediates.noindex/Nexus.build/Debug-watchos/Nexus-t.build/Objects-normal/arm64_32/Nexus-OutputFileMap.json -save-temps -no-color-diagnostics -explicit-module-build -module-cache-path /Users/admin/builder/spi-builder-workspace/.derivedData/Build/Intermediates.noindex/SwiftExplicitPrecompiledModules -clang-scanner-module-cache-path /Users/admin/builder/spi-builder-workspace/.derivedData/ModuleCache.noindex -sdk-module-cache-path /Users/admin/builder/spi-builder-workspace/.derivedData/SDKExplicitPrecompiledModules -emit-dependencies -emit-module -emit-module-path /Users/admin/builder/spi-builder-workspace/.derivedData/Build/Intermediates.noindex/Nexus.build/Debug-watchos/Nexus-t.build/Objects-normal/arm64_32/Nexus.swiftmodule -serialize-diagnostics -dependency-scan-serialize-diagnostics-path /Users/admin/builder/spi-builder-workspace/.derivedData/Build/Intermediates.noindex/Nexus.build/Debug-watchos/Nexus-t.build/Objects-normal/arm64_32/Nexus-dependency-scan.dia -validate-clang-modules-once -clang-build-session-file /Users/admin/builder/spi-builder-workspace/.derivedData/ModuleCache.noindex/Session.modulevalidation -Xcc -fmodules-prune-interval\=86400 -Xcc -fmodules-prune-after\=345600 -emit-const-values -const-gather-protocols-list /Users/admin/builder/spi-builder-workspace/.derivedData/Build/Intermediates.noindex/Nexus.build/Debug-watchos/Nexus-t.build/Objects-normal/arm64_32/Nexus_const_extract_protocols.json -Xcc -I/Users/admin/builder/spi-builder-workspace/.derivedData/Build/Products/Debug-watchos/include -Xcc -I/Users/admin/builder/spi-builder-workspace/.derivedData/Build/Intermediates.noindex/Nexus.build/Debug-watchos/Nexus-t.build/DerivedSources-normal/arm64_32 -Xcc -I/Users/admin/builder/spi-builder-workspace/.derivedData/Build/Intermediates.noindex/Nexus.build/Debug-watchos/Nexus-t.build/DerivedSources/arm64_32 -Xcc -I/Users/admin/builder/spi-builder-workspace/.derivedData/Build/Intermediates.noindex/Nexus.build/Debug-watchos/Nexus-t.build/DerivedSources -Xcc -DSWIFT_PACKAGE -Xcc -DDEBUG\=1 -emit-objc-header -emit-objc-header-path /Users/admin/builder/spi-builder-workspace/.derivedData/Build/Intermediates.noindex/Nexus.build/Debug-watchos/Nexus-t.build/Objects-normal/arm64_32/Nexus-Swift.h -working-directory /Users/admin/builder/spi-builder-workspace/.swiftpm/xcode -experimental-emit-module-separately -disable-cmo
SwiftDriverJobDiscovery normal arm64 Compiling ICommunicationService.swift, IWatchConnectivityService.swift (in target 'Nexus' from project 'Nexus')
Copy /Users/admin/builder/spi-builder-workspace/.derivedData/Build/Products/Debug-watchos/Nexus.swiftmodule/arm64-apple-watchos.swiftmodule /Users/admin/builder/spi-builder-workspace/.derivedData/Build/Intermediates.noindex/Nexus.build/Debug-watchos/Nexus-t.build/Objects-normal/arm64/Nexus.swiftmodule (in target 'Nexus' from project 'Nexus')
cd /Users/admin/builder/spi-builder-workspace
builtin-copy -exclude .DS_Store -exclude CVS -exclude .svn -exclude .git -exclude .hg -resolve-src-symlinks -rename /Users/admin/builder/spi-builder-workspace/.derivedData/Build/Intermediates.noindex/Nexus.build/Debug-watchos/Nexus-t.build/Objects-normal/arm64/Nexus.swiftmodule /Users/admin/builder/spi-builder-workspace/.derivedData/Build/Products/Debug-watchos/Nexus.swiftmodule/arm64-apple-watchos.swiftmodule
SwiftMergeGeneratedHeaders /Users/admin/builder/spi-builder-workspace/.derivedData/Build/Intermediates.noindex/GeneratedModuleMaps-watchos/Nexus-Swift.h /Users/admin/builder/spi-builder-workspace/.derivedData/Build/Intermediates.noindex/Nexus.build/Debug-watchos/Nexus-t.build/Objects-normal/arm64/Nexus-Swift.h /Users/admin/builder/spi-builder-workspace/.derivedData/Build/Intermediates.noindex/Nexus.build/Debug-watchos/Nexus-t.build/Objects-normal/arm64_32/Nexus-Swift.h (in target 'Nexus' from project 'Nexus')
cd /Users/admin/builder/spi-builder-workspace
builtin-swiftHeaderTool -arch arm64 /Users/admin/builder/spi-builder-workspace/.derivedData/Build/Intermediates.noindex/Nexus.build/Debug-watchos/Nexus-t.build/Objects-normal/arm64/Nexus-Swift.h -arch arm64_32 /Users/admin/builder/spi-builder-workspace/.derivedData/Build/Intermediates.noindex/Nexus.build/Debug-watchos/Nexus-t.build/Objects-normal/arm64_32/Nexus-Swift.h -o /Users/admin/builder/spi-builder-workspace/.derivedData/Build/Intermediates.noindex/GeneratedModuleMaps-watchos/Nexus-Swift.h
Copy /Users/admin/builder/spi-builder-workspace/.derivedData/Build/Products/Debug-watchos/Nexus.swiftmodule/arm64_32-apple-watchos.swiftmodule /Users/admin/builder/spi-builder-workspace/.derivedData/Build/Intermediates.noindex/Nexus.build/Debug-watchos/Nexus-t.build/Objects-normal/arm64_32/Nexus.swiftmodule (in target 'Nexus' from project 'Nexus')
cd /Users/admin/builder/spi-builder-workspace
builtin-copy -exclude .DS_Store -exclude CVS -exclude .svn -exclude .git -exclude .hg -resolve-src-symlinks -rename /Users/admin/builder/spi-builder-workspace/.derivedData/Build/Intermediates.noindex/Nexus.build/Debug-watchos/Nexus-t.build/Objects-normal/arm64_32/Nexus.swiftmodule /Users/admin/builder/spi-builder-workspace/.derivedData/Build/Products/Debug-watchos/Nexus.swiftmodule/arm64_32-apple-watchos.swiftmodule
Copy /Users/admin/builder/spi-builder-workspace/.derivedData/Build/Products/Debug-watchos/Nexus.swiftmodule/arm64_32-apple-watchos.swiftdoc /Users/admin/builder/spi-builder-workspace/.derivedData/Build/Intermediates.noindex/Nexus.build/Debug-watchos/Nexus-t.build/Objects-normal/arm64_32/Nexus.swiftdoc (in target 'Nexus' from project 'Nexus')
cd /Users/admin/builder/spi-builder-workspace
builtin-copy -exclude .DS_Store -exclude CVS -exclude .svn -exclude .git -exclude .hg -resolve-src-symlinks -rename /Users/admin/builder/spi-builder-workspace/.derivedData/Build/Intermediates.noindex/Nexus.build/Debug-watchos/Nexus-t.build/Objects-normal/arm64_32/Nexus.swiftdoc /Users/admin/builder/spi-builder-workspace/.derivedData/Build/Products/Debug-watchos/Nexus.swiftmodule/arm64_32-apple-watchos.swiftdoc
Copy /Users/admin/builder/spi-builder-workspace/.derivedData/Build/Products/Debug-watchos/Nexus.swiftmodule/arm64_32-apple-watchos.abi.json /Users/admin/builder/spi-builder-workspace/.derivedData/Build/Intermediates.noindex/Nexus.build/Debug-watchos/Nexus-t.build/Objects-normal/arm64_32/Nexus.abi.json (in target 'Nexus' from project 'Nexus')
cd /Users/admin/builder/spi-builder-workspace
builtin-copy -exclude .DS_Store -exclude CVS -exclude .svn -exclude .git -exclude .hg -resolve-src-symlinks -rename /Users/admin/builder/spi-builder-workspace/.derivedData/Build/Intermediates.noindex/Nexus.build/Debug-watchos/Nexus-t.build/Objects-normal/arm64_32/Nexus.abi.json /Users/admin/builder/spi-builder-workspace/.derivedData/Build/Products/Debug-watchos/Nexus.swiftmodule/arm64_32-apple-watchos.abi.json
Copy /Users/admin/builder/spi-builder-workspace/.derivedData/Build/Products/Debug-watchos/Nexus.swiftmodule/arm64-apple-watchos.swiftdoc /Users/admin/builder/spi-builder-workspace/.derivedData/Build/Intermediates.noindex/Nexus.build/Debug-watchos/Nexus-t.build/Objects-normal/arm64/Nexus.swiftdoc (in target 'Nexus' from project 'Nexus')
cd /Users/admin/builder/spi-builder-workspace
builtin-copy -exclude .DS_Store -exclude CVS -exclude .svn -exclude .git -exclude .hg -resolve-src-symlinks -rename /Users/admin/builder/spi-builder-workspace/.derivedData/Build/Intermediates.noindex/Nexus.build/Debug-watchos/Nexus-t.build/Objects-normal/arm64/Nexus.swiftdoc /Users/admin/builder/spi-builder-workspace/.derivedData/Build/Products/Debug-watchos/Nexus.swiftmodule/arm64-apple-watchos.swiftdoc
Copy /Users/admin/builder/spi-builder-workspace/.derivedData/Build/Products/Debug-watchos/Nexus.swiftmodule/arm64-apple-watchos.abi.json /Users/admin/builder/spi-builder-workspace/.derivedData/Build/Intermediates.noindex/Nexus.build/Debug-watchos/Nexus-t.build/Objects-normal/arm64/Nexus.abi.json (in target 'Nexus' from project 'Nexus')
cd /Users/admin/builder/spi-builder-workspace
builtin-copy -exclude .DS_Store -exclude CVS -exclude .svn -exclude .git -exclude .hg -resolve-src-symlinks -rename /Users/admin/builder/spi-builder-workspace/.derivedData/Build/Intermediates.noindex/Nexus.build/Debug-watchos/Nexus-t.build/Objects-normal/arm64/Nexus.abi.json /Users/admin/builder/spi-builder-workspace/.derivedData/Build/Products/Debug-watchos/Nexus.swiftmodule/arm64-apple-watchos.abi.json
Copy /Users/admin/builder/spi-builder-workspace/.derivedData/Build/Products/Debug-watchos/Nexus.swiftmodule/Project/arm64_32-apple-watchos.swiftsourceinfo /Users/admin/builder/spi-builder-workspace/.derivedData/Build/Intermediates.noindex/Nexus.build/Debug-watchos/Nexus-t.build/Objects-normal/arm64_32/Nexus.swiftsourceinfo (in target 'Nexus' from project 'Nexus')
cd /Users/admin/builder/spi-builder-workspace
builtin-copy -exclude .DS_Store -exclude CVS -exclude .svn -exclude .git -exclude .hg -resolve-src-symlinks -rename /Users/admin/builder/spi-builder-workspace/.derivedData/Build/Intermediates.noindex/Nexus.build/Debug-watchos/Nexus-t.build/Objects-normal/arm64_32/Nexus.swiftsourceinfo /Users/admin/builder/spi-builder-workspace/.derivedData/Build/Products/Debug-watchos/Nexus.swiftmodule/Project/arm64_32-apple-watchos.swiftsourceinfo
Copy /Users/admin/builder/spi-builder-workspace/.derivedData/Build/Products/Debug-watchos/Nexus.swiftmodule/Project/arm64-apple-watchos.swiftsourceinfo /Users/admin/builder/spi-builder-workspace/.derivedData/Build/Intermediates.noindex/Nexus.build/Debug-watchos/Nexus-t.build/Objects-normal/arm64/Nexus.swiftsourceinfo (in target 'Nexus' from project 'Nexus')
cd /Users/admin/builder/spi-builder-workspace
builtin-copy -exclude .DS_Store -exclude CVS -exclude .svn -exclude .git -exclude .hg -resolve-src-symlinks -rename /Users/admin/builder/spi-builder-workspace/.derivedData/Build/Intermediates.noindex/Nexus.build/Debug-watchos/Nexus-t.build/Objects-normal/arm64/Nexus.swiftsourceinfo /Users/admin/builder/spi-builder-workspace/.derivedData/Build/Products/Debug-watchos/Nexus.swiftmodule/Project/arm64-apple-watchos.swiftsourceinfo
SwiftCompile normal arm64_32 Compiling\ WatchConnectivityServiceDelegate.swift /Users/admin/builder/spi-builder-workspace/Sources/Nexus/Classes/Core/Services/WatchConnectivityService/WatchConnectivityServiceDelegate.swift (in target 'Nexus' from project 'Nexus')
SwiftCompile normal arm64_32 /Users/admin/builder/spi-builder-workspace/Sources/Nexus/Classes/Core/Services/WatchConnectivityService/WatchConnectivityServiceDelegate.swift (in target 'Nexus' from project 'Nexus')
cd /Users/admin/builder/spi-builder-workspace/.swiftpm/xcode
builtin-SwiftPerFileCompile WatchConnectivityServiceDelegate.swift
SwiftCompile normal arm64_32 Compiling\ NotificationCenter+INotificationCenter.swift /Users/admin/builder/spi-builder-workspace/Sources/Nexus/Classes/Extensions/NotificationCenter+INotificationCenter.swift (in target 'Nexus' from project 'Nexus')
SwiftCompile normal arm64_32 /Users/admin/builder/spi-builder-workspace/Sources/Nexus/Classes/Extensions/NotificationCenter+INotificationCenter.swift (in target 'Nexus' from project 'Nexus')
cd /Users/admin/builder/spi-builder-workspace/.swiftpm/xcode
builtin-SwiftPerFileCompile NotificationCenter+INotificationCenter.swift
SwiftDriverJobDiscovery normal arm64 Compiling WatchConnectivityServiceDelegate.swift (in target 'Nexus' from project 'Nexus')
SwiftCompile normal arm64_32 Compiling\ Message.swift /Users/admin/builder/spi-builder-workspace/Sources/Nexus/Classes/Models/Message.swift (in target 'Nexus' from project 'Nexus')
SwiftCompile normal arm64_32 /Users/admin/builder/spi-builder-workspace/Sources/Nexus/Classes/Models/Message.swift (in target 'Nexus' from project 'Nexus')
cd /Users/admin/builder/spi-builder-workspace/.swiftpm/xcode
builtin-SwiftPerFileCompile Message.swift
SwiftDriverJobDiscovery normal arm64 Compiling WatchConnectivityService.swift (in target 'Nexus' from project 'Nexus')
SwiftDriverJobDiscovery normal arm64 Compiling ISessionCompatibleProvider.swift, SessionCompatibleProvider.swift (in target 'Nexus' from project 'Nexus')
SwiftCompile normal arm64_32 Compiling\ ICommunicationService.swift,\ IWatchConnectivityService.swift /Users/admin/builder/spi-builder-workspace/Sources/Nexus/Classes/Core/Services/CommunicationService/ICommunicationService.swift /Users/admin/builder/spi-builder-workspace/Sources/Nexus/Classes/Core/Services/WatchConnectivityService/IWatchConnectivityService.swift (in target 'Nexus' from project 'Nexus')
SwiftCompile normal arm64_32 /Users/admin/builder/spi-builder-workspace/Sources/Nexus/Classes/Core/Services/CommunicationService/ICommunicationService.swift (in target 'Nexus' from project 'Nexus')
cd /Users/admin/builder/spi-builder-workspace/.swiftpm/xcode
builtin-SwiftPerFileCompile ICommunicationService.swift
SwiftCompile normal arm64_32 /Users/admin/builder/spi-builder-workspace/Sources/Nexus/Classes/Core/Services/WatchConnectivityService/IWatchConnectivityService.swift (in target 'Nexus' from project 'Nexus')
cd /Users/admin/builder/spi-builder-workspace/.swiftpm/xcode
builtin-SwiftPerFileCompile IWatchConnectivityService.swift
SwiftCompile normal arm64_32 Compiling\ WatchConnectivityError.swift /Users/admin/builder/spi-builder-workspace/Sources/Nexus/Classes/Models/WatchConnectivityError.swift (in target 'Nexus' from project 'Nexus')
SwiftCompile normal arm64_32 /Users/admin/builder/spi-builder-workspace/Sources/Nexus/Classes/Models/WatchConnectivityError.swift (in target 'Nexus' from project 'Nexus')
cd /Users/admin/builder/spi-builder-workspace/.swiftpm/xcode
builtin-SwiftPerFileCompile WatchConnectivityError.swift
SwiftCompile normal arm64_32 Compiling\ Encodable+Dictonary.swift /Users/admin/builder/spi-builder-workspace/Sources/Nexus/Classes/Extensions/Encodable+Dictonary.swift (in target 'Nexus' from project 'Nexus')
SwiftCompile normal arm64_32 /Users/admin/builder/spi-builder-workspace/Sources/Nexus/Classes/Extensions/Encodable+Dictonary.swift (in target 'Nexus' from project 'Nexus')
cd /Users/admin/builder/spi-builder-workspace/.swiftpm/xcode
builtin-SwiftPerFileCompile Encodable+Dictonary.swift
SwiftCompile normal arm64_32 Compiling\ WatchConnectivityService.swift /Users/admin/builder/spi-builder-workspace/Sources/Nexus/Classes/Core/Services/WatchConnectivityService/WatchConnectivityService.swift (in target 'Nexus' from project 'Nexus')
SwiftCompile normal arm64_32 /Users/admin/builder/spi-builder-workspace/Sources/Nexus/Classes/Core/Services/WatchConnectivityService/WatchConnectivityService.swift (in target 'Nexus' from project 'Nexus')
cd /Users/admin/builder/spi-builder-workspace/.swiftpm/xcode
builtin-SwiftPerFileCompile WatchConnectivityService.swift
SwiftDriverJobDiscovery normal arm64 Compiling INotificationCenter.swift, IWCSession.swift (in target 'Nexus' from project 'Nexus')
SwiftCompile normal arm64 Compiling\ Message.swift /Users/admin/builder/spi-builder-workspace/Sources/Nexus/Classes/Models/Message.swift (in target 'Nexus' from project 'Nexus')
SwiftCompile normal arm64 /Users/admin/builder/spi-builder-workspace/Sources/Nexus/Classes/Models/Message.swift (in target 'Nexus' from project 'Nexus')
cd /Users/admin/builder/spi-builder-workspace/.swiftpm/xcode
builtin-SwiftPerFileCompile Message.swift
SwiftDriverJobDiscovery normal arm64 Compiling Encodable+Dictonary.swift (in target 'Nexus' from project 'Nexus')
SwiftDriverJobDiscovery normal arm64 Compiling NotificationCenter+INotificationCenter.swift (in target 'Nexus' from project 'Nexus')
SwiftDriverJobDiscovery normal arm64 Compiling WatchConnectivityError.swift (in target 'Nexus' from project 'Nexus')
SwiftDriverJobDiscovery normal arm64 Compiling Message.swift (in target 'Nexus' from project 'Nexus')
SwiftCompile normal arm64_32 Compiling\ CommunicationService.swift,\ CommunicationServiceDelegate.swift /Users/admin/builder/spi-builder-workspace/Sources/Nexus/Classes/Core/Services/CommunicationService/CommunicationService.swift /Users/admin/builder/spi-builder-workspace/Sources/Nexus/Classes/Core/Services/CommunicationService/CommunicationServiceDelegate.swift (in target 'Nexus' from project 'Nexus')
SwiftCompile normal arm64_32 /Users/admin/builder/spi-builder-workspace/Sources/Nexus/Classes/Core/Services/CommunicationService/CommunicationService.swift (in target 'Nexus' from project 'Nexus')
cd /Users/admin/builder/spi-builder-workspace/.swiftpm/xcode
builtin-SwiftPerFileCompile CommunicationService.swift
SwiftCompile normal arm64_32 /Users/admin/builder/spi-builder-workspace/Sources/Nexus/Classes/Core/Services/CommunicationService/CommunicationServiceDelegate.swift (in target 'Nexus' from project 'Nexus')
cd /Users/admin/builder/spi-builder-workspace/.swiftpm/xcode
builtin-SwiftPerFileCompile CommunicationServiceDelegate.swift
SwiftCompile normal arm64_32 Compiling\ ISessionCompatibleProvider.swift,\ SessionCompatibleProvider.swift /Users/admin/builder/spi-builder-workspace/Sources/Nexus/Classes/Core/Providers/SessionCompatibleProvider/ISessionCompatibleProvider.swift /Users/admin/builder/spi-builder-workspace/Sources/Nexus/Classes/Core/Providers/SessionCompatibleProvider/SessionCompatibleProvider.swift (in target 'Nexus' from project 'Nexus')
SwiftCompile normal arm64_32 /Users/admin/builder/spi-builder-workspace/Sources/Nexus/Classes/Core/Providers/SessionCompatibleProvider/ISessionCompatibleProvider.swift (in target 'Nexus' from project 'Nexus')
cd /Users/admin/builder/spi-builder-workspace/.swiftpm/xcode
builtin-SwiftPerFileCompile ISessionCompatibleProvider.swift
SwiftCompile normal arm64_32 /Users/admin/builder/spi-builder-workspace/Sources/Nexus/Classes/Core/Providers/SessionCompatibleProvider/SessionCompatibleProvider.swift (in target 'Nexus' from project 'Nexus')
cd /Users/admin/builder/spi-builder-workspace/.swiftpm/xcode
builtin-SwiftPerFileCompile SessionCompatibleProvider.swift
SwiftDriverJobDiscovery normal arm64_32 Compiling WatchConnectivityServiceDelegate.swift (in target 'Nexus' from project 'Nexus')
SwiftDriverJobDiscovery normal arm64_32 Compiling WatchConnectivityService.swift (in target 'Nexus' from project 'Nexus')
SwiftDriver NexusTests normal arm64 com.apple.xcode.tools.swift.compiler (in target 'NexusTests-product' from project 'Nexus')
cd /Users/admin/builder/spi-builder-workspace/.swiftpm/xcode
builtin-SwiftDriver -- /Applications/Xcode-27.0.0-Release.Candidate.app/Contents/Developer/Toolchains/XcodeDefault.xctoolchain/usr/bin/swiftc -parse-as-library -module-name NexusTests -Onone @/Users/admin/builder/spi-builder-workspace/.derivedData/Build/Intermediates.noindex/Nexus.build/Debug-watchos/NexusTests-p.build/Objects-normal/arm64/NexusTests.SwiftFileList -DSWIFT_PACKAGE -DDEBUG -DXcode -plugin-path /Applications/Xcode-27.0.0-Release.Candidate.app/Contents/Developer/Toolchains/XcodeDefault.xctoolchain/usr/lib/swift/host/plugins/testing -enable-experimental-feature DebugDescriptionMacro -sdk /Applications/Xcode-27.0.0-Release.Candidate.app/Contents/Developer/Platforms/WatchOS.platform/Developer/SDKs/WatchOS27.0.sdk -target arm64-apple-watchos10.0 -g -module-cache-path /Users/admin/builder/spi-builder-workspace/.derivedData/ModuleCache.noindex -Xfrontend -serialize-debugging-options -profile-coverage-mapping -profile-generate -enable-testing -index-store-path /Users/admin/builder/spi-builder-workspace/.derivedData/Index.noindex/DataStore -Xcc -D_LIBCPP_HARDENING_MODE\=_LIBCPP_HARDENING_MODE_DEBUG -swift-version 5 -I /Users/admin/builder/spi-builder-workspace/.derivedData/Build/Products/Debug-watchos -Isystem /Applications/Xcode-27.0.0-Release.Candidate.app/Contents/Developer/Platforms/WatchOS.platform/Developer/usr/lib -F /Users/admin/builder/spi-builder-workspace/.derivedData/Build/Products/Debug-watchos/PackageFrameworks -F /Users/admin/builder/spi-builder-workspace/.derivedData/Build/Products/Debug-watchos -F /Applications/Xcode-27.0.0-Release.Candidate.app/Contents/Developer/Platforms/WatchOS.platform/Developer/Library/Frameworks -F /Applications/Xcode-27.0.0-Release.Candidate.app/Contents/Developer/Platforms/WatchOS.platform/Developer/SDKs/WatchOS27.0.sdk/Developer/Library/Frameworks -c -j10 -enable-batch-mode -incremental -Xcc -ivfsstatcache -Xcc /Users/admin/builder/spi-builder-workspace/.derivedData/SDKStatCaches.noindex/watchos27.0-24R360-e829b21a6f8c9b70876ba0858053c04477534ef55a1706bf4c1112bbb242f0a2.sdkstatcache -output-file-map /Users/admin/builder/spi-builder-workspace/.derivedData/Build/Intermediates.noindex/Nexus.build/Debug-watchos/NexusTests-p.build/Objects-normal/arm64/NexusTests-OutputFileMap.json -save-temps -no-color-diagnostics -explicit-module-build -module-cache-path /Users/admin/builder/spi-builder-workspace/.derivedData/Build/Intermediates.noindex/SwiftExplicitPrecompiledModules -clang-scanner-module-cache-path /Users/admin/builder/spi-builder-workspace/.derivedData/ModuleCache.noindex -sdk-module-cache-path /Users/admin/builder/spi-builder-workspace/.derivedData/SDKExplicitPrecompiledModules -emit-dependencies -emit-module -emit-module-path /Users/admin/builder/spi-builder-workspace/.derivedData/Build/Intermediates.noindex/Nexus.build/Debug-watchos/NexusTests-p.build/Objects-normal/arm64/NexusTests.swiftmodule -serialize-diagnostics -dependency-scan-serialize-diagnostics-path /Users/admin/builder/spi-builder-workspace/.derivedData/Build/Intermediates.noindex/Nexus.build/Debug-watchos/NexusTests-p.build/Objects-normal/arm64/NexusTests-dependency-scan.dia -validate-clang-modules-once -clang-build-session-file /Users/admin/builder/spi-builder-workspace/.derivedData/ModuleCache.noindex/Session.modulevalidation -Xcc -fmodules-prune-interval\=86400 -Xcc -fmodules-prune-after\=345600 -emit-const-values -const-gather-protocols-list /Users/admin/builder/spi-builder-workspace/.derivedData/Build/Intermediates.noindex/Nexus.build/Debug-watchos/NexusTests-p.build/Objects-normal/arm64/NexusTests_const_extract_protocols.json -Xcc -I/Users/admin/builder/spi-builder-workspace/.derivedData/Build/Products/Debug-watchos/include -Xcc -I/Users/admin/builder/spi-builder-workspace/.derivedData/Build/Intermediates.noindex/Nexus.build/Debug-watchos/NexusTests-p.build/DerivedSources-normal/arm64 -Xcc -I/Users/admin/builder/spi-builder-workspace/.derivedData/Build/Intermediates.noindex/Nexus.build/Debug-watchos/NexusTests-p.build/DerivedSources/arm64 -Xcc -I/Users/admin/builder/spi-builder-workspace/.derivedData/Build/Intermediates.noindex/Nexus.build/Debug-watchos/NexusTests-p.build/DerivedSources -Xcc -DSWIFT_PACKAGE -Xcc -DDEBUG\=1 -working-directory /Users/admin/builder/spi-builder-workspace/.swiftpm/xcode -experimental-emit-module-separately -disable-cmo
SwiftDriver NexusTests normal arm64_32 com.apple.xcode.tools.swift.compiler (in target 'NexusTests-product' from project 'Nexus')
cd /Users/admin/builder/spi-builder-workspace/.swiftpm/xcode
builtin-SwiftDriver -- /Applications/Xcode-27.0.0-Release.Candidate.app/Contents/Developer/Toolchains/XcodeDefault.xctoolchain/usr/bin/swiftc -parse-as-library -module-name NexusTests -Onone @/Users/admin/builder/spi-builder-workspace/.derivedData/Build/Intermediates.noindex/Nexus.build/Debug-watchos/NexusTests-p.build/Objects-normal/arm64_32/NexusTests.SwiftFileList -DSWIFT_PACKAGE -DDEBUG -DXcode -plugin-path /Applications/Xcode-27.0.0-Release.Candidate.app/Contents/Developer/Toolchains/XcodeDefault.xctoolchain/usr/lib/swift/host/plugins/testing -enable-experimental-feature DebugDescriptionMacro -sdk /Applications/Xcode-27.0.0-Release.Candidate.app/Contents/Developer/Platforms/WatchOS.platform/Developer/SDKs/WatchOS27.0.sdk -target arm64_32-apple-watchos10.0 -g -module-cache-path /Users/admin/builder/spi-builder-workspace/.derivedData/ModuleCache.noindex -Xfrontend -serialize-debugging-options -profile-coverage-mapping -profile-generate -enable-testing -index-store-path /Users/admin/builder/spi-builder-workspace/.derivedData/Index.noindex/DataStore -Xcc -D_LIBCPP_HARDENING_MODE\=_LIBCPP_HARDENING_MODE_DEBUG -swift-version 5 -I /Users/admin/builder/spi-builder-workspace/.derivedData/Build/Products/Debug-watchos -Isystem /Applications/Xcode-27.0.0-Release.Candidate.app/Contents/Developer/Platforms/WatchOS.platform/Developer/usr/lib -F /Users/admin/builder/spi-builder-workspace/.derivedData/Build/Products/Debug-watchos/PackageFrameworks -F /Users/admin/builder/spi-builder-workspace/.derivedData/Build/Products/Debug-watchos -F /Applications/Xcode-27.0.0-Release.Candidate.app/Contents/Developer/Platforms/WatchOS.platform/Developer/Library/Frameworks -F /Applications/Xcode-27.0.0-Release.Candidate.app/Contents/Developer/Platforms/WatchOS.platform/Developer/SDKs/WatchOS27.0.sdk/Developer/Library/Frameworks -c -j10 -enable-batch-mode -incremental -Xcc -ivfsstatcache -Xcc /Users/admin/builder/spi-builder-workspace/.derivedData/SDKStatCaches.noindex/watchos27.0-24R360-e829b21a6f8c9b70876ba0858053c04477534ef55a1706bf4c1112bbb242f0a2.sdkstatcache -output-file-map /Users/admin/builder/spi-builder-workspace/.derivedData/Build/Intermediates.noindex/Nexus.build/Debug-watchos/NexusTests-p.build/Objects-normal/arm64_32/NexusTests-OutputFileMap.json -save-temps -no-color-diagnostics -explicit-module-build -module-cache-path /Users/admin/builder/spi-builder-workspace/.derivedData/Build/Intermediates.noindex/SwiftExplicitPrecompiledModules -clang-scanner-module-cache-path /Users/admin/builder/spi-builder-workspace/.derivedData/ModuleCache.noindex -sdk-module-cache-path /Users/admin/builder/spi-builder-workspace/.derivedData/SDKExplicitPrecompiledModules -emit-dependencies -emit-module -emit-module-path /Users/admin/builder/spi-builder-workspace/.derivedData/Build/Intermediates.noindex/Nexus.build/Debug-watchos/NexusTests-p.build/Objects-normal/arm64_32/NexusTests.swiftmodule -serialize-diagnostics -dependency-scan-serialize-diagnostics-path /Users/admin/builder/spi-builder-workspace/.derivedData/Build/Intermediates.noindex/Nexus.build/Debug-watchos/NexusTests-p.build/Objects-normal/arm64_32/NexusTests-dependency-scan.dia -validate-clang-modules-once -clang-build-session-file /Users/admin/builder/spi-builder-workspace/.derivedData/ModuleCache.noindex/Session.modulevalidation -Xcc -fmodules-prune-interval\=86400 -Xcc -fmodules-prune-after\=345600 -emit-const-values -const-gather-protocols-list /Users/admin/builder/spi-builder-workspace/.derivedData/Build/Intermediates.noindex/Nexus.build/Debug-watchos/NexusTests-p.build/Objects-normal/arm64_32/NexusTests_const_extract_protocols.json -Xcc -I/Users/admin/builder/spi-builder-workspace/.derivedData/Build/Products/Debug-watchos/include -Xcc -I/Users/admin/builder/spi-builder-workspace/.derivedData/Build/Intermediates.noindex/Nexus.build/Debug-watchos/NexusTests-p.build/DerivedSources-normal/arm64_32 -Xcc -I/Users/admin/builder/spi-builder-workspace/.derivedData/Build/Intermediates.noindex/Nexus.build/Debug-watchos/NexusTests-p.build/DerivedSources/arm64_32 -Xcc -I/Users/admin/builder/spi-builder-workspace/.derivedData/Build/Intermediates.noindex/Nexus.build/Debug-watchos/NexusTests-p.build/DerivedSources -Xcc -DSWIFT_PACKAGE -Xcc -DDEBUG\=1 -working-directory /Users/admin/builder/spi-builder-workspace/.swiftpm/xcode -experimental-emit-module-separately -disable-cmo
SwiftDriverJobDiscovery normal arm64_32 Compiling ICommunicationService.swift, IWatchConnectivityService.swift (in target 'Nexus' from project 'Nexus')
SwiftDriverJobDiscovery normal arm64 Compiling CommunicationService.swift, CommunicationServiceDelegate.swift (in target 'Nexus' from project 'Nexus')
SwiftDriver\ Compilation Nexus normal arm64 com.apple.xcode.tools.swift.compiler (in target 'Nexus' from project 'Nexus')
cd /Users/admin/builder/spi-builder-workspace/.swiftpm/xcode
builtin-Swift-Compilation -- /Applications/Xcode-27.0.0-Release.Candidate.app/Contents/Developer/Toolchains/XcodeDefault.xctoolchain/usr/bin/swiftc -parse-as-library -module-name Nexus -Onone @/Users/admin/builder/spi-builder-workspace/.derivedData/Build/Intermediates.noindex/Nexus.build/Debug-watchos/Nexus-t.build/Objects-normal/arm64/Nexus.SwiftFileList -DSWIFT_PACKAGE -DDEBUG -DSWIFT_MODULE_RESOURCE_BUNDLE_UNAVAILABLE -DXcode -plugin-path /Applications/Xcode-27.0.0-Release.Candidate.app/Contents/Developer/Toolchains/XcodeDefault.xctoolchain/usr/lib/swift/host/plugins/testing -enable-experimental-feature DebugDescriptionMacro -sdk /Applications/Xcode-27.0.0-Release.Candidate.app/Contents/Developer/Platforms/WatchOS.platform/Developer/SDKs/WatchOS27.0.sdk -target arm64-apple-watchos9.0 -g -module-cache-path /Users/admin/builder/spi-builder-workspace/.derivedData/ModuleCache.noindex -Xfrontend -serialize-debugging-options -profile-coverage-mapping -profile-generate -enable-testing -index-store-path /Users/admin/builder/spi-builder-workspace/.derivedData/Index.noindex/DataStore -Xcc -D_LIBCPP_HARDENING_MODE\=_LIBCPP_HARDENING_MODE_DEBUG -swift-version 5 -I /Users/admin/builder/spi-builder-workspace/.derivedData/Build/Products/Debug-watchos -Isystem /Applications/Xcode-27.0.0-Release.Candidate.app/Contents/Developer/Platforms/WatchOS.platform/Developer/usr/lib -F /Users/admin/builder/spi-builder-workspace/.derivedData/Build/Products/Debug-watchos -F /Applications/Xcode-27.0.0-Release.Candidate.app/Contents/Developer/Platforms/WatchOS.platform/Developer/Library/Frameworks -F /Applications/Xcode-27.0.0-Release.Candidate.app/Contents/Developer/Platforms/WatchOS.platform/Developer/SDKs/WatchOS27.0.sdk/Developer/Library/Frameworks -c -j10 -enable-batch-mode -incremental -Xcc -ivfsstatcache -Xcc /Users/admin/builder/spi-builder-workspace/.derivedData/SDKStatCaches.noindex/watchos27.0-24R360-e829b21a6f8c9b70876ba0858053c04477534ef55a1706bf4c1112bbb242f0a2.sdkstatcache -output-file-map /Users/admin/builder/spi-builder-workspace/.derivedData/Build/Intermediates.noindex/Nexus.build/Debug-watchos/Nexus-t.build/Objects-normal/arm64/Nexus-OutputFileMap.json -save-temps -no-color-diagnostics -explicit-module-build -module-cache-path /Users/admin/builder/spi-builder-workspace/.derivedData/Build/Intermediates.noindex/SwiftExplicitPrecompiledModules -clang-scanner-module-cache-path /Users/admin/builder/spi-builder-workspace/.derivedData/ModuleCache.noindex -sdk-module-cache-path /Users/admin/builder/spi-builder-workspace/.derivedData/SDKExplicitPrecompiledModules -emit-dependencies -emit-module -emit-module-path /Users/admin/builder/spi-builder-workspace/.derivedData/Build/Intermediates.noindex/Nexus.build/Debug-watchos/Nexus-t.build/Objects-normal/arm64/Nexus.swiftmodule -serialize-diagnostics -dependency-scan-serialize-diagnostics-path /Users/admin/builder/spi-builder-workspace/.derivedData/Build/Intermediates.noindex/Nexus.build/Debug-watchos/Nexus-t.build/Objects-normal/arm64/Nexus-dependency-scan.dia -validate-clang-modules-once -clang-build-session-file /Users/admin/builder/spi-builder-workspace/.derivedData/ModuleCache.noindex/Session.modulevalidation -Xcc -fmodules-prune-interval\=86400 -Xcc -fmodules-prune-after\=345600 -emit-const-values -const-gather-protocols-list /Users/admin/builder/spi-builder-workspace/.derivedData/Build/Intermediates.noindex/Nexus.build/Debug-watchos/Nexus-t.build/Objects-normal/arm64/Nexus_const_extract_protocols.json -Xcc -I/Users/admin/builder/spi-builder-workspace/.derivedData/Build/Products/Debug-watchos/include -Xcc -I/Users/admin/builder/spi-builder-workspace/.derivedData/Build/Intermediates.noindex/Nexus.build/Debug-watchos/Nexus-t.build/DerivedSources-normal/arm64 -Xcc -I/Users/admin/builder/spi-builder-workspace/.derivedData/Build/Intermediates.noindex/Nexus.build/Debug-watchos/Nexus-t.build/DerivedSources/arm64 -Xcc -I/Users/admin/builder/spi-builder-workspace/.derivedData/Build/Intermediates.noindex/Nexus.build/Debug-watchos/Nexus-t.build/DerivedSources -Xcc -DSWIFT_PACKAGE -Xcc -DDEBUG\=1 -emit-objc-header -emit-objc-header-path /Users/admin/builder/spi-builder-workspace/.derivedData/Build/Intermediates.noindex/Nexus.build/Debug-watchos/Nexus-t.build/Objects-normal/arm64/Nexus-Swift.h -working-directory /Users/admin/builder/spi-builder-workspace/.swiftpm/xcode -experimental-emit-module-separately -disable-cmo
Ld /Users/admin/builder/spi-builder-workspace/.derivedData/Build/Intermediates.noindex/Nexus.build/Debug-watchos/Nexus-t.build/Objects-normal/arm64/Binary/Nexus.o normal arm64 (in target 'Nexus' from project 'Nexus')
cd /Users/admin/builder/spi-builder-workspace
/Applications/Xcode-27.0.0-Release.Candidate.app/Contents/Developer/Toolchains/XcodeDefault.xctoolchain/usr/bin/clang -Xlinker -reproducible -target arm64-apple-watchos9.0 -r -isysroot /Applications/Xcode-27.0.0-Release.Candidate.app/Contents/Developer/Platforms/WatchOS.platform/Developer/SDKs/WatchOS27.0.sdk -O0 -Xlinker -no_warn_duplicate_libraries -F/Users/admin/builder/spi-builder-workspace/.derivedData/Build/Intermediates.noindex/EagerLinkingTBDs/Debug-watchos -F/Users/admin/builder/spi-builder-workspace/.derivedData/Build/Products/Debug-watchos -iframework /Applications/Xcode-27.0.0-Release.Candidate.app/Contents/Developer/Platforms/WatchOS.platform/Developer/Library/Frameworks -iframework /Applications/Xcode-27.0.0-Release.Candidate.app/Contents/Developer/Platforms/WatchOS.platform/Developer/SDKs/WatchOS27.0.sdk/Developer/Library/Frameworks -filelist /Users/admin/builder/spi-builder-workspace/.derivedData/Build/Intermediates.noindex/Nexus.build/Debug-watchos/Nexus-t.build/Objects-normal/arm64/Nexus.LinkFileList -nostdlib -Xlinker -object_path_lto -Xlinker /Users/admin/builder/spi-builder-workspace/.derivedData/Build/Intermediates.noindex/Nexus.build/Debug-watchos/Nexus-t.build/Objects-normal/arm64/Nexus_lto.o -Xlinker -no_deduplicate -Xlinker -debug_variant -Xlinker -dependency_info -Xlinker /Users/admin/builder/spi-builder-workspace/.derivedData/Build/Intermediates.noindex/Nexus.build/Debug-watchos/Nexus-t.build/Objects-normal/arm64/Nexus_dependency_info.dat -fobjc-link-runtime -L/Applications/Xcode-27.0.0-Release.Candidate.app/Contents/Developer/Toolchains/XcodeDefault.xctoolchain/usr/lib/swift/watchos -L/usr/lib/swift -Xlinker -add_ast_path -Xlinker /Users/admin/builder/spi-builder-workspace/.derivedData/Build/Intermediates.noindex/Nexus.build/Debug-watchos/Nexus-t.build/Objects-normal/arm64/Nexus.swiftmodule -o /Users/admin/builder/spi-builder-workspace/.derivedData/Build/Intermediates.noindex/Nexus.build/Debug-watchos/Nexus-t.build/Objects-normal/arm64/Binary/Nexus.o
SwiftDriverJobDiscovery normal arm64_32 Compiling INotificationCenter.swift, IWCSession.swift (in target 'Nexus' from project 'Nexus')
SwiftDriverJobDiscovery normal arm64_32 Compiling CommunicationService.swift, CommunicationServiceDelegate.swift (in target 'Nexus' from project 'Nexus')
SwiftDriverJobDiscovery normal arm64_32 Compiling NotificationCenter+INotificationCenter.swift (in target 'Nexus' from project 'Nexus')
SwiftDriverJobDiscovery normal arm64_32 Compiling Message.swift (in target 'Nexus' from project 'Nexus')
SwiftDriverJobDiscovery normal arm64_32 Compiling WatchConnectivityError.swift (in target 'Nexus' from project 'Nexus')
SwiftDriverJobDiscovery normal arm64_32 Compiling Encodable+Dictonary.swift (in target 'Nexus' from project 'Nexus')
SwiftDriverJobDiscovery normal arm64_32 Compiling ISessionCompatibleProvider.swift, SessionCompatibleProvider.swift (in target 'Nexus' from project 'Nexus')
SwiftDriver\ Compilation Nexus normal arm64_32 com.apple.xcode.tools.swift.compiler (in target 'Nexus' from project 'Nexus')
cd /Users/admin/builder/spi-builder-workspace/.swiftpm/xcode
builtin-Swift-Compilation -- /Applications/Xcode-27.0.0-Release.Candidate.app/Contents/Developer/Toolchains/XcodeDefault.xctoolchain/usr/bin/swiftc -parse-as-library -module-name Nexus -Onone @/Users/admin/builder/spi-builder-workspace/.derivedData/Build/Intermediates.noindex/Nexus.build/Debug-watchos/Nexus-t.build/Objects-normal/arm64_32/Nexus.SwiftFileList -DSWIFT_PACKAGE -DDEBUG -DSWIFT_MODULE_RESOURCE_BUNDLE_UNAVAILABLE -DXcode -plugin-path /Applications/Xcode-27.0.0-Release.Candidate.app/Contents/Developer/Toolchains/XcodeDefault.xctoolchain/usr/lib/swift/host/plugins/testing -enable-experimental-feature DebugDescriptionMacro -sdk /Applications/Xcode-27.0.0-Release.Candidate.app/Contents/Developer/Platforms/WatchOS.platform/Developer/SDKs/WatchOS27.0.sdk -target arm64_32-apple-watchos9.0 -g -module-cache-path /Users/admin/builder/spi-builder-workspace/.derivedData/ModuleCache.noindex -Xfrontend -serialize-debugging-options -profile-coverage-mapping -profile-generate -enable-testing -index-store-path /Users/admin/builder/spi-builder-workspace/.derivedData/Index.noindex/DataStore -Xcc -D_LIBCPP_HARDENING_MODE\=_LIBCPP_HARDENING_MODE_DEBUG -swift-version 5 -I /Users/admin/builder/spi-builder-workspace/.derivedData/Build/Products/Debug-watchos -Isystem /Applications/Xcode-27.0.0-Release.Candidate.app/Contents/Developer/Platforms/WatchOS.platform/Developer/usr/lib -F /Users/admin/builder/spi-builder-workspace/.derivedData/Build/Products/Debug-watchos -F /Applications/Xcode-27.0.0-Release.Candidate.app/Contents/Developer/Platforms/WatchOS.platform/Developer/Library/Frameworks -F /Applications/Xcode-27.0.0-Release.Candidate.app/Contents/Developer/Platforms/WatchOS.platform/Developer/SDKs/WatchOS27.0.sdk/Developer/Library/Frameworks -c -j10 -enable-batch-mode -incremental -Xcc -ivfsstatcache -Xcc /Users/admin/builder/spi-builder-workspace/.derivedData/SDKStatCaches.noindex/watchos27.0-24R360-e829b21a6f8c9b70876ba0858053c04477534ef55a1706bf4c1112bbb242f0a2.sdkstatcache -output-file-map /Users/admin/builder/spi-builder-workspace/.derivedData/Build/Intermediates.noindex/Nexus.build/Debug-watchos/Nexus-t.build/Objects-normal/arm64_32/Nexus-OutputFileMap.json -save-temps -no-color-diagnostics -explicit-module-build -module-cache-path /Users/admin/builder/spi-builder-workspace/.derivedData/Build/Intermediates.noindex/SwiftExplicitPrecompiledModules -clang-scanner-module-cache-path /Users/admin/builder/spi-builder-workspace/.derivedData/ModuleCache.noindex -sdk-module-cache-path /Users/admin/builder/spi-builder-workspace/.derivedData/SDKExplicitPrecompiledModules -emit-dependencies -emit-module -emit-module-path /Users/admin/builder/spi-builder-workspace/.derivedData/Build/Intermediates.noindex/Nexus.build/Debug-watchos/Nexus-t.build/Objects-normal/arm64_32/Nexus.swiftmodule -serialize-diagnostics -dependency-scan-serialize-diagnostics-path /Users/admin/builder/spi-builder-workspace/.derivedData/Build/Intermediates.noindex/Nexus.build/Debug-watchos/Nexus-t.build/Objects-normal/arm64_32/Nexus-dependency-scan.dia -validate-clang-modules-once -clang-build-session-file /Users/admin/builder/spi-builder-workspace/.derivedData/ModuleCache.noindex/Session.modulevalidation -Xcc -fmodules-prune-interval\=86400 -Xcc -fmodules-prune-after\=345600 -emit-const-values -const-gather-protocols-list /Users/admin/builder/spi-builder-workspace/.derivedData/Build/Intermediates.noindex/Nexus.build/Debug-watchos/Nexus-t.build/Objects-normal/arm64_32/Nexus_const_extract_protocols.json -Xcc -I/Users/admin/builder/spi-builder-workspace/.derivedData/Build/Products/Debug-watchos/include -Xcc -I/Users/admin/builder/spi-builder-workspace/.derivedData/Build/Intermediates.noindex/Nexus.build/Debug-watchos/Nexus-t.build/DerivedSources-normal/arm64_32 -Xcc -I/Users/admin/builder/spi-builder-workspace/.derivedData/Build/Intermediates.noindex/Nexus.build/Debug-watchos/Nexus-t.build/DerivedSources/arm64_32 -Xcc -I/Users/admin/builder/spi-builder-workspace/.derivedData/Build/Intermediates.noindex/Nexus.build/Debug-watchos/Nexus-t.build/DerivedSources -Xcc -DSWIFT_PACKAGE -Xcc -DDEBUG\=1 -emit-objc-header -emit-objc-header-path /Users/admin/builder/spi-builder-workspace/.derivedData/Build/Intermediates.noindex/Nexus.build/Debug-watchos/Nexus-t.build/Objects-normal/arm64_32/Nexus-Swift.h -working-directory /Users/admin/builder/spi-builder-workspace/.swiftpm/xcode -experimental-emit-module-separately -disable-cmo
Ld /Users/admin/builder/spi-builder-workspace/.derivedData/Build/Intermediates.noindex/Nexus.build/Debug-watchos/Nexus-t.build/Objects-normal/arm64_32/Binary/Nexus.o normal arm64_32 (in target 'Nexus' from project 'Nexus')
cd /Users/admin/builder/spi-builder-workspace
/Applications/Xcode-27.0.0-Release.Candidate.app/Contents/Developer/Toolchains/XcodeDefault.xctoolchain/usr/bin/clang -Xlinker -reproducible -target arm64_32-apple-watchos9.0 -r -isysroot /Applications/Xcode-27.0.0-Release.Candidate.app/Contents/Developer/Platforms/WatchOS.platform/Developer/SDKs/WatchOS27.0.sdk -O0 -Xlinker -no_warn_duplicate_libraries -F/Users/admin/builder/spi-builder-workspace/.derivedData/Build/Intermediates.noindex/EagerLinkingTBDs/Debug-watchos -F/Users/admin/builder/spi-builder-workspace/.derivedData/Build/Products/Debug-watchos -iframework /Applications/Xcode-27.0.0-Release.Candidate.app/Contents/Developer/Platforms/WatchOS.platform/Developer/Library/Frameworks -iframework /Applications/Xcode-27.0.0-Release.Candidate.app/Contents/Developer/Platforms/WatchOS.platform/Developer/SDKs/WatchOS27.0.sdk/Developer/Library/Frameworks -filelist /Users/admin/builder/spi-builder-workspace/.derivedData/Build/Intermediates.noindex/Nexus.build/Debug-watchos/Nexus-t.build/Objects-normal/arm64_32/Nexus.LinkFileList -nostdlib -Xlinker -object_path_lto -Xlinker /Users/admin/builder/spi-builder-workspace/.derivedData/Build/Intermediates.noindex/Nexus.build/Debug-watchos/Nexus-t.build/Objects-normal/arm64_32/Nexus_lto.o -Xlinker -no_deduplicate -Xlinker -debug_variant -Xlinker -dependency_info -Xlinker /Users/admin/builder/spi-builder-workspace/.derivedData/Build/Intermediates.noindex/Nexus.build/Debug-watchos/Nexus-t.build/Objects-normal/arm64_32/Nexus_dependency_info.dat -fobjc-link-runtime -L/Applications/Xcode-27.0.0-Release.Candidate.app/Contents/Developer/Toolchains/XcodeDefault.xctoolchain/usr/lib/swift/watchos -L/usr/lib/swift -Xlinker -add_ast_path -Xlinker /Users/admin/builder/spi-builder-workspace/.derivedData/Build/Intermediates.noindex/Nexus.build/Debug-watchos/Nexus-t.build/Objects-normal/arm64_32/Nexus.swiftmodule -o /Users/admin/builder/spi-builder-workspace/.derivedData/Build/Intermediates.noindex/Nexus.build/Debug-watchos/Nexus-t.build/Objects-normal/arm64_32/Binary/Nexus.o
CreateUniversalBinary /Users/admin/builder/spi-builder-workspace/.derivedData/Build/Products/Debug-watchos/Nexus.o normal arm64\ arm64_32 (in target 'Nexus' from project 'Nexus')
cd /Users/admin/builder/spi-builder-workspace
/Applications/Xcode-27.0.0-Release.Candidate.app/Contents/Developer/Toolchains/XcodeDefault.xctoolchain/usr/bin/lipo -create /Users/admin/builder/spi-builder-workspace/.derivedData/Build/Intermediates.noindex/Nexus.build/Debug-watchos/Nexus-t.build/Objects-normal/arm64/Binary/Nexus.o /Users/admin/builder/spi-builder-workspace/.derivedData/Build/Intermediates.noindex/Nexus.build/Debug-watchos/Nexus-t.build/Objects-normal/arm64_32/Binary/Nexus.o -output /Users/admin/builder/spi-builder-workspace/.derivedData/Build/Products/Debug-watchos/Nexus.o
ExtractAppIntentsMetadata (in target 'Nexus' from project 'Nexus')
cd /Users/admin/builder/spi-builder-workspace
/Applications/Xcode-27.0.0-Release.Candidate.app/Contents/Developer/Toolchains/XcodeDefault.xctoolchain/usr/bin/appintentsmetadataprocessor --toolchain-dir /var/run/com.apple.security.cryptexd/mnt/com.apple.MobileAsset.MetalToolchain-v27.1.266.1.hzkfjU/Metal.xctoolchain --module-name Nexus --sdk-root /Applications/Xcode-27.0.0-Release.Candidate.app/Contents/Developer/Platforms/WatchOS.platform/Developer/SDKs/WatchOS27.0.sdk --xcode-version 27A266a --platform-family watchOS --deployment-target 9.0 --bundle-identifier spi-builder-workspace.Nexus --output /Users/admin/builder/spi-builder-workspace/.derivedData/Build/Products/Debug-watchos/Nexus.appintents --target-triple arm64-apple-watchos9.0 --target-triple arm64_32-apple-watchos9.0 --binary-file /Users/admin/builder/spi-builder-workspace/.derivedData/Build/Products/Debug-watchos/Nexus.o --dependency-file /Users/admin/builder/spi-builder-workspace/.derivedData/Build/Intermediates.noindex/Nexus.build/Debug-watchos/Nexus-t.build/Objects-normal/arm64/Nexus_dependency_info.dat --dependency-file /Users/admin/builder/spi-builder-workspace/.derivedData/Build/Intermediates.noindex/Nexus.build/Debug-watchos/Nexus-t.build/Objects-normal/arm64_32/Nexus_dependency_info.dat --stringsdata-file /Users/admin/builder/spi-builder-workspace/.derivedData/Build/Intermediates.noindex/Nexus.build/Debug-watchos/Nexus-t.build/Objects-normal/arm64/ExtractedAppShortcutsMetadata.stringsdata --stringsdata-file /Users/admin/builder/spi-builder-workspace/.derivedData/Build/Intermediates.noindex/Nexus.build/Debug-watchos/Nexus-t.build/Objects-normal/arm64_32/ExtractedAppShortcutsMetadata.stringsdata --source-file-list /Users/admin/builder/spi-builder-workspace/.derivedData/Build/Intermediates.noindex/Nexus.build/Debug-watchos/Nexus-t.build/Objects-normal/arm64/Nexus.SwiftFileList --source-file-list /Users/admin/builder/spi-builder-workspace/.derivedData/Build/Intermediates.noindex/Nexus.build/Debug-watchos/Nexus-t.build/Objects-normal/arm64_32/Nexus.SwiftFileList --metadata-file-list /Users/admin/builder/spi-builder-workspace/.derivedData/Build/Intermediates.noindex/Nexus.build/Debug-watchos/Nexus-t.build/Nexus.DependencyMetadataFileList --static-metadata-file-list /Users/admin/builder/spi-builder-workspace/.derivedData/Build/Intermediates.noindex/Nexus.build/Debug-watchos/Nexus-t.build/Nexus.DependencyStaticMetadataFileList --swift-const-vals-list /Users/admin/builder/spi-builder-workspace/.derivedData/Build/Intermediates.noindex/Nexus.build/Debug-watchos/Nexus-t.build/Objects-normal/arm64/Nexus.SwiftConstValuesFileList --swift-const-vals-list /Users/admin/builder/spi-builder-workspace/.derivedData/Build/Intermediates.noindex/Nexus.build/Debug-watchos/Nexus-t.build/Objects-normal/arm64_32/Nexus.SwiftConstValuesFileList --force --compile-time-extraction --deployment-aware-processing --no-app-shortcuts-localization
2026-09-19 12:59:57.317 appintentsmetadataprocessor[745:4690] Starting appintentsmetadataprocessor export
2026-09-19 12:59:57.409 appintentsmetadataprocessor[745:4690] Extracted no relevant App Intents symbols, skipping writing output
ProcessInfoPlistFile /Users/admin/builder/spi-builder-workspace/.derivedData/Build/Products/Debug-watchos/NexusTests.xctest/Info.plist /Users/admin/builder/spi-builder-workspace/.derivedData/Build/Intermediates.noindex/Nexus.build/Debug-watchos/NexusTests-p.build/empty-NexusTests.plist (in target 'NexusTests-product' from project 'Nexus')
cd /Users/admin/builder/spi-builder-workspace
builtin-infoPlistUtility /Users/admin/builder/spi-builder-workspace/.derivedData/Build/Intermediates.noindex/Nexus.build/Debug-watchos/NexusTests-p.build/empty-NexusTests.plist -producttype com.apple.product-type.bundle.unit-test -expandbuildsettings -format binary -platform watchos -o /Users/admin/builder/spi-builder-workspace/.derivedData/Build/Products/Debug-watchos/NexusTests.xctest/Info.plist
SwiftExplicitDependencyGeneratePcm arm64_32 /Users/admin/builder/spi-builder-workspace/.derivedData/SDKExplicitPrecompiledModules/UserNotifications-6TBN8TEAKO014N1T2QD926XED.pcm
SwiftExplicitDependencyGeneratePcm arm64_32 /Users/admin/builder/spi-builder-workspace/.derivedData/SDKExplicitPrecompiledModules/DataDetection-U9BF7WHFVA6BZGFXXXP272PS.pcm
SwiftExplicitDependencyGeneratePcm arm64_32 /Users/admin/builder/spi-builder-workspace/.derivedData/SDKExplicitPrecompiledModules/_LocationEssentials-AQ1OL9QKC3LQLY5CNSRM1HB53.pcm
SwiftExplicitDependencyGeneratePcm arm64_32 /Users/admin/builder/spi-builder-workspace/.derivedData/SDKExplicitPrecompiledModules/DeveloperToolsSupport-DZU5G1OCMNWU0AQRULIFHUJ1Z.pcm
SwiftExplicitDependencyGeneratePcm arm64_32 /Users/admin/builder/spi-builder-workspace/.derivedData/SDKExplicitPrecompiledModules/Symbols-1H97WMG76HU94F5VGJR19PXFY.pcm
SwiftExplicitDependencyGeneratePcm arm64_32 /Users/admin/builder/spi-builder-workspace/.derivedData/SDKExplicitPrecompiledModules/CoreGraphics-9FDXYX6BKBUT6TJ2VF819E7T5.pcm
SwiftExplicitDependencyGeneratePcm arm64_32 /Users/admin/builder/spi-builder-workspace/.derivedData/SDKExplicitPrecompiledModules/UniformTypeIdentifiers-CJZ3NTHPSBH4XWX5EVOG56UZS.pcm
SwiftExplicitDependencyGeneratePcm arm64_32 /Users/admin/builder/spi-builder-workspace/.derivedData/SDKExplicitPrecompiledModules/UIUtilities-9YFVNIMRC5HRVOIARNWHP1E3H.pcm
SwiftExplicitDependencyGeneratePcm arm64_32 /Users/admin/builder/spi-builder-workspace/.derivedData/SDKExplicitPrecompiledModules/MachO-56838ZJ0NC1EBAJ0O6O8QMPDX.pcm
SwiftExplicitDependencyGeneratePcm arm64_32 /Users/admin/builder/spi-builder-workspace/.derivedData/SDKExplicitPrecompiledModules/CoreTransferable-5D4IR6X37682FPHJ5CBPTKQV6.pcm
SwiftExplicitDependencyGeneratePcm arm64 /Users/admin/builder/spi-builder-workspace/.derivedData/SDKExplicitPrecompiledModules/UIUtilities-IR7RNW23VAUKYI9MLCS9NL9A.pcm
SwiftExplicitDependencyGeneratePcm arm64 /Users/admin/builder/spi-builder-workspace/.derivedData/SDKExplicitPrecompiledModules/Symbols-3EFABTJ9L5PQDJ7RQCYQWEJMM.pcm
SwiftExplicitDependencyGeneratePcm arm64 /Users/admin/builder/spi-builder-workspace/.derivedData/SDKExplicitPrecompiledModules/DataDetection-7BNVI1SZW5ISQL5SX4WL2X7I5.pcm
SwiftExplicitDependencyGeneratePcm arm64 /Users/admin/builder/spi-builder-workspace/.derivedData/SDKExplicitPrecompiledModules/_Builtin_tgmath-8NQ96OZ0YHXEC24JI95P01UF8.pcm
SwiftExplicitDependencyGeneratePcm arm64_32 /Users/admin/builder/spi-builder-workspace/.derivedData/SDKExplicitPrecompiledModules/CoreLocation-8XU5YMYM4P11RQMYCQAG65ITK.pcm
SwiftExplicitDependencyGeneratePcm arm64 /Users/admin/builder/spi-builder-workspace/.derivedData/SDKExplicitPrecompiledModules/CoreTransferable-9PPG3SLJ55T4LITIFYX2M0NOZ.pcm
SwiftExplicitDependencyGeneratePcm arm64 /Users/admin/builder/spi-builder-workspace/.derivedData/SDKExplicitPrecompiledModules/_Builtin_stdatomic-7JEFA3KBJJJN6TKJWY3OG1VG5.pcm
SwiftExplicitDependencyGeneratePcm arm64 /Users/admin/builder/spi-builder-workspace/.derivedData/SDKExplicitPrecompiledModules/UserNotifications-ARAH8MEQ0C2L0FBO39HITJMAO.pcm
SwiftExplicitDependencyGeneratePcm arm64 /Users/admin/builder/spi-builder-workspace/.derivedData/SDKExplicitPrecompiledModules/_LocationEssentials-5ZZDGDXB6HLQUC72SJW7YJ7MK.pcm
SwiftExplicitDependencyGeneratePcm arm64 /Users/admin/builder/spi-builder-workspace/.derivedData/SDKExplicitPrecompiledModules/_Builtin_intrinsics-75960HIPCIYA06IUW8FIIPQT.pcm
SwiftExplicitDependencyGeneratePcm arm64 /Users/admin/builder/spi-builder-workspace/.derivedData/SDKExplicitPrecompiledModules/CoreGraphics-DWNZ73GEH98SBJXZ7DEXB420K.pcm
SwiftExplicitDependencyGeneratePcm arm64_32 /Users/admin/builder/spi-builder-workspace/.derivedData/SDKExplicitPrecompiledModules/CoreText-C9X2REPZN2V5BSU4G80FCETDR.pcm
SwiftExplicitDependencyGeneratePcm arm64_32 /Users/admin/builder/spi-builder-workspace/.derivedData/SDKExplicitPrecompiledModules/CoreVideo-2P8HI0403J99LBDPKNFJ5D4DL.pcm
SwiftExplicitDependencyGeneratePcm arm64_32 /Users/admin/builder/spi-builder-workspace/.derivedData/SDKExplicitPrecompiledModules/Accessibility-F385OMZ5GYBUY5O4QAJB4NRII.pcm
SwiftExplicitDependencyGeneratePcm arm64_32 /Users/admin/builder/spi-builder-workspace/.derivedData/SDKExplicitPrecompiledModules/_Builtin_tgmath-23PGCKURCQILXMK0MYZRYDCOU.pcm
SwiftExplicitDependencyGeneratePcm arm64 /Users/admin/builder/spi-builder-workspace/.derivedData/SDKExplicitPrecompiledModules/UniformTypeIdentifiers-8L08Q8DQJV8C4AW84YVGFGTRN.pcm
SwiftExplicitDependencyGeneratePcm arm64 /Users/admin/builder/spi-builder-workspace/.derivedData/SDKExplicitPrecompiledModules/MachO-2U90NNSAQILBNBPS1SA4F8TYP.pcm
SwiftExplicitDependencyGeneratePcm arm64 /Users/admin/builder/spi-builder-workspace/.derivedData/SDKExplicitPrecompiledModules/CoreLocation-ACKJ9K7ABI14F97Y46Y6SRR17.pcm
SwiftExplicitDependencyGeneratePcm arm64 /Users/admin/builder/spi-builder-workspace/.derivedData/SDKExplicitPrecompiledModules/DeveloperToolsSupport-E7CNISCB36UE8XQ9IOHK9XDX1.pcm
SwiftExplicitDependencyGeneratePcm arm64_32 /Users/admin/builder/spi-builder-workspace/.derivedData/SDKExplicitPrecompiledModules/CoreMotion-1XGTVTE5PP32UHME8AC63TL6.pcm
SwiftExplicitDependencyGeneratePcm arm64_32 /Users/admin/builder/spi-builder-workspace/.derivedData/SDKExplicitPrecompiledModules/_Builtin_intrinsics-196IIAKDQVU42DLOZP9OQCV76.pcm
SwiftExplicitDependencyGeneratePcm arm64_32 /Users/admin/builder/spi-builder-workspace/.derivedData/SDKExplicitPrecompiledModules/_Builtin_stdatomic-1TY035TURL76BF2U98PZPPZRX.pcm
SwiftExplicitDependencyGeneratePcm arm64_32 /Users/admin/builder/spi-builder-workspace/.derivedData/SDKExplicitPrecompiledModules/QuartzCore-6375NPYACK5NYVHPMC1QQ8MC2.pcm
SwiftExplicitDependencyGeneratePcm arm64 /Users/admin/builder/spi-builder-workspace/.derivedData/SDKExplicitPrecompiledModules/CoreVideo-8MRR5MNWUOAW2DBPGUQ8FKK4.pcm
SwiftExplicitDependencyGeneratePcm arm64 /Users/admin/builder/spi-builder-workspace/.derivedData/SDKExplicitPrecompiledModules/CoreText-970YJN6NIYGK1316L35Z0O8QT.pcm
SwiftExplicitDependencyGeneratePcm arm64 /Users/admin/builder/spi-builder-workspace/.derivedData/SDKExplicitPrecompiledModules/Accessibility-27QMG6ZQ1NKYTNBYFPM1XKNFC.pcm
SwiftExplicitDependencyGeneratePcm arm64 /Users/admin/builder/spi-builder-workspace/.derivedData/SDKExplicitPrecompiledModules/os-5DIL6Z9LFIGLMZAHM7X2T5435.pcm
SwiftExplicitDependencyGeneratePcm arm64 /Users/admin/builder/spi-builder-workspace/.derivedData/SDKExplicitPrecompiledModules/CoreMotion-6RD5K48QT1F4L9CATNFD2O7YB.pcm
SwiftExplicitDependencyGeneratePcm arm64_32 /Users/admin/builder/spi-builder-workspace/.derivedData/SDKExplicitPrecompiledModules/os-E5IGB442IA6SBB25TTCOLK2OC.pcm
SwiftExplicitDependencyGeneratePcm arm64 /Users/admin/builder/spi-builder-workspace/.derivedData/SDKExplicitPrecompiledModules/OSLog-B7VGO357Y3GJG35TST7DKDSI3.pcm
SwiftExplicitDependencyGeneratePcm arm64_32 /Users/admin/builder/spi-builder-workspace/.derivedData/SDKExplicitPrecompiledModules/SwiftUICore-3Q7WLRD8MR9R3NGIPUBQCP6F6.pcm
SwiftExplicitDependencyGeneratePcm arm64_32 /Users/admin/builder/spi-builder-workspace/.derivedData/SDKExplicitPrecompiledModules/UIKit-6PPV7YPZ89CZPHYAP072QH8B6.pcm
SwiftExplicitDependencyGeneratePcm arm64 /Users/admin/builder/spi-builder-workspace/.derivedData/SDKExplicitPrecompiledModules/QuartzCore-94KFMWNOU7ZLUZNB4T5DLZC9D.pcm
SwiftExplicitDependencyGeneratePcm arm64 /Users/admin/builder/spi-builder-workspace/.derivedData/SDKExplicitPrecompiledModules/simd-EH08NODU6574T74ZKU61VP9BW.pcm
SwiftExplicitDependencyGeneratePcm arm64_32 /Users/admin/builder/spi-builder-workspace/.derivedData/SDKExplicitPrecompiledModules/OSLog-D9AVFY0KWO7RVBIQ73CBIJVCN.pcm
SwiftExplicitDependencyGeneratePcm arm64 /Users/admin/builder/spi-builder-workspace/.derivedData/SDKExplicitPrecompiledModules/UIKit-27R3P1YMV4C6JLDT661G3MRIA.pcm
SwiftExplicitDependencyGeneratePcm arm64 /Users/admin/builder/spi-builder-workspace/.derivedData/SDKExplicitPrecompiledModules/SwiftUICore-C1DST1IX2Z0PTH5SJJZ1IULRB.pcm
SwiftExplicitDependencyGeneratePcm arm64_32 /Users/admin/builder/spi-builder-workspace/.derivedData/SDKExplicitPrecompiledModules/simd-21UNWYOBUZI1LVSQ99S1XBLMO.pcm
SwiftExplicitDependencyGeneratePcm arm64 /Users/admin/builder/spi-builder-workspace/.derivedData/SDKExplicitPrecompiledModules/Spatial-44FJGYXFAT2AQAW9Z6T7YS02U.pcm
SwiftExplicitDependencyGeneratePcm arm64_32 /Users/admin/builder/spi-builder-workspace/.derivedData/SDKExplicitPrecompiledModules/Spatial-CWVWNML3T0NXVHZDKVLD3X1YZ.pcm
SwiftExplicitDependencyGeneratePcm arm64_32 /Users/admin/builder/spi-builder-workspace/.derivedData/Build/Intermediates.noindex/SwiftExplicitPrecompiledModules/XCUIAutomation-ERPZF489YJ15F4EKGJCX4WDM7.pcm
SwiftExplicitDependencyCompileModuleFromInterface arm64_32 /Users/admin/builder/spi-builder-workspace/.derivedData/Build/Intermediates.noindex/SwiftExplicitPrecompiledModules/XCUIAutomation-2KEQCEI56WY22.swiftmodule
SwiftExplicitDependencyGeneratePcm arm64_32 /Users/admin/builder/spi-builder-workspace/.derivedData/Build/Intermediates.noindex/SwiftExplicitPrecompiledModules/XCTest-9YC7ZIH3UMB42XTXWLC83PNWV.pcm
SwiftExplicitDependencyGeneratePcm arm64 /Users/admin/builder/spi-builder-workspace/.derivedData/Build/Intermediates.noindex/SwiftExplicitPrecompiledModules/XCUIAutomation-65SKIQZZ6OXJZ058GTE7TZUKY.pcm
SwiftExplicitDependencyGeneratePcm arm64 /Users/admin/builder/spi-builder-workspace/.derivedData/Build/Intermediates.noindex/SwiftExplicitPrecompiledModules/XCTest-4Q8FQHAHRUNG512Q4TRQNJS8O.pcm
SwiftExplicitDependencyCompileModuleFromInterface arm64 /Users/admin/builder/spi-builder-workspace/.derivedData/Build/Intermediates.noindex/SwiftExplicitPrecompiledModules/XCUIAutomation-2BC5897SHXM5Y.swiftmodule
SwiftExplicitDependencyCompileModuleFromInterface arm64_32 /Users/admin/builder/spi-builder-workspace/.derivedData/Build/Intermediates.noindex/SwiftExplicitPrecompiledModules/XCTest-3CRT07T5RQDUO.swiftmodule
SwiftExplicitDependencyCompileModuleFromInterface arm64 /Users/admin/builder/spi-builder-workspace/.derivedData/Build/Intermediates.noindex/SwiftExplicitPrecompiledModules/XCTest-296Q314KH7RKU.swiftmodule
SwiftCompile normal arm64_32 Compiling\ MessageStub.swift /Users/admin/builder/spi-builder-workspace/Tests/NexusTests/Stubs/MessageStub.swift (in target 'NexusTests-product' from project 'Nexus')
SwiftCompile normal arm64_32 /Users/admin/builder/spi-builder-workspace/Tests/NexusTests/Stubs/MessageStub.swift (in target 'NexusTests-product' from project 'Nexus')
cd /Users/admin/builder/spi-builder-workspace/.swiftpm/xcode
builtin-SwiftPerFileCompile MessageStub.swift
SwiftEmitModule normal arm64_32 Emitting\ module\ for\ NexusTests (in target 'NexusTests-product' from project 'Nexus')
SwiftCompile normal arm64_32 (in target 'NexusTests-product' from project 'Nexus')
cd /Users/admin/builder/spi-builder-workspace/.swiftpm/xcode
SwiftCompile normal arm64_32 Compiling\ WatchConnectivityServiceMock.swift /Users/admin/builder/spi-builder-workspace/Tests/NexusTests/Mocks/WatchConnectivityServiceMock.swift (in target 'NexusTests-product' from project 'Nexus')
SwiftCompile normal arm64_32 /Users/admin/builder/spi-builder-workspace/Tests/NexusTests/Mocks/WatchConnectivityServiceMock.swift (in target 'NexusTests-product' from project 'Nexus')
cd /Users/admin/builder/spi-builder-workspace/.swiftpm/xcode
builtin-SwiftPerFileCompile WatchConnectivityServiceMock.swift
SwiftCompile normal arm64_32 Compiling\ SessionCompatibleProviderTests.swift /Users/admin/builder/spi-builder-workspace/Tests/NexusTests/UnitTests/SessionCompatibleProviderTests.swift (in target 'NexusTests-product' from project 'Nexus')
SwiftCompile normal arm64_32 /Users/admin/builder/spi-builder-workspace/Tests/NexusTests/UnitTests/SessionCompatibleProviderTests.swift (in target 'NexusTests-product' from project 'Nexus')
cd /Users/admin/builder/spi-builder-workspace/.swiftpm/xcode
builtin-SwiftPerFileCompile SessionCompatibleProviderTests.swift
SwiftCompile normal arm64_32 Compiling\ MessageBuilderHelper.swift,\ CommunicationServiceDelegateMock.swift /Users/admin/builder/spi-builder-workspace/Tests/NexusTests/Helpers/MessageBuilderHelper.swift /Users/admin/builder/spi-builder-workspace/Tests/NexusTests/Mocks/CommunicationServiceDelegateMock.swift (in target 'NexusTests-product' from project 'Nexus')
SwiftCompile normal arm64_32 /Users/admin/builder/spi-builder-workspace/Tests/NexusTests/Helpers/MessageBuilderHelper.swift (in target 'NexusTests-product' from project 'Nexus')
cd /Users/admin/builder/spi-builder-workspace/.swiftpm/xcode
builtin-SwiftPerFileCompile MessageBuilderHelper.swift
SwiftCompile normal arm64_32 /Users/admin/builder/spi-builder-workspace/Tests/NexusTests/Mocks/CommunicationServiceDelegateMock.swift (in target 'NexusTests-product' from project 'Nexus')
cd /Users/admin/builder/spi-builder-workspace/.swiftpm/xcode
builtin-SwiftPerFileCompile CommunicationServiceDelegateMock.swift
SwiftCompile normal arm64_32 Compiling\ SessionCompatibleProviderMock.swift /Users/admin/builder/spi-builder-workspace/Tests/NexusTests/Mocks/SessionCompatibleProviderMock.swift (in target 'NexusTests-product' from project 'Nexus')
SwiftCompile normal arm64_32 /Users/admin/builder/spi-builder-workspace/Tests/NexusTests/Mocks/SessionCompatibleProviderMock.swift (in target 'NexusTests-product' from project 'Nexus')
cd /Users/admin/builder/spi-builder-workspace/.swiftpm/xcode
builtin-SwiftPerFileCompile SessionCompatibleProviderMock.swift
SwiftCompile normal arm64_32 Compiling\ WatchConnectivityService.swift /Users/admin/builder/spi-builder-workspace/Tests/NexusTests/UnitTests/WatchConnectivityService.swift (in target 'NexusTests-product' from project 'Nexus')
/Users/admin/builder/spi-builder-workspace/Tests/NexusTests/UnitTests/WatchConnectivityService.swift:99:67: error: cannot find 'MessageMock' in scope
97 | func test_thatWatchConnectivityServiceSendsMessageTriggeringErrorHandler_whenCompanionAppIsNotInstalled() {
98 | // given
99 | let message = MessageBuilderHelper.makeDictonary(for: MessageMock())
| `- error: cannot find 'MessageMock' in scope
100 |
101 | sessionMock.stubbedActivationState = .activated
/Users/admin/builder/spi-builder-workspace/Tests/NexusTests/UnitTests/WatchConnectivityService.swift:102:25: error: cannot assign to property: 'isCompanionAppInstalled' is a get-only property
100 |
101 | sessionMock.stubbedActivationState = .activated
102 | sessionMock.isCompanionAppInstalled = false
| `- error: cannot assign to property: 'isCompanionAppInstalled' is a get-only property
103 |
104 | // when
Failed frontend command:
/Applications/Xcode-27.0.0-Release.Candidate.app/Contents/Developer/Toolchains/XcodeDefault.xctoolchain/usr/bin/swift-frontend -frontend -c /Users/admin/builder/spi-builder-workspace/Tests/NexusTests/Helpers/MessageBuilderHelper.swift /Users/admin/builder/spi-builder-workspace/Tests/NexusTests/Mocks/CommunicationServiceDelegateMock.swift /Users/admin/builder/spi-builder-workspace/Tests/NexusTests/Mocks/NotificationCenterMock.swift /Users/admin/builder/spi-builder-workspace/Tests/NexusTests/Mocks/SessionCompatibleProviderMock.swift /Users/admin/builder/spi-builder-workspace/Tests/NexusTests/Mocks/SessionMock.swift /Users/admin/builder/spi-builder-workspace/Tests/NexusTests/Mocks/WatchConnectivityServiceDelegateMock.swift /Users/admin/builder/spi-builder-workspace/Tests/NexusTests/Mocks/WatchConnectivityServiceMock.swift /Users/admin/builder/spi-builder-workspace/Tests/NexusTests/Stubs/MessageStub.swift /Users/admin/builder/spi-builder-workspace/Tests/NexusTests/UnitTests/CommunicationServiceTests.swift /Users/admin/builder/spi-builder-workspace/Tests/NexusTests/UnitTests/SessionCompatibleProviderTests.swift -primary-file /Users/admin/builder/spi-builder-workspace/Tests/NexusTests/UnitTests/WatchConnectivityService.swift -emit-dependencies-path /Users/admin/builder/spi-builder-workspace/.derivedData/Build/Intermediates.noindex/Nexus.build/Debug-watchos/NexusTests-p.build/Objects-normal/arm64_32/WatchConnectivityService.d -emit-const-values-path /Users/admin/builder/spi-builder-workspace/.derivedData/Build/Intermediates.noindex/Nexus.build/Debug-watchos/NexusTests-p.build/Objects-normal/arm64_32/WatchConnectivityService.swiftconstvalues -emit-reference-dependencies-path /Users/admin/builder/spi-builder-workspace/.derivedData/Build/Intermediates.noindex/Nexus.build/Debug-watchos/NexusTests-p.build/Objects-normal/arm64_32/WatchConnectivityService.swiftdeps -serialize-diagnostics-path /Users/admin/builder/spi-builder-workspace/.derivedData/Build/Intermediates.noindex/Nexus.build/Debug-watchos/NexusTests-p.build/Objects-normal/arm64_32/WatchConnectivityService.dia -target arm64_32-apple-watchos10.0 -disable-cross-import-overlay-search -load-resolved-plugin /Applications/Xcode-27.0.0-Release.Candidate.app/Contents/Developer/Platforms/WatchOS.platform/Developer/usr/lib/swift/host/plugins/libFoundationMacros.dylib\#/Applications/Xcode-27.0.0-Release.Candidate.app/Contents/Developer/Platforms/WatchOS.platform/Developer/usr/bin/swift-plugin-server\#FoundationMacros -load-resolved-plugin /Applications/Xcode-27.0.0-Release.Candidate.app/Contents/Developer/Platforms/WatchOS.platform/Developer/usr/lib/swift/host/plugins/libObservationMacros.dylib\#/Applications/Xcode-27.0.0-Release.Candidate.app/Contents/Developer/Platforms/WatchOS.platform/Developer/usr/bin/swift-plugin-server\#ObservationMacros -load-resolved-plugin /Applications/Xcode-27.0.0-Release.Candidate.app/Contents/Developer/Platforms/WatchOS.platform/Developer/usr/lib/swift/host/plugins/libSwiftMacros.dylib\#/Applications/Xcode-27.0.0-Release.Candidate.app/Contents/Developer/Platforms/WatchOS.platform/Developer/usr/bin/swift-plugin-server\#SwiftMacros -load-resolved-plugin /Applications/Xcode-27.0.0-Release.Candidate.app/Contents/Developer/Platforms/WatchOS.platform/Developer/usr/lib/swift/host/plugins/libSwiftUIMacros.dylib\#/Applications/Xcode-27.0.0-Release.Candidate.app/Contents/Developer/Platforms/WatchOS.platform/Developer/usr/bin/swift-plugin-server\#SwiftUIMacros -disable-implicit-swift-modules -Xcc -fno-implicit-modules -Xcc -fno-implicit-module-maps -explicit-swift-module-map-file /Users/admin/builder/spi-builder-workspace/.derivedData/Build/Intermediates.noindex/Nexus.build/Debug-watchos/NexusTests-p.build/Objects-normal/arm64_32/NexusTests-dependencies-2.json -enable-objc-interop -sdk /Applications/Xcode-27.0.0-Release.Candidate.app/Contents/Developer/Platforms/WatchOS.platform/Developer/SDKs/WatchOS27.0.sdk -I /Users/admin/builder/spi-builder-workspace/.derivedData/Build/Products/Debug-watchos -Isystem /Applications/Xcode-27.0.0-Release.Candidate.app/Contents/Developer/Platforms/WatchOS.platform/Developer/usr/lib -F /Users/admin/builder/spi-builder-workspace/.derivedData/Build/Products/Debug-watchos/PackageFrameworks -F /Users/admin/builder/spi-builder-workspace/.derivedData/Build/Products/Debug-watchos -F /Applications/Xcode-27.0.0-Release.Candidate.app/Contents/Developer/Platforms/WatchOS.platform/Developer/Library/Frameworks -F /Applications/Xcode-27.0.0-Release.Candidate.app/Contents/Developer/Platforms/WatchOS.platform/Developer/SDKs/WatchOS27.0.sdk/Developer/Library/Frameworks -module-cache-path /Users/admin/builder/spi-builder-workspace/.derivedData/Build/Intermediates.noindex/SwiftExplicitPrecompiledModules -no-color-diagnostics -Xcc -fno-color-diagnostics -enable-testing -g -debug-info-format\=dwarf -dwarf-version\=4 -profile-generate -profile-coverage-mapping -swift-version 5 -Onone -D SWIFT_PACKAGE -D DEBUG -D Xcode -serialize-debugging-options -enable-experimental-feature DebugDescriptionMacro -empty-abi-descriptor -validate-clang-modules-once -clang-build-session-file /Users/admin/builder/spi-builder-workspace/.derivedData/ModuleCache.noindex/Session.modulevalidation -Xcc -working-directory -Xcc /Users/admin/builder/spi-builder-workspace/.swiftpm/xcode -enable-anonymous-context-mangled-names -file-compilation-dir /Users/admin/builder/spi-builder-workspace/.swiftpm/xcode -Xcc -D_LIBCPP_HARDENING_MODE\=_LIBCPP_HARDENING_MODE_DEBUG -Xcc -ivfsstatcache -Xcc /Users/admin/builder/spi-builder-workspace/.derivedData/SDKStatCaches.noindex/watchos27.0-24R360-e829b21a6f8c9b70876ba0858053c04477534ef55a1706bf4c1112bbb242f0a2.sdkstatcache -Xcc -fmodules-prune-interval\=86400 -Xcc -fmodules-prune-after\=345600 -Xcc -I/Users/admin/builder/spi-builder-workspace/.derivedData/Build/Products/Debug-watchos/include -Xcc -I/Users/admin/builder/spi-builder-workspace/.derivedData/Build/Intermediates.noindex/Nexus.build/Debug-watchos/NexusTests-p.build/DerivedSources-normal/arm64_32 -Xcc -I/Users/admin/builder/spi-builder-workspace/.derivedData/Build/Intermediates.noindex/Nexus.build/Debug-watchos/NexusTests-p.build/DerivedSources/arm64_32 -Xcc -I/Users/admin/builder/spi-builder-workspace/.derivedData/Build/Intermediates.noindex/Nexus.build/Debug-watchos/NexusTests-p.build/DerivedSources -Xcc -DSWIFT_PACKAGE -Xcc -DDEBUG\=1 -no-auto-bridging-header-chaining -module-name NexusTests -const-gather-protocols-file /Users/admin/builder/spi-builder-workspace/.derivedData/Build/Intermediates.noindex/Nexus.build/Debug-watchos/NexusTests-p.build/Objects-normal/arm64_32/NexusTests_const_extract_protocols.json -disable-clang-spi -clang-target arm64_32-apple-watchos27.0 -target-sdk-version 27.0 -target-sdk-name watchos27.0 -in-process-plugin-server-path /Applications/Xcode-27.0.0-Release.Candidate.app/Contents/Developer/Toolchains/XcodeDefault.xctoolchain/usr/lib/swift/host/libSwiftInProcPluginServer.dylib -parse-as-library -o /Users/admin/builder/spi-builder-workspace/.derivedData/Build/Intermediates.noindex/Nexus.build/Debug-watchos/NexusTests-p.build/Objects-normal/arm64_32/WatchConnectivityService.o -debug-module-path /Users/admin/builder/spi-builder-workspace/.derivedData/Build/Intermediates.noindex/Nexus.build/Debug-watchos/NexusTests-p.build/Objects-normal/arm64_32/NexusTests.swiftmodule -index-unit-output-path /Nexus.build/Debug-watchos/NexusTests-p.build/Objects-normal/arm64_32/WatchConnectivityService.o -index-store-path /Users/admin/builder/spi-builder-workspace/.derivedData/Index.noindex/DataStore -index-system-modules
SwiftCompile normal arm64_32 /Users/admin/builder/spi-builder-workspace/Tests/NexusTests/UnitTests/WatchConnectivityService.swift (in target 'NexusTests-product' from project 'Nexus')
cd /Users/admin/builder/spi-builder-workspace/.swiftpm/xcode
builtin-SwiftPerFileCompile WatchConnectivityService.swift
SwiftCompile normal arm64_32 Compiling\ CommunicationServiceTests.swift /Users/admin/builder/spi-builder-workspace/Tests/NexusTests/UnitTests/CommunicationServiceTests.swift (in target 'NexusTests-product' from project 'Nexus')
/Users/admin/builder/spi-builder-workspace/Tests/NexusTests/UnitTests/CommunicationServiceTests.swift:185:31: error: value of type 'any WatchConnectivityServiceDelegate' has no member 'sessionDidBecomeInactive'
183 |
184 | // when
185 | communicationService?.sessionDidBecomeInactive(.default)
| `- error: value of type 'any WatchConnectivityServiceDelegate' has no member 'sessionDidBecomeInactive'
186 |
187 | // then
/Users/admin/builder/spi-builder-workspace/Tests/NexusTests/UnitTests/CommunicationServiceTests.swift:196:31: error: value of type 'any WatchConnectivityServiceDelegate' has no member 'sessionDidDeactivate'
194 |
195 | // when
196 | communicationService?.sessionDidDeactivate(.default)
| `- error: value of type 'any WatchConnectivityServiceDelegate' has no member 'sessionDidDeactivate'
197 |
198 | // then
Failed frontend command:
/Applications/Xcode-27.0.0-Release.Candidate.app/Contents/Developer/Toolchains/XcodeDefault.xctoolchain/usr/bin/swift-frontend -frontend -c /Users/admin/builder/spi-builder-workspace/Tests/NexusTests/Helpers/MessageBuilderHelper.swift /Users/admin/builder/spi-builder-workspace/Tests/NexusTests/Mocks/CommunicationServiceDelegateMock.swift /Users/admin/builder/spi-builder-workspace/Tests/NexusTests/Mocks/NotificationCenterMock.swift /Users/admin/builder/spi-builder-workspace/Tests/NexusTests/Mocks/SessionCompatibleProviderMock.swift /Users/admin/builder/spi-builder-workspace/Tests/NexusTests/Mocks/SessionMock.swift /Users/admin/builder/spi-builder-workspace/Tests/NexusTests/Mocks/WatchConnectivityServiceDelegateMock.swift /Users/admin/builder/spi-builder-workspace/Tests/NexusTests/Mocks/WatchConnectivityServiceMock.swift /Users/admin/builder/spi-builder-workspace/Tests/NexusTests/Stubs/MessageStub.swift -primary-file /Users/admin/builder/spi-builder-workspace/Tests/NexusTests/UnitTests/CommunicationServiceTests.swift /Users/admin/builder/spi-builder-workspace/Tests/NexusTests/UnitTests/SessionCompatibleProviderTests.swift /Users/admin/builder/spi-builder-workspace/Tests/NexusTests/UnitTests/WatchConnectivityService.swift -emit-dependencies-path /Users/admin/builder/spi-builder-workspace/.derivedData/Build/Intermediates.noindex/Nexus.build/Debug-watchos/NexusTests-p.build/Objects-normal/arm64_32/CommunicationServiceTests.d -emit-const-values-path /Users/admin/builder/spi-builder-workspace/.derivedData/Build/Intermediates.noindex/Nexus.build/Debug-watchos/NexusTests-p.build/Objects-normal/arm64_32/CommunicationServiceTests.swiftconstvalues -emit-reference-dependencies-path /Users/admin/builder/spi-builder-workspace/.derivedData/Build/Intermediates.noindex/Nexus.build/Debug-watchos/NexusTests-p.build/Objects-normal/arm64_32/CommunicationServiceTests.swiftdeps -serialize-diagnostics-path /Users/admin/builder/spi-builder-workspace/.derivedData/Build/Intermediates.noindex/Nexus.build/Debug-watchos/NexusTests-p.build/Objects-normal/arm64_32/CommunicationServiceTests.dia -target arm64_32-apple-watchos10.0 -disable-cross-import-overlay-search -load-resolved-plugin /Applications/Xcode-27.0.0-Release.Candidate.app/Contents/Developer/Platforms/WatchOS.platform/Developer/usr/lib/swift/host/plugins/libFoundationMacros.dylib\#/Applications/Xcode-27.0.0-Release.Candidate.app/Contents/Developer/Platforms/WatchOS.platform/Developer/usr/bin/swift-plugin-server\#FoundationMacros -load-resolved-plugin /Applications/Xcode-27.0.0-Release.Candidate.app/Contents/Developer/Platforms/WatchOS.platform/Developer/usr/lib/swift/host/plugins/libObservationMacros.dylib\#/Applications/Xcode-27.0.0-Release.Candidate.app/Contents/Developer/Platforms/WatchOS.platform/Developer/usr/bin/swift-plugin-server\#ObservationMacros -load-resolved-plugin /Applications/Xcode-27.0.0-Release.Candidate.app/Contents/Developer/Platforms/WatchOS.platform/Developer/usr/lib/swift/host/plugins/libSwiftMacros.dylib\#/Applications/Xcode-27.0.0-Release.Candidate.app/Contents/Developer/Platforms/WatchOS.platform/Developer/usr/bin/swift-plugin-server\#SwiftMacros -load-resolved-plugin /Applications/Xcode-27.0.0-Release.Candidate.app/Contents/Developer/Platforms/WatchOS.platform/Developer/usr/lib/swift/host/plugins/libSwiftUIMacros.dylib\#/Applications/Xcode-27.0.0-Release.Candidate.app/Contents/Developer/Platforms/WatchOS.platform/Developer/usr/bin/swift-plugin-server\#SwiftUIMacros -disable-implicit-swift-modules -Xcc -fno-implicit-modules -Xcc -fno-implicit-module-maps -explicit-swift-module-map-file /Users/admin/builder/spi-builder-workspace/.derivedData/Build/Intermediates.noindex/Nexus.build/Debug-watchos/NexusTests-p.build/Objects-normal/arm64_32/NexusTests-dependencies-2.json -enable-objc-interop -sdk /Applications/Xcode-27.0.0-Release.Candidate.app/Contents/Developer/Platforms/WatchOS.platform/Developer/SDKs/WatchOS27.0.sdk -I /Users/admin/builder/spi-builder-workspace/.derivedData/Build/Products/Debug-watchos -Isystem /Applications/Xcode-27.0.0-Release.Candidate.app/Contents/Developer/Platforms/WatchOS.platform/Developer/usr/lib -F /Users/admin/builder/spi-builder-workspace/.derivedData/Build/Products/Debug-watchos/PackageFrameworks -F /Users/admin/builder/spi-builder-workspace/.derivedData/Build/Products/Debug-watchos -F /Applications/Xcode-27.0.0-Release.Candidate.app/Contents/Developer/Platforms/WatchOS.platform/Developer/Library/Frameworks -F /Applications/Xcode-27.0.0-Release.Candidate.app/Contents/Developer/Platforms/WatchOS.platform/Developer/SDKs/WatchOS27.0.sdk/Developer/Library/Frameworks -module-cache-path /Users/admin/builder/spi-builder-workspace/.derivedData/Build/Intermediates.noindex/SwiftExplicitPrecompiledModules -no-color-diagnostics -Xcc -fno-color-diagnostics -enable-testing -g -debug-info-format\=dwarf -dwarf-version\=4 -profile-generate -profile-coverage-mapping -swift-version 5 -Onone -D SWIFT_PACKAGE -D DEBUG -D Xcode -serialize-debugging-options -enable-experimental-feature DebugDescriptionMacro -empty-abi-descriptor -validate-clang-modules-once -clang-build-session-file /Users/admin/builder/spi-builder-workspace/.derivedData/ModuleCache.noindex/Session.modulevalidation -Xcc -working-directory -Xcc /Users/admin/builder/spi-builder-workspace/.swiftpm/xcode -enable-anonymous-context-mangled-names -file-compilation-dir /Users/admin/builder/spi-builder-workspace/.swiftpm/xcode -Xcc -D_LIBCPP_HARDENING_MODE\=_LIBCPP_HARDENING_MODE_DEBUG -Xcc -ivfsstatcache -Xcc /Users/admin/builder/spi-builder-workspace/.derivedData/SDKStatCaches.noindex/watchos27.0-24R360-e829b21a6f8c9b70876ba0858053c04477534ef55a1706bf4c1112bbb242f0a2.sdkstatcache -Xcc -fmodules-prune-interval\=86400 -Xcc -fmodules-prune-after\=345600 -Xcc -I/Users/admin/builder/spi-builder-workspace/.derivedData/Build/Products/Debug-watchos/include -Xcc -I/Users/admin/builder/spi-builder-workspace/.derivedData/Build/Intermediates.noindex/Nexus.build/Debug-watchos/NexusTests-p.build/DerivedSources-normal/arm64_32 -Xcc -I/Users/admin/builder/spi-builder-workspace/.derivedData/Build/Intermediates.noindex/Nexus.build/Debug-watchos/NexusTests-p.build/DerivedSources/arm64_32 -Xcc -I/Users/admin/builder/spi-builder-workspace/.derivedData/Build/Intermediates.noindex/Nexus.build/Debug-watchos/NexusTests-p.build/DerivedSources -Xcc -DSWIFT_PACKAGE -Xcc -DDEBUG\=1 -no-auto-bridging-header-chaining -module-name NexusTests -const-gather-protocols-file /Users/admin/builder/spi-builder-workspace/.derivedData/Build/Intermediates.noindex/Nexus.build/Debug-watchos/NexusTests-p.build/Objects-normal/arm64_32/NexusTests_const_extract_protocols.json -disable-clang-spi -clang-target arm64_32-apple-watchos27.0 -target-sdk-version 27.0 -target-sdk-name watchos27.0 -in-process-plugin-server-path /Applications/Xcode-27.0.0-Release.Candidate.app/Contents/Developer/Toolchains/XcodeDefault.xctoolchain/usr/lib/swift/host/libSwiftInProcPluginServer.dylib -parse-as-library -o /Users/admin/builder/spi-builder-workspace/.derivedData/Build/Intermediates.noindex/Nexus.build/Debug-watchos/NexusTests-p.build/Objects-normal/arm64_32/CommunicationServiceTests.o -debug-module-path /Users/admin/builder/spi-builder-workspace/.derivedData/Build/Intermediates.noindex/Nexus.build/Debug-watchos/NexusTests-p.build/Objects-normal/arm64_32/NexusTests.swiftmodule -index-unit-output-path /Nexus.build/Debug-watchos/NexusTests-p.build/Objects-normal/arm64_32/CommunicationServiceTests.o -index-store-path /Users/admin/builder/spi-builder-workspace/.derivedData/Index.noindex/DataStore -index-system-modules
SwiftCompile normal arm64_32 /Users/admin/builder/spi-builder-workspace/Tests/NexusTests/UnitTests/CommunicationServiceTests.swift (in target 'NexusTests-product' from project 'Nexus')
cd /Users/admin/builder/spi-builder-workspace/.swiftpm/xcode
builtin-SwiftPerFileCompile CommunicationServiceTests.swift
SwiftCompile normal arm64_32 Compiling\ SessionMock.swift /Users/admin/builder/spi-builder-workspace/Tests/NexusTests/Mocks/SessionMock.swift (in target 'NexusTests-product' from project 'Nexus')
SwiftCompile normal arm64_32 /Users/admin/builder/spi-builder-workspace/Tests/NexusTests/Mocks/SessionMock.swift (in target 'NexusTests-product' from project 'Nexus')
cd /Users/admin/builder/spi-builder-workspace/.swiftpm/xcode
builtin-SwiftPerFileCompile SessionMock.swift
SwiftCompile normal arm64_32 Compiling\ WatchConnectivityServiceDelegateMock.swift /Users/admin/builder/spi-builder-workspace/Tests/NexusTests/Mocks/WatchConnectivityServiceDelegateMock.swift (in target 'NexusTests-product' from project 'Nexus')
SwiftCompile normal arm64_32 /Users/admin/builder/spi-builder-workspace/Tests/NexusTests/Mocks/WatchConnectivityServiceDelegateMock.swift (in target 'NexusTests-product' from project 'Nexus')
cd /Users/admin/builder/spi-builder-workspace/.swiftpm/xcode
builtin-SwiftPerFileCompile WatchConnectivityServiceDelegateMock.swift
SwiftEmitModule normal arm64 Emitting\ module\ for\ NexusTests (in target 'NexusTests-product' from project 'Nexus')
SwiftCompile normal arm64 (in target 'NexusTests-product' from project 'Nexus')
cd /Users/admin/builder/spi-builder-workspace/.swiftpm/xcode
SwiftDriverJobDiscovery normal arm64_32 Compiling MessageStub.swift (in target 'NexusTests-product' from project 'Nexus')
SwiftCompile normal arm64 Compiling\ NotificationCenterMock.swift /Users/admin/builder/spi-builder-workspace/Tests/NexusTests/Mocks/NotificationCenterMock.swift (in target 'NexusTests-product' from project 'Nexus')
SwiftCompile normal arm64 /Users/admin/builder/spi-builder-workspace/Tests/NexusTests/Mocks/NotificationCenterMock.swift (in target 'NexusTests-product' from project 'Nexus')
cd /Users/admin/builder/spi-builder-workspace/.swiftpm/xcode
builtin-SwiftPerFileCompile NotificationCenterMock.swift
SwiftDriverJobDiscovery normal arm64_32 Compiling SessionCompatibleProviderMock.swift (in target 'NexusTests-product' from project 'Nexus')
SwiftCompile normal arm64 Compiling\ WatchConnectivityServiceMock.swift /Users/admin/builder/spi-builder-workspace/Tests/NexusTests/Mocks/WatchConnectivityServiceMock.swift (in target 'NexusTests-product' from project 'Nexus')
SwiftCompile normal arm64 /Users/admin/builder/spi-builder-workspace/Tests/NexusTests/Mocks/WatchConnectivityServiceMock.swift (in target 'NexusTests-product' from project 'Nexus')
cd /Users/admin/builder/spi-builder-workspace/.swiftpm/xcode
builtin-SwiftPerFileCompile WatchConnectivityServiceMock.swift
SwiftDriverJobDiscovery normal arm64_32 Compiling WatchConnectivityServiceMock.swift (in target 'NexusTests-product' from project 'Nexus')
SwiftCompile normal arm64 Compiling\ CommunicationServiceTests.swift /Users/admin/builder/spi-builder-workspace/Tests/NexusTests/UnitTests/CommunicationServiceTests.swift (in target 'NexusTests-product' from project 'Nexus')
/Users/admin/builder/spi-builder-workspace/Tests/NexusTests/UnitTests/CommunicationServiceTests.swift:185:31: error: value of type 'any WatchConnectivityServiceDelegate' has no member 'sessionDidBecomeInactive'
183 |
184 | // when
185 | communicationService?.sessionDidBecomeInactive(.default)
| `- error: value of type 'any WatchConnectivityServiceDelegate' has no member 'sessionDidBecomeInactive'
186 |
187 | // then
/Users/admin/builder/spi-builder-workspace/Tests/NexusTests/UnitTests/CommunicationServiceTests.swift:196:31: error: value of type 'any WatchConnectivityServiceDelegate' has no member 'sessionDidDeactivate'
194 |
195 | // when
196 | communicationService?.sessionDidDeactivate(.default)
| `- error: value of type 'any WatchConnectivityServiceDelegate' has no member 'sessionDidDeactivate'
197 |
198 | // then
Failed frontend command:
/Applications/Xcode-27.0.0-Release.Candidate.app/Contents/Developer/Toolchains/XcodeDefault.xctoolchain/usr/bin/swift-frontend -frontend -c /Users/admin/builder/spi-builder-workspace/Tests/NexusTests/Helpers/MessageBuilderHelper.swift /Users/admin/builder/spi-builder-workspace/Tests/NexusTests/Mocks/CommunicationServiceDelegateMock.swift /Users/admin/builder/spi-builder-workspace/Tests/NexusTests/Mocks/NotificationCenterMock.swift /Users/admin/builder/spi-builder-workspace/Tests/NexusTests/Mocks/SessionCompatibleProviderMock.swift /Users/admin/builder/spi-builder-workspace/Tests/NexusTests/Mocks/SessionMock.swift /Users/admin/builder/spi-builder-workspace/Tests/NexusTests/Mocks/WatchConnectivityServiceDelegateMock.swift /Users/admin/builder/spi-builder-workspace/Tests/NexusTests/Mocks/WatchConnectivityServiceMock.swift /Users/admin/builder/spi-builder-workspace/Tests/NexusTests/Stubs/MessageStub.swift -primary-file /Users/admin/builder/spi-builder-workspace/Tests/NexusTests/UnitTests/CommunicationServiceTests.swift /Users/admin/builder/spi-builder-workspace/Tests/NexusTests/UnitTests/SessionCompatibleProviderTests.swift /Users/admin/builder/spi-builder-workspace/Tests/NexusTests/UnitTests/WatchConnectivityService.swift -emit-dependencies-path /Users/admin/builder/spi-builder-workspace/.derivedData/Build/Intermediates.noindex/Nexus.build/Debug-watchos/NexusTests-p.build/Objects-normal/arm64/CommunicationServiceTests.d -emit-const-values-path /Users/admin/builder/spi-builder-workspace/.derivedData/Build/Intermediates.noindex/Nexus.build/Debug-watchos/NexusTests-p.build/Objects-normal/arm64/CommunicationServiceTests.swiftconstvalues -emit-reference-dependencies-path /Users/admin/builder/spi-builder-workspace/.derivedData/Build/Intermediates.noindex/Nexus.build/Debug-watchos/NexusTests-p.build/Objects-normal/arm64/CommunicationServiceTests.swiftdeps -serialize-diagnostics-path /Users/admin/builder/spi-builder-workspace/.derivedData/Build/Intermediates.noindex/Nexus.build/Debug-watchos/NexusTests-p.build/Objects-normal/arm64/CommunicationServiceTests.dia -target arm64-apple-watchos10.0 -disable-cross-import-overlay-search -load-resolved-plugin /Applications/Xcode-27.0.0-Release.Candidate.app/Contents/Developer/Platforms/WatchOS.platform/Developer/usr/lib/swift/host/plugins/libFoundationMacros.dylib\#/Applications/Xcode-27.0.0-Release.Candidate.app/Contents/Developer/Platforms/WatchOS.platform/Developer/usr/bin/swift-plugin-server\#FoundationMacros -load-resolved-plugin /Applications/Xcode-27.0.0-Release.Candidate.app/Contents/Developer/Platforms/WatchOS.platform/Developer/usr/lib/swift/host/plugins/libObservationMacros.dylib\#/Applications/Xcode-27.0.0-Release.Candidate.app/Contents/Developer/Platforms/WatchOS.platform/Developer/usr/bin/swift-plugin-server\#ObservationMacros -load-resolved-plugin /Applications/Xcode-27.0.0-Release.Candidate.app/Contents/Developer/Platforms/WatchOS.platform/Developer/usr/lib/swift/host/plugins/libSwiftMacros.dylib\#/Applications/Xcode-27.0.0-Release.Candidate.app/Contents/Developer/Platforms/WatchOS.platform/Developer/usr/bin/swift-plugin-server\#SwiftMacros -load-resolved-plugin /Applications/Xcode-27.0.0-Release.Candidate.app/Contents/Developer/Platforms/WatchOS.platform/Developer/usr/lib/swift/host/plugins/libSwiftUIMacros.dylib\#/Applications/Xcode-27.0.0-Release.Candidate.app/Contents/Developer/Platforms/WatchOS.platform/Developer/usr/bin/swift-plugin-server\#SwiftUIMacros -disable-implicit-swift-modules -Xcc -fno-implicit-modules -Xcc -fno-implicit-module-maps -explicit-swift-module-map-file /Users/admin/builder/spi-builder-workspace/.derivedData/Build/Intermediates.noindex/Nexus.build/Debug-watchos/NexusTests-p.build/Objects-normal/arm64/NexusTests-dependencies-1.json -Xllvm -aarch64-use-tbi -enable-objc-interop -stack-check -sdk /Applications/Xcode-27.0.0-Release.Candidate.app/Contents/Developer/Platforms/WatchOS.platform/Developer/SDKs/WatchOS27.0.sdk -I /Users/admin/builder/spi-builder-workspace/.derivedData/Build/Products/Debug-watchos -Isystem /Applications/Xcode-27.0.0-Release.Candidate.app/Contents/Developer/Platforms/WatchOS.platform/Developer/usr/lib -F /Users/admin/builder/spi-builder-workspace/.derivedData/Build/Products/Debug-watchos/PackageFrameworks -F /Users/admin/builder/spi-builder-workspace/.derivedData/Build/Products/Debug-watchos -F /Applications/Xcode-27.0.0-Release.Candidate.app/Contents/Developer/Platforms/WatchOS.platform/Developer/Library/Frameworks -F /Applications/Xcode-27.0.0-Release.Candidate.app/Contents/Developer/Platforms/WatchOS.platform/Developer/SDKs/WatchOS27.0.sdk/Developer/Library/Frameworks -module-cache-path /Users/admin/builder/spi-builder-workspace/.derivedData/Build/Intermediates.noindex/SwiftExplicitPrecompiledModules -no-color-diagnostics -Xcc -fno-color-diagnostics -enable-testing -g -debug-info-format\=dwarf -dwarf-version\=4 -profile-generate -profile-coverage-mapping -swift-version 5 -Onone -D SWIFT_PACKAGE -D DEBUG -D Xcode -serialize-debugging-options -enable-experimental-feature DebugDescriptionMacro -empty-abi-descriptor -validate-clang-modules-once -clang-build-session-file /Users/admin/builder/spi-builder-workspace/.derivedData/ModuleCache.noindex/Session.modulevalidation -Xcc -working-directory -Xcc /Users/admin/builder/spi-builder-workspace/.swiftpm/xcode -enable-anonymous-context-mangled-names -file-compilation-dir /Users/admin/builder/spi-builder-workspace/.swiftpm/xcode -Xcc -D_LIBCPP_HARDENING_MODE\=_LIBCPP_HARDENING_MODE_DEBUG -Xcc -ivfsstatcache -Xcc /Users/admin/builder/spi-builder-workspace/.derivedData/SDKStatCaches.noindex/watchos27.0-24R360-e829b21a6f8c9b70876ba0858053c04477534ef55a1706bf4c1112bbb242f0a2.sdkstatcache -Xcc -fmodules-prune-interval\=86400 -Xcc -fmodules-prune-after\=345600 -Xcc -I/Users/admin/builder/spi-builder-workspace/.derivedData/Build/Products/Debug-watchos/include -Xcc -I/Users/admin/builder/spi-builder-workspace/.derivedData/Build/Intermediates.noindex/Nexus.build/Debug-watchos/NexusTests-p.build/DerivedSources-normal/arm64 -Xcc -I/Users/admin/builder/spi-builder-workspace/.derivedData/Build/Intermediates.noindex/Nexus.build/Debug-watchos/NexusTests-p.build/DerivedSources/arm64 -Xcc -I/Users/admin/builder/spi-builder-workspace/.derivedData/Build/Intermediates.noindex/Nexus.build/Debug-watchos/NexusTests-p.build/DerivedSources -Xcc -DSWIFT_PACKAGE -Xcc -DDEBUG\=1 -no-auto-bridging-header-chaining -module-name NexusTests -const-gather-protocols-file /Users/admin/builder/spi-builder-workspace/.derivedData/Build/Intermediates.noindex/Nexus.build/Debug-watchos/NexusTests-p.build/Objects-normal/arm64/NexusTests_const_extract_protocols.json -disable-clang-spi -clang-target arm64-apple-watchos27.0 -target-sdk-version 27.0 -target-sdk-name watchos27.0 -in-process-plugin-server-path /Applications/Xcode-27.0.0-Release.Candidate.app/Contents/Developer/Toolchains/XcodeDefault.xctoolchain/usr/lib/swift/host/libSwiftInProcPluginServer.dylib -parse-as-library -o /Users/admin/builder/spi-builder-workspace/.derivedData/Build/Intermediates.noindex/Nexus.build/Debug-watchos/NexusTests-p.build/Objects-normal/arm64/CommunicationServiceTests.o -debug-module-path /Users/admin/builder/spi-builder-workspace/.derivedData/Build/Intermediates.noindex/Nexus.build/Debug-watchos/NexusTests-p.build/Objects-normal/arm64/NexusTests.swiftmodule -index-unit-output-path /Nexus.build/Debug-watchos/NexusTests-p.build/Objects-normal/arm64/CommunicationServiceTests.o -index-store-path /Users/admin/builder/spi-builder-workspace/.derivedData/Index.noindex/DataStore -index-system-modules
SwiftCompile normal arm64 /Users/admin/builder/spi-builder-workspace/Tests/NexusTests/UnitTests/CommunicationServiceTests.swift (in target 'NexusTests-product' from project 'Nexus')
cd /Users/admin/builder/spi-builder-workspace/.swiftpm/xcode
builtin-SwiftPerFileCompile CommunicationServiceTests.swift
SwiftDriverJobDiscovery normal arm64_32 Compiling SessionMock.swift (in target 'NexusTests-product' from project 'Nexus')
SwiftCompile normal arm64 Compiling\ WatchConnectivityService.swift /Users/admin/builder/spi-builder-workspace/Tests/NexusTests/UnitTests/WatchConnectivityService.swift (in target 'NexusTests-product' from project 'Nexus')
/Users/admin/builder/spi-builder-workspace/Tests/NexusTests/UnitTests/WatchConnectivityService.swift:99:67: error: cannot find 'MessageMock' in scope
97 | func test_thatWatchConnectivityServiceSendsMessageTriggeringErrorHandler_whenCompanionAppIsNotInstalled() {
98 | // given
99 | let message = MessageBuilderHelper.makeDictonary(for: MessageMock())
| `- error: cannot find 'MessageMock' in scope
100 |
101 | sessionMock.stubbedActivationState = .activated
/Users/admin/builder/spi-builder-workspace/Tests/NexusTests/UnitTests/WatchConnectivityService.swift:102:25: error: cannot assign to property: 'isCompanionAppInstalled' is a get-only property
100 |
101 | sessionMock.stubbedActivationState = .activated
102 | sessionMock.isCompanionAppInstalled = false
| `- error: cannot assign to property: 'isCompanionAppInstalled' is a get-only property
103 |
104 | // when
Failed frontend command:
/Applications/Xcode-27.0.0-Release.Candidate.app/Contents/Developer/Toolchains/XcodeDefault.xctoolchain/usr/bin/swift-frontend -frontend -c /Users/admin/builder/spi-builder-workspace/Tests/NexusTests/Helpers/MessageBuilderHelper.swift /Users/admin/builder/spi-builder-workspace/Tests/NexusTests/Mocks/CommunicationServiceDelegateMock.swift /Users/admin/builder/spi-builder-workspace/Tests/NexusTests/Mocks/NotificationCenterMock.swift /Users/admin/builder/spi-builder-workspace/Tests/NexusTests/Mocks/SessionCompatibleProviderMock.swift /Users/admin/builder/spi-builder-workspace/Tests/NexusTests/Mocks/SessionMock.swift /Users/admin/builder/spi-builder-workspace/Tests/NexusTests/Mocks/WatchConnectivityServiceDelegateMock.swift /Users/admin/builder/spi-builder-workspace/Tests/NexusTests/Mocks/WatchConnectivityServiceMock.swift /Users/admin/builder/spi-builder-workspace/Tests/NexusTests/Stubs/MessageStub.swift /Users/admin/builder/spi-builder-workspace/Tests/NexusTests/UnitTests/CommunicationServiceTests.swift /Users/admin/builder/spi-builder-workspace/Tests/NexusTests/UnitTests/SessionCompatibleProviderTests.swift -primary-file /Users/admin/builder/spi-builder-workspace/Tests/NexusTests/UnitTests/WatchConnectivityService.swift -emit-dependencies-path /Users/admin/builder/spi-builder-workspace/.derivedData/Build/Intermediates.noindex/Nexus.build/Debug-watchos/NexusTests-p.build/Objects-normal/arm64/WatchConnectivityService.d -emit-const-values-path /Users/admin/builder/spi-builder-workspace/.derivedData/Build/Intermediates.noindex/Nexus.build/Debug-watchos/NexusTests-p.build/Objects-normal/arm64/WatchConnectivityService.swiftconstvalues -emit-reference-dependencies-path /Users/admin/builder/spi-builder-workspace/.derivedData/Build/Intermediates.noindex/Nexus.build/Debug-watchos/NexusTests-p.build/Objects-normal/arm64/WatchConnectivityService.swiftdeps -serialize-diagnostics-path /Users/admin/builder/spi-builder-workspace/.derivedData/Build/Intermediates.noindex/Nexus.build/Debug-watchos/NexusTests-p.build/Objects-normal/arm64/WatchConnectivityService.dia -target arm64-apple-watchos10.0 -disable-cross-import-overlay-search -load-resolved-plugin /Applications/Xcode-27.0.0-Release.Candidate.app/Contents/Developer/Platforms/WatchOS.platform/Developer/usr/lib/swift/host/plugins/libFoundationMacros.dylib\#/Applications/Xcode-27.0.0-Release.Candidate.app/Contents/Developer/Platforms/WatchOS.platform/Developer/usr/bin/swift-plugin-server\#FoundationMacros -load-resolved-plugin /Applications/Xcode-27.0.0-Release.Candidate.app/Contents/Developer/Platforms/WatchOS.platform/Developer/usr/lib/swift/host/plugins/libObservationMacros.dylib\#/Applications/Xcode-27.0.0-Release.Candidate.app/Contents/Developer/Platforms/WatchOS.platform/Developer/usr/bin/swift-plugin-server\#ObservationMacros -load-resolved-plugin /Applications/Xcode-27.0.0-Release.Candidate.app/Contents/Developer/Platforms/WatchOS.platform/Developer/usr/lib/swift/host/plugins/libSwiftMacros.dylib\#/Applications/Xcode-27.0.0-Release.Candidate.app/Contents/Developer/Platforms/WatchOS.platform/Developer/usr/bin/swift-plugin-server\#SwiftMacros -load-resolved-plugin /Applications/Xcode-27.0.0-Release.Candidate.app/Contents/Developer/Platforms/WatchOS.platform/Developer/usr/lib/swift/host/plugins/libSwiftUIMacros.dylib\#/Applications/Xcode-27.0.0-Release.Candidate.app/Contents/Developer/Platforms/WatchOS.platform/Developer/usr/bin/swift-plugin-server\#SwiftUIMacros -disable-implicit-swift-modules -Xcc -fno-implicit-modules -Xcc -fno-implicit-module-maps -explicit-swift-module-map-file /Users/admin/builder/spi-builder-workspace/.derivedData/Build/Intermediates.noindex/Nexus.build/Debug-watchos/NexusTests-p.build/Objects-normal/arm64/NexusTests-dependencies-1.json -Xllvm -aarch64-use-tbi -enable-objc-interop -stack-check -sdk /Applications/Xcode-27.0.0-Release.Candidate.app/Contents/Developer/Platforms/WatchOS.platform/Developer/SDKs/WatchOS27.0.sdk -I /Users/admin/builder/spi-builder-workspace/.derivedData/Build/Products/Debug-watchos -Isystem /Applications/Xcode-27.0.0-Release.Candidate.app/Contents/Developer/Platforms/WatchOS.platform/Developer/usr/lib -F /Users/admin/builder/spi-builder-workspace/.derivedData/Build/Products/Debug-watchos/PackageFrameworks -F /Users/admin/builder/spi-builder-workspace/.derivedData/Build/Products/Debug-watchos -F /Applications/Xcode-27.0.0-Release.Candidate.app/Contents/Developer/Platforms/WatchOS.platform/Developer/Library/Frameworks -F /Applications/Xcode-27.0.0-Release.Candidate.app/Contents/Developer/Platforms/WatchOS.platform/Developer/SDKs/WatchOS27.0.sdk/Developer/Library/Frameworks -module-cache-path /Users/admin/builder/spi-builder-workspace/.derivedData/Build/Intermediates.noindex/SwiftExplicitPrecompiledModules -no-color-diagnostics -Xcc -fno-color-diagnostics -enable-testing -g -debug-info-format\=dwarf -dwarf-version\=4 -profile-generate -profile-coverage-mapping -swift-version 5 -Onone -D SWIFT_PACKAGE -D DEBUG -D Xcode -serialize-debugging-options -enable-experimental-feature DebugDescriptionMacro -empty-abi-descriptor -validate-clang-modules-once -clang-build-session-file /Users/admin/builder/spi-builder-workspace/.derivedData/ModuleCache.noindex/Session.modulevalidation -Xcc -working-directory -Xcc /Users/admin/builder/spi-builder-workspace/.swiftpm/xcode -enable-anonymous-context-mangled-names -file-compilation-dir /Users/admin/builder/spi-builder-workspace/.swiftpm/xcode -Xcc -D_LIBCPP_HARDENING_MODE\=_LIBCPP_HARDENING_MODE_DEBUG -Xcc -ivfsstatcache -Xcc /Users/admin/builder/spi-builder-workspace/.derivedData/SDKStatCaches.noindex/watchos27.0-24R360-e829b21a6f8c9b70876ba0858053c04477534ef55a1706bf4c1112bbb242f0a2.sdkstatcache -Xcc -fmodules-prune-interval\=86400 -Xcc -fmodules-prune-after\=345600 -Xcc -I/Users/admin/builder/spi-builder-workspace/.derivedData/Build/Products/Debug-watchos/include -Xcc -I/Users/admin/builder/spi-builder-workspace/.derivedData/Build/Intermediates.noindex/Nexus.build/Debug-watchos/NexusTests-p.build/DerivedSources-normal/arm64 -Xcc -I/Users/admin/builder/spi-builder-workspace/.derivedData/Build/Intermediates.noindex/Nexus.build/Debug-watchos/NexusTests-p.build/DerivedSources/arm64 -Xcc -I/Users/admin/builder/spi-builder-workspace/.derivedData/Build/Intermediates.noindex/Nexus.build/Debug-watchos/NexusTests-p.build/DerivedSources -Xcc -DSWIFT_PACKAGE -Xcc -DDEBUG\=1 -no-auto-bridging-header-chaining -module-name NexusTests -const-gather-protocols-file /Users/admin/builder/spi-builder-workspace/.derivedData/Build/Intermediates.noindex/Nexus.build/Debug-watchos/NexusTests-p.build/Objects-normal/arm64/NexusTests_const_extract_protocols.json -disable-clang-spi -clang-target arm64-apple-watchos27.0 -target-sdk-version 27.0 -target-sdk-name watchos27.0 -in-process-plugin-server-path /Applications/Xcode-27.0.0-Release.Candidate.app/Contents/Developer/Toolchains/XcodeDefault.xctoolchain/usr/lib/swift/host/libSwiftInProcPluginServer.dylib -parse-as-library -o /Users/admin/builder/spi-builder-workspace/.derivedData/Build/Intermediates.noindex/Nexus.build/Debug-watchos/NexusTests-p.build/Objects-normal/arm64/WatchConnectivityService.o -debug-module-path /Users/admin/builder/spi-builder-workspace/.derivedData/Build/Intermediates.noindex/Nexus.build/Debug-watchos/NexusTests-p.build/Objects-normal/arm64/NexusTests.swiftmodule -index-unit-output-path /Nexus.build/Debug-watchos/NexusTests-p.build/Objects-normal/arm64/WatchConnectivityService.o -index-store-path /Users/admin/builder/spi-builder-workspace/.derivedData/Index.noindex/DataStore -index-system-modules
SwiftCompile normal arm64 /Users/admin/builder/spi-builder-workspace/Tests/NexusTests/UnitTests/WatchConnectivityService.swift (in target 'NexusTests-product' from project 'Nexus')
cd /Users/admin/builder/spi-builder-workspace/.swiftpm/xcode
builtin-SwiftPerFileCompile WatchConnectivityService.swift
SwiftDriverJobDiscovery normal arm64_32 Emitting module for NexusTests (in target 'NexusTests-product' from project 'Nexus')
SwiftDriver\ Compilation\ Requirements NexusTests normal arm64_32 com.apple.xcode.tools.swift.compiler (in target 'NexusTests-product' from project 'Nexus')
cd /Users/admin/builder/spi-builder-workspace/.swiftpm/xcode
builtin-Swift-Compilation-Requirements -- /Applications/Xcode-27.0.0-Release.Candidate.app/Contents/Developer/Toolchains/XcodeDefault.xctoolchain/usr/bin/swiftc -parse-as-library -module-name NexusTests -Onone @/Users/admin/builder/spi-builder-workspace/.derivedData/Build/Intermediates.noindex/Nexus.build/Debug-watchos/NexusTests-p.build/Objects-normal/arm64_32/NexusTests.SwiftFileList -DSWIFT_PACKAGE -DDEBUG -DXcode -plugin-path /Applications/Xcode-27.0.0-Release.Candidate.app/Contents/Developer/Toolchains/XcodeDefault.xctoolchain/usr/lib/swift/host/plugins/testing -enable-experimental-feature DebugDescriptionMacro -sdk /Applications/Xcode-27.0.0-Release.Candidate.app/Contents/Developer/Platforms/WatchOS.platform/Developer/SDKs/WatchOS27.0.sdk -target arm64_32-apple-watchos10.0 -g -module-cache-path /Users/admin/builder/spi-builder-workspace/.derivedData/ModuleCache.noindex -Xfrontend -serialize-debugging-options -profile-coverage-mapping -profile-generate -enable-testing -index-store-path /Users/admin/builder/spi-builder-workspace/.derivedData/Index.noindex/DataStore -Xcc -D_LIBCPP_HARDENING_MODE\=_LIBCPP_HARDENING_MODE_DEBUG -swift-version 5 -I /Users/admin/builder/spi-builder-workspace/.derivedData/Build/Products/Debug-watchos -Isystem /Applications/Xcode-27.0.0-Release.Candidate.app/Contents/Developer/Platforms/WatchOS.platform/Developer/usr/lib -F /Users/admin/builder/spi-builder-workspace/.derivedData/Build/Products/Debug-watchos/PackageFrameworks -F /Users/admin/builder/spi-builder-workspace/.derivedData/Build/Products/Debug-watchos -F /Applications/Xcode-27.0.0-Release.Candidate.app/Contents/Developer/Platforms/WatchOS.platform/Developer/Library/Frameworks -F /Applications/Xcode-27.0.0-Release.Candidate.app/Contents/Developer/Platforms/WatchOS.platform/Developer/SDKs/WatchOS27.0.sdk/Developer/Library/Frameworks -c -j10 -enable-batch-mode -incremental -Xcc -ivfsstatcache -Xcc /Users/admin/builder/spi-builder-workspace/.derivedData/SDKStatCaches.noindex/watchos27.0-24R360-e829b21a6f8c9b70876ba0858053c04477534ef55a1706bf4c1112bbb242f0a2.sdkstatcache -output-file-map /Users/admin/builder/spi-builder-workspace/.derivedData/Build/Intermediates.noindex/Nexus.build/Debug-watchos/NexusTests-p.build/Objects-normal/arm64_32/NexusTests-OutputFileMap.json -save-temps -no-color-diagnostics -explicit-module-build -module-cache-path /Users/admin/builder/spi-builder-workspace/.derivedData/Build/Intermediates.noindex/SwiftExplicitPrecompiledModules -clang-scanner-module-cache-path /Users/admin/builder/spi-builder-workspace/.derivedData/ModuleCache.noindex -sdk-module-cache-path /Users/admin/builder/spi-builder-workspace/.derivedData/SDKExplicitPrecompiledModules -emit-dependencies -emit-module -emit-module-path /Users/admin/builder/spi-builder-workspace/.derivedData/Build/Intermediates.noindex/Nexus.build/Debug-watchos/NexusTests-p.build/Objects-normal/arm64_32/NexusTests.swiftmodule -serialize-diagnostics -dependency-scan-serialize-diagnostics-path /Users/admin/builder/spi-builder-workspace/.derivedData/Build/Intermediates.noindex/Nexus.build/Debug-watchos/NexusTests-p.build/Objects-normal/arm64_32/NexusTests-dependency-scan.dia -validate-clang-modules-once -clang-build-session-file /Users/admin/builder/spi-builder-workspace/.derivedData/ModuleCache.noindex/Session.modulevalidation -Xcc -fmodules-prune-interval\=86400 -Xcc -fmodules-prune-after\=345600 -emit-const-values -const-gather-protocols-list /Users/admin/builder/spi-builder-workspace/.derivedData/Build/Intermediates.noindex/Nexus.build/Debug-watchos/NexusTests-p.build/Objects-normal/arm64_32/NexusTests_const_extract_protocols.json -Xcc -I/Users/admin/builder/spi-builder-workspace/.derivedData/Build/Products/Debug-watchos/include -Xcc -I/Users/admin/builder/spi-builder-workspace/.derivedData/Build/Intermediates.noindex/Nexus.build/Debug-watchos/NexusTests-p.build/DerivedSources-normal/arm64_32 -Xcc -I/Users/admin/builder/spi-builder-workspace/.derivedData/Build/Intermediates.noindex/Nexus.build/Debug-watchos/NexusTests-p.build/DerivedSources/arm64_32 -Xcc -I/Users/admin/builder/spi-builder-workspace/.derivedData/Build/Intermediates.noindex/Nexus.build/Debug-watchos/NexusTests-p.build/DerivedSources -Xcc -DSWIFT_PACKAGE -Xcc -DDEBUG\=1 -working-directory /Users/admin/builder/spi-builder-workspace/.swiftpm/xcode -experimental-emit-module-separately -disable-cmo
SwiftDriverJobDiscovery normal arm64_32 Compiling MessageBuilderHelper.swift, CommunicationServiceDelegateMock.swift (in target 'NexusTests-product' from project 'Nexus')
SwiftCompile normal arm64 Compiling\ SessionMock.swift /Users/admin/builder/spi-builder-workspace/Tests/NexusTests/Mocks/SessionMock.swift (in target 'NexusTests-product' from project 'Nexus')
SwiftCompile normal arm64 /Users/admin/builder/spi-builder-workspace/Tests/NexusTests/Mocks/SessionMock.swift (in target 'NexusTests-product' from project 'Nexus')
cd /Users/admin/builder/spi-builder-workspace/.swiftpm/xcode
builtin-SwiftPerFileCompile SessionMock.swift
SwiftDriverJobDiscovery normal arm64_32 Compiling WatchConnectivityServiceDelegateMock.swift (in target 'NexusTests-product' from project 'Nexus')
Copy /Users/admin/builder/spi-builder-workspace/.derivedData/Build/Products/Debug-watchos/NexusTests.swiftmodule/arm64_32-apple-watchos.swiftmodule /Users/admin/builder/spi-builder-workspace/.derivedData/Build/Intermediates.noindex/Nexus.build/Debug-watchos/NexusTests-p.build/Objects-normal/arm64_32/NexusTests.swiftmodule (in target 'NexusTests-product' from project 'Nexus')
cd /Users/admin/builder/spi-builder-workspace
builtin-copy -exclude .DS_Store -exclude CVS -exclude .svn -exclude .git -exclude .hg -resolve-src-symlinks -rename /Users/admin/builder/spi-builder-workspace/.derivedData/Build/Intermediates.noindex/Nexus.build/Debug-watchos/NexusTests-p.build/Objects-normal/arm64_32/NexusTests.swiftmodule /Users/admin/builder/spi-builder-workspace/.derivedData/Build/Products/Debug-watchos/NexusTests.swiftmodule/arm64_32-apple-watchos.swiftmodule
Copy /Users/admin/builder/spi-builder-workspace/.derivedData/Build/Products/Debug-watchos/NexusTests.swiftmodule/arm64_32-apple-watchos.swiftdoc /Users/admin/builder/spi-builder-workspace/.derivedData/Build/Intermediates.noindex/Nexus.build/Debug-watchos/NexusTests-p.build/Objects-normal/arm64_32/NexusTests.swiftdoc (in target 'NexusTests-product' from project 'Nexus')
cd /Users/admin/builder/spi-builder-workspace
builtin-copy -exclude .DS_Store -exclude CVS -exclude .svn -exclude .git -exclude .hg -resolve-src-symlinks -rename /Users/admin/builder/spi-builder-workspace/.derivedData/Build/Intermediates.noindex/Nexus.build/Debug-watchos/NexusTests-p.build/Objects-normal/arm64_32/NexusTests.swiftdoc /Users/admin/builder/spi-builder-workspace/.derivedData/Build/Products/Debug-watchos/NexusTests.swiftmodule/arm64_32-apple-watchos.swiftdoc
Copy /Users/admin/builder/spi-builder-workspace/.derivedData/Build/Products/Debug-watchos/NexusTests.swiftmodule/arm64_32-apple-watchos.abi.json /Users/admin/builder/spi-builder-workspace/.derivedData/Build/Intermediates.noindex/Nexus.build/Debug-watchos/NexusTests-p.build/Objects-normal/arm64_32/NexusTests.abi.json (in target 'NexusTests-product' from project 'Nexus')
cd /Users/admin/builder/spi-builder-workspace
builtin-copy -exclude .DS_Store -exclude CVS -exclude .svn -exclude .git -exclude .hg -resolve-src-symlinks -rename /Users/admin/builder/spi-builder-workspace/.derivedData/Build/Intermediates.noindex/Nexus.build/Debug-watchos/NexusTests-p.build/Objects-normal/arm64_32/NexusTests.abi.json /Users/admin/builder/spi-builder-workspace/.derivedData/Build/Products/Debug-watchos/NexusTests.swiftmodule/arm64_32-apple-watchos.abi.json
Copy /Users/admin/builder/spi-builder-workspace/.derivedData/Build/Products/Debug-watchos/NexusTests.swiftmodule/Project/arm64_32-apple-watchos.swiftsourceinfo /Users/admin/builder/spi-builder-workspace/.derivedData/Build/Intermediates.noindex/Nexus.build/Debug-watchos/NexusTests-p.build/Objects-normal/arm64_32/NexusTests.swiftsourceinfo (in target 'NexusTests-product' from project 'Nexus')
cd /Users/admin/builder/spi-builder-workspace
builtin-copy -exclude .DS_Store -exclude CVS -exclude .svn -exclude .git -exclude .hg -resolve-src-symlinks -rename /Users/admin/builder/spi-builder-workspace/.derivedData/Build/Intermediates.noindex/Nexus.build/Debug-watchos/NexusTests-p.build/Objects-normal/arm64_32/NexusTests.swiftsourceinfo /Users/admin/builder/spi-builder-workspace/.derivedData/Build/Products/Debug-watchos/NexusTests.swiftmodule/Project/arm64_32-apple-watchos.swiftsourceinfo
SwiftCompile normal arm64 Compiling\ WatchConnectivityServiceDelegateMock.swift /Users/admin/builder/spi-builder-workspace/Tests/NexusTests/Mocks/WatchConnectivityServiceDelegateMock.swift (in target 'NexusTests-product' from project 'Nexus')
SwiftCompile normal arm64 /Users/admin/builder/spi-builder-workspace/Tests/NexusTests/Mocks/WatchConnectivityServiceDelegateMock.swift (in target 'NexusTests-product' from project 'Nexus')
cd /Users/admin/builder/spi-builder-workspace/.swiftpm/xcode
builtin-SwiftPerFileCompile WatchConnectivityServiceDelegateMock.swift
SwiftCompile normal arm64_32 Compiling\ NotificationCenterMock.swift /Users/admin/builder/spi-builder-workspace/Tests/NexusTests/Mocks/NotificationCenterMock.swift (in target 'NexusTests-product' from project 'Nexus')
SwiftCompile normal arm64_32 /Users/admin/builder/spi-builder-workspace/Tests/NexusTests/Mocks/NotificationCenterMock.swift (in target 'NexusTests-product' from project 'Nexus')
cd /Users/admin/builder/spi-builder-workspace/.swiftpm/xcode
builtin-SwiftPerFileCompile NotificationCenterMock.swift
SwiftDriverJobDiscovery normal arm64 Compiling NotificationCenterMock.swift (in target 'NexusTests-product' from project 'Nexus')
SwiftCompile normal arm64 Compiling\ SessionCompatibleProviderTests.swift /Users/admin/builder/spi-builder-workspace/Tests/NexusTests/UnitTests/SessionCompatibleProviderTests.swift (in target 'NexusTests-product' from project 'Nexus')
SwiftCompile normal arm64 /Users/admin/builder/spi-builder-workspace/Tests/NexusTests/UnitTests/SessionCompatibleProviderTests.swift (in target 'NexusTests-product' from project 'Nexus')
cd /Users/admin/builder/spi-builder-workspace/.swiftpm/xcode
builtin-SwiftPerFileCompile SessionCompatibleProviderTests.swift
SwiftDriverJobDiscovery normal arm64 Emitting module for NexusTests (in target 'NexusTests-product' from project 'Nexus')
SwiftDriver\ Compilation\ Requirements NexusTests normal arm64 com.apple.xcode.tools.swift.compiler (in target 'NexusTests-product' from project 'Nexus')
cd /Users/admin/builder/spi-builder-workspace/.swiftpm/xcode
builtin-Swift-Compilation-Requirements -- /Applications/Xcode-27.0.0-Release.Candidate.app/Contents/Developer/Toolchains/XcodeDefault.xctoolchain/usr/bin/swiftc -parse-as-library -module-name NexusTests -Onone @/Users/admin/builder/spi-builder-workspace/.derivedData/Build/Intermediates.noindex/Nexus.build/Debug-watchos/NexusTests-p.build/Objects-normal/arm64/NexusTests.SwiftFileList -DSWIFT_PACKAGE -DDEBUG -DXcode -plugin-path /Applications/Xcode-27.0.0-Release.Candidate.app/Contents/Developer/Toolchains/XcodeDefault.xctoolchain/usr/lib/swift/host/plugins/testing -enable-experimental-feature DebugDescriptionMacro -sdk /Applications/Xcode-27.0.0-Release.Candidate.app/Contents/Developer/Platforms/WatchOS.platform/Developer/SDKs/WatchOS27.0.sdk -target arm64-apple-watchos10.0 -g -module-cache-path /Users/admin/builder/spi-builder-workspace/.derivedData/ModuleCache.noindex -Xfrontend -serialize-debugging-options -profile-coverage-mapping -profile-generate -enable-testing -index-store-path /Users/admin/builder/spi-builder-workspace/.derivedData/Index.noindex/DataStore -Xcc -D_LIBCPP_HARDENING_MODE\=_LIBCPP_HARDENING_MODE_DEBUG -swift-version 5 -I /Users/admin/builder/spi-builder-workspace/.derivedData/Build/Products/Debug-watchos -Isystem /Applications/Xcode-27.0.0-Release.Candidate.app/Contents/Developer/Platforms/WatchOS.platform/Developer/usr/lib -F /Users/admin/builder/spi-builder-workspace/.derivedData/Build/Products/Debug-watchos/PackageFrameworks -F /Users/admin/builder/spi-builder-workspace/.derivedData/Build/Products/Debug-watchos -F /Applications/Xcode-27.0.0-Release.Candidate.app/Contents/Developer/Platforms/WatchOS.platform/Developer/Library/Frameworks -F /Applications/Xcode-27.0.0-Release.Candidate.app/Contents/Developer/Platforms/WatchOS.platform/Developer/SDKs/WatchOS27.0.sdk/Developer/Library/Frameworks -c -j10 -enable-batch-mode -incremental -Xcc -ivfsstatcache -Xcc /Users/admin/builder/spi-builder-workspace/.derivedData/SDKStatCaches.noindex/watchos27.0-24R360-e829b21a6f8c9b70876ba0858053c04477534ef55a1706bf4c1112bbb242f0a2.sdkstatcache -output-file-map /Users/admin/builder/spi-builder-workspace/.derivedData/Build/Intermediates.noindex/Nexus.build/Debug-watchos/NexusTests-p.build/Objects-normal/arm64/NexusTests-OutputFileMap.json -save-temps -no-color-diagnostics -explicit-module-build -module-cache-path /Users/admin/builder/spi-builder-workspace/.derivedData/Build/Intermediates.noindex/SwiftExplicitPrecompiledModules -clang-scanner-module-cache-path /Users/admin/builder/spi-builder-workspace/.derivedData/ModuleCache.noindex -sdk-module-cache-path /Users/admin/builder/spi-builder-workspace/.derivedData/SDKExplicitPrecompiledModules -emit-dependencies -emit-module -emit-module-path /Users/admin/builder/spi-builder-workspace/.derivedData/Build/Intermediates.noindex/Nexus.build/Debug-watchos/NexusTests-p.build/Objects-normal/arm64/NexusTests.swiftmodule -serialize-diagnostics -dependency-scan-serialize-diagnostics-path /Users/admin/builder/spi-builder-workspace/.derivedData/Build/Intermediates.noindex/Nexus.build/Debug-watchos/NexusTests-p.build/Objects-normal/arm64/NexusTests-dependency-scan.dia -validate-clang-modules-once -clang-build-session-file /Users/admin/builder/spi-builder-workspace/.derivedData/ModuleCache.noindex/Session.modulevalidation -Xcc -fmodules-prune-interval\=86400 -Xcc -fmodules-prune-after\=345600 -emit-const-values -const-gather-protocols-list /Users/admin/builder/spi-builder-workspace/.derivedData/Build/Intermediates.noindex/Nexus.build/Debug-watchos/NexusTests-p.build/Objects-normal/arm64/NexusTests_const_extract_protocols.json -Xcc -I/Users/admin/builder/spi-builder-workspace/.derivedData/Build/Products/Debug-watchos/include -Xcc -I/Users/admin/builder/spi-builder-workspace/.derivedData/Build/Intermediates.noindex/Nexus.build/Debug-watchos/NexusTests-p.build/DerivedSources-normal/arm64 -Xcc -I/Users/admin/builder/spi-builder-workspace/.derivedData/Build/Intermediates.noindex/Nexus.build/Debug-watchos/NexusTests-p.build/DerivedSources/arm64 -Xcc -I/Users/admin/builder/spi-builder-workspace/.derivedData/Build/Intermediates.noindex/Nexus.build/Debug-watchos/NexusTests-p.build/DerivedSources -Xcc -DSWIFT_PACKAGE -Xcc -DDEBUG\=1 -working-directory /Users/admin/builder/spi-builder-workspace/.swiftpm/xcode -experimental-emit-module-separately -disable-cmo
SwiftDriverJobDiscovery normal arm64 Compiling WatchConnectivityServiceMock.swift (in target 'NexusTests-product' from project 'Nexus')
SwiftCompile normal arm64 Compiling\ MessageStub.swift /Users/admin/builder/spi-builder-workspace/Tests/NexusTests/Stubs/MessageStub.swift (in target 'NexusTests-product' from project 'Nexus')
SwiftCompile normal arm64 /Users/admin/builder/spi-builder-workspace/Tests/NexusTests/Stubs/MessageStub.swift (in target 'NexusTests-product' from project 'Nexus')
cd /Users/admin/builder/spi-builder-workspace/.swiftpm/xcode
builtin-SwiftPerFileCompile MessageStub.swift
Copy /Users/admin/builder/spi-builder-workspace/.derivedData/Build/Products/Debug-watchos/NexusTests.swiftmodule/arm64-apple-watchos.swiftmodule /Users/admin/builder/spi-builder-workspace/.derivedData/Build/Intermediates.noindex/Nexus.build/Debug-watchos/NexusTests-p.build/Objects-normal/arm64/NexusTests.swiftmodule (in target 'NexusTests-product' from project 'Nexus')
cd /Users/admin/builder/spi-builder-workspace
builtin-copy -exclude .DS_Store -exclude CVS -exclude .svn -exclude .git -exclude .hg -resolve-src-symlinks -rename /Users/admin/builder/spi-builder-workspace/.derivedData/Build/Intermediates.noindex/Nexus.build/Debug-watchos/NexusTests-p.build/Objects-normal/arm64/NexusTests.swiftmodule /Users/admin/builder/spi-builder-workspace/.derivedData/Build/Products/Debug-watchos/NexusTests.swiftmodule/arm64-apple-watchos.swiftmodule
SwiftDriverJobDiscovery normal arm64 Compiling SessionMock.swift (in target 'NexusTests-product' from project 'Nexus')
Copy /Users/admin/builder/spi-builder-workspace/.derivedData/Build/Products/Debug-watchos/NexusTests.swiftmodule/arm64-apple-watchos.swiftdoc /Users/admin/builder/spi-builder-workspace/.derivedData/Build/Intermediates.noindex/Nexus.build/Debug-watchos/NexusTests-p.build/Objects-normal/arm64/NexusTests.swiftdoc (in target 'NexusTests-product' from project 'Nexus')
cd /Users/admin/builder/spi-builder-workspace
builtin-copy -exclude .DS_Store -exclude CVS -exclude .svn -exclude .git -exclude .hg -resolve-src-symlinks -rename /Users/admin/builder/spi-builder-workspace/.derivedData/Build/Intermediates.noindex/Nexus.build/Debug-watchos/NexusTests-p.build/Objects-normal/arm64/NexusTests.swiftdoc /Users/admin/builder/spi-builder-workspace/.derivedData/Build/Products/Debug-watchos/NexusTests.swiftmodule/arm64-apple-watchos.swiftdoc
Copy /Users/admin/builder/spi-builder-workspace/.derivedData/Build/Products/Debug-watchos/NexusTests.swiftmodule/arm64-apple-watchos.abi.json /Users/admin/builder/spi-builder-workspace/.derivedData/Build/Intermediates.noindex/Nexus.build/Debug-watchos/NexusTests-p.build/Objects-normal/arm64/NexusTests.abi.json (in target 'NexusTests-product' from project 'Nexus')
cd /Users/admin/builder/spi-builder-workspace
builtin-copy -exclude .DS_Store -exclude CVS -exclude .svn -exclude .git -exclude .hg -resolve-src-symlinks -rename /Users/admin/builder/spi-builder-workspace/.derivedData/Build/Intermediates.noindex/Nexus.build/Debug-watchos/NexusTests-p.build/Objects-normal/arm64/NexusTests.abi.json /Users/admin/builder/spi-builder-workspace/.derivedData/Build/Products/Debug-watchos/NexusTests.swiftmodule/arm64-apple-watchos.abi.json
Copy /Users/admin/builder/spi-builder-workspace/.derivedData/Build/Products/Debug-watchos/NexusTests.swiftmodule/Project/arm64-apple-watchos.swiftsourceinfo /Users/admin/builder/spi-builder-workspace/.derivedData/Build/Intermediates.noindex/Nexus.build/Debug-watchos/NexusTests-p.build/Objects-normal/arm64/NexusTests.swiftsourceinfo (in target 'NexusTests-product' from project 'Nexus')
cd /Users/admin/builder/spi-builder-workspace
builtin-copy -exclude .DS_Store -exclude CVS -exclude .svn -exclude .git -exclude .hg -resolve-src-symlinks -rename /Users/admin/builder/spi-builder-workspace/.derivedData/Build/Intermediates.noindex/Nexus.build/Debug-watchos/NexusTests-p.build/Objects-normal/arm64/NexusTests.swiftsourceinfo /Users/admin/builder/spi-builder-workspace/.derivedData/Build/Products/Debug-watchos/NexusTests.swiftmodule/Project/arm64-apple-watchos.swiftsourceinfo
SwiftCompile normal arm64 Compiling\ SessionCompatibleProviderMock.swift /Users/admin/builder/spi-builder-workspace/Tests/NexusTests/Mocks/SessionCompatibleProviderMock.swift (in target 'NexusTests-product' from project 'Nexus')
SwiftCompile normal arm64 /Users/admin/builder/spi-builder-workspace/Tests/NexusTests/Mocks/SessionCompatibleProviderMock.swift (in target 'NexusTests-product' from project 'Nexus')
cd /Users/admin/builder/spi-builder-workspace/.swiftpm/xcode
builtin-SwiftPerFileCompile SessionCompatibleProviderMock.swift
SwiftDriverJobDiscovery normal arm64 Compiling WatchConnectivityServiceDelegateMock.swift (in target 'NexusTests-product' from project 'Nexus')
SwiftCompile normal arm64 Compiling\ MessageBuilderHelper.swift,\ CommunicationServiceDelegateMock.swift /Users/admin/builder/spi-builder-workspace/Tests/NexusTests/Helpers/MessageBuilderHelper.swift /Users/admin/builder/spi-builder-workspace/Tests/NexusTests/Mocks/CommunicationServiceDelegateMock.swift (in target 'NexusTests-product' from project 'Nexus')
SwiftCompile normal arm64 /Users/admin/builder/spi-builder-workspace/Tests/NexusTests/Helpers/MessageBuilderHelper.swift (in target 'NexusTests-product' from project 'Nexus')
cd /Users/admin/builder/spi-builder-workspace/.swiftpm/xcode
builtin-SwiftPerFileCompile MessageBuilderHelper.swift
SwiftCompile normal arm64 /Users/admin/builder/spi-builder-workspace/Tests/NexusTests/Mocks/CommunicationServiceDelegateMock.swift (in target 'NexusTests-product' from project 'Nexus')
cd /Users/admin/builder/spi-builder-workspace/.swiftpm/xcode
builtin-SwiftPerFileCompile CommunicationServiceDelegateMock.swift
SwiftDriverJobDiscovery normal arm64 Compiling MessageStub.swift (in target 'NexusTests-product' from project 'Nexus')
SwiftDriverJobDiscovery normal arm64_32 Compiling NotificationCenterMock.swift (in target 'NexusTests-product' from project 'Nexus')
SwiftDriverJobDiscovery normal arm64 Compiling SessionCompatibleProviderMock.swift (in target 'NexusTests-product' from project 'Nexus')
SwiftDriverJobDiscovery normal arm64 Compiling MessageBuilderHelper.swift, CommunicationServiceDelegateMock.swift (in target 'NexusTests-product' from project 'Nexus')
PruneExplicitPrecompiledModules /Users/admin/builder/spi-builder-workspace/.derivedData/Build/Intermediates.noindex/SwiftExplicitPrecompiledModules
PruneExplicitPrecompiledModules /Users/admin/builder/spi-builder-workspace/.derivedData/Build/Intermediates.noindex/ExplicitPrecompiledModules
PruneExplicitPrecompiledModules /Users/admin/builder/spi-builder-workspace/.derivedData/SDKExplicitPrecompiledModules
2026-09-19 12:59:51.211 xcodebuild[649:4194] [MT] IDERunDestination: Supported platforms for the buildables in the current scheme is empty.
2026-09-19 12:59:51.348 xcodebuild[649:4194] [MT] IDERunDestination: Supported platforms for the buildables in the current scheme is empty.
** BUILD FAILED **
The following build commands failed:
SwiftCompile normal arm64_32 Compiling\ WatchConnectivityService.swift /Users/admin/builder/spi-builder-workspace/Tests/NexusTests/UnitTests/WatchConnectivityService.swift (in target 'NexusTests-product' from project 'Nexus')
SwiftCompile normal arm64_32 /Users/admin/builder/spi-builder-workspace/Tests/NexusTests/UnitTests/WatchConnectivityService.swift (in target 'NexusTests-product' from project 'Nexus')
SwiftCompile normal arm64_32 Compiling\ CommunicationServiceTests.swift /Users/admin/builder/spi-builder-workspace/Tests/NexusTests/UnitTests/CommunicationServiceTests.swift (in target 'NexusTests-product' from project 'Nexus')
SwiftCompile normal arm64_32 /Users/admin/builder/spi-builder-workspace/Tests/NexusTests/UnitTests/CommunicationServiceTests.swift (in target 'NexusTests-product' from project 'Nexus')
SwiftCompile normal arm64 Compiling\ CommunicationServiceTests.swift /Users/admin/builder/spi-builder-workspace/Tests/NexusTests/UnitTests/CommunicationServiceTests.swift (in target 'NexusTests-product' from project 'Nexus')
SwiftCompile normal arm64 /Users/admin/builder/spi-builder-workspace/Tests/NexusTests/UnitTests/CommunicationServiceTests.swift (in target 'NexusTests-product' from project 'Nexus')
SwiftCompile normal arm64 Compiling\ WatchConnectivityService.swift /Users/admin/builder/spi-builder-workspace/Tests/NexusTests/UnitTests/WatchConnectivityService.swift (in target 'NexusTests-product' from project 'Nexus')
SwiftCompile normal arm64 /Users/admin/builder/spi-builder-workspace/Tests/NexusTests/UnitTests/WatchConnectivityService.swift (in target 'NexusTests-product' from project 'Nexus')
Building workspace Nexus with scheme Nexus
(9 failures)
Command line invocation:
/Applications/Xcode-27.0.0-Release.Candidate.app/Contents/Developer/usr/bin/xcodebuild -IDEClonedSourcePackagesDirPathOverride=/Users/admin/builder/spi-builder-workspace/.dependencies -resolvePackageDependencies
Resolve Package Graph
Resolved source packages:
Nexus: /Users/admin/builder/spi-builder-workspace
resolved source packages: Nexus
2026-09-19 13:00:01.031 xcodebuild[826:4934] [MT] IDERunDestination: Supported platforms for the buildables in the current scheme is empty.
2026-09-19 13:00:01.132 xcodebuild[826:4934] [MT] IDERunDestination: Supported platforms for the buildables in the current scheme is empty.
{
"dependencies" : [
],
"manifest_display_name" : "Nexus",
"name" : "Nexus",
"path" : "/Users/admin/builder/spi-builder-workspace",
"platforms" : [
{
"name" : "ios",
"version" : "13.0"
},
{
"name" : "watchos",
"version" : "7.0"
}
],
"products" : [
{
"name" : "Nexus",
"targets" : [
"Nexus"
],
"type" : {
"library" : [
"automatic"
]
}
}
],
"targets" : [
{
"c99name" : "NexusTests",
"module_type" : "SwiftTarget",
"name" : "NexusTests",
"path" : "Tests/NexusTests",
"sources" : [
"Helpers/MessageBuilderHelper.swift",
"Mocks/CommunicationServiceDelegateMock.swift",
"Mocks/NotificationCenterMock.swift",
"Mocks/SessionCompatibleProviderMock.swift",
"Mocks/SessionMock.swift",
"Mocks/WatchConnectivityServiceDelegateMock.swift",
"Mocks/WatchConnectivityServiceMock.swift",
"Stubs/MessageStub.swift",
"UnitTests/CommunicationServiceTests.swift",
"UnitTests/SessionCompatibleProviderTests.swift",
"UnitTests/WatchConnectivityService.swift"
],
"target_dependencies" : [
"Nexus"
],
"type" : "test"
},
{
"c99name" : "Nexus",
"module_type" : "SwiftTarget",
"name" : "Nexus",
"path" : "Sources/Nexus",
"product_memberships" : [
"Nexus"
],
"sources" : [
"Classes/Core/Interfaces/INotificationCenter.swift",
"Classes/Core/Interfaces/IWCSession.swift",
"Classes/Core/Providers/SessionCompatibleProvider/ISessionCompatibleProvider.swift",
"Classes/Core/Providers/SessionCompatibleProvider/SessionCompatibleProvider.swift",
"Classes/Core/Services/CommunicationService/CommunicationService.swift",
"Classes/Core/Services/CommunicationService/CommunicationServiceDelegate.swift",
"Classes/Core/Services/CommunicationService/ICommunicationService.swift",
"Classes/Core/Services/WatchConnectivityService/IWatchConnectivityService.swift",
"Classes/Core/Services/WatchConnectivityService/WatchConnectivityService.swift",
"Classes/Core/Services/WatchConnectivityService/WatchConnectivityServiceDelegate.swift",
"Classes/Extensions/Encodable+Dictonary.swift",
"Classes/Extensions/NotificationCenter+INotificationCenter.swift",
"Classes/Models/Message.swift",
"Classes/Models/WatchConnectivityError.swift"
],
"type" : "library"
}
],
"tools_version" : "5.7"
}
{
"workspace" : {
"name" : "Nexus",
"schemes" : [
"Nexus"
]
}
}
2026-09-19 13:00:02.298 xcodebuild[834:4998] [MT] IDERunDestination: Supported platforms for the buildables in the current scheme is empty.
2026-09-19 13:00:02.400 xcodebuild[834:4998] [MT] IDERunDestination: Supported platforms for the buildables in the current scheme is empty.
Running build ...
env DEVELOPER_DIR=/Applications/Xcode-27.0.0-Release.Candidate.app xcrun xcodebuild -IDEClonedSourcePackagesDirPathOverride=$PWD/.dependencies -skipMacroValidation -skipPackagePluginValidation -derivedDataPath $PWD/.derivedData build -scheme Nexus -destination generic/platform=watchOS
Command line invocation:
/Applications/Xcode-27.0.0-Release.Candidate.app/Contents/Developer/usr/bin/xcodebuild -IDEClonedSourcePackagesDirPathOverride=/Users/admin/builder/spi-builder-workspace/.dependencies -skipMacroValidation -skipPackagePluginValidation -derivedDataPath /Users/admin/builder/spi-builder-workspace/.derivedData build -scheme Nexus -destination generic/platform=watchOS
Resolve Package Graph
Resolved source packages:
Nexus: /Users/admin/builder/spi-builder-workspace
ComputePackagePrebuildTargetDependencyGraph
Prepare packages
CreateBuildRequest
SendProjectDescription
CreateBuildOperation
ComputeTargetDependencyGraph
note: Building targets in dependency order
note: Target dependency graph (3 targets)
Target 'NexusTests-product' in project 'Nexus'
➜ Explicit dependency on target 'Nexus' in project 'Nexus'
Target 'Nexus-product' in project 'Nexus'
➜ Explicit dependency on target 'Nexus' in project 'Nexus'
Target 'Nexus' in project 'Nexus' (no dependencies)
GatherProvisioningInputs
CreateBuildDescription
ClangStatCache /Applications/Xcode-27.0.0-Release.Candidate.app/Contents/Developer/Toolchains/XcodeDefault.xctoolchain/usr/bin/clang-stat-cache /Applications/Xcode-27.0.0-Release.Candidate.app/Contents/Developer/Platforms/WatchOS.platform/Developer/SDKs/WatchOS27.0.sdk /Users/admin/builder/spi-builder-workspace/.derivedData/SDKStatCaches.noindex/watchos27.0-24R360-e829b21a6f8c9b70876ba0858053c04477534ef55a1706bf4c1112bbb242f0a2.sdkstatcache
cd /Users/admin/builder/spi-builder-workspace/.swiftpm/xcode
/Applications/Xcode-27.0.0-Release.Candidate.app/Contents/Developer/Toolchains/XcodeDefault.xctoolchain/usr/bin/clang-stat-cache /Applications/Xcode-27.0.0-Release.Candidate.app/Contents/Developer/Platforms/WatchOS.platform/Developer/SDKs/WatchOS27.0.sdk -o /Users/admin/builder/spi-builder-workspace/.derivedData/SDKStatCaches.noindex/watchos27.0-24R360-e829b21a6f8c9b70876ba0858053c04477534ef55a1706bf4c1112bbb242f0a2.sdkstatcache
SwiftDriver NexusTests normal arm64_32 com.apple.xcode.tools.swift.compiler (in target 'NexusTests-product' from project 'Nexus')
cd /Users/admin/builder/spi-builder-workspace/.swiftpm/xcode
builtin-SwiftDriver -- /Applications/Xcode-27.0.0-Release.Candidate.app/Contents/Developer/Toolchains/XcodeDefault.xctoolchain/usr/bin/swiftc -parse-as-library -module-name NexusTests -Onone @/Users/admin/builder/spi-builder-workspace/.derivedData/Build/Intermediates.noindex/Nexus.build/Debug-watchos/NexusTests-p.build/Objects-normal/arm64_32/NexusTests.SwiftFileList -DSWIFT_PACKAGE -DDEBUG -DXcode -plugin-path /Applications/Xcode-27.0.0-Release.Candidate.app/Contents/Developer/Toolchains/XcodeDefault.xctoolchain/usr/lib/swift/host/plugins/testing -enable-experimental-feature DebugDescriptionMacro -sdk /Applications/Xcode-27.0.0-Release.Candidate.app/Contents/Developer/Platforms/WatchOS.platform/Developer/SDKs/WatchOS27.0.sdk -target arm64_32-apple-watchos10.0 -g -module-cache-path /Users/admin/builder/spi-builder-workspace/.derivedData/ModuleCache.noindex -Xfrontend -serialize-debugging-options -profile-coverage-mapping -profile-generate -enable-testing -index-store-path /Users/admin/builder/spi-builder-workspace/.derivedData/Index.noindex/DataStore -Xcc -D_LIBCPP_HARDENING_MODE\=_LIBCPP_HARDENING_MODE_DEBUG -swift-version 5 -I /Users/admin/builder/spi-builder-workspace/.derivedData/Build/Products/Debug-watchos -Isystem /Applications/Xcode-27.0.0-Release.Candidate.app/Contents/Developer/Platforms/WatchOS.platform/Developer/usr/lib -F /Users/admin/builder/spi-builder-workspace/.derivedData/Build/Products/Debug-watchos/PackageFrameworks -F /Users/admin/builder/spi-builder-workspace/.derivedData/Build/Products/Debug-watchos -F /Applications/Xcode-27.0.0-Release.Candidate.app/Contents/Developer/Platforms/WatchOS.platform/Developer/Library/Frameworks -F /Applications/Xcode-27.0.0-Release.Candidate.app/Contents/Developer/Platforms/WatchOS.platform/Developer/SDKs/WatchOS27.0.sdk/Developer/Library/Frameworks -c -j10 -enable-batch-mode -incremental -Xcc -ivfsstatcache -Xcc /Users/admin/builder/spi-builder-workspace/.derivedData/SDKStatCaches.noindex/watchos27.0-24R360-e829b21a6f8c9b70876ba0858053c04477534ef55a1706bf4c1112bbb242f0a2.sdkstatcache -output-file-map /Users/admin/builder/spi-builder-workspace/.derivedData/Build/Intermediates.noindex/Nexus.build/Debug-watchos/NexusTests-p.build/Objects-normal/arm64_32/NexusTests-OutputFileMap.json -save-temps -no-color-diagnostics -explicit-module-build -module-cache-path /Users/admin/builder/spi-builder-workspace/.derivedData/Build/Intermediates.noindex/SwiftExplicitPrecompiledModules -clang-scanner-module-cache-path /Users/admin/builder/spi-builder-workspace/.derivedData/ModuleCache.noindex -sdk-module-cache-path /Users/admin/builder/spi-builder-workspace/.derivedData/SDKExplicitPrecompiledModules -emit-dependencies -emit-module -emit-module-path /Users/admin/builder/spi-builder-workspace/.derivedData/Build/Intermediates.noindex/Nexus.build/Debug-watchos/NexusTests-p.build/Objects-normal/arm64_32/NexusTests.swiftmodule -serialize-diagnostics -dependency-scan-serialize-diagnostics-path /Users/admin/builder/spi-builder-workspace/.derivedData/Build/Intermediates.noindex/Nexus.build/Debug-watchos/NexusTests-p.build/Objects-normal/arm64_32/NexusTests-dependency-scan.dia -validate-clang-modules-once -clang-build-session-file /Users/admin/builder/spi-builder-workspace/.derivedData/ModuleCache.noindex/Session.modulevalidation -Xcc -fmodules-prune-interval\=86400 -Xcc -fmodules-prune-after\=345600 -emit-const-values -const-gather-protocols-list /Users/admin/builder/spi-builder-workspace/.derivedData/Build/Intermediates.noindex/Nexus.build/Debug-watchos/NexusTests-p.build/Objects-normal/arm64_32/NexusTests_const_extract_protocols.json -Xcc -I/Users/admin/builder/spi-builder-workspace/.derivedData/Build/Products/Debug-watchos/include -Xcc -I/Users/admin/builder/spi-builder-workspace/.derivedData/Build/Intermediates.noindex/Nexus.build/Debug-watchos/NexusTests-p.build/DerivedSources-normal/arm64_32 -Xcc -I/Users/admin/builder/spi-builder-workspace/.derivedData/Build/Intermediates.noindex/Nexus.build/Debug-watchos/NexusTests-p.build/DerivedSources/arm64_32 -Xcc -I/Users/admin/builder/spi-builder-workspace/.derivedData/Build/Intermediates.noindex/Nexus.build/Debug-watchos/NexusTests-p.build/DerivedSources -Xcc -DSWIFT_PACKAGE -Xcc -DDEBUG\=1 -working-directory /Users/admin/builder/spi-builder-workspace/.swiftpm/xcode -experimental-emit-module-separately -disable-cmo
SwiftDriver NexusTests normal arm64 com.apple.xcode.tools.swift.compiler (in target 'NexusTests-product' from project 'Nexus')
cd /Users/admin/builder/spi-builder-workspace/.swiftpm/xcode
builtin-SwiftDriver -- /Applications/Xcode-27.0.0-Release.Candidate.app/Contents/Developer/Toolchains/XcodeDefault.xctoolchain/usr/bin/swiftc -parse-as-library -module-name NexusTests -Onone @/Users/admin/builder/spi-builder-workspace/.derivedData/Build/Intermediates.noindex/Nexus.build/Debug-watchos/NexusTests-p.build/Objects-normal/arm64/NexusTests.SwiftFileList -DSWIFT_PACKAGE -DDEBUG -DXcode -plugin-path /Applications/Xcode-27.0.0-Release.Candidate.app/Contents/Developer/Toolchains/XcodeDefault.xctoolchain/usr/lib/swift/host/plugins/testing -enable-experimental-feature DebugDescriptionMacro -sdk /Applications/Xcode-27.0.0-Release.Candidate.app/Contents/Developer/Platforms/WatchOS.platform/Developer/SDKs/WatchOS27.0.sdk -target arm64-apple-watchos10.0 -g -module-cache-path /Users/admin/builder/spi-builder-workspace/.derivedData/ModuleCache.noindex -Xfrontend -serialize-debugging-options -profile-coverage-mapping -profile-generate -enable-testing -index-store-path /Users/admin/builder/spi-builder-workspace/.derivedData/Index.noindex/DataStore -Xcc -D_LIBCPP_HARDENING_MODE\=_LIBCPP_HARDENING_MODE_DEBUG -swift-version 5 -I /Users/admin/builder/spi-builder-workspace/.derivedData/Build/Products/Debug-watchos -Isystem /Applications/Xcode-27.0.0-Release.Candidate.app/Contents/Developer/Platforms/WatchOS.platform/Developer/usr/lib -F /Users/admin/builder/spi-builder-workspace/.derivedData/Build/Products/Debug-watchos/PackageFrameworks -F /Users/admin/builder/spi-builder-workspace/.derivedData/Build/Products/Debug-watchos -F /Applications/Xcode-27.0.0-Release.Candidate.app/Contents/Developer/Platforms/WatchOS.platform/Developer/Library/Frameworks -F /Applications/Xcode-27.0.0-Release.Candidate.app/Contents/Developer/Platforms/WatchOS.platform/Developer/SDKs/WatchOS27.0.sdk/Developer/Library/Frameworks -c -j10 -enable-batch-mode -incremental -Xcc -ivfsstatcache -Xcc /Users/admin/builder/spi-builder-workspace/.derivedData/SDKStatCaches.noindex/watchos27.0-24R360-e829b21a6f8c9b70876ba0858053c04477534ef55a1706bf4c1112bbb242f0a2.sdkstatcache -output-file-map /Users/admin/builder/spi-builder-workspace/.derivedData/Build/Intermediates.noindex/Nexus.build/Debug-watchos/NexusTests-p.build/Objects-normal/arm64/NexusTests-OutputFileMap.json -save-temps -no-color-diagnostics -explicit-module-build -module-cache-path /Users/admin/builder/spi-builder-workspace/.derivedData/Build/Intermediates.noindex/SwiftExplicitPrecompiledModules -clang-scanner-module-cache-path /Users/admin/builder/spi-builder-workspace/.derivedData/ModuleCache.noindex -sdk-module-cache-path /Users/admin/builder/spi-builder-workspace/.derivedData/SDKExplicitPrecompiledModules -emit-dependencies -emit-module -emit-module-path /Users/admin/builder/spi-builder-workspace/.derivedData/Build/Intermediates.noindex/Nexus.build/Debug-watchos/NexusTests-p.build/Objects-normal/arm64/NexusTests.swiftmodule -serialize-diagnostics -dependency-scan-serialize-diagnostics-path /Users/admin/builder/spi-builder-workspace/.derivedData/Build/Intermediates.noindex/Nexus.build/Debug-watchos/NexusTests-p.build/Objects-normal/arm64/NexusTests-dependency-scan.dia -validate-clang-modules-once -clang-build-session-file /Users/admin/builder/spi-builder-workspace/.derivedData/ModuleCache.noindex/Session.modulevalidation -Xcc -fmodules-prune-interval\=86400 -Xcc -fmodules-prune-after\=345600 -emit-const-values -const-gather-protocols-list /Users/admin/builder/spi-builder-workspace/.derivedData/Build/Intermediates.noindex/Nexus.build/Debug-watchos/NexusTests-p.build/Objects-normal/arm64/NexusTests_const_extract_protocols.json -Xcc -I/Users/admin/builder/spi-builder-workspace/.derivedData/Build/Products/Debug-watchos/include -Xcc -I/Users/admin/builder/spi-builder-workspace/.derivedData/Build/Intermediates.noindex/Nexus.build/Debug-watchos/NexusTests-p.build/DerivedSources-normal/arm64 -Xcc -I/Users/admin/builder/spi-builder-workspace/.derivedData/Build/Intermediates.noindex/Nexus.build/Debug-watchos/NexusTests-p.build/DerivedSources/arm64 -Xcc -I/Users/admin/builder/spi-builder-workspace/.derivedData/Build/Intermediates.noindex/Nexus.build/Debug-watchos/NexusTests-p.build/DerivedSources -Xcc -DSWIFT_PACKAGE -Xcc -DDEBUG\=1 -working-directory /Users/admin/builder/spi-builder-workspace/.swiftpm/xcode -experimental-emit-module-separately -disable-cmo
SwiftEmitModule normal arm64 Emitting\ module\ for\ NexusTests (in target 'NexusTests-product' from project 'Nexus')
SwiftCompile normal arm64 (in target 'NexusTests-product' from project 'Nexus')
cd /Users/admin/builder/spi-builder-workspace/.swiftpm/xcode
SwiftCompile normal arm64 Compiling\ WatchConnectivityService.swift /Users/admin/builder/spi-builder-workspace/Tests/NexusTests/UnitTests/WatchConnectivityService.swift (in target 'NexusTests-product' from project 'Nexus')
/Users/admin/builder/spi-builder-workspace/Tests/NexusTests/UnitTests/WatchConnectivityService.swift:99:67: error: cannot find 'MessageMock' in scope
97 | func test_thatWatchConnectivityServiceSendsMessageTriggeringErrorHandler_whenCompanionAppIsNotInstalled() {
98 | // given
99 | let message = MessageBuilderHelper.makeDictonary(for: MessageMock())
| `- error: cannot find 'MessageMock' in scope
100 |
101 | sessionMock.stubbedActivationState = .activated
/Users/admin/builder/spi-builder-workspace/Tests/NexusTests/UnitTests/WatchConnectivityService.swift:102:25: error: cannot assign to property: 'isCompanionAppInstalled' is a get-only property
100 |
101 | sessionMock.stubbedActivationState = .activated
102 | sessionMock.isCompanionAppInstalled = false
| `- error: cannot assign to property: 'isCompanionAppInstalled' is a get-only property
103 |
104 | // when
Failed frontend command:
/Applications/Xcode-27.0.0-Release.Candidate.app/Contents/Developer/Toolchains/XcodeDefault.xctoolchain/usr/bin/swift-frontend -frontend -c /Users/admin/builder/spi-builder-workspace/Tests/NexusTests/Helpers/MessageBuilderHelper.swift /Users/admin/builder/spi-builder-workspace/Tests/NexusTests/Mocks/CommunicationServiceDelegateMock.swift /Users/admin/builder/spi-builder-workspace/Tests/NexusTests/Mocks/NotificationCenterMock.swift /Users/admin/builder/spi-builder-workspace/Tests/NexusTests/Mocks/SessionCompatibleProviderMock.swift /Users/admin/builder/spi-builder-workspace/Tests/NexusTests/Mocks/SessionMock.swift /Users/admin/builder/spi-builder-workspace/Tests/NexusTests/Mocks/WatchConnectivityServiceDelegateMock.swift /Users/admin/builder/spi-builder-workspace/Tests/NexusTests/Mocks/WatchConnectivityServiceMock.swift /Users/admin/builder/spi-builder-workspace/Tests/NexusTests/Stubs/MessageStub.swift /Users/admin/builder/spi-builder-workspace/Tests/NexusTests/UnitTests/CommunicationServiceTests.swift /Users/admin/builder/spi-builder-workspace/Tests/NexusTests/UnitTests/SessionCompatibleProviderTests.swift -primary-file /Users/admin/builder/spi-builder-workspace/Tests/NexusTests/UnitTests/WatchConnectivityService.swift -emit-dependencies-path /Users/admin/builder/spi-builder-workspace/.derivedData/Build/Intermediates.noindex/Nexus.build/Debug-watchos/NexusTests-p.build/Objects-normal/arm64/WatchConnectivityService.d -emit-const-values-path /Users/admin/builder/spi-builder-workspace/.derivedData/Build/Intermediates.noindex/Nexus.build/Debug-watchos/NexusTests-p.build/Objects-normal/arm64/WatchConnectivityService.swiftconstvalues -emit-reference-dependencies-path /Users/admin/builder/spi-builder-workspace/.derivedData/Build/Intermediates.noindex/Nexus.build/Debug-watchos/NexusTests-p.build/Objects-normal/arm64/WatchConnectivityService.swiftdeps -serialize-diagnostics-path /Users/admin/builder/spi-builder-workspace/.derivedData/Build/Intermediates.noindex/Nexus.build/Debug-watchos/NexusTests-p.build/Objects-normal/arm64/WatchConnectivityService.dia -target arm64-apple-watchos10.0 -disable-cross-import-overlay-search -load-resolved-plugin /Applications/Xcode-27.0.0-Release.Candidate.app/Contents/Developer/Platforms/WatchOS.platform/Developer/usr/lib/swift/host/plugins/libFoundationMacros.dylib\#/Applications/Xcode-27.0.0-Release.Candidate.app/Contents/Developer/Platforms/WatchOS.platform/Developer/usr/bin/swift-plugin-server\#FoundationMacros -load-resolved-plugin /Applications/Xcode-27.0.0-Release.Candidate.app/Contents/Developer/Platforms/WatchOS.platform/Developer/usr/lib/swift/host/plugins/libObservationMacros.dylib\#/Applications/Xcode-27.0.0-Release.Candidate.app/Contents/Developer/Platforms/WatchOS.platform/Developer/usr/bin/swift-plugin-server\#ObservationMacros -load-resolved-plugin /Applications/Xcode-27.0.0-Release.Candidate.app/Contents/Developer/Platforms/WatchOS.platform/Developer/usr/lib/swift/host/plugins/libSwiftMacros.dylib\#/Applications/Xcode-27.0.0-Release.Candidate.app/Contents/Developer/Platforms/WatchOS.platform/Developer/usr/bin/swift-plugin-server\#SwiftMacros -load-resolved-plugin /Applications/Xcode-27.0.0-Release.Candidate.app/Contents/Developer/Platforms/WatchOS.platform/Developer/usr/lib/swift/host/plugins/libSwiftUIMacros.dylib\#/Applications/Xcode-27.0.0-Release.Candidate.app/Contents/Developer/Platforms/WatchOS.platform/Developer/usr/bin/swift-plugin-server\#SwiftUIMacros -disable-implicit-swift-modules -Xcc -fno-implicit-modules -Xcc -fno-implicit-module-maps -explicit-swift-module-map-file /Users/admin/builder/spi-builder-workspace/.derivedData/Build/Intermediates.noindex/Nexus.build/Debug-watchos/NexusTests-p.build/Objects-normal/arm64/NexusTests-dependencies-2.json -Xllvm -aarch64-use-tbi -enable-objc-interop -stack-check -sdk /Applications/Xcode-27.0.0-Release.Candidate.app/Contents/Developer/Platforms/WatchOS.platform/Developer/SDKs/WatchOS27.0.sdk -I /Users/admin/builder/spi-builder-workspace/.derivedData/Build/Products/Debug-watchos -Isystem /Applications/Xcode-27.0.0-Release.Candidate.app/Contents/Developer/Platforms/WatchOS.platform/Developer/usr/lib -F /Users/admin/builder/spi-builder-workspace/.derivedData/Build/Products/Debug-watchos/PackageFrameworks -F /Users/admin/builder/spi-builder-workspace/.derivedData/Build/Products/Debug-watchos -F /Applications/Xcode-27.0.0-Release.Candidate.app/Contents/Developer/Platforms/WatchOS.platform/Developer/Library/Frameworks -F /Applications/Xcode-27.0.0-Release.Candidate.app/Contents/Developer/Platforms/WatchOS.platform/Developer/SDKs/WatchOS27.0.sdk/Developer/Library/Frameworks -module-cache-path /Users/admin/builder/spi-builder-workspace/.derivedData/Build/Intermediates.noindex/SwiftExplicitPrecompiledModules -no-color-diagnostics -Xcc -fno-color-diagnostics -enable-testing -g -debug-info-format\=dwarf -dwarf-version\=4 -profile-generate -profile-coverage-mapping -swift-version 5 -Onone -D SWIFT_PACKAGE -D DEBUG -D Xcode -serialize-debugging-options -enable-experimental-feature DebugDescriptionMacro -empty-abi-descriptor -validate-clang-modules-once -clang-build-session-file /Users/admin/builder/spi-builder-workspace/.derivedData/ModuleCache.noindex/Session.modulevalidation -Xcc -working-directory -Xcc /Users/admin/builder/spi-builder-workspace/.swiftpm/xcode -enable-anonymous-context-mangled-names -file-compilation-dir /Users/admin/builder/spi-builder-workspace/.swiftpm/xcode -Xcc -D_LIBCPP_HARDENING_MODE\=_LIBCPP_HARDENING_MODE_DEBUG -Xcc -ivfsstatcache -Xcc /Users/admin/builder/spi-builder-workspace/.derivedData/SDKStatCaches.noindex/watchos27.0-24R360-e829b21a6f8c9b70876ba0858053c04477534ef55a1706bf4c1112bbb242f0a2.sdkstatcache -Xcc -fmodules-prune-interval\=86400 -Xcc -fmodules-prune-after\=345600 -Xcc -I/Users/admin/builder/spi-builder-workspace/.derivedData/Build/Products/Debug-watchos/include -Xcc -I/Users/admin/builder/spi-builder-workspace/.derivedData/Build/Intermediates.noindex/Nexus.build/Debug-watchos/NexusTests-p.build/DerivedSources-normal/arm64 -Xcc -I/Users/admin/builder/spi-builder-workspace/.derivedData/Build/Intermediates.noindex/Nexus.build/Debug-watchos/NexusTests-p.build/DerivedSources/arm64 -Xcc -I/Users/admin/builder/spi-builder-workspace/.derivedData/Build/Intermediates.noindex/Nexus.build/Debug-watchos/NexusTests-p.build/DerivedSources -Xcc -DSWIFT_PACKAGE -Xcc -DDEBUG\=1 -no-auto-bridging-header-chaining -module-name NexusTests -const-gather-protocols-file /Users/admin/builder/spi-builder-workspace/.derivedData/Build/Intermediates.noindex/Nexus.build/Debug-watchos/NexusTests-p.build/Objects-normal/arm64/NexusTests_const_extract_protocols.json -disable-clang-spi -clang-target arm64-apple-watchos27.0 -target-sdk-version 27.0 -target-sdk-name watchos27.0 -in-process-plugin-server-path /Applications/Xcode-27.0.0-Release.Candidate.app/Contents/Developer/Toolchains/XcodeDefault.xctoolchain/usr/lib/swift/host/libSwiftInProcPluginServer.dylib -parse-as-library -o /Users/admin/builder/spi-builder-workspace/.derivedData/Build/Intermediates.noindex/Nexus.build/Debug-watchos/NexusTests-p.build/Objects-normal/arm64/WatchConnectivityService.o -debug-module-path /Users/admin/builder/spi-builder-workspace/.derivedData/Build/Intermediates.noindex/Nexus.build/Debug-watchos/NexusTests-p.build/Objects-normal/arm64/NexusTests.swiftmodule -index-unit-output-path /Nexus.build/Debug-watchos/NexusTests-p.build/Objects-normal/arm64/WatchConnectivityService.o -index-store-path /Users/admin/builder/spi-builder-workspace/.derivedData/Index.noindex/DataStore -index-system-modules
SwiftCompile normal arm64 /Users/admin/builder/spi-builder-workspace/Tests/NexusTests/UnitTests/WatchConnectivityService.swift (in target 'NexusTests-product' from project 'Nexus')
cd /Users/admin/builder/spi-builder-workspace/.swiftpm/xcode
builtin-SwiftPerFileCompile WatchConnectivityService.swift
SwiftCompile normal arm64 Compiling\ SessionCompatibleProviderTests.swift /Users/admin/builder/spi-builder-workspace/Tests/NexusTests/UnitTests/SessionCompatibleProviderTests.swift (in target 'NexusTests-product' from project 'Nexus')
SwiftCompile normal arm64 /Users/admin/builder/spi-builder-workspace/Tests/NexusTests/UnitTests/SessionCompatibleProviderTests.swift (in target 'NexusTests-product' from project 'Nexus')
cd /Users/admin/builder/spi-builder-workspace/.swiftpm/xcode
builtin-SwiftPerFileCompile SessionCompatibleProviderTests.swift
SwiftCompile normal arm64 Compiling\ CommunicationServiceTests.swift /Users/admin/builder/spi-builder-workspace/Tests/NexusTests/UnitTests/CommunicationServiceTests.swift (in target 'NexusTests-product' from project 'Nexus')
SwiftCompile normal arm64 /Users/admin/builder/spi-builder-workspace/Tests/NexusTests/UnitTests/CommunicationServiceTests.swift (in target 'NexusTests-product' from project 'Nexus')
cd /Users/admin/builder/spi-builder-workspace/.swiftpm/xcode
builtin-SwiftPerFileCompile CommunicationServiceTests.swift
SwiftCompile normal arm64_32 Compiling\ CommunicationServiceTests.swift /Users/admin/builder/spi-builder-workspace/Tests/NexusTests/UnitTests/CommunicationServiceTests.swift (in target 'NexusTests-product' from project 'Nexus')
SwiftCompile normal arm64_32 /Users/admin/builder/spi-builder-workspace/Tests/NexusTests/UnitTests/CommunicationServiceTests.swift (in target 'NexusTests-product' from project 'Nexus')
cd /Users/admin/builder/spi-builder-workspace/.swiftpm/xcode
builtin-SwiftPerFileCompile CommunicationServiceTests.swift
SwiftEmitModule normal arm64_32 Emitting\ module\ for\ NexusTests (in target 'NexusTests-product' from project 'Nexus')
SwiftCompile normal arm64_32 (in target 'NexusTests-product' from project 'Nexus')
cd /Users/admin/builder/spi-builder-workspace/.swiftpm/xcode
SwiftCompile normal arm64_32 Compiling\ SessionCompatibleProviderTests.swift /Users/admin/builder/spi-builder-workspace/Tests/NexusTests/UnitTests/SessionCompatibleProviderTests.swift (in target 'NexusTests-product' from project 'Nexus')
SwiftCompile normal arm64_32 /Users/admin/builder/spi-builder-workspace/Tests/NexusTests/UnitTests/SessionCompatibleProviderTests.swift (in target 'NexusTests-product' from project 'Nexus')
cd /Users/admin/builder/spi-builder-workspace/.swiftpm/xcode
builtin-SwiftPerFileCompile SessionCompatibleProviderTests.swift
SwiftCompile normal arm64_32 Compiling\ WatchConnectivityService.swift /Users/admin/builder/spi-builder-workspace/Tests/NexusTests/UnitTests/WatchConnectivityService.swift (in target 'NexusTests-product' from project 'Nexus')
SwiftCompile normal arm64_32 /Users/admin/builder/spi-builder-workspace/Tests/NexusTests/UnitTests/WatchConnectivityService.swift (in target 'NexusTests-product' from project 'Nexus')
cd /Users/admin/builder/spi-builder-workspace/.swiftpm/xcode
builtin-SwiftPerFileCompile WatchConnectivityService.swift
/Users/admin/builder/spi-builder-workspace/Tests/NexusTests/UnitTests/WatchConnectivityService.swift:99:67: error: cannot find 'MessageMock' in scope
97 | func test_thatWatchConnectivityServiceSendsMessageTriggeringErrorHandler_whenCompanionAppIsNotInstalled() {
98 | // given
99 | let message = MessageBuilderHelper.makeDictonary(for: MessageMock())
| `- error: cannot find 'MessageMock' in scope
100 |
101 | sessionMock.stubbedActivationState = .activated
/Users/admin/builder/spi-builder-workspace/Tests/NexusTests/UnitTests/WatchConnectivityService.swift:102:25: error: cannot assign to property: 'isCompanionAppInstalled' is a get-only property
100 |
101 | sessionMock.stubbedActivationState = .activated
102 | sessionMock.isCompanionAppInstalled = false
| `- error: cannot assign to property: 'isCompanionAppInstalled' is a get-only property
103 |
104 | // when
PruneExplicitPrecompiledModules /Users/admin/builder/spi-builder-workspace/.derivedData/SDKExplicitPrecompiledModules
PruneExplicitPrecompiledModules /Users/admin/builder/spi-builder-workspace/.derivedData/Build/Intermediates.noindex/SwiftExplicitPrecompiledModules
PruneExplicitPrecompiledModules /Users/admin/builder/spi-builder-workspace/.derivedData/Build/Intermediates.noindex/ExplicitPrecompiledModules
2026-09-19 13:00:03.262 xcodebuild[835:5027] [MT] IDERunDestination: Supported platforms for the buildables in the current scheme is empty.
2026-09-19 13:00:03.363 xcodebuild[835:5027] [MT] IDERunDestination: Supported platforms for the buildables in the current scheme is empty.
** BUILD FAILED **
The following build commands failed:
SwiftCompile normal arm64 Compiling\ WatchConnectivityService.swift /Users/admin/builder/spi-builder-workspace/Tests/NexusTests/UnitTests/WatchConnectivityService.swift (in target 'NexusTests-product' from project 'Nexus')
SwiftCompile normal arm64 /Users/admin/builder/spi-builder-workspace/Tests/NexusTests/UnitTests/WatchConnectivityService.swift (in target 'NexusTests-product' from project 'Nexus')
Building workspace Nexus with scheme Nexus
(3 failures)
BUILD FAILURE 6.4 watchOS