Build Information
Failed to build swiftui-hosting, reference main (971456), with Swift 6.4 for iOS using Xcode 27.0 on 27 Sep 2026 03:54:23 UTC.
Build Command
No build command. This typically means the build failed at an early stage where we determine the build command.Build Log
========================================
RunAll
========================================
Builder version: 5.1.0
Interrupt handler set up.
========================================
Checkout
========================================
Clone URL: https://github.com/FluidGroup/swiftui-Hosting.git
Reference: main
Initialized empty Git repository in /Users/admin/builder/spi-builder-workspace/.git/
From https://github.com/FluidGroup/swiftui-Hosting
* branch main -> FETCH_HEAD
* [new branch] main -> origin/main
HEAD is now at 9714566 Update to iOS 17 min API (#22)
Cloned https://github.com/FluidGroup/swiftui-Hosting.git
Revision (git rev-parse @):
9714566b32f84b3edce049ca3b0df06ecd0ec0c2
SUCCESS checkout https://github.com/FluidGroup/swiftui-Hosting.git at main
========================================
Build
========================================
Selected platform: iOS
Swift version: 6.4
Building package at path: $PWD
https://github.com/FluidGroup/swiftui-Hosting.git
Command line invocation:
/Applications/Xcode-27.0.0-Release.Candidate.app/Contents/Developer/usr/bin/xcodebuild -IDEClonedSourcePackagesDirPathOverride=/Users/admin/builder/spi-builder-workspace/.dependencies -resolvePackageDependencies
2026-09-26 23:54:22.685 xcodebuild[529:3027] Writing error result bundle to /var/folders/xq/y_g06wb113726d38xsyx71_h0000gn/T/ResultBundle_2026-26-09_23-54-0022.xcresult
xcodebuild: error: Unable to read project 'Development.xcodeproj'.
Reason: The project at “Development.xcodeproj” is missing its inner “project.pbxproj” file.
If possible, restore the “project.pbxproj” file from version control.
Command line invocation:
/Applications/Xcode-27.0.0-Release.Candidate.app/Contents/Developer/usr/bin/xcodebuild -IDEClonedSourcePackagesDirPathOverride=/Users/admin/builder/spi-builder-workspace/.dependencies -resolvePackageDependencies
2026-09-26 23:54:23.590 xcodebuild[539:3119] Writing error result bundle to /var/folders/xq/y_g06wb113726d38xsyx71_h0000gn/T/ResultBundle_2026-26-09_23-54-0023.xcresult
xcodebuild: error: Unable to read project 'Development.xcodeproj'.
Reason: The project at “Development.xcodeproj” is missing its inner “project.pbxproj” file.
If possible, restore the “project.pbxproj” file from version control.
BUILD FAILURE 6.4 iOS