Build Information
Failed to build MapboxMaps, reference 11.34.1 (ce283a), with Swift 6.1 for visionOS using Xcode 16.3 on 31 Oct 2026 11:16:39 UTC.
Build Command
env DEVELOPER_DIR=/Applications/Xcode-16.3.0.app xcrun xcodebuild -IDEClonedSourcePackagesDirPathOverride=$PWD/.dependencies -skipMacroValidation -skipPackagePluginValidation -derivedDataPath $PWD/.derivedData build -scheme MapboxMaps -destination generic/platform=xrOSBuild Log
convenience public init(coordinate: _LocationEssentials.CLLocationCoordinate2D, timestamp: Foundation.Date = Date(), altitude: _LocationEssentials.CLLocationDistance? = nil, horizontalAccuracy: _LocationEssentials.CLLocationAccuracy? = nil, verticalAccuracy: _LocationEssentials.CLLocationAccuracy? = nil, speed: _LocationEssentials.CLLocationSpeed? = nil, speedAccuracy: _LocationEssentials.CLLocationSpeedAccuracy? = nil, bearing: _LocationEssentials.CLLocationDirection? = nil, bearingAccuracy: _LocationEssentials.CLLocationDirectionAccuracy? = nil, floor: Swift.Int? = nil, source: Swift.String? = nil, extra: Any? = nil)
^~~~~~~~~~~~~~~~~~~
/Users/admin/builder/spi-builder-workspace/.derivedData/Build/Products/Debug-xros/MapboxCommon.framework/Modules/MapboxCommon.swiftmodule/arm64-apple-xros.private.swiftinterface:220:375: error: cannot find type '_LocationEssentials' in scope
convenience public init(coordinate: _LocationEssentials.CLLocationCoordinate2D, timestamp: Foundation.Date = Date(), altitude: _LocationEssentials.CLLocationDistance? = nil, horizontalAccuracy: _LocationEssentials.CLLocationAccuracy? = nil, verticalAccuracy: _LocationEssentials.CLLocationAccuracy? = nil, speed: _LocationEssentials.CLLocationSpeed? = nil, speedAccuracy: _LocationEssentials.CLLocationSpeedAccuracy? = nil, bearing: _LocationEssentials.CLLocationDirection? = nil, bearingAccuracy: _LocationEssentials.CLLocationDirectionAccuracy? = nil, floor: Swift.Int? = nil, source: Swift.String? = nil, extra: Any? = nil)
^~~~~~~~~~~~~~~~~~~
/Users/admin/builder/spi-builder-workspace/.derivedData/Build/Products/Debug-xros/MapboxCommon.framework/Modules/MapboxCommon.swiftmodule/arm64-apple-xros.private.swiftinterface:220:436: error: cannot find type '_LocationEssentials' in scope
convenience public init(coordinate: _LocationEssentials.CLLocationCoordinate2D, timestamp: Foundation.Date = Date(), altitude: _LocationEssentials.CLLocationDistance? = nil, horizontalAccuracy: _LocationEssentials.CLLocationAccuracy? = nil, verticalAccuracy: _LocationEssentials.CLLocationAccuracy? = nil, speed: _LocationEssentials.CLLocationSpeed? = nil, speedAccuracy: _LocationEssentials.CLLocationSpeedAccuracy? = nil, bearing: _LocationEssentials.CLLocationDirection? = nil, bearingAccuracy: _LocationEssentials.CLLocationDirectionAccuracy? = nil, floor: Swift.Int? = nil, source: Swift.String? = nil, extra: Any? = nil)
^~~~~~~~~~~~~~~~~~~
/Users/admin/builder/spi-builder-workspace/.derivedData/Build/Products/Debug-xros/MapboxCommon.framework/Modules/MapboxCommon.swiftmodule/arm64-apple-xros.private.swiftinterface:220:501: error: cannot find type '_LocationEssentials' in scope
convenience public init(coordinate: _LocationEssentials.CLLocationCoordinate2D, timestamp: Foundation.Date = Date(), altitude: _LocationEssentials.CLLocationDistance? = nil, horizontalAccuracy: _LocationEssentials.CLLocationAccuracy? = nil, verticalAccuracy: _LocationEssentials.CLLocationAccuracy? = nil, speed: _LocationEssentials.CLLocationSpeed? = nil, speedAccuracy: _LocationEssentials.CLLocationSpeedAccuracy? = nil, bearing: _LocationEssentials.CLLocationDirection? = nil, bearingAccuracy: _LocationEssentials.CLLocationDirectionAccuracy? = nil, floor: Swift.Int? = nil, source: Swift.String? = nil, extra: Any? = nil)
^~~~~~~~~~~~~~~~~~~
/Users/admin/builder/spi-builder-workspace/.derivedData/Build/Products/Debug-xros/MapboxCommon.framework/Modules/MapboxCommon.swiftmodule/arm64-apple-xros.private.swiftinterface:221:26: error: cannot find type '_LocationEssentials' in scope
public var coordinate: _LocationEssentials.CLLocationCoordinate2D {
^~~~~~~~~~~~~~~~~~~
/Users/admin/builder/spi-builder-workspace/.derivedData/Build/Products/Debug-xros/MapboxCommon.framework/Modules/MapboxCommon.swiftmodule/arm64-apple-xros.private.swiftinterface:227:24: error: cannot find type '_LocationEssentials' in scope
public var altitude: _LocationEssentials.CLLocationDistance? {
^~~~~~~~~~~~~~~~~~~
/Users/admin/builder/spi-builder-workspace/.derivedData/Build/Products/Debug-xros/MapboxCommon.framework/Modules/MapboxCommon.swiftmodule/arm64-apple-xros.private.swiftinterface:230:34: error: cannot find type '_LocationEssentials' in scope
public var horizontalAccuracy: _LocationEssentials.CLLocationAccuracy? {
^~~~~~~~~~~~~~~~~~~
/Users/admin/builder/spi-builder-workspace/.derivedData/Build/Products/Debug-xros/MapboxCommon.framework/Modules/MapboxCommon.swiftmodule/arm64-apple-xros.private.swiftinterface:233:32: error: cannot find type '_LocationEssentials' in scope
public var verticalAccuracy: _LocationEssentials.CLLocationAccuracy? {
^~~~~~~~~~~~~~~~~~~
/Users/admin/builder/spi-builder-workspace/.derivedData/Build/Products/Debug-xros/MapboxCommon.framework/Modules/MapboxCommon.swiftmodule/arm64-apple-xros.private.swiftinterface:236:21: error: cannot find type '_LocationEssentials' in scope
public var speed: _LocationEssentials.CLLocationSpeed? {
^~~~~~~~~~~~~~~~~~~
/Users/admin/builder/spi-builder-workspace/.derivedData/Build/Products/Debug-xros/MapboxCommon.framework/Modules/MapboxCommon.swiftmodule/arm64-apple-xros.private.swiftinterface:239:29: error: cannot find type '_LocationEssentials' in scope
public var speedAccuracy: _LocationEssentials.CLLocationSpeedAccuracy? {
^~~~~~~~~~~~~~~~~~~
/Users/admin/builder/spi-builder-workspace/.derivedData/Build/Products/Debug-xros/MapboxCommon.framework/Modules/MapboxCommon.swiftmodule/arm64-apple-xros.private.swiftinterface:242:23: error: cannot find type '_LocationEssentials' in scope
public var bearing: _LocationEssentials.CLLocationDirection? {
^~~~~~~~~~~~~~~~~~~
/Users/admin/builder/spi-builder-workspace/.derivedData/Build/Products/Debug-xros/MapboxCommon.framework/Modules/MapboxCommon.swiftmodule/arm64-apple-xros.private.swiftinterface:245:31: error: cannot find type '_LocationEssentials' in scope
public var bearingAccuracy: _LocationEssentials.CLLocationDirectionAccuracy? {
^~~~~~~~~~~~~~~~~~~
/Users/admin/builder/spi-builder-workspace/.derivedData/Build/Products/Debug-xros/MapboxCommon.framework/Modules/MapboxCommon.swiftmodule/arm64-apple-xros.private.swiftinterface:206:25: error: cannot find type '_LocationEssentials' in scope
public var direction: _LocationEssentials.CLLocationDirection
^~~~~~~~~~~~~~~~~~~
/Users/admin/builder/spi-builder-workspace/.derivedData/Build/Products/Debug-xros/MapboxCommon.framework/Modules/MapboxCommon.swiftmodule/arm64-apple-xros.private.swiftinterface:207:24: error: cannot find type '_LocationEssentials' in scope
public var accuracy: _LocationEssentials.CLLocationDirection
^~~~~~~~~~~~~~~~~~~
/Users/admin/builder/spi-builder-workspace/.derivedData/Build/Products/Debug-xros/MapboxCommon.framework/Modules/MapboxCommon.swiftmodule/arm64-apple-xros.private.swiftinterface:209:26: error: cannot find type '_LocationEssentials' in scope
public init(direction: _LocationEssentials.CLLocationDirection, accuracy: _LocationEssentials.CLLocationDirection, timestamp: Foundation.Date = Date())
^~~~~~~~~~~~~~~~~~~
/Users/admin/builder/spi-builder-workspace/.derivedData/Build/Products/Debug-xros/MapboxCommon.framework/Modules/MapboxCommon.swiftmodule/arm64-apple-xros.private.swiftinterface:209:77: error: cannot find type '_LocationEssentials' in scope
public init(direction: _LocationEssentials.CLLocationDirection, accuracy: _LocationEssentials.CLLocationDirection, timestamp: Foundation.Date = Date())
^~~~~~~~~~~~~~~~~~~
/Users/admin/builder/spi-builder-workspace/.derivedData/Build/Products/Debug-xros/MapboxCommon.framework/Modules/MapboxCommon.swiftmodule/arm64-apple-xros.private.swiftinterface:220:39: error: cannot find type '_LocationEssentials' in scope
convenience public init(coordinate: _LocationEssentials.CLLocationCoordinate2D, timestamp: Foundation.Date = Date(), altitude: _LocationEssentials.CLLocationDistance? = nil, horizontalAccuracy: _LocationEssentials.CLLocationAccuracy? = nil, verticalAccuracy: _LocationEssentials.CLLocationAccuracy? = nil, speed: _LocationEssentials.CLLocationSpeed? = nil, speedAccuracy: _LocationEssentials.CLLocationSpeedAccuracy? = nil, bearing: _LocationEssentials.CLLocationDirection? = nil, bearingAccuracy: _LocationEssentials.CLLocationDirectionAccuracy? = nil, floor: Swift.Int? = nil, source: Swift.String? = nil, extra: Any? = nil)
^~~~~~~~~~~~~~~~~~~
/Users/admin/builder/spi-builder-workspace/.derivedData/Build/Products/Debug-xros/MapboxCommon.framework/Modules/MapboxCommon.swiftmodule/arm64-apple-xros.private.swiftinterface:220:130: error: cannot find type '_LocationEssentials' in scope
convenience public init(coordinate: _LocationEssentials.CLLocationCoordinate2D, timestamp: Foundation.Date = Date(), altitude: _LocationEssentials.CLLocationDistance? = nil, horizontalAccuracy: _LocationEssentials.CLLocationAccuracy? = nil, verticalAccuracy: _LocationEssentials.CLLocationAccuracy? = nil, speed: _LocationEssentials.CLLocationSpeed? = nil, speedAccuracy: _LocationEssentials.CLLocationSpeedAccuracy? = nil, bearing: _LocationEssentials.CLLocationDirection? = nil, bearingAccuracy: _LocationEssentials.CLLocationDirectionAccuracy? = nil, floor: Swift.Int? = nil, source: Swift.String? = nil, extra: Any? = nil)
^~~~~~~~~~~~~~~~~~~
/Users/admin/builder/spi-builder-workspace/.derivedData/Build/Products/Debug-xros/MapboxCommon.framework/Modules/MapboxCommon.swiftmodule/arm64-apple-xros.private.swiftinterface:220:197: error: cannot find type '_LocationEssentials' in scope
convenience public init(coordinate: _LocationEssentials.CLLocationCoordinate2D, timestamp: Foundation.Date = Date(), altitude: _LocationEssentials.CLLocationDistance? = nil, horizontalAccuracy: _LocationEssentials.CLLocationAccuracy? = nil, verticalAccuracy: _LocationEssentials.CLLocationAccuracy? = nil, speed: _LocationEssentials.CLLocationSpeed? = nil, speedAccuracy: _LocationEssentials.CLLocationSpeedAccuracy? = nil, bearing: _LocationEssentials.CLLocationDirection? = nil, bearingAccuracy: _LocationEssentials.CLLocationDirectionAccuracy? = nil, floor: Swift.Int? = nil, source: Swift.String? = nil, extra: Any? = nil)
^~~~~~~~~~~~~~~~~~~
/Users/admin/builder/spi-builder-workspace/.derivedData/Build/Products/Debug-xros/MapboxCommon.framework/Modules/MapboxCommon.swiftmodule/arm64-apple-xros.private.swiftinterface:220:262: error: cannot find type '_LocationEssentials' in scope
convenience public init(coordinate: _LocationEssentials.CLLocationCoordinate2D, timestamp: Foundation.Date = Date(), altitude: _LocationEssentials.CLLocationDistance? = nil, horizontalAccuracy: _LocationEssentials.CLLocationAccuracy? = nil, verticalAccuracy: _LocationEssentials.CLLocationAccuracy? = nil, speed: _LocationEssentials.CLLocationSpeed? = nil, speedAccuracy: _LocationEssentials.CLLocationSpeedAccuracy? = nil, bearing: _LocationEssentials.CLLocationDirection? = nil, bearingAccuracy: _LocationEssentials.CLLocationDirectionAccuracy? = nil, floor: Swift.Int? = nil, source: Swift.String? = nil, extra: Any? = nil)
^~~~~~~~~~~~~~~~~~~
/Users/admin/builder/spi-builder-workspace/.derivedData/Build/Products/Debug-xros/MapboxCommon.framework/Modules/MapboxCommon.swiftmodule/arm64-apple-xros.private.swiftinterface:220:316: error: cannot find type '_LocationEssentials' in scope
convenience public init(coordinate: _LocationEssentials.CLLocationCoordinate2D, timestamp: Foundation.Date = Date(), altitude: _LocationEssentials.CLLocationDistance? = nil, horizontalAccuracy: _LocationEssentials.CLLocationAccuracy? = nil, verticalAccuracy: _LocationEssentials.CLLocationAccuracy? = nil, speed: _LocationEssentials.CLLocationSpeed? = nil, speedAccuracy: _LocationEssentials.CLLocationSpeedAccuracy? = nil, bearing: _LocationEssentials.CLLocationDirection? = nil, bearingAccuracy: _LocationEssentials.CLLocationDirectionAccuracy? = nil, floor: Swift.Int? = nil, source: Swift.String? = nil, extra: Any? = nil)
^~~~~~~~~~~~~~~~~~~
/Users/admin/builder/spi-builder-workspace/.derivedData/Build/Products/Debug-xros/MapboxCommon.framework/Modules/MapboxCommon.swiftmodule/arm64-apple-xros.private.swiftinterface:220:375: error: cannot find type '_LocationEssentials' in scope
convenience public init(coordinate: _LocationEssentials.CLLocationCoordinate2D, timestamp: Foundation.Date = Date(), altitude: _LocationEssentials.CLLocationDistance? = nil, horizontalAccuracy: _LocationEssentials.CLLocationAccuracy? = nil, verticalAccuracy: _LocationEssentials.CLLocationAccuracy? = nil, speed: _LocationEssentials.CLLocationSpeed? = nil, speedAccuracy: _LocationEssentials.CLLocationSpeedAccuracy? = nil, bearing: _LocationEssentials.CLLocationDirection? = nil, bearingAccuracy: _LocationEssentials.CLLocationDirectionAccuracy? = nil, floor: Swift.Int? = nil, source: Swift.String? = nil, extra: Any? = nil)
^~~~~~~~~~~~~~~~~~~
/Users/admin/builder/spi-builder-workspace/.derivedData/Build/Products/Debug-xros/MapboxCommon.framework/Modules/MapboxCommon.swiftmodule/arm64-apple-xros.private.swiftinterface:220:436: error: cannot find type '_LocationEssentials' in scope
convenience public init(coordinate: _LocationEssentials.CLLocationCoordinate2D, timestamp: Foundation.Date = Date(), altitude: _LocationEssentials.CLLocationDistance? = nil, horizontalAccuracy: _LocationEssentials.CLLocationAccuracy? = nil, verticalAccuracy: _LocationEssentials.CLLocationAccuracy? = nil, speed: _LocationEssentials.CLLocationSpeed? = nil, speedAccuracy: _LocationEssentials.CLLocationSpeedAccuracy? = nil, bearing: _LocationEssentials.CLLocationDirection? = nil, bearingAccuracy: _LocationEssentials.CLLocationDirectionAccuracy? = nil, floor: Swift.Int? = nil, source: Swift.String? = nil, extra: Any? = nil)
^~~~~~~~~~~~~~~~~~~
/Users/admin/builder/spi-builder-workspace/.derivedData/Build/Products/Debug-xros/MapboxCommon.framework/Modules/MapboxCommon.swiftmodule/arm64-apple-xros.private.swiftinterface:220:501: error: cannot find type '_LocationEssentials' in scope
convenience public init(coordinate: _LocationEssentials.CLLocationCoordinate2D, timestamp: Foundation.Date = Date(), altitude: _LocationEssentials.CLLocationDistance? = nil, horizontalAccuracy: _LocationEssentials.CLLocationAccuracy? = nil, verticalAccuracy: _LocationEssentials.CLLocationAccuracy? = nil, speed: _LocationEssentials.CLLocationSpeed? = nil, speedAccuracy: _LocationEssentials.CLLocationSpeedAccuracy? = nil, bearing: _LocationEssentials.CLLocationDirection? = nil, bearingAccuracy: _LocationEssentials.CLLocationDirectionAccuracy? = nil, floor: Swift.Int? = nil, source: Swift.String? = nil, extra: Any? = nil)
^~~~~~~~~~~~~~~~~~~
/Users/admin/builder/spi-builder-workspace/.derivedData/Build/Products/Debug-xros/MapboxCommon.framework/Modules/MapboxCommon.swiftmodule/arm64-apple-xros.private.swiftinterface:221:26: error: cannot find type '_LocationEssentials' in scope
public var coordinate: _LocationEssentials.CLLocationCoordinate2D {
^~~~~~~~~~~~~~~~~~~
/Users/admin/builder/spi-builder-workspace/.derivedData/Build/Products/Debug-xros/MapboxCommon.framework/Modules/MapboxCommon.swiftmodule/arm64-apple-xros.private.swiftinterface:227:24: error: cannot find type '_LocationEssentials' in scope
public var altitude: _LocationEssentials.CLLocationDistance? {
^~~~~~~~~~~~~~~~~~~
/Users/admin/builder/spi-builder-workspace/.derivedData/Build/Products/Debug-xros/MapboxCommon.framework/Modules/MapboxCommon.swiftmodule/arm64-apple-xros.private.swiftinterface:230:34: error: cannot find type '_LocationEssentials' in scope
public var horizontalAccuracy: _LocationEssentials.CLLocationAccuracy? {
^~~~~~~~~~~~~~~~~~~
/Users/admin/builder/spi-builder-workspace/.derivedData/Build/Products/Debug-xros/MapboxCommon.framework/Modules/MapboxCommon.swiftmodule/arm64-apple-xros.private.swiftinterface:233:32: error: cannot find type '_LocationEssentials' in scope
public var verticalAccuracy: _LocationEssentials.CLLocationAccuracy? {
^~~~~~~~~~~~~~~~~~~
/Users/admin/builder/spi-builder-workspace/.derivedData/Build/Products/Debug-xros/MapboxCommon.framework/Modules/MapboxCommon.swiftmodule/arm64-apple-xros.private.swiftinterface:236:21: error: cannot find type '_LocationEssentials' in scope
public var speed: _LocationEssentials.CLLocationSpeed? {
^~~~~~~~~~~~~~~~~~~
/Users/admin/builder/spi-builder-workspace/.derivedData/Build/Products/Debug-xros/MapboxCommon.framework/Modules/MapboxCommon.swiftmodule/arm64-apple-xros.private.swiftinterface:239:29: error: cannot find type '_LocationEssentials' in scope
public var speedAccuracy: _LocationEssentials.CLLocationSpeedAccuracy? {
^~~~~~~~~~~~~~~~~~~
/Users/admin/builder/spi-builder-workspace/.derivedData/Build/Products/Debug-xros/MapboxCommon.framework/Modules/MapboxCommon.swiftmodule/arm64-apple-xros.private.swiftinterface:242:23: error: cannot find type '_LocationEssentials' in scope
public var bearing: _LocationEssentials.CLLocationDirection? {
^~~~~~~~~~~~~~~~~~~
/Users/admin/builder/spi-builder-workspace/.derivedData/Build/Products/Debug-xros/MapboxCommon.framework/Modules/MapboxCommon.swiftmodule/arm64-apple-xros.private.swiftinterface:245:31: error: cannot find type '_LocationEssentials' in scope
public var bearingAccuracy: _LocationEssentials.CLLocationDirectionAccuracy? {
^~~~~~~~~~~~~~~~~~~
SwiftCompile normal arm64 /Users/admin/builder/spi-builder-workspace/Sources/MapboxMaps/Offline/TileStoreObserver.swift (in target 'MapboxMaps' from project 'MapboxMaps')
cd /Users/admin/builder/spi-builder-workspace/.swiftpm/xcode
/Users/admin/builder/spi-builder-workspace/.derivedData/Build/Products/Debug-xros/MapboxCommon.framework/Modules/MapboxCommon.swiftmodule/arm64-apple-xros.private.swiftinterface:206:25: error: cannot find type '_LocationEssentials' in scope
public var direction: _LocationEssentials.CLLocationDirection
^~~~~~~~~~~~~~~~~~~
/Users/admin/builder/spi-builder-workspace/.derivedData/Build/Products/Debug-xros/MapboxCommon.framework/Modules/MapboxCommon.swiftmodule/arm64-apple-xros.private.swiftinterface:207:24: error: cannot find type '_LocationEssentials' in scope
public var accuracy: _LocationEssentials.CLLocationDirection
^~~~~~~~~~~~~~~~~~~
/Users/admin/builder/spi-builder-workspace/.derivedData/Build/Products/Debug-xros/MapboxCommon.framework/Modules/MapboxCommon.swiftmodule/arm64-apple-xros.private.swiftinterface:209:26: error: cannot find type '_LocationEssentials' in scope
public init(direction: _LocationEssentials.CLLocationDirection, accuracy: _LocationEssentials.CLLocationDirection, timestamp: Foundation.Date = Date())
^~~~~~~~~~~~~~~~~~~
/Users/admin/builder/spi-builder-workspace/.derivedData/Build/Products/Debug-xros/MapboxCommon.framework/Modules/MapboxCommon.swiftmodule/arm64-apple-xros.private.swiftinterface:209:77: error: cannot find type '_LocationEssentials' in scope
public init(direction: _LocationEssentials.CLLocationDirection, accuracy: _LocationEssentials.CLLocationDirection, timestamp: Foundation.Date = Date())
^~~~~~~~~~~~~~~~~~~
/Users/admin/builder/spi-builder-workspace/.derivedData/Build/Products/Debug-xros/MapboxCommon.framework/Modules/MapboxCommon.swiftmodule/arm64-apple-xros.private.swiftinterface:220:39: error: cannot find type '_LocationEssentials' in scope
convenience public init(coordinate: _LocationEssentials.CLLocationCoordinate2D, timestamp: Foundation.Date = Date(), altitude: _LocationEssentials.CLLocationDistance? = nil, horizontalAccuracy: _LocationEssentials.CLLocationAccuracy? = nil, verticalAccuracy: _LocationEssentials.CLLocationAccuracy? = nil, speed: _LocationEssentials.CLLocationSpeed? = nil, speedAccuracy: _LocationEssentials.CLLocationSpeedAccuracy? = nil, bearing: _LocationEssentials.CLLocationDirection? = nil, bearingAccuracy: _LocationEssentials.CLLocationDirectionAccuracy? = nil, floor: Swift.Int? = nil, source: Swift.String? = nil, extra: Any? = nil)
^~~~~~~~~~~~~~~~~~~
/Users/admin/builder/spi-builder-workspace/.derivedData/Build/Products/Debug-xros/MapboxCommon.framework/Modules/MapboxCommon.swiftmodule/arm64-apple-xros.private.swiftinterface:220:130: error: cannot find type '_LocationEssentials' in scope
convenience public init(coordinate: _LocationEssentials.CLLocationCoordinate2D, timestamp: Foundation.Date = Date(), altitude: _LocationEssentials.CLLocationDistance? = nil, horizontalAccuracy: _LocationEssentials.CLLocationAccuracy? = nil, verticalAccuracy: _LocationEssentials.CLLocationAccuracy? = nil, speed: _LocationEssentials.CLLocationSpeed? = nil, speedAccuracy: _LocationEssentials.CLLocationSpeedAccuracy? = nil, bearing: _LocationEssentials.CLLocationDirection? = nil, bearingAccuracy: _LocationEssentials.CLLocationDirectionAccuracy? = nil, floor: Swift.Int? = nil, source: Swift.String? = nil, extra: Any? = nil)
^~~~~~~~~~~~~~~~~~~
/Users/admin/builder/spi-builder-workspace/.derivedData/Build/Products/Debug-xros/MapboxCommon.framework/Modules/MapboxCommon.swiftmodule/arm64-apple-xros.private.swiftinterface:220:197: error: cannot find type '_LocationEssentials' in scope
convenience public init(coordinate: _LocationEssentials.CLLocationCoordinate2D, timestamp: Foundation.Date = Date(), altitude: _LocationEssentials.CLLocationDistance? = nil, horizontalAccuracy: _LocationEssentials.CLLocationAccuracy? = nil, verticalAccuracy: _LocationEssentials.CLLocationAccuracy? = nil, speed: _LocationEssentials.CLLocationSpeed? = nil, speedAccuracy: _LocationEssentials.CLLocationSpeedAccuracy? = nil, bearing: _LocationEssentials.CLLocationDirection? = nil, bearingAccuracy: _LocationEssentials.CLLocationDirectionAccuracy? = nil, floor: Swift.Int? = nil, source: Swift.String? = nil, extra: Any? = nil)
^~~~~~~~~~~~~~~~~~~
/Users/admin/builder/spi-builder-workspace/.derivedData/Build/Products/Debug-xros/MapboxCommon.framework/Modules/MapboxCommon.swiftmodule/arm64-apple-xros.private.swiftinterface:220:262: error: cannot find type '_LocationEssentials' in scope
convenience public init(coordinate: _LocationEssentials.CLLocationCoordinate2D, timestamp: Foundation.Date = Date(), altitude: _LocationEssentials.CLLocationDistance? = nil, horizontalAccuracy: _LocationEssentials.CLLocationAccuracy? = nil, verticalAccuracy: _LocationEssentials.CLLocationAccuracy? = nil, speed: _LocationEssentials.CLLocationSpeed? = nil, speedAccuracy: _LocationEssentials.CLLocationSpeedAccuracy? = nil, bearing: _LocationEssentials.CLLocationDirection? = nil, bearingAccuracy: _LocationEssentials.CLLocationDirectionAccuracy? = nil, floor: Swift.Int? = nil, source: Swift.String? = nil, extra: Any? = nil)
^~~~~~~~~~~~~~~~~~~
/Users/admin/builder/spi-builder-workspace/.derivedData/Build/Products/Debug-xros/MapboxCommon.framework/Modules/MapboxCommon.swiftmodule/arm64-apple-xros.private.swiftinterface:220:316: error: cannot find type '_LocationEssentials' in scope
convenience public init(coordinate: _LocationEssentials.CLLocationCoordinate2D, timestamp: Foundation.Date = Date(), altitude: _LocationEssentials.CLLocationDistance? = nil, horizontalAccuracy: _LocationEssentials.CLLocationAccuracy? = nil, verticalAccuracy: _LocationEssentials.CLLocationAccuracy? = nil, speed: _LocationEssentials.CLLocationSpeed? = nil, speedAccuracy: _LocationEssentials.CLLocationSpeedAccuracy? = nil, bearing: _LocationEssentials.CLLocationDirection? = nil, bearingAccuracy: _LocationEssentials.CLLocationDirectionAccuracy? = nil, floor: Swift.Int? = nil, source: Swift.String? = nil, extra: Any? = nil)
^~~~~~~~~~~~~~~~~~~
/Users/admin/builder/spi-builder-workspace/.derivedData/Build/Products/Debug-xros/MapboxCommon.framework/Modules/MapboxCommon.swiftmodule/arm64-apple-xros.private.swiftinterface:220:375: error: cannot find type '_LocationEssentials' in scope
convenience public init(coordinate: _LocationEssentials.CLLocationCoordinate2D, timestamp: Foundation.Date = Date(), altitude: _LocationEssentials.CLLocationDistance? = nil, horizontalAccuracy: _LocationEssentials.CLLocationAccuracy? = nil, verticalAccuracy: _LocationEssentials.CLLocationAccuracy? = nil, speed: _LocationEssentials.CLLocationSpeed? = nil, speedAccuracy: _LocationEssentials.CLLocationSpeedAccuracy? = nil, bearing: _LocationEssentials.CLLocationDirection? = nil, bearingAccuracy: _LocationEssentials.CLLocationDirectionAccuracy? = nil, floor: Swift.Int? = nil, source: Swift.String? = nil, extra: Any? = nil)
^~~~~~~~~~~~~~~~~~~
/Users/admin/builder/spi-builder-workspace/.derivedData/Build/Products/Debug-xros/MapboxCommon.framework/Modules/MapboxCommon.swiftmodule/arm64-apple-xros.private.swiftinterface:220:436: error: cannot find type '_LocationEssentials' in scope
convenience public init(coordinate: _LocationEssentials.CLLocationCoordinate2D, timestamp: Foundation.Date = Date(), altitude: _LocationEssentials.CLLocationDistance? = nil, horizontalAccuracy: _LocationEssentials.CLLocationAccuracy? = nil, verticalAccuracy: _LocationEssentials.CLLocationAccuracy? = nil, speed: _LocationEssentials.CLLocationSpeed? = nil, speedAccuracy: _LocationEssentials.CLLocationSpeedAccuracy? = nil, bearing: _LocationEssentials.CLLocationDirection? = nil, bearingAccuracy: _LocationEssentials.CLLocationDirectionAccuracy? = nil, floor: Swift.Int? = nil, source: Swift.String? = nil, extra: Any? = nil)
^~~~~~~~~~~~~~~~~~~
/Users/admin/builder/spi-builder-workspace/.derivedData/Build/Products/Debug-xros/MapboxCommon.framework/Modules/MapboxCommon.swiftmodule/arm64-apple-xros.private.swiftinterface:220:501: error: cannot find type '_LocationEssentials' in scope
convenience public init(coordinate: _LocationEssentials.CLLocationCoordinate2D, timestamp: Foundation.Date = Date(), altitude: _LocationEssentials.CLLocationDistance? = nil, horizontalAccuracy: _LocationEssentials.CLLocationAccuracy? = nil, verticalAccuracy: _LocationEssentials.CLLocationAccuracy? = nil, speed: _LocationEssentials.CLLocationSpeed? = nil, speedAccuracy: _LocationEssentials.CLLocationSpeedAccuracy? = nil, bearing: _LocationEssentials.CLLocationDirection? = nil, bearingAccuracy: _LocationEssentials.CLLocationDirectionAccuracy? = nil, floor: Swift.Int? = nil, source: Swift.String? = nil, extra: Any? = nil)
^~~~~~~~~~~~~~~~~~~
/Users/admin/builder/spi-builder-workspace/.derivedData/Build/Products/Debug-xros/MapboxCommon.framework/Modules/MapboxCommon.swiftmodule/arm64-apple-xros.private.swiftinterface:221:26: error: cannot find type '_LocationEssentials' in scope
public var coordinate: _LocationEssentials.CLLocationCoordinate2D {
^~~~~~~~~~~~~~~~~~~
/Users/admin/builder/spi-builder-workspace/.derivedData/Build/Products/Debug-xros/MapboxCommon.framework/Modules/MapboxCommon.swiftmodule/arm64-apple-xros.private.swiftinterface:227:24: error: cannot find type '_LocationEssentials' in scope
public var altitude: _LocationEssentials.CLLocationDistance? {
^~~~~~~~~~~~~~~~~~~
/Users/admin/builder/spi-builder-workspace/.derivedData/Build/Products/Debug-xros/MapboxCommon.framework/Modules/MapboxCommon.swiftmodule/arm64-apple-xros.private.swiftinterface:230:34: error: cannot find type '_LocationEssentials' in scope
public var horizontalAccuracy: _LocationEssentials.CLLocationAccuracy? {
^~~~~~~~~~~~~~~~~~~
/Users/admin/builder/spi-builder-workspace/.derivedData/Build/Products/Debug-xros/MapboxCommon.framework/Modules/MapboxCommon.swiftmodule/arm64-apple-xros.private.swiftinterface:233:32: error: cannot find type '_LocationEssentials' in scope
public var verticalAccuracy: _LocationEssentials.CLLocationAccuracy? {
^~~~~~~~~~~~~~~~~~~
/Users/admin/builder/spi-builder-workspace/.derivedData/Build/Products/Debug-xros/MapboxCommon.framework/Modules/MapboxCommon.swiftmodule/arm64-apple-xros.private.swiftinterface:236:21: error: cannot find type '_LocationEssentials' in scope
public var speed: _LocationEssentials.CLLocationSpeed? {
^~~~~~~~~~~~~~~~~~~
/Users/admin/builder/spi-builder-workspace/.derivedData/Build/Products/Debug-xros/MapboxCommon.framework/Modules/MapboxCommon.swiftmodule/arm64-apple-xros.private.swiftinterface:239:29: error: cannot find type '_LocationEssentials' in scope
public var speedAccuracy: _LocationEssentials.CLLocationSpeedAccuracy? {
^~~~~~~~~~~~~~~~~~~
/Users/admin/builder/spi-builder-workspace/.derivedData/Build/Products/Debug-xros/MapboxCommon.framework/Modules/MapboxCommon.swiftmodule/arm64-apple-xros.private.swiftinterface:242:23: error: cannot find type '_LocationEssentials' in scope
public var bearing: _LocationEssentials.CLLocationDirection? {
^~~~~~~~~~~~~~~~~~~
/Users/admin/builder/spi-builder-workspace/.derivedData/Build/Products/Debug-xros/MapboxCommon.framework/Modules/MapboxCommon.swiftmodule/arm64-apple-xros.private.swiftinterface:245:31: error: cannot find type '_LocationEssentials' in scope
public var bearingAccuracy: _LocationEssentials.CLLocationDirectionAccuracy? {
^~~~~~~~~~~~~~~~~~~
/Users/admin/builder/spi-builder-workspace/.derivedData/Build/Products/Debug-xros/MapboxCoreMaps.framework/Modules/MapboxCoreMaps.swiftmodule/arm64-apple-xros.private.swiftinterface:9:27: error: failed to build module 'MapboxCommon'; this SDK is not supported by the compiler (the SDK is built with 'Apple Swift version 6.3.2 effective-5.10 (swiftlang-6.3.2.1.108 clang-2100.1.1.101)', while this compiler is 'Apple Swift version 6.1 effective-5.10 (swiftlang-6.1.0.110.21 clang-1700.0.13.3)'). Please select a toolchain which matches the SDK.
@_spi(Marshalling) import MapboxCommon
^
/Users/admin/builder/spi-builder-workspace/.derivedData/Build/Products/Debug-xros/MapboxCommon.framework/Modules/MapboxCommon.swiftmodule/arm64-apple-xros.private.swiftinterface:206:25: error: cannot find type '_LocationEssentials' in scope
public var direction: _LocationEssentials.CLLocationDirection
^~~~~~~~~~~~~~~~~~~
/Users/admin/builder/spi-builder-workspace/.derivedData/Build/Products/Debug-xros/MapboxCommon.framework/Modules/MapboxCommon.swiftmodule/arm64-apple-xros.private.swiftinterface:207:24: error: cannot find type '_LocationEssentials' in scope
public var accuracy: _LocationEssentials.CLLocationDirection
^~~~~~~~~~~~~~~~~~~
/Users/admin/builder/spi-builder-workspace/.derivedData/Build/Products/Debug-xros/MapboxCommon.framework/Modules/MapboxCommon.swiftmodule/arm64-apple-xros.private.swiftinterface:209:26: error: cannot find type '_LocationEssentials' in scope
public init(direction: _LocationEssentials.CLLocationDirection, accuracy: _LocationEssentials.CLLocationDirection, timestamp: Foundation.Date = Date())
^~~~~~~~~~~~~~~~~~~
/Users/admin/builder/spi-builder-workspace/.derivedData/Build/Products/Debug-xros/MapboxCommon.framework/Modules/MapboxCommon.swiftmodule/arm64-apple-xros.private.swiftinterface:209:77: error: cannot find type '_LocationEssentials' in scope
public init(direction: _LocationEssentials.CLLocationDirection, accuracy: _LocationEssentials.CLLocationDirection, timestamp: Foundation.Date = Date())
^~~~~~~~~~~~~~~~~~~
/Users/admin/builder/spi-builder-workspace/.derivedData/Build/Products/Debug-xros/MapboxCommon.framework/Modules/MapboxCommon.swiftmodule/arm64-apple-xros.private.swiftinterface:220:39: error: cannot find type '_LocationEssentials' in scope
convenience public init(coordinate: _LocationEssentials.CLLocationCoordinate2D, timestamp: Foundation.Date = Date(), altitude: _LocationEssentials.CLLocationDistance? = nil, horizontalAccuracy: _LocationEssentials.CLLocationAccuracy? = nil, verticalAccuracy: _LocationEssentials.CLLocationAccuracy? = nil, speed: _LocationEssentials.CLLocationSpeed? = nil, speedAccuracy: _LocationEssentials.CLLocationSpeedAccuracy? = nil, bearing: _LocationEssentials.CLLocationDirection? = nil, bearingAccuracy: _LocationEssentials.CLLocationDirectionAccuracy? = nil, floor: Swift.Int? = nil, source: Swift.String? = nil, extra: Any? = nil)
^~~~~~~~~~~~~~~~~~~
/Users/admin/builder/spi-builder-workspace/.derivedData/Build/Products/Debug-xros/MapboxCommon.framework/Modules/MapboxCommon.swiftmodule/arm64-apple-xros.private.swiftinterface:220:130: error: cannot find type '_LocationEssentials' in scope
convenience public init(coordinate: _LocationEssentials.CLLocationCoordinate2D, timestamp: Foundation.Date = Date(), altitude: _LocationEssentials.CLLocationDistance? = nil, horizontalAccuracy: _LocationEssentials.CLLocationAccuracy? = nil, verticalAccuracy: _LocationEssentials.CLLocationAccuracy? = nil, speed: _LocationEssentials.CLLocationSpeed? = nil, speedAccuracy: _LocationEssentials.CLLocationSpeedAccuracy? = nil, bearing: _LocationEssentials.CLLocationDirection? = nil, bearingAccuracy: _LocationEssentials.CLLocationDirectionAccuracy? = nil, floor: Swift.Int? = nil, source: Swift.String? = nil, extra: Any? = nil)
^~~~~~~~~~~~~~~~~~~
/Users/admin/builder/spi-builder-workspace/.derivedData/Build/Products/Debug-xros/MapboxCommon.framework/Modules/MapboxCommon.swiftmodule/arm64-apple-xros.private.swiftinterface:220:197: error: cannot find type '_LocationEssentials' in scope
convenience public init(coordinate: _LocationEssentials.CLLocationCoordinate2D, timestamp: Foundation.Date = Date(), altitude: _LocationEssentials.CLLocationDistance? = nil, horizontalAccuracy: _LocationEssentials.CLLocationAccuracy? = nil, verticalAccuracy: _LocationEssentials.CLLocationAccuracy? = nil, speed: _LocationEssentials.CLLocationSpeed? = nil, speedAccuracy: _LocationEssentials.CLLocationSpeedAccuracy? = nil, bearing: _LocationEssentials.CLLocationDirection? = nil, bearingAccuracy: _LocationEssentials.CLLocationDirectionAccuracy? = nil, floor: Swift.Int? = nil, source: Swift.String? = nil, extra: Any? = nil)
^~~~~~~~~~~~~~~~~~~
/Users/admin/builder/spi-builder-workspace/.derivedData/Build/Products/Debug-xros/MapboxCommon.framework/Modules/MapboxCommon.swiftmodule/arm64-apple-xros.private.swiftinterface:220:262: error: cannot find type '_LocationEssentials' in scope
convenience public init(coordinate: _LocationEssentials.CLLocationCoordinate2D, timestamp: Foundation.Date = Date(), altitude: _LocationEssentials.CLLocationDistance? = nil, horizontalAccuracy: _LocationEssentials.CLLocationAccuracy? = nil, verticalAccuracy: _LocationEssentials.CLLocationAccuracy? = nil, speed: _LocationEssentials.CLLocationSpeed? = nil, speedAccuracy: _LocationEssentials.CLLocationSpeedAccuracy? = nil, bearing: _LocationEssentials.CLLocationDirection? = nil, bearingAccuracy: _LocationEssentials.CLLocationDirectionAccuracy? = nil, floor: Swift.Int? = nil, source: Swift.String? = nil, extra: Any? = nil)
^~~~~~~~~~~~~~~~~~~
/Users/admin/builder/spi-builder-workspace/.derivedData/Build/Products/Debug-xros/MapboxCommon.framework/Modules/MapboxCommon.swiftmodule/arm64-apple-xros.private.swiftinterface:220:316: error: cannot find type '_LocationEssentials' in scope
convenience public init(coordinate: _LocationEssentials.CLLocationCoordinate2D, timestamp: Foundation.Date = Date(), altitude: _LocationEssentials.CLLocationDistance? = nil, horizontalAccuracy: _LocationEssentials.CLLocationAccuracy? = nil, verticalAccuracy: _LocationEssentials.CLLocationAccuracy? = nil, speed: _LocationEssentials.CLLocationSpeed? = nil, speedAccuracy: _LocationEssentials.CLLocationSpeedAccuracy? = nil, bearing: _LocationEssentials.CLLocationDirection? = nil, bearingAccuracy: _LocationEssentials.CLLocationDirectionAccuracy? = nil, floor: Swift.Int? = nil, source: Swift.String? = nil, extra: Any? = nil)
^~~~~~~~~~~~~~~~~~~
/Users/admin/builder/spi-builder-workspace/.derivedData/Build/Products/Debug-xros/MapboxCommon.framework/Modules/MapboxCommon.swiftmodule/arm64-apple-xros.private.swiftinterface:220:375: error: cannot find type '_LocationEssentials' in scope
convenience public init(coordinate: _LocationEssentials.CLLocationCoordinate2D, timestamp: Foundation.Date = Date(), altitude: _LocationEssentials.CLLocationDistance? = nil, horizontalAccuracy: _LocationEssentials.CLLocationAccuracy? = nil, verticalAccuracy: _LocationEssentials.CLLocationAccuracy? = nil, speed: _LocationEssentials.CLLocationSpeed? = nil, speedAccuracy: _LocationEssentials.CLLocationSpeedAccuracy? = nil, bearing: _LocationEssentials.CLLocationDirection? = nil, bearingAccuracy: _LocationEssentials.CLLocationDirectionAccuracy? = nil, floor: Swift.Int? = nil, source: Swift.String? = nil, extra: Any? = nil)
^~~~~~~~~~~~~~~~~~~
/Users/admin/builder/spi-builder-workspace/.derivedData/Build/Products/Debug-xros/MapboxCommon.framework/Modules/MapboxCommon.swiftmodule/arm64-apple-xros.private.swiftinterface:220:436: error: cannot find type '_LocationEssentials' in scope
convenience public init(coordinate: _LocationEssentials.CLLocationCoordinate2D, timestamp: Foundation.Date = Date(), altitude: _LocationEssentials.CLLocationDistance? = nil, horizontalAccuracy: _LocationEssentials.CLLocationAccuracy? = nil, verticalAccuracy: _LocationEssentials.CLLocationAccuracy? = nil, speed: _LocationEssentials.CLLocationSpeed? = nil, speedAccuracy: _LocationEssentials.CLLocationSpeedAccuracy? = nil, bearing: _LocationEssentials.CLLocationDirection? = nil, bearingAccuracy: _LocationEssentials.CLLocationDirectionAccuracy? = nil, floor: Swift.Int? = nil, source: Swift.String? = nil, extra: Any? = nil)
^~~~~~~~~~~~~~~~~~~
/Users/admin/builder/spi-builder-workspace/.derivedData/Build/Products/Debug-xros/MapboxCommon.framework/Modules/MapboxCommon.swiftmodule/arm64-apple-xros.private.swiftinterface:220:501: error: cannot find type '_LocationEssentials' in scope
convenience public init(coordinate: _LocationEssentials.CLLocationCoordinate2D, timestamp: Foundation.Date = Date(), altitude: _LocationEssentials.CLLocationDistance? = nil, horizontalAccuracy: _LocationEssentials.CLLocationAccuracy? = nil, verticalAccuracy: _LocationEssentials.CLLocationAccuracy? = nil, speed: _LocationEssentials.CLLocationSpeed? = nil, speedAccuracy: _LocationEssentials.CLLocationSpeedAccuracy? = nil, bearing: _LocationEssentials.CLLocationDirection? = nil, bearingAccuracy: _LocationEssentials.CLLocationDirectionAccuracy? = nil, floor: Swift.Int? = nil, source: Swift.String? = nil, extra: Any? = nil)
^~~~~~~~~~~~~~~~~~~
/Users/admin/builder/spi-builder-workspace/.derivedData/Build/Products/Debug-xros/MapboxCommon.framework/Modules/MapboxCommon.swiftmodule/arm64-apple-xros.private.swiftinterface:221:26: error: cannot find type '_LocationEssentials' in scope
public var coordinate: _LocationEssentials.CLLocationCoordinate2D {
^~~~~~~~~~~~~~~~~~~
/Users/admin/builder/spi-builder-workspace/.derivedData/Build/Products/Debug-xros/MapboxCommon.framework/Modules/MapboxCommon.swiftmodule/arm64-apple-xros.private.swiftinterface:227:24: error: cannot find type '_LocationEssentials' in scope
public var altitude: _LocationEssentials.CLLocationDistance? {
^~~~~~~~~~~~~~~~~~~
/Users/admin/builder/spi-builder-workspace/.derivedData/Build/Products/Debug-xros/MapboxCommon.framework/Modules/MapboxCommon.swiftmodule/arm64-apple-xros.private.swiftinterface:230:34: error: cannot find type '_LocationEssentials' in scope
public var horizontalAccuracy: _LocationEssentials.CLLocationAccuracy? {
^~~~~~~~~~~~~~~~~~~
/Users/admin/builder/spi-builder-workspace/.derivedData/Build/Products/Debug-xros/MapboxCommon.framework/Modules/MapboxCommon.swiftmodule/arm64-apple-xros.private.swiftinterface:233:32: error: cannot find type '_LocationEssentials' in scope
public var verticalAccuracy: _LocationEssentials.CLLocationAccuracy? {
^~~~~~~~~~~~~~~~~~~
/Users/admin/builder/spi-builder-workspace/.derivedData/Build/Products/Debug-xros/MapboxCommon.framework/Modules/MapboxCommon.swiftmodule/arm64-apple-xros.private.swiftinterface:236:21: error: cannot find type '_LocationEssentials' in scope
public var speed: _LocationEssentials.CLLocationSpeed? {
^~~~~~~~~~~~~~~~~~~
/Users/admin/builder/spi-builder-workspace/.derivedData/Build/Products/Debug-xros/MapboxCommon.framework/Modules/MapboxCommon.swiftmodule/arm64-apple-xros.private.swiftinterface:239:29: error: cannot find type '_LocationEssentials' in scope
public var speedAccuracy: _LocationEssentials.CLLocationSpeedAccuracy? {
^~~~~~~~~~~~~~~~~~~
/Users/admin/builder/spi-builder-workspace/.derivedData/Build/Products/Debug-xros/MapboxCommon.framework/Modules/MapboxCommon.swiftmodule/arm64-apple-xros.private.swiftinterface:242:23: error: cannot find type '_LocationEssentials' in scope
public var bearing: _LocationEssentials.CLLocationDirection? {
^~~~~~~~~~~~~~~~~~~
/Users/admin/builder/spi-builder-workspace/.derivedData/Build/Products/Debug-xros/MapboxCommon.framework/Modules/MapboxCommon.swiftmodule/arm64-apple-xros.private.swiftinterface:245:31: error: cannot find type '_LocationEssentials' in scope
public var bearingAccuracy: _LocationEssentials.CLLocationDirectionAccuracy? {
^~~~~~~~~~~~~~~~~~~
/Users/admin/builder/spi-builder-workspace/Sources/MapboxMaps/Annotations/AnnotatedFeature.swift:1:8: error: failed to build module 'MapboxCoreMaps'; this SDK is not supported by the compiler (the SDK is built with 'Apple Swift version 6.3.2 effective-5.10 (swiftlang-6.3.2.1.108 clang-2100.1.1.101)', while this compiler is 'Apple Swift version 6.1 effective-5.10 (swiftlang-6.1.0.110.21 clang-1700.0.13.3)'). Please select a toolchain which matches the SDK.
import MapboxCoreMaps
^
/Users/admin/builder/spi-builder-workspace/.derivedData/Build/Products/Debug-xros/MapboxCommon.framework/Modules/MapboxCommon.swiftmodule/arm64-apple-xros.private.swiftinterface:206:25: error: cannot find type '_LocationEssentials' in scope
public var direction: _LocationEssentials.CLLocationDirection
^~~~~~~~~~~~~~~~~~~
/Users/admin/builder/spi-builder-workspace/.derivedData/Build/Products/Debug-xros/MapboxCommon.framework/Modules/MapboxCommon.swiftmodule/arm64-apple-xros.private.swiftinterface:207:24: error: cannot find type '_LocationEssentials' in scope
public var accuracy: _LocationEssentials.CLLocationDirection
^~~~~~~~~~~~~~~~~~~
/Users/admin/builder/spi-builder-workspace/.derivedData/Build/Products/Debug-xros/MapboxCommon.framework/Modules/MapboxCommon.swiftmodule/arm64-apple-xros.private.swiftinterface:209:26: error: cannot find type '_LocationEssentials' in scope
public init(direction: _LocationEssentials.CLLocationDirection, accuracy: _LocationEssentials.CLLocationDirection, timestamp: Foundation.Date = Date())
^~~~~~~~~~~~~~~~~~~
/Users/admin/builder/spi-builder-workspace/.derivedData/Build/Products/Debug-xros/MapboxCommon.framework/Modules/MapboxCommon.swiftmodule/arm64-apple-xros.private.swiftinterface:209:77: error: cannot find type '_LocationEssentials' in scope
public init(direction: _LocationEssentials.CLLocationDirection, accuracy: _LocationEssentials.CLLocationDirection, timestamp: Foundation.Date = Date())
^~~~~~~~~~~~~~~~~~~
/Users/admin/builder/spi-builder-workspace/.derivedData/Build/Products/Debug-xros/MapboxCommon.framework/Modules/MapboxCommon.swiftmodule/arm64-apple-xros.private.swiftinterface:220:39: error: cannot find type '_LocationEssentials' in scope
convenience public init(coordinate: _LocationEssentials.CLLocationCoordinate2D, timestamp: Foundation.Date = Date(), altitude: _LocationEssentials.CLLocationDistance? = nil, horizontalAccuracy: _LocationEssentials.CLLocationAccuracy? = nil, verticalAccuracy: _LocationEssentials.CLLocationAccuracy? = nil, speed: _LocationEssentials.CLLocationSpeed? = nil, speedAccuracy: _LocationEssentials.CLLocationSpeedAccuracy? = nil, bearing: _LocationEssentials.CLLocationDirection? = nil, bearingAccuracy: _LocationEssentials.CLLocationDirectionAccuracy? = nil, floor: Swift.Int? = nil, source: Swift.String? = nil, extra: Any? = nil)
^~~~~~~~~~~~~~~~~~~
/Users/admin/builder/spi-builder-workspace/.derivedData/Build/Products/Debug-xros/MapboxCommon.framework/Modules/MapboxCommon.swiftmodule/arm64-apple-xros.private.swiftinterface:220:130: error: cannot find type '_LocationEssentials' in scope
convenience public init(coordinate: _LocationEssentials.CLLocationCoordinate2D, timestamp: Foundation.Date = Date(), altitude: _LocationEssentials.CLLocationDistance? = nil, horizontalAccuracy: _LocationEssentials.CLLocationAccuracy? = nil, verticalAccuracy: _LocationEssentials.CLLocationAccuracy? = nil, speed: _LocationEssentials.CLLocationSpeed? = nil, speedAccuracy: _LocationEssentials.CLLocationSpeedAccuracy? = nil, bearing: _LocationEssentials.CLLocationDirection? = nil, bearingAccuracy: _LocationEssentials.CLLocationDirectionAccuracy? = nil, floor: Swift.Int? = nil, source: Swift.String? = nil, extra: Any? = nil)
^~~~~~~~~~~~~~~~~~~
/Users/admin/builder/spi-builder-workspace/.derivedData/Build/Products/Debug-xros/MapboxCommon.framework/Modules/MapboxCommon.swiftmodule/arm64-apple-xros.private.swiftinterface:220:197: error: cannot find type '_LocationEssentials' in scope
convenience public init(coordinate: _LocationEssentials.CLLocationCoordinate2D, timestamp: Foundation.Date = Date(), altitude: _LocationEssentials.CLLocationDistance? = nil, horizontalAccuracy: _LocationEssentials.CLLocationAccuracy? = nil, verticalAccuracy: _LocationEssentials.CLLocationAccuracy? = nil, speed: _LocationEssentials.CLLocationSpeed? = nil, speedAccuracy: _LocationEssentials.CLLocationSpeedAccuracy? = nil, bearing: _LocationEssentials.CLLocationDirection? = nil, bearingAccuracy: _LocationEssentials.CLLocationDirectionAccuracy? = nil, floor: Swift.Int? = nil, source: Swift.String? = nil, extra: Any? = nil)
^~~~~~~~~~~~~~~~~~~
/Users/admin/builder/spi-builder-workspace/.derivedData/Build/Products/Debug-xros/MapboxCommon.framework/Modules/MapboxCommon.swiftmodule/arm64-apple-xros.private.swiftinterface:220:262: error: cannot find type '_LocationEssentials' in scope
convenience public init(coordinate: _LocationEssentials.CLLocationCoordinate2D, timestamp: Foundation.Date = Date(), altitude: _LocationEssentials.CLLocationDistance? = nil, horizontalAccuracy: _LocationEssentials.CLLocationAccuracy? = nil, verticalAccuracy: _LocationEssentials.CLLocationAccuracy? = nil, speed: _LocationEssentials.CLLocationSpeed? = nil, speedAccuracy: _LocationEssentials.CLLocationSpeedAccuracy? = nil, bearing: _LocationEssentials.CLLocationDirection? = nil, bearingAccuracy: _LocationEssentials.CLLocationDirectionAccuracy? = nil, floor: Swift.Int? = nil, source: Swift.String? = nil, extra: Any? = nil)
^~~~~~~~~~~~~~~~~~~
/Users/admin/builder/spi-builder-workspace/.derivedData/Build/Products/Debug-xros/MapboxCommon.framework/Modules/MapboxCommon.swiftmodule/arm64-apple-xros.private.swiftinterface:220:316: error: cannot find type '_LocationEssentials' in scope
convenience public init(coordinate: _LocationEssentials.CLLocationCoordinate2D, timestamp: Foundation.Date = Date(), altitude: _LocationEssentials.CLLocationDistance? = nil, horizontalAccuracy: _LocationEssentials.CLLocationAccuracy? = nil, verticalAccuracy: _LocationEssentials.CLLocationAccuracy? = nil, speed: _LocationEssentials.CLLocationSpeed? = nil, speedAccuracy: _LocationEssentials.CLLocationSpeedAccuracy? = nil, bearing: _LocationEssentials.CLLocationDirection? = nil, bearingAccuracy: _LocationEssentials.CLLocationDirectionAccuracy? = nil, floor: Swift.Int? = nil, source: Swift.String? = nil, extra: Any? = nil)
^~~~~~~~~~~~~~~~~~~
/Users/admin/builder/spi-builder-workspace/.derivedData/Build/Products/Debug-xros/MapboxCommon.framework/Modules/MapboxCommon.swiftmodule/arm64-apple-xros.private.swiftinterface:220:375: error: cannot find type '_LocationEssentials' in scope
convenience public init(coordinate: _LocationEssentials.CLLocationCoordinate2D, timestamp: Foundation.Date = Date(), altitude: _LocationEssentials.CLLocationDistance? = nil, horizontalAccuracy: _LocationEssentials.CLLocationAccuracy? = nil, verticalAccuracy: _LocationEssentials.CLLocationAccuracy? = nil, speed: _LocationEssentials.CLLocationSpeed? = nil, speedAccuracy: _LocationEssentials.CLLocationSpeedAccuracy? = nil, bearing: _LocationEssentials.CLLocationDirection? = nil, bearingAccuracy: _LocationEssentials.CLLocationDirectionAccuracy? = nil, floor: Swift.Int? = nil, source: Swift.String? = nil, extra: Any? = nil)
^~~~~~~~~~~~~~~~~~~
/Users/admin/builder/spi-builder-workspace/.derivedData/Build/Products/Debug-xros/MapboxCommon.framework/Modules/MapboxCommon.swiftmodule/arm64-apple-xros.private.swiftinterface:220:436: error: cannot find type '_LocationEssentials' in scope
convenience public init(coordinate: _LocationEssentials.CLLocationCoordinate2D, timestamp: Foundation.Date = Date(), altitude: _LocationEssentials.CLLocationDistance? = nil, horizontalAccuracy: _LocationEssentials.CLLocationAccuracy? = nil, verticalAccuracy: _LocationEssentials.CLLocationAccuracy? = nil, speed: _LocationEssentials.CLLocationSpeed? = nil, speedAccuracy: _LocationEssentials.CLLocationSpeedAccuracy? = nil, bearing: _LocationEssentials.CLLocationDirection? = nil, bearingAccuracy: _LocationEssentials.CLLocationDirectionAccuracy? = nil, floor: Swift.Int? = nil, source: Swift.String? = nil, extra: Any? = nil)
^~~~~~~~~~~~~~~~~~~
/Users/admin/builder/spi-builder-workspace/.derivedData/Build/Products/Debug-xros/MapboxCommon.framework/Modules/MapboxCommon.swiftmodule/arm64-apple-xros.private.swiftinterface:220:501: error: cannot find type '_LocationEssentials' in scope
convenience public init(coordinate: _LocationEssentials.CLLocationCoordinate2D, timestamp: Foundation.Date = Date(), altitude: _LocationEssentials.CLLocationDistance? = nil, horizontalAccuracy: _LocationEssentials.CLLocationAccuracy? = nil, verticalAccuracy: _LocationEssentials.CLLocationAccuracy? = nil, speed: _LocationEssentials.CLLocationSpeed? = nil, speedAccuracy: _LocationEssentials.CLLocationSpeedAccuracy? = nil, bearing: _LocationEssentials.CLLocationDirection? = nil, bearingAccuracy: _LocationEssentials.CLLocationDirectionAccuracy? = nil, floor: Swift.Int? = nil, source: Swift.String? = nil, extra: Any? = nil)
^~~~~~~~~~~~~~~~~~~
/Users/admin/builder/spi-builder-workspace/.derivedData/Build/Products/Debug-xros/MapboxCommon.framework/Modules/MapboxCommon.swiftmodule/arm64-apple-xros.private.swiftinterface:221:26: error: cannot find type '_LocationEssentials' in scope
public var coordinate: _LocationEssentials.CLLocationCoordinate2D {
^~~~~~~~~~~~~~~~~~~
/Users/admin/builder/spi-builder-workspace/.derivedData/Build/Products/Debug-xros/MapboxCommon.framework/Modules/MapboxCommon.swiftmodule/arm64-apple-xros.private.swiftinterface:227:24: error: cannot find type '_LocationEssentials' in scope
public var altitude: _LocationEssentials.CLLocationDistance? {
^~~~~~~~~~~~~~~~~~~
/Users/admin/builder/spi-builder-workspace/.derivedData/Build/Products/Debug-xros/MapboxCommon.framework/Modules/MapboxCommon.swiftmodule/arm64-apple-xros.private.swiftinterface:230:34: error: cannot find type '_LocationEssentials' in scope
public var horizontalAccuracy: _LocationEssentials.CLLocationAccuracy? {
^~~~~~~~~~~~~~~~~~~
/Users/admin/builder/spi-builder-workspace/.derivedData/Build/Products/Debug-xros/MapboxCommon.framework/Modules/MapboxCommon.swiftmodule/arm64-apple-xros.private.swiftinterface:233:32: error: cannot find type '_LocationEssentials' in scope
public var verticalAccuracy: _LocationEssentials.CLLocationAccuracy? {
^~~~~~~~~~~~~~~~~~~
/Users/admin/builder/spi-builder-workspace/.derivedData/Build/Products/Debug-xros/MapboxCommon.framework/Modules/MapboxCommon.swiftmodule/arm64-apple-xros.private.swiftinterface:236:21: error: cannot find type '_LocationEssentials' in scope
public var speed: _LocationEssentials.CLLocationSpeed? {
^~~~~~~~~~~~~~~~~~~
/Users/admin/builder/spi-builder-workspace/.derivedData/Build/Products/Debug-xros/MapboxCommon.framework/Modules/MapboxCommon.swiftmodule/arm64-apple-xros.private.swiftinterface:239:29: error: cannot find type '_LocationEssentials' in scope
public var speedAccuracy: _LocationEssentials.CLLocationSpeedAccuracy? {
^~~~~~~~~~~~~~~~~~~
/Users/admin/builder/spi-builder-workspace/.derivedData/Build/Products/Debug-xros/MapboxCommon.framework/Modules/MapboxCommon.swiftmodule/arm64-apple-xros.private.swiftinterface:242:23: error: cannot find type '_LocationEssentials' in scope
public var bearing: _LocationEssentials.CLLocationDirection? {
^~~~~~~~~~~~~~~~~~~
/Users/admin/builder/spi-builder-workspace/.derivedData/Build/Products/Debug-xros/MapboxCommon.framework/Modules/MapboxCommon.swiftmodule/arm64-apple-xros.private.swiftinterface:245:31: error: cannot find type '_LocationEssentials' in scope
public var bearingAccuracy: _LocationEssentials.CLLocationDirectionAccuracy? {
^~~~~~~~~~~~~~~~~~~
/Users/admin/builder/spi-builder-workspace/.derivedData/Build/Products/Debug-xros/MapboxCoreMaps.framework/Modules/MapboxCoreMaps.swiftmodule/arm64-apple-xros.private.swiftinterface:9:27: error: failed to build module 'MapboxCommon'; this SDK is not supported by the compiler (the SDK is built with 'Apple Swift version 6.3.2 effective-5.10 (swiftlang-6.3.2.1.108 clang-2100.1.1.101)', while this compiler is 'Apple Swift version 6.1 effective-5.10 (swiftlang-6.1.0.110.21 clang-1700.0.13.3)'). Please select a toolchain which matches the SDK.
@_spi(Marshalling) import MapboxCommon
^
/Users/admin/builder/spi-builder-workspace/.derivedData/Build/Products/Debug-xros/MapboxCommon.framework/Modules/MapboxCommon.swiftmodule/arm64-apple-xros.private.swiftinterface:206:25: error: cannot find type '_LocationEssentials' in scope
public var direction: _LocationEssentials.CLLocationDirection
^~~~~~~~~~~~~~~~~~~
/Users/admin/builder/spi-builder-workspace/.derivedData/Build/Products/Debug-xros/MapboxCommon.framework/Modules/MapboxCommon.swiftmodule/arm64-apple-xros.private.swiftinterface:207:24: error: cannot find type '_LocationEssentials' in scope
public var accuracy: _LocationEssentials.CLLocationDirection
^~~~~~~~~~~~~~~~~~~
/Users/admin/builder/spi-builder-workspace/.derivedData/Build/Products/Debug-xros/MapboxCommon.framework/Modules/MapboxCommon.swiftmodule/arm64-apple-xros.private.swiftinterface:209:26: error: cannot find type '_LocationEssentials' in scope
public init(direction: _LocationEssentials.CLLocationDirection, accuracy: _LocationEssentials.CLLocationDirection, timestamp: Foundation.Date = Date())
^~~~~~~~~~~~~~~~~~~
/Users/admin/builder/spi-builder-workspace/.derivedData/Build/Products/Debug-xros/MapboxCommon.framework/Modules/MapboxCommon.swiftmodule/arm64-apple-xros.private.swiftinterface:209:77: error: cannot find type '_LocationEssentials' in scope
public init(direction: _LocationEssentials.CLLocationDirection, accuracy: _LocationEssentials.CLLocationDirection, timestamp: Foundation.Date = Date())
^~~~~~~~~~~~~~~~~~~
/Users/admin/builder/spi-builder-workspace/.derivedData/Build/Products/Debug-xros/MapboxCommon.framework/Modules/MapboxCommon.swiftmodule/arm64-apple-xros.private.swiftinterface:220:39: error: cannot find type '_LocationEssentials' in scope
convenience public init(coordinate: _LocationEssentials.CLLocationCoordinate2D, timestamp: Foundation.Date = Date(), altitude: _LocationEssentials.CLLocationDistance? = nil, horizontalAccuracy: _LocationEssentials.CLLocationAccuracy? = nil, verticalAccuracy: _LocationEssentials.CLLocationAccuracy? = nil, speed: _LocationEssentials.CLLocationSpeed? = nil, speedAccuracy: _LocationEssentials.CLLocationSpeedAccuracy? = nil, bearing: _LocationEssentials.CLLocationDirection? = nil, bearingAccuracy: _LocationEssentials.CLLocationDirectionAccuracy? = nil, floor: Swift.Int? = nil, source: Swift.String? = nil, extra: Any? = nil)
^~~~~~~~~~~~~~~~~~~
/Users/admin/builder/spi-builder-workspace/.derivedData/Build/Products/Debug-xros/MapboxCommon.framework/Modules/MapboxCommon.swiftmodule/arm64-apple-xros.private.swiftinterface:220:130: error: cannot find type '_LocationEssentials' in scope
convenience public init(coordinate: _LocationEssentials.CLLocationCoordinate2D, timestamp: Foundation.Date = Date(), altitude: _LocationEssentials.CLLocationDistance? = nil, horizontalAccuracy: _LocationEssentials.CLLocationAccuracy? = nil, verticalAccuracy: _LocationEssentials.CLLocationAccuracy? = nil, speed: _LocationEssentials.CLLocationSpeed? = nil, speedAccuracy: _LocationEssentials.CLLocationSpeedAccuracy? = nil, bearing: _LocationEssentials.CLLocationDirection? = nil, bearingAccuracy: _LocationEssentials.CLLocationDirectionAccuracy? = nil, floor: Swift.Int? = nil, source: Swift.String? = nil, extra: Any? = nil)
^~~~~~~~~~~~~~~~~~~
/Users/admin/builder/spi-builder-workspace/.derivedData/Build/Products/Debug-xros/MapboxCommon.framework/Modules/MapboxCommon.swiftmodule/arm64-apple-xros.private.swiftinterface:220:197: error: cannot find type '_LocationEssentials' in scope
convenience public init(coordinate: _LocationEssentials.CLLocationCoordinate2D, timestamp: Foundation.Date = Date(), altitude: _LocationEssentials.CLLocationDistance? = nil, horizontalAccuracy: _LocationEssentials.CLLocationAccuracy? = nil, verticalAccuracy: _LocationEssentials.CLLocationAccuracy? = nil, speed: _LocationEssentials.CLLocationSpeed? = nil, speedAccuracy: _LocationEssentials.CLLocationSpeedAccuracy? = nil, bearing: _LocationEssentials.CLLocationDirection? = nil, bearingAccuracy: _LocationEssentials.CLLocationDirectionAccuracy? = nil, floor: Swift.Int? = nil, source: Swift.String? = nil, extra: Any? = nil)
^~~~~~~~~~~~~~~~~~~
/Users/admin/builder/spi-builder-workspace/.derivedData/Build/Products/Debug-xros/MapboxCommon.framework/Modules/MapboxCommon.swiftmodule/arm64-apple-xros.private.swiftinterface:220:262: error: cannot find type '_LocationEssentials' in scope
convenience public init(coordinate: _LocationEssentials.CLLocationCoordinate2D, timestamp: Foundation.Date = Date(), altitude: _LocationEssentials.CLLocationDistance? = nil, horizontalAccuracy: _LocationEssentials.CLLocationAccuracy? = nil, verticalAccuracy: _LocationEssentials.CLLocationAccuracy? = nil, speed: _LocationEssentials.CLLocationSpeed? = nil, speedAccuracy: _LocationEssentials.CLLocationSpeedAccuracy? = nil, bearing: _LocationEssentials.CLLocationDirection? = nil, bearingAccuracy: _LocationEssentials.CLLocationDirectionAccuracy? = nil, floor: Swift.Int? = nil, source: Swift.String? = nil, extra: Any? = nil)
^~~~~~~~~~~~~~~~~~~
/Users/admin/builder/spi-builder-workspace/.derivedData/Build/Products/Debug-xros/MapboxCommon.framework/Modules/MapboxCommon.swiftmodule/arm64-apple-xros.private.swiftinterface:220:316: error: cannot find type '_LocationEssentials' in scope
convenience public init(coordinate: _LocationEssentials.CLLocationCoordinate2D, timestamp: Foundation.Date = Date(), altitude: _LocationEssentials.CLLocationDistance? = nil, horizontalAccuracy: _LocationEssentials.CLLocationAccuracy? = nil, verticalAccuracy: _LocationEssentials.CLLocationAccuracy? = nil, speed: _LocationEssentials.CLLocationSpeed? = nil, speedAccuracy: _LocationEssentials.CLLocationSpeedAccuracy? = nil, bearing: _LocationEssentials.CLLocationDirection? = nil, bearingAccuracy: _LocationEssentials.CLLocationDirectionAccuracy? = nil, floor: Swift.Int? = nil, source: Swift.String? = nil, extra: Any? = nil)
^~~~~~~~~~~~~~~~~~~
/Users/admin/builder/spi-builder-workspace/.derivedData/Build/Products/Debug-xros/MapboxCommon.framework/Modules/MapboxCommon.swiftmodule/arm64-apple-xros.private.swiftinterface:220:375: error: cannot find type '_LocationEssentials' in scope
convenience public init(coordinate: _LocationEssentials.CLLocationCoordinate2D, timestamp: Foundation.Date = Date(), altitude: _LocationEssentials.CLLocationDistance? = nil, horizontalAccuracy: _LocationEssentials.CLLocationAccuracy? = nil, verticalAccuracy: _LocationEssentials.CLLocationAccuracy? = nil, speed: _LocationEssentials.CLLocationSpeed? = nil, speedAccuracy: _LocationEssentials.CLLocationSpeedAccuracy? = nil, bearing: _LocationEssentials.CLLocationDirection? = nil, bearingAccuracy: _LocationEssentials.CLLocationDirectionAccuracy? = nil, floor: Swift.Int? = nil, source: Swift.String? = nil, extra: Any? = nil)
^~~~~~~~~~~~~~~~~~~
/Users/admin/builder/spi-builder-workspace/.derivedData/Build/Products/Debug-xros/MapboxCommon.framework/Modules/MapboxCommon.swiftmodule/arm64-apple-xros.private.swiftinterface:220:436: error: cannot find type '_LocationEssentials' in scope
convenience public init(coordinate: _LocationEssentials.CLLocationCoordinate2D, timestamp: Foundation.Date = Date(), altitude: _LocationEssentials.CLLocationDistance? = nil, horizontalAccuracy: _LocationEssentials.CLLocationAccuracy? = nil, verticalAccuracy: _LocationEssentials.CLLocationAccuracy? = nil, speed: _LocationEssentials.CLLocationSpeed? = nil, speedAccuracy: _LocationEssentials.CLLocationSpeedAccuracy? = nil, bearing: _LocationEssentials.CLLocationDirection? = nil, bearingAccuracy: _LocationEssentials.CLLocationDirectionAccuracy? = nil, floor: Swift.Int? = nil, source: Swift.String? = nil, extra: Any? = nil)
^~~~~~~~~~~~~~~~~~~
/Users/admin/builder/spi-builder-workspace/.derivedData/Build/Products/Debug-xros/MapboxCommon.framework/Modules/MapboxCommon.swiftmodule/arm64-apple-xros.private.swiftinterface:220:501: error: cannot find type '_LocationEssentials' in scope
convenience public init(coordinate: _LocationEssentials.CLLocationCoordinate2D, timestamp: Foundation.Date = Date(), altitude: _LocationEssentials.CLLocationDistance? = nil, horizontalAccuracy: _LocationEssentials.CLLocationAccuracy? = nil, verticalAccuracy: _LocationEssentials.CLLocationAccuracy? = nil, speed: _LocationEssentials.CLLocationSpeed? = nil, speedAccuracy: _LocationEssentials.CLLocationSpeedAccuracy? = nil, bearing: _LocationEssentials.CLLocationDirection? = nil, bearingAccuracy: _LocationEssentials.CLLocationDirectionAccuracy? = nil, floor: Swift.Int? = nil, source: Swift.String? = nil, extra: Any? = nil)
^~~~~~~~~~~~~~~~~~~
/Users/admin/builder/spi-builder-workspace/.derivedData/Build/Products/Debug-xros/MapboxCommon.framework/Modules/MapboxCommon.swiftmodule/arm64-apple-xros.private.swiftinterface:221:26: error: cannot find type '_LocationEssentials' in scope
public var coordinate: _LocationEssentials.CLLocationCoordinate2D {
^~~~~~~~~~~~~~~~~~~
/Users/admin/builder/spi-builder-workspace/.derivedData/Build/Products/Debug-xros/MapboxCommon.framework/Modules/MapboxCommon.swiftmodule/arm64-apple-xros.private.swiftinterface:227:24: error: cannot find type '_LocationEssentials' in scope
public var altitude: _LocationEssentials.CLLocationDistance? {
^~~~~~~~~~~~~~~~~~~
/Users/admin/builder/spi-builder-workspace/.derivedData/Build/Products/Debug-xros/MapboxCommon.framework/Modules/MapboxCommon.swiftmodule/arm64-apple-xros.private.swiftinterface:230:34: error: cannot find type '_LocationEssentials' in scope
public var horizontalAccuracy: _LocationEssentials.CLLocationAccuracy? {
^~~~~~~~~~~~~~~~~~~
/Users/admin/builder/spi-builder-workspace/.derivedData/Build/Products/Debug-xros/MapboxCommon.framework/Modules/MapboxCommon.swiftmodule/arm64-apple-xros.private.swiftinterface:233:32: error: cannot find type '_LocationEssentials' in scope
public var verticalAccuracy: _LocationEssentials.CLLocationAccuracy? {
^~~~~~~~~~~~~~~~~~~
/Users/admin/builder/spi-builder-workspace/.derivedData/Build/Products/Debug-xros/MapboxCommon.framework/Modules/MapboxCommon.swiftmodule/arm64-apple-xros.private.swiftinterface:236:21: error: cannot find type '_LocationEssentials' in scope
public var speed: _LocationEssentials.CLLocationSpeed? {
^~~~~~~~~~~~~~~~~~~
/Users/admin/builder/spi-builder-workspace/.derivedData/Build/Products/Debug-xros/MapboxCommon.framework/Modules/MapboxCommon.swiftmodule/arm64-apple-xros.private.swiftinterface:239:29: error: cannot find type '_LocationEssentials' in scope
public var speedAccuracy: _LocationEssentials.CLLocationSpeedAccuracy? {
^~~~~~~~~~~~~~~~~~~
/Users/admin/builder/spi-builder-workspace/.derivedData/Build/Products/Debug-xros/MapboxCommon.framework/Modules/MapboxCommon.swiftmodule/arm64-apple-xros.private.swiftinterface:242:23: error: cannot find type '_LocationEssentials' in scope
public var bearing: _LocationEssentials.CLLocationDirection? {
^~~~~~~~~~~~~~~~~~~
/Users/admin/builder/spi-builder-workspace/.derivedData/Build/Products/Debug-xros/MapboxCommon.framework/Modules/MapboxCommon.swiftmodule/arm64-apple-xros.private.swiftinterface:245:31: error: cannot find type '_LocationEssentials' in scope
public var bearingAccuracy: _LocationEssentials.CLLocationDirectionAccuracy? {
^~~~~~~~~~~~~~~~~~~
/Users/admin/builder/spi-builder-workspace/.derivedData/Build/Products/Debug-xros/MapboxCommon.framework/Modules/MapboxCommon.swiftmodule/arm64-apple-xros.private.swiftinterface:206:25: error: cannot find type '_LocationEssentials' in scope
public var direction: _LocationEssentials.CLLocationDirection
^~~~~~~~~~~~~~~~~~~
/Users/admin/builder/spi-builder-workspace/.derivedData/Build/Products/Debug-xros/MapboxCommon.framework/Modules/MapboxCommon.swiftmodule/arm64-apple-xros.private.swiftinterface:207:24: error: cannot find type '_LocationEssentials' in scope
public var accuracy: _LocationEssentials.CLLocationDirection
^~~~~~~~~~~~~~~~~~~
/Users/admin/builder/spi-builder-workspace/.derivedData/Build/Products/Debug-xros/MapboxCommon.framework/Modules/MapboxCommon.swiftmodule/arm64-apple-xros.private.swiftinterface:209:26: error: cannot find type '_LocationEssentials' in scope
public init(direction: _LocationEssentials.CLLocationDirection, accuracy: _LocationEssentials.CLLocationDirection, timestamp: Foundation.Date = Date())
^~~~~~~~~~~~~~~~~~~
/Users/admin/builder/spi-builder-workspace/.derivedData/Build/Products/Debug-xros/MapboxCommon.framework/Modules/MapboxCommon.swiftmodule/arm64-apple-xros.private.swiftinterface:209:77: error: cannot find type '_LocationEssentials' in scope
public init(direction: _LocationEssentials.CLLocationDirection, accuracy: _LocationEssentials.CLLocationDirection, timestamp: Foundation.Date = Date())
^~~~~~~~~~~~~~~~~~~
/Users/admin/builder/spi-builder-workspace/.derivedData/Build/Products/Debug-xros/MapboxCommon.framework/Modules/MapboxCommon.swiftmodule/arm64-apple-xros.private.swiftinterface:220:39: error: cannot find type '_LocationEssentials' in scope
convenience public init(coordinate: _LocationEssentials.CLLocationCoordinate2D, timestamp: Foundation.Date = Date(), altitude: _LocationEssentials.CLLocationDistance? = nil, horizontalAccuracy: _LocationEssentials.CLLocationAccuracy? = nil, verticalAccuracy: _LocationEssentials.CLLocationAccuracy? = nil, speed: _LocationEssentials.CLLocationSpeed? = nil, speedAccuracy: _LocationEssentials.CLLocationSpeedAccuracy? = nil, bearing: _LocationEssentials.CLLocationDirection? = nil, bearingAccuracy: _LocationEssentials.CLLocationDirectionAccuracy? = nil, floor: Swift.Int? = nil, source: Swift.String? = nil, extra: Any? = nil)
^~~~~~~~~~~~~~~~~~~
/Users/admin/builder/spi-builder-workspace/.derivedData/Build/Products/Debug-xros/MapboxCommon.framework/Modules/MapboxCommon.swiftmodule/arm64-apple-xros.private.swiftinterface:220:130: error: cannot find type '_LocationEssentials' in scope
convenience public init(coordinate: _LocationEssentials.CLLocationCoordinate2D, timestamp: Foundation.Date = Date(), altitude: _LocationEssentials.CLLocationDistance? = nil, horizontalAccuracy: _LocationEssentials.CLLocationAccuracy? = nil, verticalAccuracy: _LocationEssentials.CLLocationAccuracy? = nil, speed: _LocationEssentials.CLLocationSpeed? = nil, speedAccuracy: _LocationEssentials.CLLocationSpeedAccuracy? = nil, bearing: _LocationEssentials.CLLocationDirection? = nil, bearingAccuracy: _LocationEssentials.CLLocationDirectionAccuracy? = nil, floor: Swift.Int? = nil, source: Swift.String? = nil, extra: Any? = nil)
^~~~~~~~~~~~~~~~~~~
/Users/admin/builder/spi-builder-workspace/.derivedData/Build/Products/Debug-xros/MapboxCommon.framework/Modules/MapboxCommon.swiftmodule/arm64-apple-xros.private.swiftinterface:220:197: error: cannot find type '_LocationEssentials' in scope
convenience public init(coordinate: _LocationEssentials.CLLocationCoordinate2D, timestamp: Foundation.Date = Date(), altitude: _LocationEssentials.CLLocationDistance? = nil, horizontalAccuracy: _LocationEssentials.CLLocationAccuracy? = nil, verticalAccuracy: _LocationEssentials.CLLocationAccuracy? = nil, speed: _LocationEssentials.CLLocationSpeed? = nil, speedAccuracy: _LocationEssentials.CLLocationSpeedAccuracy? = nil, bearing: _LocationEssentials.CLLocationDirection? = nil, bearingAccuracy: _LocationEssentials.CLLocationDirectionAccuracy? = nil, floor: Swift.Int? = nil, source: Swift.String? = nil, extra: Any? = nil)
^~~~~~~~~~~~~~~~~~~
/Users/admin/builder/spi-builder-workspace/.derivedData/Build/Products/Debug-xros/MapboxCommon.framework/Modules/MapboxCommon.swiftmodule/arm64-apple-xros.private.swiftinterface:220:262: error: cannot find type '_LocationEssentials' in scope
convenience public init(coordinate: _LocationEssentials.CLLocationCoordinate2D, timestamp: Foundation.Date = Date(), altitude: _LocationEssentials.CLLocationDistance? = nil, horizontalAccuracy: _LocationEssentials.CLLocationAccuracy? = nil, verticalAccuracy: _LocationEssentials.CLLocationAccuracy? = nil, speed: _LocationEssentials.CLLocationSpeed? = nil, speedAccuracy: _LocationEssentials.CLLocationSpeedAccuracy? = nil, bearing: _LocationEssentials.CLLocationDirection? = nil, bearingAccuracy: _LocationEssentials.CLLocationDirectionAccuracy? = nil, floor: Swift.Int? = nil, source: Swift.String? = nil, extra: Any? = nil)
^~~~~~~~~~~~~~~~~~~
/Users/admin/builder/spi-builder-workspace/.derivedData/Build/Products/Debug-xros/MapboxCommon.framework/Modules/MapboxCommon.swiftmodule/arm64-apple-xros.private.swiftinterface:220:316: error: cannot find type '_LocationEssentials' in scope
convenience public init(coordinate: _LocationEssentials.CLLocationCoordinate2D, timestamp: Foundation.Date = Date(), altitude: _LocationEssentials.CLLocationDistance? = nil, horizontalAccuracy: _LocationEssentials.CLLocationAccuracy? = nil, verticalAccuracy: _LocationEssentials.CLLocationAccuracy? = nil, speed: _LocationEssentials.CLLocationSpeed? = nil, speedAccuracy: _LocationEssentials.CLLocationSpeedAccuracy? = nil, bearing: _LocationEssentials.CLLocationDirection? = nil, bearingAccuracy: _LocationEssentials.CLLocationDirectionAccuracy? = nil, floor: Swift.Int? = nil, source: Swift.String? = nil, extra: Any? = nil)
^~~~~~~~~~~~~~~~~~~
/Users/admin/builder/spi-builder-workspace/.derivedData/Build/Products/Debug-xros/MapboxCommon.framework/Modules/MapboxCommon.swiftmodule/arm64-apple-xros.private.swiftinterface:220:375: error: cannot find type '_LocationEssentials' in scope
convenience public init(coordinate: _LocationEssentials.CLLocationCoordinate2D, timestamp: Foundation.Date = Date(), altitude: _LocationEssentials.CLLocationDistance? = nil, horizontalAccuracy: _LocationEssentials.CLLocationAccuracy? = nil, verticalAccuracy: _LocationEssentials.CLLocationAccuracy? = nil, speed: _LocationEssentials.CLLocationSpeed? = nil, speedAccuracy: _LocationEssentials.CLLocationSpeedAccuracy? = nil, bearing: _LocationEssentials.CLLocationDirection? = nil, bearingAccuracy: _LocationEssentials.CLLocationDirectionAccuracy? = nil, floor: Swift.Int? = nil, source: Swift.String? = nil, extra: Any? = nil)
^~~~~~~~~~~~~~~~~~~
/Users/admin/builder/spi-builder-workspace/.derivedData/Build/Products/Debug-xros/MapboxCommon.framework/Modules/MapboxCommon.swiftmodule/arm64-apple-xros.private.swiftinterface:220:436: error: cannot find type '_LocationEssentials' in scope
convenience public init(coordinate: _LocationEssentials.CLLocationCoordinate2D, timestamp: Foundation.Date = Date(), altitude: _LocationEssentials.CLLocationDistance? = nil, horizontalAccuracy: _LocationEssentials.CLLocationAccuracy? = nil, verticalAccuracy: _LocationEssentials.CLLocationAccuracy? = nil, speed: _LocationEssentials.CLLocationSpeed? = nil, speedAccuracy: _LocationEssentials.CLLocationSpeedAccuracy? = nil, bearing: _LocationEssentials.CLLocationDirection? = nil, bearingAccuracy: _LocationEssentials.CLLocationDirectionAccuracy? = nil, floor: Swift.Int? = nil, source: Swift.String? = nil, extra: Any? = nil)
^~~~~~~~~~~~~~~~~~~
/Users/admin/builder/spi-builder-workspace/.derivedData/Build/Products/Debug-xros/MapboxCommon.framework/Modules/MapboxCommon.swiftmodule/arm64-apple-xros.private.swiftinterface:220:501: error: cannot find type '_LocationEssentials' in scope
convenience public init(coordinate: _LocationEssentials.CLLocationCoordinate2D, timestamp: Foundation.Date = Date(), altitude: _LocationEssentials.CLLocationDistance? = nil, horizontalAccuracy: _LocationEssentials.CLLocationAccuracy? = nil, verticalAccuracy: _LocationEssentials.CLLocationAccuracy? = nil, speed: _LocationEssentials.CLLocationSpeed? = nil, speedAccuracy: _LocationEssentials.CLLocationSpeedAccuracy? = nil, bearing: _LocationEssentials.CLLocationDirection? = nil, bearingAccuracy: _LocationEssentials.CLLocationDirectionAccuracy? = nil, floor: Swift.Int? = nil, source: Swift.String? = nil, extra: Any? = nil)
^~~~~~~~~~~~~~~~~~~
/Users/admin/builder/spi-builder-workspace/.derivedData/Build/Products/Debug-xros/MapboxCommon.framework/Modules/MapboxCommon.swiftmodule/arm64-apple-xros.private.swiftinterface:221:26: error: cannot find type '_LocationEssentials' in scope
public var coordinate: _LocationEssentials.CLLocationCoordinate2D {
^~~~~~~~~~~~~~~~~~~
/Users/admin/builder/spi-builder-workspace/.derivedData/Build/Products/Debug-xros/MapboxCommon.framework/Modules/MapboxCommon.swiftmodule/arm64-apple-xros.private.swiftinterface:227:24: error: cannot find type '_LocationEssentials' in scope
public var altitude: _LocationEssentials.CLLocationDistance? {
^~~~~~~~~~~~~~~~~~~
/Users/admin/builder/spi-builder-workspace/.derivedData/Build/Products/Debug-xros/MapboxCommon.framework/Modules/MapboxCommon.swiftmodule/arm64-apple-xros.private.swiftinterface:230:34: error: cannot find type '_LocationEssentials' in scope
public var horizontalAccuracy: _LocationEssentials.CLLocationAccuracy? {
^~~~~~~~~~~~~~~~~~~
/Users/admin/builder/spi-builder-workspace/.derivedData/Build/Products/Debug-xros/MapboxCommon.framework/Modules/MapboxCommon.swiftmodule/arm64-apple-xros.private.swiftinterface:233:32: error: cannot find type '_LocationEssentials' in scope
public var verticalAccuracy: _LocationEssentials.CLLocationAccuracy? {
^~~~~~~~~~~~~~~~~~~
/Users/admin/builder/spi-builder-workspace/.derivedData/Build/Products/Debug-xros/MapboxCommon.framework/Modules/MapboxCommon.swiftmodule/arm64-apple-xros.private.swiftinterface:236:21: error: cannot find type '_LocationEssentials' in scope
public var speed: _LocationEssentials.CLLocationSpeed? {
^~~~~~~~~~~~~~~~~~~
/Users/admin/builder/spi-builder-workspace/.derivedData/Build/Products/Debug-xros/MapboxCommon.framework/Modules/MapboxCommon.swiftmodule/arm64-apple-xros.private.swiftinterface:239:29: error: cannot find type '_LocationEssentials' in scope
public var speedAccuracy: _LocationEssentials.CLLocationSpeedAccuracy? {
^~~~~~~~~~~~~~~~~~~
/Users/admin/builder/spi-builder-workspace/.derivedData/Build/Products/Debug-xros/MapboxCommon.framework/Modules/MapboxCommon.swiftmodule/arm64-apple-xros.private.swiftinterface:242:23: error: cannot find type '_LocationEssentials' in scope
public var bearing: _LocationEssentials.CLLocationDirection? {
^~~~~~~~~~~~~~~~~~~
/Users/admin/builder/spi-builder-workspace/.derivedData/Build/Products/Debug-xros/MapboxCommon.framework/Modules/MapboxCommon.swiftmodule/arm64-apple-xros.private.swiftinterface:245:31: error: cannot find type '_LocationEssentials' in scope
public var bearingAccuracy: _LocationEssentials.CLLocationDirectionAccuracy? {
^~~~~~~~~~~~~~~~~~~
/Users/admin/builder/spi-builder-workspace/.derivedData/Build/Products/Debug-xros/MapboxCommon.framework/Modules/MapboxCommon.swiftmodule/arm64-apple-xros.private.swiftinterface:206:25: error: cannot find type '_LocationEssentials' in scope
public var direction: _LocationEssentials.CLLocationDirection
^~~~~~~~~~~~~~~~~~~
/Users/admin/builder/spi-builder-workspace/.derivedData/Build/Products/Debug-xros/MapboxCommon.framework/Modules/MapboxCommon.swiftmodule/arm64-apple-xros.private.swiftinterface:207:24: error: cannot find type '_LocationEssentials' in scope
public var accuracy: _LocationEssentials.CLLocationDirection
^~~~~~~~~~~~~~~~~~~
/Users/admin/builder/spi-builder-workspace/.derivedData/Build/Products/Debug-xros/MapboxCommon.framework/Modules/MapboxCommon.swiftmodule/arm64-apple-xros.private.swiftinterface:209:26: error: cannot find type '_LocationEssentials' in scope
public init(direction: _LocationEssentials.CLLocationDirection, accuracy: _LocationEssentials.CLLocationDirection, timestamp: Foundation.Date = Date())
^~~~~~~~~~~~~~~~~~~
/Users/admin/builder/spi-builder-workspace/.derivedData/Build/Products/Debug-xros/MapboxCommon.framework/Modules/MapboxCommon.swiftmodule/arm64-apple-xros.private.swiftinterface:209:77: error: cannot find type '_LocationEssentials' in scope
public init(direction: _LocationEssentials.CLLocationDirection, accuracy: _LocationEssentials.CLLocationDirection, timestamp: Foundation.Date = Date())
^~~~~~~~~~~~~~~~~~~
/Users/admin/builder/spi-builder-workspace/.derivedData/Build/Products/Debug-xros/MapboxCommon.framework/Modules/MapboxCommon.swiftmodule/arm64-apple-xros.private.swiftinterface:220:39: error: cannot find type '_LocationEssentials' in scope
convenience public init(coordinate: _LocationEssentials.CLLocationCoordinate2D, timestamp: Foundation.Date = Date(), altitude: _LocationEssentials.CLLocationDistance? = nil, horizontalAccuracy: _LocationEssentials.CLLocationAccuracy? = nil, verticalAccuracy: _LocationEssentials.CLLocationAccuracy? = nil, speed: _LocationEssentials.CLLocationSpeed? = nil, speedAccuracy: _LocationEssentials.CLLocationSpeedAccuracy? = nil, bearing: _LocationEssentials.CLLocationDirection? = nil, bearingAccuracy: _LocationEssentials.CLLocationDirectionAccuracy? = nil, floor: Swift.Int? = nil, source: Swift.String? = nil, extra: Any? = nil)
^~~~~~~~~~~~~~~~~~~
/Users/admin/builder/spi-builder-workspace/.derivedData/Build/Products/Debug-xros/MapboxCommon.framework/Modules/MapboxCommon.swiftmodule/arm64-apple-xros.private.swiftinterface:220:130: error: cannot find type '_LocationEssentials' in scope
convenience public init(coordinate: _LocationEssentials.CLLocationCoordinate2D, timestamp: Foundation.Date = Date(), altitude: _LocationEssentials.CLLocationDistance? = nil, horizontalAccuracy: _LocationEssentials.CLLocationAccuracy? = nil, verticalAccuracy: _LocationEssentials.CLLocationAccuracy? = nil, speed: _LocationEssentials.CLLocationSpeed? = nil, speedAccuracy: _LocationEssentials.CLLocationSpeedAccuracy? = nil, bearing: _LocationEssentials.CLLocationDirection? = nil, bearingAccuracy: _LocationEssentials.CLLocationDirectionAccuracy? = nil, floor: Swift.Int? = nil, source: Swift.String? = nil, extra: Any? = nil)
^~~~~~~~~~~~~~~~~~~
/Users/admin/builder/spi-builder-workspace/.derivedData/Build/Products/Debug-xros/MapboxCommon.framework/Modules/MapboxCommon.swiftmodule/arm64-apple-xros.private.swiftinterface:220:197: error: cannot find type '_LocationEssentials' in scope
convenience public init(coordinate: _LocationEssentials.CLLocationCoordinate2D, timestamp: Foundation.Date = Date(), altitude: _LocationEssentials.CLLocationDistance? = nil, horizontalAccuracy: _LocationEssentials.CLLocationAccuracy? = nil, verticalAccuracy: _LocationEssentials.CLLocationAccuracy? = nil, speed: _LocationEssentials.CLLocationSpeed? = nil, speedAccuracy: _LocationEssentials.CLLocationSpeedAccuracy? = nil, bearing: _LocationEssentials.CLLocationDirection? = nil, bearingAccuracy: _LocationEssentials.CLLocationDirectionAccuracy? = nil, floor: Swift.Int? = nil, source: Swift.String? = nil, extra: Any? = nil)
^~~~~~~~~~~~~~~~~~~
/Users/admin/builder/spi-builder-workspace/.derivedData/Build/Products/Debug-xros/MapboxCommon.framework/Modules/MapboxCommon.swiftmodule/arm64-apple-xros.private.swiftinterface:220:262: error: cannot find type '_LocationEssentials' in scope
convenience public init(coordinate: _LocationEssentials.CLLocationCoordinate2D, timestamp: Foundation.Date = Date(), altitude: _LocationEssentials.CLLocationDistance? = nil, horizontalAccuracy: _LocationEssentials.CLLocationAccuracy? = nil, verticalAccuracy: _LocationEssentials.CLLocationAccuracy? = nil, speed: _LocationEssentials.CLLocationSpeed? = nil, speedAccuracy: _LocationEssentials.CLLocationSpeedAccuracy? = nil, bearing: _LocationEssentials.CLLocationDirection? = nil, bearingAccuracy: _LocationEssentials.CLLocationDirectionAccuracy? = nil, floor: Swift.Int? = nil, source: Swift.String? = nil, extra: Any? = nil)
^~~~~~~~~~~~~~~~~~~
/Users/admin/builder/spi-builder-workspace/.derivedData/Build/Products/Debug-xros/MapboxCommon.framework/Modules/MapboxCommon.swiftmodule/arm64-apple-xros.private.swiftinterface:220:316: error: cannot find type '_LocationEssentials' in scope
convenience public init(coordinate: _LocationEssentials.CLLocationCoordinate2D, timestamp: Foundation.Date = Date(), altitude: _LocationEssentials.CLLocationDistance? = nil, horizontalAccuracy: _LocationEssentials.CLLocationAccuracy? = nil, verticalAccuracy: _LocationEssentials.CLLocationAccuracy? = nil, speed: _LocationEssentials.CLLocationSpeed? = nil, speedAccuracy: _LocationEssentials.CLLocationSpeedAccuracy? = nil, bearing: _LocationEssentials.CLLocationDirection? = nil, bearingAccuracy: _LocationEssentials.CLLocationDirectionAccuracy? = nil, floor: Swift.Int? = nil, source: Swift.String? = nil, extra: Any? = nil)
^~~~~~~~~~~~~~~~~~~
/Users/admin/builder/spi-builder-workspace/.derivedData/Build/Products/Debug-xros/MapboxCommon.framework/Modules/MapboxCommon.swiftmodule/arm64-apple-xros.private.swiftinterface:220:375: error: cannot find type '_LocationEssentials' in scope
convenience public init(coordinate: _LocationEssentials.CLLocationCoordinate2D, timestamp: Foundation.Date = Date(), altitude: _LocationEssentials.CLLocationDistance? = nil, horizontalAccuracy: _LocationEssentials.CLLocationAccuracy? = nil, verticalAccuracy: _LocationEssentials.CLLocationAccuracy? = nil, speed: _LocationEssentials.CLLocationSpeed? = nil, speedAccuracy: _LocationEssentials.CLLocationSpeedAccuracy? = nil, bearing: _LocationEssentials.CLLocationDirection? = nil, bearingAccuracy: _LocationEssentials.CLLocationDirectionAccuracy? = nil, floor: Swift.Int? = nil, source: Swift.String? = nil, extra: Any? = nil)
^~~~~~~~~~~~~~~~~~~
/Users/admin/builder/spi-builder-workspace/.derivedData/Build/Products/Debug-xros/MapboxCommon.framework/Modules/MapboxCommon.swiftmodule/arm64-apple-xros.private.swiftinterface:220:436: error: cannot find type '_LocationEssentials' in scope
convenience public init(coordinate: _LocationEssentials.CLLocationCoordinate2D, timestamp: Foundation.Date = Date(), altitude: _LocationEssentials.CLLocationDistance? = nil, horizontalAccuracy: _LocationEssentials.CLLocationAccuracy? = nil, verticalAccuracy: _LocationEssentials.CLLocationAccuracy? = nil, speed: _LocationEssentials.CLLocationSpeed? = nil, speedAccuracy: _LocationEssentials.CLLocationSpeedAccuracy? = nil, bearing: _LocationEssentials.CLLocationDirection? = nil, bearingAccuracy: _LocationEssentials.CLLocationDirectionAccuracy? = nil, floor: Swift.Int? = nil, source: Swift.String? = nil, extra: Any? = nil)
^~~~~~~~~~~~~~~~~~~
/Users/admin/builder/spi-builder-workspace/.derivedData/Build/Products/Debug-xros/MapboxCommon.framework/Modules/MapboxCommon.swiftmodule/arm64-apple-xros.private.swiftinterface:220:501: error: cannot find type '_LocationEssentials' in scope
convenience public init(coordinate: _LocationEssentials.CLLocationCoordinate2D, timestamp: Foundation.Date = Date(), altitude: _LocationEssentials.CLLocationDistance? = nil, horizontalAccuracy: _LocationEssentials.CLLocationAccuracy? = nil, verticalAccuracy: _LocationEssentials.CLLocationAccuracy? = nil, speed: _LocationEssentials.CLLocationSpeed? = nil, speedAccuracy: _LocationEssentials.CLLocationSpeedAccuracy? = nil, bearing: _LocationEssentials.CLLocationDirection? = nil, bearingAccuracy: _LocationEssentials.CLLocationDirectionAccuracy? = nil, floor: Swift.Int? = nil, source: Swift.String? = nil, extra: Any? = nil)
^~~~~~~~~~~~~~~~~~~
/Users/admin/builder/spi-builder-workspace/.derivedData/Build/Products/Debug-xros/MapboxCommon.framework/Modules/MapboxCommon.swiftmodule/arm64-apple-xros.private.swiftinterface:221:26: error: cannot find type '_LocationEssentials' in scope
public var coordinate: _LocationEssentials.CLLocationCoordinate2D {
^~~~~~~~~~~~~~~~~~~
/Users/admin/builder/spi-builder-workspace/.derivedData/Build/Products/Debug-xros/MapboxCommon.framework/Modules/MapboxCommon.swiftmodule/arm64-apple-xros.private.swiftinterface:227:24: error: cannot find type '_LocationEssentials' in scope
public var altitude: _LocationEssentials.CLLocationDistance? {
^~~~~~~~~~~~~~~~~~~
/Users/admin/builder/spi-builder-workspace/.derivedData/Build/Products/Debug-xros/MapboxCommon.framework/Modules/MapboxCommon.swiftmodule/arm64-apple-xros.private.swiftinterface:230:34: error: cannot find type '_LocationEssentials' in scope
public var horizontalAccuracy: _LocationEssentials.CLLocationAccuracy? {
^~~~~~~~~~~~~~~~~~~
/Users/admin/builder/spi-builder-workspace/.derivedData/Build/Products/Debug-xros/MapboxCommon.framework/Modules/MapboxCommon.swiftmodule/arm64-apple-xros.private.swiftinterface:233:32: error: cannot find type '_LocationEssentials' in scope
public var verticalAccuracy: _LocationEssentials.CLLocationAccuracy? {
^~~~~~~~~~~~~~~~~~~
/Users/admin/builder/spi-builder-workspace/.derivedData/Build/Products/Debug-xros/MapboxCommon.framework/Modules/MapboxCommon.swiftmodule/arm64-apple-xros.private.swiftinterface:236:21: error: cannot find type '_LocationEssentials' in scope
public var speed: _LocationEssentials.CLLocationSpeed? {
^~~~~~~~~~~~~~~~~~~
/Users/admin/builder/spi-builder-workspace/.derivedData/Build/Products/Debug-xros/MapboxCommon.framework/Modules/MapboxCommon.swiftmodule/arm64-apple-xros.private.swiftinterface:239:29: error: cannot find type '_LocationEssentials' in scope
public var speedAccuracy: _LocationEssentials.CLLocationSpeedAccuracy? {
^~~~~~~~~~~~~~~~~~~
/Users/admin/builder/spi-builder-workspace/.derivedData/Build/Products/Debug-xros/MapboxCommon.framework/Modules/MapboxCommon.swiftmodule/arm64-apple-xros.private.swiftinterface:242:23: error: cannot find type '_LocationEssentials' in scope
public var bearing: _LocationEssentials.CLLocationDirection? {
^~~~~~~~~~~~~~~~~~~
/Users/admin/builder/spi-builder-workspace/.derivedData/Build/Products/Debug-xros/MapboxCommon.framework/Modules/MapboxCommon.swiftmodule/arm64-apple-xros.private.swiftinterface:245:31: error: cannot find type '_LocationEssentials' in scope
public var bearingAccuracy: _LocationEssentials.CLLocationDirectionAccuracy? {
^~~~~~~~~~~~~~~~~~~
SwiftCompile normal arm64 /Users/admin/builder/spi-builder-workspace/Sources/MapboxMaps/Offline/TileStoreObserverCancelable.swift (in target 'MapboxMaps' from project 'MapboxMaps')
cd /Users/admin/builder/spi-builder-workspace/.swiftpm/xcode
/Users/admin/builder/spi-builder-workspace/.derivedData/Build/Products/Debug-xros/MapboxCommon.framework/Modules/MapboxCommon.swiftmodule/arm64-apple-xros.private.swiftinterface:206:25: error: cannot find type '_LocationEssentials' in scope
public var direction: _LocationEssentials.CLLocationDirection
^~~~~~~~~~~~~~~~~~~
/Users/admin/builder/spi-builder-workspace/.derivedData/Build/Products/Debug-xros/MapboxCommon.framework/Modules/MapboxCommon.swiftmodule/arm64-apple-xros.private.swiftinterface:207:24: error: cannot find type '_LocationEssentials' in scope
public var accuracy: _LocationEssentials.CLLocationDirection
^~~~~~~~~~~~~~~~~~~
/Users/admin/builder/spi-builder-workspace/.derivedData/Build/Products/Debug-xros/MapboxCommon.framework/Modules/MapboxCommon.swiftmodule/arm64-apple-xros.private.swiftinterface:209:26: error: cannot find type '_LocationEssentials' in scope
public init(direction: _LocationEssentials.CLLocationDirection, accuracy: _LocationEssentials.CLLocationDirection, timestamp: Foundation.Date = Date())
^~~~~~~~~~~~~~~~~~~
/Users/admin/builder/spi-builder-workspace/.derivedData/Build/Products/Debug-xros/MapboxCommon.framework/Modules/MapboxCommon.swiftmodule/arm64-apple-xros.private.swiftinterface:209:77: error: cannot find type '_LocationEssentials' in scope
public init(direction: _LocationEssentials.CLLocationDirection, accuracy: _LocationEssentials.CLLocationDirection, timestamp: Foundation.Date = Date())
^~~~~~~~~~~~~~~~~~~
/Users/admin/builder/spi-builder-workspace/.derivedData/Build/Products/Debug-xros/MapboxCommon.framework/Modules/MapboxCommon.swiftmodule/arm64-apple-xros.private.swiftinterface:220:39: error: cannot find type '_LocationEssentials' in scope
convenience public init(coordinate: _LocationEssentials.CLLocationCoordinate2D, timestamp: Foundation.Date = Date(), altitude: _LocationEssentials.CLLocationDistance? = nil, horizontalAccuracy: _LocationEssentials.CLLocationAccuracy? = nil, verticalAccuracy: _LocationEssentials.CLLocationAccuracy? = nil, speed: _LocationEssentials.CLLocationSpeed? = nil, speedAccuracy: _LocationEssentials.CLLocationSpeedAccuracy? = nil, bearing: _LocationEssentials.CLLocationDirection? = nil, bearingAccuracy: _LocationEssentials.CLLocationDirectionAccuracy? = nil, floor: Swift.Int? = nil, source: Swift.String? = nil, extra: Any? = nil)
^~~~~~~~~~~~~~~~~~~
/Users/admin/builder/spi-builder-workspace/.derivedData/Build/Products/Debug-xros/MapboxCommon.framework/Modules/MapboxCommon.swiftmodule/arm64-apple-xros.private.swiftinterface:220:130: error: cannot find type '_LocationEssentials' in scope
convenience public init(coordinate: _LocationEssentials.CLLocationCoordinate2D, timestamp: Foundation.Date = Date(), altitude: _LocationEssentials.CLLocationDistance? = nil, horizontalAccuracy: _LocationEssentials.CLLocationAccuracy? = nil, verticalAccuracy: _LocationEssentials.CLLocationAccuracy? = nil, speed: _LocationEssentials.CLLocationSpeed? = nil, speedAccuracy: _LocationEssentials.CLLocationSpeedAccuracy? = nil, bearing: _LocationEssentials.CLLocationDirection? = nil, bearingAccuracy: _LocationEssentials.CLLocationDirectionAccuracy? = nil, floor: Swift.Int? = nil, source: Swift.String? = nil, extra: Any? = nil)
^~~~~~~~~~~~~~~~~~~
/Users/admin/builder/spi-builder-workspace/.derivedData/Build/Products/Debug-xros/MapboxCommon.framework/Modules/MapboxCommon.swiftmodule/arm64-apple-xros.private.swiftinterface:220:197: error: cannot find type '_LocationEssentials' in scope
convenience public init(coordinate: _LocationEssentials.CLLocationCoordinate2D, timestamp: Foundation.Date = Date(), altitude: _LocationEssentials.CLLocationDistance? = nil, horizontalAccuracy: _LocationEssentials.CLLocationAccuracy? = nil, verticalAccuracy: _LocationEssentials.CLLocationAccuracy? = nil, speed: _LocationEssentials.CLLocationSpeed? = nil, speedAccuracy: _LocationEssentials.CLLocationSpeedAccuracy? = nil, bearing: _LocationEssentials.CLLocationDirection? = nil, bearingAccuracy: _LocationEssentials.CLLocationDirectionAccuracy? = nil, floor: Swift.Int? = nil, source: Swift.String? = nil, extra: Any? = nil)
^~~~~~~~~~~~~~~~~~~
/Users/admin/builder/spi-builder-workspace/.derivedData/Build/Products/Debug-xros/MapboxCommon.framework/Modules/MapboxCommon.swiftmodule/arm64-apple-xros.private.swiftinterface:220:262: error: cannot find type '_LocationEssentials' in scope
convenience public init(coordinate: _LocationEssentials.CLLocationCoordinate2D, timestamp: Foundation.Date = Date(), altitude: _LocationEssentials.CLLocationDistance? = nil, horizontalAccuracy: _LocationEssentials.CLLocationAccuracy? = nil, verticalAccuracy: _LocationEssentials.CLLocationAccuracy? = nil, speed: _LocationEssentials.CLLocationSpeed? = nil, speedAccuracy: _LocationEssentials.CLLocationSpeedAccuracy? = nil, bearing: _LocationEssentials.CLLocationDirection? = nil, bearingAccuracy: _LocationEssentials.CLLocationDirectionAccuracy? = nil, floor: Swift.Int? = nil, source: Swift.String? = nil, extra: Any? = nil)
^~~~~~~~~~~~~~~~~~~
/Users/admin/builder/spi-builder-workspace/.derivedData/Build/Products/Debug-xros/MapboxCommon.framework/Modules/MapboxCommon.swiftmodule/arm64-apple-xros.private.swiftinterface:220:316: error: cannot find type '_LocationEssentials' in scope
convenience public init(coordinate: _LocationEssentials.CLLocationCoordinate2D, timestamp: Foundation.Date = Date(), altitude: _LocationEssentials.CLLocationDistance? = nil, horizontalAccuracy: _LocationEssentials.CLLocationAccuracy? = nil, verticalAccuracy: _LocationEssentials.CLLocationAccuracy? = nil, speed: _LocationEssentials.CLLocationSpeed? = nil, speedAccuracy: _LocationEssentials.CLLocationSpeedAccuracy? = nil, bearing: _LocationEssentials.CLLocationDirection? = nil, bearingAccuracy: _LocationEssentials.CLLocationDirectionAccuracy? = nil, floor: Swift.Int? = nil, source: Swift.String? = nil, extra: Any? = nil)
^~~~~~~~~~~~~~~~~~~
/Users/admin/builder/spi-builder-workspace/.derivedData/Build/Products/Debug-xros/MapboxCommon.framework/Modules/MapboxCommon.swiftmodule/arm64-apple-xros.private.swiftinterface:220:375: error: cannot find type '_LocationEssentials' in scope
convenience public init(coordinate: _LocationEssentials.CLLocationCoordinate2D, timestamp: Foundation.Date = Date(), altitude: _LocationEssentials.CLLocationDistance? = nil, horizontalAccuracy: _LocationEssentials.CLLocationAccuracy? = nil, verticalAccuracy: _LocationEssentials.CLLocationAccuracy? = nil, speed: _LocationEssentials.CLLocationSpeed? = nil, speedAccuracy: _LocationEssentials.CLLocationSpeedAccuracy? = nil, bearing: _LocationEssentials.CLLocationDirection? = nil, bearingAccuracy: _LocationEssentials.CLLocationDirectionAccuracy? = nil, floor: Swift.Int? = nil, source: Swift.String? = nil, extra: Any? = nil)
^~~~~~~~~~~~~~~~~~~
/Users/admin/builder/spi-builder-workspace/.derivedData/Build/Products/Debug-xros/MapboxCommon.framework/Modules/MapboxCommon.swiftmodule/arm64-apple-xros.private.swiftinterface:220:436: error: cannot find type '_LocationEssentials' in scope
convenience public init(coordinate: _LocationEssentials.CLLocationCoordinate2D, timestamp: Foundation.Date = Date(), altitude: _LocationEssentials.CLLocationDistance? = nil, horizontalAccuracy: _LocationEssentials.CLLocationAccuracy? = nil, verticalAccuracy: _LocationEssentials.CLLocationAccuracy? = nil, speed: _LocationEssentials.CLLocationSpeed? = nil, speedAccuracy: _LocationEssentials.CLLocationSpeedAccuracy? = nil, bearing: _LocationEssentials.CLLocationDirection? = nil, bearingAccuracy: _LocationEssentials.CLLocationDirectionAccuracy? = nil, floor: Swift.Int? = nil, source: Swift.String? = nil, extra: Any? = nil)
^~~~~~~~~~~~~~~~~~~
/Users/admin/builder/spi-builder-workspace/.derivedData/Build/Products/Debug-xros/MapboxCommon.framework/Modules/MapboxCommon.swiftmodule/arm64-apple-xros.private.swiftinterface:220:501: error: cannot find type '_LocationEssentials' in scope
convenience public init(coordinate: _LocationEssentials.CLLocationCoordinate2D, timestamp: Foundation.Date = Date(), altitude: _LocationEssentials.CLLocationDistance? = nil, horizontalAccuracy: _LocationEssentials.CLLocationAccuracy? = nil, verticalAccuracy: _LocationEssentials.CLLocationAccuracy? = nil, speed: _LocationEssentials.CLLocationSpeed? = nil, speedAccuracy: _LocationEssentials.CLLocationSpeedAccuracy? = nil, bearing: _LocationEssentials.CLLocationDirection? = nil, bearingAccuracy: _LocationEssentials.CLLocationDirectionAccuracy? = nil, floor: Swift.Int? = nil, source: Swift.String? = nil, extra: Any? = nil)
^~~~~~~~~~~~~~~~~~~
/Users/admin/builder/spi-builder-workspace/.derivedData/Build/Products/Debug-xros/MapboxCommon.framework/Modules/MapboxCommon.swiftmodule/arm64-apple-xros.private.swiftinterface:221:26: error: cannot find type '_LocationEssentials' in scope
public var coordinate: _LocationEssentials.CLLocationCoordinate2D {
^~~~~~~~~~~~~~~~~~~
/Users/admin/builder/spi-builder-workspace/.derivedData/Build/Products/Debug-xros/MapboxCommon.framework/Modules/MapboxCommon.swiftmodule/arm64-apple-xros.private.swiftinterface:227:24: error: cannot find type '_LocationEssentials' in scope
public var altitude: _LocationEssentials.CLLocationDistance? {
^~~~~~~~~~~~~~~~~~~
/Users/admin/builder/spi-builder-workspace/.derivedData/Build/Products/Debug-xros/MapboxCommon.framework/Modules/MapboxCommon.swiftmodule/arm64-apple-xros.private.swiftinterface:230:34: error: cannot find type '_LocationEssentials' in scope
public var horizontalAccuracy: _LocationEssentials.CLLocationAccuracy? {
^~~~~~~~~~~~~~~~~~~
/Users/admin/builder/spi-builder-workspace/.derivedData/Build/Products/Debug-xros/MapboxCommon.framework/Modules/MapboxCommon.swiftmodule/arm64-apple-xros.private.swiftinterface:233:32: error: cannot find type '_LocationEssentials' in scope
public var verticalAccuracy: _LocationEssentials.CLLocationAccuracy? {
^~~~~~~~~~~~~~~~~~~
/Users/admin/builder/spi-builder-workspace/.derivedData/Build/Products/Debug-xros/MapboxCommon.framework/Modules/MapboxCommon.swiftmodule/arm64-apple-xros.private.swiftinterface:236:21: error: cannot find type '_LocationEssentials' in scope
public var speed: _LocationEssentials.CLLocationSpeed? {
^~~~~~~~~~~~~~~~~~~
/Users/admin/builder/spi-builder-workspace/.derivedData/Build/Products/Debug-xros/MapboxCommon.framework/Modules/MapboxCommon.swiftmodule/arm64-apple-xros.private.swiftinterface:239:29: error: cannot find type '_LocationEssentials' in scope
public var speedAccuracy: _LocationEssentials.CLLocationSpeedAccuracy? {
^~~~~~~~~~~~~~~~~~~
/Users/admin/builder/spi-builder-workspace/.derivedData/Build/Products/Debug-xros/MapboxCommon.framework/Modules/MapboxCommon.swiftmodule/arm64-apple-xros.private.swiftinterface:242:23: error: cannot find type '_LocationEssentials' in scope
public var bearing: _LocationEssentials.CLLocationDirection? {
^~~~~~~~~~~~~~~~~~~
/Users/admin/builder/spi-builder-workspace/.derivedData/Build/Products/Debug-xros/MapboxCommon.framework/Modules/MapboxCommon.swiftmodule/arm64-apple-xros.private.swiftinterface:245:31: error: cannot find type '_LocationEssentials' in scope
public var bearingAccuracy: _LocationEssentials.CLLocationDirectionAccuracy? {
^~~~~~~~~~~~~~~~~~~
/Users/admin/builder/spi-builder-workspace/.derivedData/Build/Products/Debug-xros/MapboxCoreMaps.framework/Modules/MapboxCoreMaps.swiftmodule/arm64-apple-xros.private.swiftinterface:9:27: error: failed to build module 'MapboxCommon'; this SDK is not supported by the compiler (the SDK is built with 'Apple Swift version 6.3.2 effective-5.10 (swiftlang-6.3.2.1.108 clang-2100.1.1.101)', while this compiler is 'Apple Swift version 6.1 effective-5.10 (swiftlang-6.1.0.110.21 clang-1700.0.13.3)'). Please select a toolchain which matches the SDK.
@_spi(Marshalling) import MapboxCommon
^
/Users/admin/builder/spi-builder-workspace/.derivedData/Build/Products/Debug-xros/MapboxCommon.framework/Modules/MapboxCommon.swiftmodule/arm64-apple-xros.private.swiftinterface:206:25: error: cannot find type '_LocationEssentials' in scope
public var direction: _LocationEssentials.CLLocationDirection
^~~~~~~~~~~~~~~~~~~
/Users/admin/builder/spi-builder-workspace/.derivedData/Build/Products/Debug-xros/MapboxCommon.framework/Modules/MapboxCommon.swiftmodule/arm64-apple-xros.private.swiftinterface:207:24: error: cannot find type '_LocationEssentials' in scope
public var accuracy: _LocationEssentials.CLLocationDirection
^~~~~~~~~~~~~~~~~~~
/Users/admin/builder/spi-builder-workspace/.derivedData/Build/Products/Debug-xros/MapboxCommon.framework/Modules/MapboxCommon.swiftmodule/arm64-apple-xros.private.swiftinterface:209:26: error: cannot find type '_LocationEssentials' in scope
public init(direction: _LocationEssentials.CLLocationDirection, accuracy: _LocationEssentials.CLLocationDirection, timestamp: Foundation.Date = Date())
^~~~~~~~~~~~~~~~~~~
/Users/admin/builder/spi-builder-workspace/.derivedData/Build/Products/Debug-xros/MapboxCommon.framework/Modules/MapboxCommon.swiftmodule/arm64-apple-xros.private.swiftinterface:209:77: error: cannot find type '_LocationEssentials' in scope
public init(direction: _LocationEssentials.CLLocationDirection, accuracy: _LocationEssentials.CLLocationDirection, timestamp: Foundation.Date = Date())
^~~~~~~~~~~~~~~~~~~
/Users/admin/builder/spi-builder-workspace/.derivedData/Build/Products/Debug-xros/MapboxCommon.framework/Modules/MapboxCommon.swiftmodule/arm64-apple-xros.private.swiftinterface:220:39: error: cannot find type '_LocationEssentials' in scope
convenience public init(coordinate: _LocationEssentials.CLLocationCoordinate2D, timestamp: Foundation.Date = Date(), altitude: _LocationEssentials.CLLocationDistance? = nil, horizontalAccuracy: _LocationEssentials.CLLocationAccuracy? = nil, verticalAccuracy: _LocationEssentials.CLLocationAccuracy? = nil, speed: _LocationEssentials.CLLocationSpeed? = nil, speedAccuracy: _LocationEssentials.CLLocationSpeedAccuracy? = nil, bearing: _LocationEssentials.CLLocationDirection? = nil, bearingAccuracy: _LocationEssentials.CLLocationDirectionAccuracy? = nil, floor: Swift.Int? = nil, source: Swift.String? = nil, extra: Any? = nil)
^~~~~~~~~~~~~~~~~~~
/Users/admin/builder/spi-builder-workspace/.derivedData/Build/Products/Debug-xros/MapboxCommon.framework/Modules/MapboxCommon.swiftmodule/arm64-apple-xros.private.swiftinterface:220:130: error: cannot find type '_LocationEssentials' in scope
convenience public init(coordinate: _LocationEssentials.CLLocationCoordinate2D, timestamp: Foundation.Date = Date(), altitude: _LocationEssentials.CLLocationDistance? = nil, horizontalAccuracy: _LocationEssentials.CLLocationAccuracy? = nil, verticalAccuracy: _LocationEssentials.CLLocationAccuracy? = nil, speed: _LocationEssentials.CLLocationSpeed? = nil, speedAccuracy: _LocationEssentials.CLLocationSpeedAccuracy? = nil, bearing: _LocationEssentials.CLLocationDirection? = nil, bearingAccuracy: _LocationEssentials.CLLocationDirectionAccuracy? = nil, floor: Swift.Int? = nil, source: Swift.String? = nil, extra: Any? = nil)
^~~~~~~~~~~~~~~~~~~
/Users/admin/builder/spi-builder-workspace/.derivedData/Build/Products/Debug-xros/MapboxCommon.framework/Modules/MapboxCommon.swiftmodule/arm64-apple-xros.private.swiftinterface:220:197: error: cannot find type '_LocationEssentials' in scope
convenience public init(coordinate: _LocationEssentials.CLLocationCoordinate2D, timestamp: Foundation.Date = Date(), altitude: _LocationEssentials.CLLocationDistance? = nil, horizontalAccuracy: _LocationEssentials.CLLocationAccuracy? = nil, verticalAccuracy: _LocationEssentials.CLLocationAccuracy? = nil, speed: _LocationEssentials.CLLocationSpeed? = nil, speedAccuracy: _LocationEssentials.CLLocationSpeedAccuracy? = nil, bearing: _LocationEssentials.CLLocationDirection? = nil, bearingAccuracy: _LocationEssentials.CLLocationDirectionAccuracy? = nil, floor: Swift.Int? = nil, source: Swift.String? = nil, extra: Any? = nil)
^~~~~~~~~~~~~~~~~~~
/Users/admin/builder/spi-builder-workspace/.derivedData/Build/Products/Debug-xros/MapboxCommon.framework/Modules/MapboxCommon.swiftmodule/arm64-apple-xros.private.swiftinterface:220:262: error: cannot find type '_LocationEssentials' in scope
convenience public init(coordinate: _LocationEssentials.CLLocationCoordinate2D, timestamp: Foundation.Date = Date(), altitude: _LocationEssentials.CLLocationDistance? = nil, horizontalAccuracy: _LocationEssentials.CLLocationAccuracy? = nil, verticalAccuracy: _LocationEssentials.CLLocationAccuracy? = nil, speed: _LocationEssentials.CLLocationSpeed? = nil, speedAccuracy: _LocationEssentials.CLLocationSpeedAccuracy? = nil, bearing: _LocationEssentials.CLLocationDirection? = nil, bearingAccuracy: _LocationEssentials.CLLocationDirectionAccuracy? = nil, floor: Swift.Int? = nil, source: Swift.String? = nil, extra: Any? = nil)
^~~~~~~~~~~~~~~~~~~
/Users/admin/builder/spi-builder-workspace/.derivedData/Build/Products/Debug-xros/MapboxCommon.framework/Modules/MapboxCommon.swiftmodule/arm64-apple-xros.private.swiftinterface:220:316: error: cannot find type '_LocationEssentials' in scope
convenience public init(coordinate: _LocationEssentials.CLLocationCoordinate2D, timestamp: Foundation.Date = Date(), altitude: _LocationEssentials.CLLocationDistance? = nil, horizontalAccuracy: _LocationEssentials.CLLocationAccuracy? = nil, verticalAccuracy: _LocationEssentials.CLLocationAccuracy? = nil, speed: _LocationEssentials.CLLocationSpeed? = nil, speedAccuracy: _LocationEssentials.CLLocationSpeedAccuracy? = nil, bearing: _LocationEssentials.CLLocationDirection? = nil, bearingAccuracy: _LocationEssentials.CLLocationDirectionAccuracy? = nil, floor: Swift.Int? = nil, source: Swift.String? = nil, extra: Any? = nil)
^~~~~~~~~~~~~~~~~~~
/Users/admin/builder/spi-builder-workspace/.derivedData/Build/Products/Debug-xros/MapboxCommon.framework/Modules/MapboxCommon.swiftmodule/arm64-apple-xros.private.swiftinterface:220:375: error: cannot find type '_LocationEssentials' in scope
convenience public init(coordinate: _LocationEssentials.CLLocationCoordinate2D, timestamp: Foundation.Date = Date(), altitude: _LocationEssentials.CLLocationDistance? = nil, horizontalAccuracy: _LocationEssentials.CLLocationAccuracy? = nil, verticalAccuracy: _LocationEssentials.CLLocationAccuracy? = nil, speed: _LocationEssentials.CLLocationSpeed? = nil, speedAccuracy: _LocationEssentials.CLLocationSpeedAccuracy? = nil, bearing: _LocationEssentials.CLLocationDirection? = nil, bearingAccuracy: _LocationEssentials.CLLocationDirectionAccuracy? = nil, floor: Swift.Int? = nil, source: Swift.String? = nil, extra: Any? = nil)
^~~~~~~~~~~~~~~~~~~
/Users/admin/builder/spi-builder-workspace/.derivedData/Build/Products/Debug-xros/MapboxCommon.framework/Modules/MapboxCommon.swiftmodule/arm64-apple-xros.private.swiftinterface:220:436: error: cannot find type '_LocationEssentials' in scope
convenience public init(coordinate: _LocationEssentials.CLLocationCoordinate2D, timestamp: Foundation.Date = Date(), altitude: _LocationEssentials.CLLocationDistance? = nil, horizontalAccuracy: _LocationEssentials.CLLocationAccuracy? = nil, verticalAccuracy: _LocationEssentials.CLLocationAccuracy? = nil, speed: _LocationEssentials.CLLocationSpeed? = nil, speedAccuracy: _LocationEssentials.CLLocationSpeedAccuracy? = nil, bearing: _LocationEssentials.CLLocationDirection? = nil, bearingAccuracy: _LocationEssentials.CLLocationDirectionAccuracy? = nil, floor: Swift.Int? = nil, source: Swift.String? = nil, extra: Any? = nil)
^~~~~~~~~~~~~~~~~~~
/Users/admin/builder/spi-builder-workspace/.derivedData/Build/Products/Debug-xros/MapboxCommon.framework/Modules/MapboxCommon.swiftmodule/arm64-apple-xros.private.swiftinterface:220:501: error: cannot find type '_LocationEssentials' in scope
convenience public init(coordinate: _LocationEssentials.CLLocationCoordinate2D, timestamp: Foundation.Date = Date(), altitude: _LocationEssentials.CLLocationDistance? = nil, horizontalAccuracy: _LocationEssentials.CLLocationAccuracy? = nil, verticalAccuracy: _LocationEssentials.CLLocationAccuracy? = nil, speed: _LocationEssentials.CLLocationSpeed? = nil, speedAccuracy: _LocationEssentials.CLLocationSpeedAccuracy? = nil, bearing: _LocationEssentials.CLLocationDirection? = nil, bearingAccuracy: _LocationEssentials.CLLocationDirectionAccuracy? = nil, floor: Swift.Int? = nil, source: Swift.String? = nil, extra: Any? = nil)
^~~~~~~~~~~~~~~~~~~
/Users/admin/builder/spi-builder-workspace/.derivedData/Build/Products/Debug-xros/MapboxCommon.framework/Modules/MapboxCommon.swiftmodule/arm64-apple-xros.private.swiftinterface:221:26: error: cannot find type '_LocationEssentials' in scope
public var coordinate: _LocationEssentials.CLLocationCoordinate2D {
^~~~~~~~~~~~~~~~~~~
/Users/admin/builder/spi-builder-workspace/.derivedData/Build/Products/Debug-xros/MapboxCommon.framework/Modules/MapboxCommon.swiftmodule/arm64-apple-xros.private.swiftinterface:227:24: error: cannot find type '_LocationEssentials' in scope
public var altitude: _LocationEssentials.CLLocationDistance? {
^~~~~~~~~~~~~~~~~~~
/Users/admin/builder/spi-builder-workspace/.derivedData/Build/Products/Debug-xros/MapboxCommon.framework/Modules/MapboxCommon.swiftmodule/arm64-apple-xros.private.swiftinterface:230:34: error: cannot find type '_LocationEssentials' in scope
public var horizontalAccuracy: _LocationEssentials.CLLocationAccuracy? {
^~~~~~~~~~~~~~~~~~~
/Users/admin/builder/spi-builder-workspace/.derivedData/Build/Products/Debug-xros/MapboxCommon.framework/Modules/MapboxCommon.swiftmodule/arm64-apple-xros.private.swiftinterface:233:32: error: cannot find type '_LocationEssentials' in scope
public var verticalAccuracy: _LocationEssentials.CLLocationAccuracy? {
^~~~~~~~~~~~~~~~~~~
/Users/admin/builder/spi-builder-workspace/.derivedData/Build/Products/Debug-xros/MapboxCommon.framework/Modules/MapboxCommon.swiftmodule/arm64-apple-xros.private.swiftinterface:236:21: error: cannot find type '_LocationEssentials' in scope
public var speed: _LocationEssentials.CLLocationSpeed? {
^~~~~~~~~~~~~~~~~~~
/Users/admin/builder/spi-builder-workspace/.derivedData/Build/Products/Debug-xros/MapboxCommon.framework/Modules/MapboxCommon.swiftmodule/arm64-apple-xros.private.swiftinterface:239:29: error: cannot find type '_LocationEssentials' in scope
public var speedAccuracy: _LocationEssentials.CLLocationSpeedAccuracy? {
^~~~~~~~~~~~~~~~~~~
/Users/admin/builder/spi-builder-workspace/.derivedData/Build/Products/Debug-xros/MapboxCommon.framework/Modules/MapboxCommon.swiftmodule/arm64-apple-xros.private.swiftinterface:242:23: error: cannot find type '_LocationEssentials' in scope
public var bearing: _LocationEssentials.CLLocationDirection? {
^~~~~~~~~~~~~~~~~~~
/Users/admin/builder/spi-builder-workspace/.derivedData/Build/Products/Debug-xros/MapboxCommon.framework/Modules/MapboxCommon.swiftmodule/arm64-apple-xros.private.swiftinterface:245:31: error: cannot find type '_LocationEssentials' in scope
public var bearingAccuracy: _LocationEssentials.CLLocationDirectionAccuracy? {
^~~~~~~~~~~~~~~~~~~
/Users/admin/builder/spi-builder-workspace/Sources/MapboxMaps/Annotations/AnnotatedFeature.swift:1:8: error: failed to build module 'MapboxCoreMaps'; this SDK is not supported by the compiler (the SDK is built with 'Apple Swift version 6.3.2 effective-5.10 (swiftlang-6.3.2.1.108 clang-2100.1.1.101)', while this compiler is 'Apple Swift version 6.1 effective-5.10 (swiftlang-6.1.0.110.21 clang-1700.0.13.3)'). Please select a toolchain which matches the SDK.
import MapboxCoreMaps
^
/Users/admin/builder/spi-builder-workspace/.derivedData/Build/Products/Debug-xros/MapboxCommon.framework/Modules/MapboxCommon.swiftmodule/arm64-apple-xros.private.swiftinterface:206:25: error: cannot find type '_LocationEssentials' in scope
public var direction: _LocationEssentials.CLLocationDirection
^~~~~~~~~~~~~~~~~~~
/Users/admin/builder/spi-builder-workspace/.derivedData/Build/Products/Debug-xros/MapboxCommon.framework/Modules/MapboxCommon.swiftmodule/arm64-apple-xros.private.swiftinterface:207:24: error: cannot find type '_LocationEssentials' in scope
public var accuracy: _LocationEssentials.CLLocationDirection
^~~~~~~~~~~~~~~~~~~
/Users/admin/builder/spi-builder-workspace/.derivedData/Build/Products/Debug-xros/MapboxCommon.framework/Modules/MapboxCommon.swiftmodule/arm64-apple-xros.private.swiftinterface:209:26: error: cannot find type '_LocationEssentials' in scope
public init(direction: _LocationEssentials.CLLocationDirection, accuracy: _LocationEssentials.CLLocationDirection, timestamp: Foundation.Date = Date())
^~~~~~~~~~~~~~~~~~~
/Users/admin/builder/spi-builder-workspace/.derivedData/Build/Products/Debug-xros/MapboxCommon.framework/Modules/MapboxCommon.swiftmodule/arm64-apple-xros.private.swiftinterface:209:77: error: cannot find type '_LocationEssentials' in scope
public init(direction: _LocationEssentials.CLLocationDirection, accuracy: _LocationEssentials.CLLocationDirection, timestamp: Foundation.Date = Date())
^~~~~~~~~~~~~~~~~~~
/Users/admin/builder/spi-builder-workspace/.derivedData/Build/Products/Debug-xros/MapboxCommon.framework/Modules/MapboxCommon.swiftmodule/arm64-apple-xros.private.swiftinterface:220:39: error: cannot find type '_LocationEssentials' in scope
convenience public init(coordinate: _LocationEssentials.CLLocationCoordinate2D, timestamp: Foundation.Date = Date(), altitude: _LocationEssentials.CLLocationDistance? = nil, horizontalAccuracy: _LocationEssentials.CLLocationAccuracy? = nil, verticalAccuracy: _LocationEssentials.CLLocationAccuracy? = nil, speed: _LocationEssentials.CLLocationSpeed? = nil, speedAccuracy: _LocationEssentials.CLLocationSpeedAccuracy? = nil, bearing: _LocationEssentials.CLLocationDirection? = nil, bearingAccuracy: _LocationEssentials.CLLocationDirectionAccuracy? = nil, floor: Swift.Int? = nil, source: Swift.String? = nil, extra: Any? = nil)
^~~~~~~~~~~~~~~~~~~
/Users/admin/builder/spi-builder-workspace/.derivedData/Build/Products/Debug-xros/MapboxCommon.framework/Modules/MapboxCommon.swiftmodule/arm64-apple-xros.private.swiftinterface:220:130: error: cannot find type '_LocationEssentials' in scope
convenience public init(coordinate: _LocationEssentials.CLLocationCoordinate2D, timestamp: Foundation.Date = Date(), altitude: _LocationEssentials.CLLocationDistance? = nil, horizontalAccuracy: _LocationEssentials.CLLocationAccuracy? = nil, verticalAccuracy: _LocationEssentials.CLLocationAccuracy? = nil, speed: _LocationEssentials.CLLocationSpeed? = nil, speedAccuracy: _LocationEssentials.CLLocationSpeedAccuracy? = nil, bearing: _LocationEssentials.CLLocationDirection? = nil, bearingAccuracy: _LocationEssentials.CLLocationDirectionAccuracy? = nil, floor: Swift.Int? = nil, source: Swift.String? = nil, extra: Any? = nil)
^~~~~~~~~~~~~~~~~~~
/Users/admin/builder/spi-builder-workspace/.derivedData/Build/Products/Debug-xros/MapboxCommon.framework/Modules/MapboxCommon.swiftmodule/arm64-apple-xros.private.swiftinterface:220:197: error: cannot find type '_LocationEssentials' in scope
convenience public init(coordinate: _LocationEssentials.CLLocationCoordinate2D, timestamp: Foundation.Date = Date(), altitude: _LocationEssentials.CLLocationDistance? = nil, horizontalAccuracy: _LocationEssentials.CLLocationAccuracy? = nil, verticalAccuracy: _LocationEssentials.CLLocationAccuracy? = nil, speed: _LocationEssentials.CLLocationSpeed? = nil, speedAccuracy: _LocationEssentials.CLLocationSpeedAccuracy? = nil, bearing: _LocationEssentials.CLLocationDirection? = nil, bearingAccuracy: _LocationEssentials.CLLocationDirectionAccuracy? = nil, floor: Swift.Int? = nil, source: Swift.String? = nil, extra: Any? = nil)
^~~~~~~~~~~~~~~~~~~
/Users/admin/builder/spi-builder-workspace/.derivedData/Build/Products/Debug-xros/MapboxCommon.framework/Modules/MapboxCommon.swiftmodule/arm64-apple-xros.private.swiftinterface:220:262: error: cannot find type '_LocationEssentials' in scope
convenience public init(coordinate: _LocationEssentials.CLLocationCoordinate2D, timestamp: Foundation.Date = Date(), altitude: _LocationEssentials.CLLocationDistance? = nil, horizontalAccuracy: _LocationEssentials.CLLocationAccuracy? = nil, verticalAccuracy: _LocationEssentials.CLLocationAccuracy? = nil, speed: _LocationEssentials.CLLocationSpeed? = nil, speedAccuracy: _LocationEssentials.CLLocationSpeedAccuracy? = nil, bearing: _LocationEssentials.CLLocationDirection? = nil, bearingAccuracy: _LocationEssentials.CLLocationDirectionAccuracy? = nil, floor: Swift.Int? = nil, source: Swift.String? = nil, extra: Any? = nil)
^~~~~~~~~~~~~~~~~~~
/Users/admin/builder/spi-builder-workspace/.derivedData/Build/Products/Debug-xros/MapboxCommon.framework/Modules/MapboxCommon.swiftmodule/arm64-apple-xros.private.swiftinterface:220:316: error: cannot find type '_LocationEssentials' in scope
convenience public init(coordinate: _LocationEssentials.CLLocationCoordinate2D, timestamp: Foundation.Date = Date(), altitude: _LocationEssentials.CLLocationDistance? = nil, horizontalAccuracy: _LocationEssentials.CLLocationAccuracy? = nil, verticalAccuracy: _LocationEssentials.CLLocationAccuracy? = nil, speed: _LocationEssentials.CLLocationSpeed? = nil, speedAccuracy: _LocationEssentials.CLLocationSpeedAccuracy? = nil, bearing: _LocationEssentials.CLLocationDirection? = nil, bearingAccuracy: _LocationEssentials.CLLocationDirectionAccuracy? = nil, floor: Swift.Int? = nil, source: Swift.String? = nil, extra: Any? = nil)
^~~~~~~~~~~~~~~~~~~
/Users/admin/builder/spi-builder-workspace/.derivedData/Build/Products/Debug-xros/MapboxCommon.framework/Modules/MapboxCommon.swiftmodule/arm64-apple-xros.private.swiftinterface:220:375: error: cannot find type '_LocationEssentials' in scope
convenience public init(coordinate: _LocationEssentials.CLLocationCoordinate2D, timestamp: Foundation.Date = Date(), altitude: _LocationEssentials.CLLocationDistance? = nil, horizontalAccuracy: _LocationEssentials.CLLocationAccuracy? = nil, verticalAccuracy: _LocationEssentials.CLLocationAccuracy? = nil, speed: _LocationEssentials.CLLocationSpeed? = nil, speedAccuracy: _LocationEssentials.CLLocationSpeedAccuracy? = nil, bearing: _LocationEssentials.CLLocationDirection? = nil, bearingAccuracy: _LocationEssentials.CLLocationDirectionAccuracy? = nil, floor: Swift.Int? = nil, source: Swift.String? = nil, extra: Any? = nil)
^~~~~~~~~~~~~~~~~~~
/Users/admin/builder/spi-builder-workspace/.derivedData/Build/Products/Debug-xros/MapboxCommon.framework/Modules/MapboxCommon.swiftmodule/arm64-apple-xros.private.swiftinterface:220:436: error: cannot find type '_LocationEssentials' in scope
convenience public init(coordinate: _LocationEssentials.CLLocationCoordinate2D, timestamp: Foundation.Date = Date(), altitude: _LocationEssentials.CLLocationDistance? = nil, horizontalAccuracy: _LocationEssentials.CLLocationAccuracy? = nil, verticalAccuracy: _LocationEssentials.CLLocationAccuracy? = nil, speed: _LocationEssentials.CLLocationSpeed? = nil, speedAccuracy: _LocationEssentials.CLLocationSpeedAccuracy? = nil, bearing: _LocationEssentials.CLLocationDirection? = nil, bearingAccuracy: _LocationEssentials.CLLocationDirectionAccuracy? = nil, floor: Swift.Int? = nil, source: Swift.String? = nil, extra: Any? = nil)
^~~~~~~~~~~~~~~~~~~
/Users/admin/builder/spi-builder-workspace/.derivedData/Build/Products/Debug-xros/MapboxCommon.framework/Modules/MapboxCommon.swiftmodule/arm64-apple-xros.private.swiftinterface:220:501: error: cannot find type '_LocationEssentials' in scope
convenience public init(coordinate: _LocationEssentials.CLLocationCoordinate2D, timestamp: Foundation.Date = Date(), altitude: _LocationEssentials.CLLocationDistance? = nil, horizontalAccuracy: _LocationEssentials.CLLocationAccuracy? = nil, verticalAccuracy: _LocationEssentials.CLLocationAccuracy? = nil, speed: _LocationEssentials.CLLocationSpeed? = nil, speedAccuracy: _LocationEssentials.CLLocationSpeedAccuracy? = nil, bearing: _LocationEssentials.CLLocationDirection? = nil, bearingAccuracy: _LocationEssentials.CLLocationDirectionAccuracy? = nil, floor: Swift.Int? = nil, source: Swift.String? = nil, extra: Any? = nil)
^~~~~~~~~~~~~~~~~~~
/Users/admin/builder/spi-builder-workspace/.derivedData/Build/Products/Debug-xros/MapboxCommon.framework/Modules/MapboxCommon.swiftmodule/arm64-apple-xros.private.swiftinterface:221:26: error: cannot find type '_LocationEssentials' in scope
public var coordinate: _LocationEssentials.CLLocationCoordinate2D {
^~~~~~~~~~~~~~~~~~~
/Users/admin/builder/spi-builder-workspace/.derivedData/Build/Products/Debug-xros/MapboxCommon.framework/Modules/MapboxCommon.swiftmodule/arm64-apple-xros.private.swiftinterface:227:24: error: cannot find type '_LocationEssentials' in scope
public var altitude: _LocationEssentials.CLLocationDistance? {
^~~~~~~~~~~~~~~~~~~
/Users/admin/builder/spi-builder-workspace/.derivedData/Build/Products/Debug-xros/MapboxCommon.framework/Modules/MapboxCommon.swiftmodule/arm64-apple-xros.private.swiftinterface:230:34: error: cannot find type '_LocationEssentials' in scope
public var horizontalAccuracy: _LocationEssentials.CLLocationAccuracy? {
^~~~~~~~~~~~~~~~~~~
/Users/admin/builder/spi-builder-workspace/.derivedData/Build/Products/Debug-xros/MapboxCommon.framework/Modules/MapboxCommon.swiftmodule/arm64-apple-xros.private.swiftinterface:233:32: error: cannot find type '_LocationEssentials' in scope
public var verticalAccuracy: _LocationEssentials.CLLocationAccuracy? {
^~~~~~~~~~~~~~~~~~~
/Users/admin/builder/spi-builder-workspace/.derivedData/Build/Products/Debug-xros/MapboxCommon.framework/Modules/MapboxCommon.swiftmodule/arm64-apple-xros.private.swiftinterface:236:21: error: cannot find type '_LocationEssentials' in scope
public var speed: _LocationEssentials.CLLocationSpeed? {
^~~~~~~~~~~~~~~~~~~
/Users/admin/builder/spi-builder-workspace/.derivedData/Build/Products/Debug-xros/MapboxCommon.framework/Modules/MapboxCommon.swiftmodule/arm64-apple-xros.private.swiftinterface:239:29: error: cannot find type '_LocationEssentials' in scope
public var speedAccuracy: _LocationEssentials.CLLocationSpeedAccuracy? {
^~~~~~~~~~~~~~~~~~~
/Users/admin/builder/spi-builder-workspace/.derivedData/Build/Products/Debug-xros/MapboxCommon.framework/Modules/MapboxCommon.swiftmodule/arm64-apple-xros.private.swiftinterface:242:23: error: cannot find type '_LocationEssentials' in scope
public var bearing: _LocationEssentials.CLLocationDirection? {
^~~~~~~~~~~~~~~~~~~
/Users/admin/builder/spi-builder-workspace/.derivedData/Build/Products/Debug-xros/MapboxCommon.framework/Modules/MapboxCommon.swiftmodule/arm64-apple-xros.private.swiftinterface:245:31: error: cannot find type '_LocationEssentials' in scope
public var bearingAccuracy: _LocationEssentials.CLLocationDirectionAccuracy? {
^~~~~~~~~~~~~~~~~~~
/Users/admin/builder/spi-builder-workspace/.derivedData/Build/Products/Debug-xros/MapboxCoreMaps.framework/Modules/MapboxCoreMaps.swiftmodule/arm64-apple-xros.private.swiftinterface:9:27: error: failed to build module 'MapboxCommon'; this SDK is not supported by the compiler (the SDK is built with 'Apple Swift version 6.3.2 effective-5.10 (swiftlang-6.3.2.1.108 clang-2100.1.1.101)', while this compiler is 'Apple Swift version 6.1 effective-5.10 (swiftlang-6.1.0.110.21 clang-1700.0.13.3)'). Please select a toolchain which matches the SDK.
@_spi(Marshalling) import MapboxCommon
^
/Users/admin/builder/spi-builder-workspace/.derivedData/Build/Products/Debug-xros/MapboxCommon.framework/Modules/MapboxCommon.swiftmodule/arm64-apple-xros.private.swiftinterface:206:25: error: cannot find type '_LocationEssentials' in scope
public var direction: _LocationEssentials.CLLocationDirection
^~~~~~~~~~~~~~~~~~~
/Users/admin/builder/spi-builder-workspace/.derivedData/Build/Products/Debug-xros/MapboxCommon.framework/Modules/MapboxCommon.swiftmodule/arm64-apple-xros.private.swiftinterface:207:24: error: cannot find type '_LocationEssentials' in scope
public var accuracy: _LocationEssentials.CLLocationDirection
^~~~~~~~~~~~~~~~~~~
/Users/admin/builder/spi-builder-workspace/.derivedData/Build/Products/Debug-xros/MapboxCommon.framework/Modules/MapboxCommon.swiftmodule/arm64-apple-xros.private.swiftinterface:209:26: error: cannot find type '_LocationEssentials' in scope
public init(direction: _LocationEssentials.CLLocationDirection, accuracy: _LocationEssentials.CLLocationDirection, timestamp: Foundation.Date = Date())
^~~~~~~~~~~~~~~~~~~
/Users/admin/builder/spi-builder-workspace/.derivedData/Build/Products/Debug-xros/MapboxCommon.framework/Modules/MapboxCommon.swiftmodule/arm64-apple-xros.private.swiftinterface:209:77: error: cannot find type '_LocationEssentials' in scope
public init(direction: _LocationEssentials.CLLocationDirection, accuracy: _LocationEssentials.CLLocationDirection, timestamp: Foundation.Date = Date())
^~~~~~~~~~~~~~~~~~~
/Users/admin/builder/spi-builder-workspace/.derivedData/Build/Products/Debug-xros/MapboxCommon.framework/Modules/MapboxCommon.swiftmodule/arm64-apple-xros.private.swiftinterface:220:39: error: cannot find type '_LocationEssentials' in scope
convenience public init(coordinate: _LocationEssentials.CLLocationCoordinate2D, timestamp: Foundation.Date = Date(), altitude: _LocationEssentials.CLLocationDistance? = nil, horizontalAccuracy: _LocationEssentials.CLLocationAccuracy? = nil, verticalAccuracy: _LocationEssentials.CLLocationAccuracy? = nil, speed: _LocationEssentials.CLLocationSpeed? = nil, speedAccuracy: _LocationEssentials.CLLocationSpeedAccuracy? = nil, bearing: _LocationEssentials.CLLocationDirection? = nil, bearingAccuracy: _LocationEssentials.CLLocationDirectionAccuracy? = nil, floor: Swift.Int? = nil, source: Swift.String? = nil, extra: Any? = nil)
^~~~~~~~~~~~~~~~~~~
/Users/admin/builder/spi-builder-workspace/.derivedData/Build/Products/Debug-xros/MapboxCommon.framework/Modules/MapboxCommon.swiftmodule/arm64-apple-xros.private.swiftinterface:220:130: error: cannot find type '_LocationEssentials' in scope
convenience public init(coordinate: _LocationEssentials.CLLocationCoordinate2D, timestamp: Foundation.Date = Date(), altitude: _LocationEssentials.CLLocationDistance? = nil, horizontalAccuracy: _LocationEssentials.CLLocationAccuracy? = nil, verticalAccuracy: _LocationEssentials.CLLocationAccuracy? = nil, speed: _LocationEssentials.CLLocationSpeed? = nil, speedAccuracy: _LocationEssentials.CLLocationSpeedAccuracy? = nil, bearing: _LocationEssentials.CLLocationDirection? = nil, bearingAccuracy: _LocationEssentials.CLLocationDirectionAccuracy? = nil, floor: Swift.Int? = nil, source: Swift.String? = nil, extra: Any? = nil)
^~~~~~~~~~~~~~~~~~~
/Users/admin/builder/spi-builder-workspace/.derivedData/Build/Products/Debug-xros/MapboxCommon.framework/Modules/MapboxCommon.swiftmodule/arm64-apple-xros.private.swiftinterface:220:197: error: cannot find type '_LocationEssentials' in scope
convenience public init(coordinate: _LocationEssentials.CLLocationCoordinate2D, timestamp: Foundation.Date = Date(), altitude: _LocationEssentials.CLLocationDistance? = nil, horizontalAccuracy: _LocationEssentials.CLLocationAccuracy? = nil, verticalAccuracy: _LocationEssentials.CLLocationAccuracy? = nil, speed: _LocationEssentials.CLLocationSpeed? = nil, speedAccuracy: _LocationEssentials.CLLocationSpeedAccuracy? = nil, bearing: _LocationEssentials.CLLocationDirection? = nil, bearingAccuracy: _LocationEssentials.CLLocationDirectionAccuracy? = nil, floor: Swift.Int? = nil, source: Swift.String? = nil, extra: Any? = nil)
^~~~~~~~~~~~~~~~~~~
/Users/admin/builder/spi-builder-workspace/.derivedData/Build/Products/Debug-xros/MapboxCommon.framework/Modules/MapboxCommon.swiftmodule/arm64-apple-xros.private.swiftinterface:220:262: error: cannot find type '_LocationEssentials' in scope
convenience public init(coordinate: _LocationEssentials.CLLocationCoordinate2D, timestamp: Foundation.Date = Date(), altitude: _LocationEssentials.CLLocationDistance? = nil, horizontalAccuracy: _LocationEssentials.CLLocationAccuracy? = nil, verticalAccuracy: _LocationEssentials.CLLocationAccuracy? = nil, speed: _LocationEssentials.CLLocationSpeed? = nil, speedAccuracy: _LocationEssentials.CLLocationSpeedAccuracy? = nil, bearing: _LocationEssentials.CLLocationDirection? = nil, bearingAccuracy: _LocationEssentials.CLLocationDirectionAccuracy? = nil, floor: Swift.Int? = nil, source: Swift.String? = nil, extra: Any? = nil)
^~~~~~~~~~~~~~~~~~~
/Users/admin/builder/spi-builder-workspace/.derivedData/Build/Products/Debug-xros/MapboxCommon.framework/Modules/MapboxCommon.swiftmodule/arm64-apple-xros.private.swiftinterface:220:316: error: cannot find type '_LocationEssentials' in scope
convenience public init(coordinate: _LocationEssentials.CLLocationCoordinate2D, timestamp: Foundation.Date = Date(), altitude: _LocationEssentials.CLLocationDistance? = nil, horizontalAccuracy: _LocationEssentials.CLLocationAccuracy? = nil, verticalAccuracy: _LocationEssentials.CLLocationAccuracy? = nil, speed: _LocationEssentials.CLLocationSpeed? = nil, speedAccuracy: _LocationEssentials.CLLocationSpeedAccuracy? = nil, bearing: _LocationEssentials.CLLocationDirection? = nil, bearingAccuracy: _LocationEssentials.CLLocationDirectionAccuracy? = nil, floor: Swift.Int? = nil, source: Swift.String? = nil, extra: Any? = nil)
^~~~~~~~~~~~~~~~~~~
/Users/admin/builder/spi-builder-workspace/.derivedData/Build/Products/Debug-xros/MapboxCommon.framework/Modules/MapboxCommon.swiftmodule/arm64-apple-xros.private.swiftinterface:220:375: error: cannot find type '_LocationEssentials' in scope
convenience public init(coordinate: _LocationEssentials.CLLocationCoordinate2D, timestamp: Foundation.Date = Date(), altitude: _LocationEssentials.CLLocationDistance? = nil, horizontalAccuracy: _LocationEssentials.CLLocationAccuracy? = nil, verticalAccuracy: _LocationEssentials.CLLocationAccuracy? = nil, speed: _LocationEssentials.CLLocationSpeed? = nil, speedAccuracy: _LocationEssentials.CLLocationSpeedAccuracy? = nil, bearing: _LocationEssentials.CLLocationDirection? = nil, bearingAccuracy: _LocationEssentials.CLLocationDirectionAccuracy? = nil, floor: Swift.Int? = nil, source: Swift.String? = nil, extra: Any? = nil)
^~~~~~~~~~~~~~~~~~~
/Users/admin/builder/spi-builder-workspace/.derivedData/Build/Products/Debug-xros/MapboxCommon.framework/Modules/MapboxCommon.swiftmodule/arm64-apple-xros.private.swiftinterface:220:436: error: cannot find type '_LocationEssentials' in scope
convenience public init(coordinate: _LocationEssentials.CLLocationCoordinate2D, timestamp: Foundation.Date = Date(), altitude: _LocationEssentials.CLLocationDistance? = nil, horizontalAccuracy: _LocationEssentials.CLLocationAccuracy? = nil, verticalAccuracy: _LocationEssentials.CLLocationAccuracy? = nil, speed: _LocationEssentials.CLLocationSpeed? = nil, speedAccuracy: _LocationEssentials.CLLocationSpeedAccuracy? = nil, bearing: _LocationEssentials.CLLocationDirection? = nil, bearingAccuracy: _LocationEssentials.CLLocationDirectionAccuracy? = nil, floor: Swift.Int? = nil, source: Swift.String? = nil, extra: Any? = nil)
^~~~~~~~~~~~~~~~~~~
/Users/admin/builder/spi-builder-workspace/.derivedData/Build/Products/Debug-xros/MapboxCommon.framework/Modules/MapboxCommon.swiftmodule/arm64-apple-xros.private.swiftinterface:220:501: error: cannot find type '_LocationEssentials' in scope
convenience public init(coordinate: _LocationEssentials.CLLocationCoordinate2D, timestamp: Foundation.Date = Date(), altitude: _LocationEssentials.CLLocationDistance? = nil, horizontalAccuracy: _LocationEssentials.CLLocationAccuracy? = nil, verticalAccuracy: _LocationEssentials.CLLocationAccuracy? = nil, speed: _LocationEssentials.CLLocationSpeed? = nil, speedAccuracy: _LocationEssentials.CLLocationSpeedAccuracy? = nil, bearing: _LocationEssentials.CLLocationDirection? = nil, bearingAccuracy: _LocationEssentials.CLLocationDirectionAccuracy? = nil, floor: Swift.Int? = nil, source: Swift.String? = nil, extra: Any? = nil)
^~~~~~~~~~~~~~~~~~~
/Users/admin/builder/spi-builder-workspace/.derivedData/Build/Products/Debug-xros/MapboxCommon.framework/Modules/MapboxCommon.swiftmodule/arm64-apple-xros.private.swiftinterface:221:26: error: cannot find type '_LocationEssentials' in scope
public var coordinate: _LocationEssentials.CLLocationCoordinate2D {
^~~~~~~~~~~~~~~~~~~
/Users/admin/builder/spi-builder-workspace/.derivedData/Build/Products/Debug-xros/MapboxCommon.framework/Modules/MapboxCommon.swiftmodule/arm64-apple-xros.private.swiftinterface:227:24: error: cannot find type '_LocationEssentials' in scope
public var altitude: _LocationEssentials.CLLocationDistance? {
^~~~~~~~~~~~~~~~~~~
/Users/admin/builder/spi-builder-workspace/.derivedData/Build/Products/Debug-xros/MapboxCommon.framework/Modules/MapboxCommon.swiftmodule/arm64-apple-xros.private.swiftinterface:230:34: error: cannot find type '_LocationEssentials' in scope
public var horizontalAccuracy: _LocationEssentials.CLLocationAccuracy? {
^~~~~~~~~~~~~~~~~~~
/Users/admin/builder/spi-builder-workspace/.derivedData/Build/Products/Debug-xros/MapboxCommon.framework/Modules/MapboxCommon.swiftmodule/arm64-apple-xros.private.swiftinterface:233:32: error: cannot find type '_LocationEssentials' in scope
public var verticalAccuracy: _LocationEssentials.CLLocationAccuracy? {
^~~~~~~~~~~~~~~~~~~
/Users/admin/builder/spi-builder-workspace/.derivedData/Build/Products/Debug-xros/MapboxCommon.framework/Modules/MapboxCommon.swiftmodule/arm64-apple-xros.private.swiftinterface:236:21: error: cannot find type '_LocationEssentials' in scope
public var speed: _LocationEssentials.CLLocationSpeed? {
^~~~~~~~~~~~~~~~~~~
/Users/admin/builder/spi-builder-workspace/.derivedData/Build/Products/Debug-xros/MapboxCommon.framework/Modules/MapboxCommon.swiftmodule/arm64-apple-xros.private.swiftinterface:239:29: error: cannot find type '_LocationEssentials' in scope
public var speedAccuracy: _LocationEssentials.CLLocationSpeedAccuracy? {
^~~~~~~~~~~~~~~~~~~
/Users/admin/builder/spi-builder-workspace/.derivedData/Build/Products/Debug-xros/MapboxCommon.framework/Modules/MapboxCommon.swiftmodule/arm64-apple-xros.private.swiftinterface:242:23: error: cannot find type '_LocationEssentials' in scope
public var bearing: _LocationEssentials.CLLocationDirection? {
^~~~~~~~~~~~~~~~~~~
/Users/admin/builder/spi-builder-workspace/.derivedData/Build/Products/Debug-xros/MapboxCommon.framework/Modules/MapboxCommon.swiftmodule/arm64-apple-xros.private.swiftinterface:245:31: error: cannot find type '_LocationEssentials' in scope
public var bearingAccuracy: _LocationEssentials.CLLocationDirectionAccuracy? {
^~~~~~~~~~~~~~~~~~~
/Users/admin/builder/spi-builder-workspace/.derivedData/Build/Products/Debug-xros/MapboxCommon.framework/Modules/MapboxCommon.swiftmodule/arm64-apple-xros.private.swiftinterface:206:25: error: cannot find type '_LocationEssentials' in scope
public var direction: _LocationEssentials.CLLocationDirection
^~~~~~~~~~~~~~~~~~~
/Users/admin/builder/spi-builder-workspace/.derivedData/Build/Products/Debug-xros/MapboxCommon.framework/Modules/MapboxCommon.swiftmodule/arm64-apple-xros.private.swiftinterface:207:24: error: cannot find type '_LocationEssentials' in scope
public var accuracy: _LocationEssentials.CLLocationDirection
^~~~~~~~~~~~~~~~~~~
/Users/admin/builder/spi-builder-workspace/.derivedData/Build/Products/Debug-xros/MapboxCommon.framework/Modules/MapboxCommon.swiftmodule/arm64-apple-xros.private.swiftinterface:209:26: error: cannot find type '_LocationEssentials' in scope
public init(direction: _LocationEssentials.CLLocationDirection, accuracy: _LocationEssentials.CLLocationDirection, timestamp: Foundation.Date = Date())
^~~~~~~~~~~~~~~~~~~
/Users/admin/builder/spi-builder-workspace/.derivedData/Build/Products/Debug-xros/MapboxCommon.framework/Modules/MapboxCommon.swiftmodule/arm64-apple-xros.private.swiftinterface:209:77: error: cannot find type '_LocationEssentials' in scope
public init(direction: _LocationEssentials.CLLocationDirection, accuracy: _LocationEssentials.CLLocationDirection, timestamp: Foundation.Date = Date())
^~~~~~~~~~~~~~~~~~~
/Users/admin/builder/spi-builder-workspace/.derivedData/Build/Products/Debug-xros/MapboxCommon.framework/Modules/MapboxCommon.swiftmodule/arm64-apple-xros.private.swiftinterface:220:39: error: cannot find type '_LocationEssentials' in scope
convenience public init(coordinate: _LocationEssentials.CLLocationCoordinate2D, timestamp: Foundation.Date = Date(), altitude: _LocationEssentials.CLLocationDistance? = nil, horizontalAccuracy: _LocationEssentials.CLLocationAccuracy? = nil, verticalAccuracy: _LocationEssentials.CLLocationAccuracy? = nil, speed: _LocationEssentials.CLLocationSpeed? = nil, speedAccuracy: _LocationEssentials.CLLocationSpeedAccuracy? = nil, bearing: _LocationEssentials.CLLocationDirection? = nil, bearingAccuracy: _LocationEssentials.CLLocationDirectionAccuracy? = nil, floor: Swift.Int? = nil, source: Swift.String? = nil, extra: Any? = nil)
^~~~~~~~~~~~~~~~~~~
/Users/admin/builder/spi-builder-workspace/.derivedData/Build/Products/Debug-xros/MapboxCommon.framework/Modules/MapboxCommon.swiftmodule/arm64-apple-xros.private.swiftinterface:220:130: error: cannot find type '_LocationEssentials' in scope
convenience public init(coordinate: _LocationEssentials.CLLocationCoordinate2D, timestamp: Foundation.Date = Date(), altitude: _LocationEssentials.CLLocationDistance? = nil, horizontalAccuracy: _LocationEssentials.CLLocationAccuracy? = nil, verticalAccuracy: _LocationEssentials.CLLocationAccuracy? = nil, speed: _LocationEssentials.CLLocationSpeed? = nil, speedAccuracy: _LocationEssentials.CLLocationSpeedAccuracy? = nil, bearing: _LocationEssentials.CLLocationDirection? = nil, bearingAccuracy: _LocationEssentials.CLLocationDirectionAccuracy? = nil, floor: Swift.Int? = nil, source: Swift.String? = nil, extra: Any? = nil)
^~~~~~~~~~~~~~~~~~~
/Users/admin/builder/spi-builder-workspace/.derivedData/Build/Products/Debug-xros/MapboxCommon.framework/Modules/MapboxCommon.swiftmodule/arm64-apple-xros.private.swiftinterface:220:197: error: cannot find type '_LocationEssentials' in scope
convenience public init(coordinate: _LocationEssentials.CLLocationCoordinate2D, timestamp: Foundation.Date = Date(), altitude: _LocationEssentials.CLLocationDistance? = nil, horizontalAccuracy: _LocationEssentials.CLLocationAccuracy? = nil, verticalAccuracy: _LocationEssentials.CLLocationAccuracy? = nil, speed: _LocationEssentials.CLLocationSpeed? = nil, speedAccuracy: _LocationEssentials.CLLocationSpeedAccuracy? = nil, bearing: _LocationEssentials.CLLocationDirection? = nil, bearingAccuracy: _LocationEssentials.CLLocationDirectionAccuracy? = nil, floor: Swift.Int? = nil, source: Swift.String? = nil, extra: Any? = nil)
^~~~~~~~~~~~~~~~~~~
/Users/admin/builder/spi-builder-workspace/.derivedData/Build/Products/Debug-xros/MapboxCommon.framework/Modules/MapboxCommon.swiftmodule/arm64-apple-xros.private.swiftinterface:220:262: error: cannot find type '_LocationEssentials' in scope
convenience public init(coordinate: _LocationEssentials.CLLocationCoordinate2D, timestamp: Foundation.Date = Date(), altitude: _LocationEssentials.CLLocationDistance? = nil, horizontalAccuracy: _LocationEssentials.CLLocationAccuracy? = nil, verticalAccuracy: _LocationEssentials.CLLocationAccuracy? = nil, speed: _LocationEssentials.CLLocationSpeed? = nil, speedAccuracy: _LocationEssentials.CLLocationSpeedAccuracy? = nil, bearing: _LocationEssentials.CLLocationDirection? = nil, bearingAccuracy: _LocationEssentials.CLLocationDirectionAccuracy? = nil, floor: Swift.Int? = nil, source: Swift.String? = nil, extra: Any? = nil)
^~~~~~~~~~~~~~~~~~~
/Users/admin/builder/spi-builder-workspace/.derivedData/Build/Products/Debug-xros/MapboxCommon.framework/Modules/MapboxCommon.swiftmodule/arm64-apple-xros.private.swiftinterface:220:316: error: cannot find type '_LocationEssentials' in scope
convenience public init(coordinate: _LocationEssentials.CLLocationCoordinate2D, timestamp: Foundation.Date = Date(), altitude: _LocationEssentials.CLLocationDistance? = nil, horizontalAccuracy: _LocationEssentials.CLLocationAccuracy? = nil, verticalAccuracy: _LocationEssentials.CLLocationAccuracy? = nil, speed: _LocationEssentials.CLLocationSpeed? = nil, speedAccuracy: _LocationEssentials.CLLocationSpeedAccuracy? = nil, bearing: _LocationEssentials.CLLocationDirection? = nil, bearingAccuracy: _LocationEssentials.CLLocationDirectionAccuracy? = nil, floor: Swift.Int? = nil, source: Swift.String? = nil, extra: Any? = nil)
^~~~~~~~~~~~~~~~~~~
/Users/admin/builder/spi-builder-workspace/.derivedData/Build/Products/Debug-xros/MapboxCommon.framework/Modules/MapboxCommon.swiftmodule/arm64-apple-xros.private.swiftinterface:220:375: error: cannot find type '_LocationEssentials' in scope
convenience public init(coordinate: _LocationEssentials.CLLocationCoordinate2D, timestamp: Foundation.Date = Date(), altitude: _LocationEssentials.CLLocationDistance? = nil, horizontalAccuracy: _LocationEssentials.CLLocationAccuracy? = nil, verticalAccuracy: _LocationEssentials.CLLocationAccuracy? = nil, speed: _LocationEssentials.CLLocationSpeed? = nil, speedAccuracy: _LocationEssentials.CLLocationSpeedAccuracy? = nil, bearing: _LocationEssentials.CLLocationDirection? = nil, bearingAccuracy: _LocationEssentials.CLLocationDirectionAccuracy? = nil, floor: Swift.Int? = nil, source: Swift.String? = nil, extra: Any? = nil)
^~~~~~~~~~~~~~~~~~~
/Users/admin/builder/spi-builder-workspace/.derivedData/Build/Products/Debug-xros/MapboxCommon.framework/Modules/MapboxCommon.swiftmodule/arm64-apple-xros.private.swiftinterface:220:436: error: cannot find type '_LocationEssentials' in scope
convenience public init(coordinate: _LocationEssentials.CLLocationCoordinate2D, timestamp: Foundation.Date = Date(), altitude: _LocationEssentials.CLLocationDistance? = nil, horizontalAccuracy: _LocationEssentials.CLLocationAccuracy? = nil, verticalAccuracy: _LocationEssentials.CLLocationAccuracy? = nil, speed: _LocationEssentials.CLLocationSpeed? = nil, speedAccuracy: _LocationEssentials.CLLocationSpeedAccuracy? = nil, bearing: _LocationEssentials.CLLocationDirection? = nil, bearingAccuracy: _LocationEssentials.CLLocationDirectionAccuracy? = nil, floor: Swift.Int? = nil, source: Swift.String? = nil, extra: Any? = nil)
^~~~~~~~~~~~~~~~~~~
/Users/admin/builder/spi-builder-workspace/.derivedData/Build/Products/Debug-xros/MapboxCommon.framework/Modules/MapboxCommon.swiftmodule/arm64-apple-xros.private.swiftinterface:220:501: error: cannot find type '_LocationEssentials' in scope
convenience public init(coordinate: _LocationEssentials.CLLocationCoordinate2D, timestamp: Foundation.Date = Date(), altitude: _LocationEssentials.CLLocationDistance? = nil, horizontalAccuracy: _LocationEssentials.CLLocationAccuracy? = nil, verticalAccuracy: _LocationEssentials.CLLocationAccuracy? = nil, speed: _LocationEssentials.CLLocationSpeed? = nil, speedAccuracy: _LocationEssentials.CLLocationSpeedAccuracy? = nil, bearing: _LocationEssentials.CLLocationDirection? = nil, bearingAccuracy: _LocationEssentials.CLLocationDirectionAccuracy? = nil, floor: Swift.Int? = nil, source: Swift.String? = nil, extra: Any? = nil)
^~~~~~~~~~~~~~~~~~~
/Users/admin/builder/spi-builder-workspace/.derivedData/Build/Products/Debug-xros/MapboxCommon.framework/Modules/MapboxCommon.swiftmodule/arm64-apple-xros.private.swiftinterface:221:26: error: cannot find type '_LocationEssentials' in scope
public var coordinate: _LocationEssentials.CLLocationCoordinate2D {
^~~~~~~~~~~~~~~~~~~
/Users/admin/builder/spi-builder-workspace/.derivedData/Build/Products/Debug-xros/MapboxCommon.framework/Modules/MapboxCommon.swiftmodule/arm64-apple-xros.private.swiftinterface:227:24: error: cannot find type '_LocationEssentials' in scope
public var altitude: _LocationEssentials.CLLocationDistance? {
^~~~~~~~~~~~~~~~~~~
/Users/admin/builder/spi-builder-workspace/.derivedData/Build/Products/Debug-xros/MapboxCommon.framework/Modules/MapboxCommon.swiftmodule/arm64-apple-xros.private.swiftinterface:230:34: error: cannot find type '_LocationEssentials' in scope
public var horizontalAccuracy: _LocationEssentials.CLLocationAccuracy? {
^~~~~~~~~~~~~~~~~~~
/Users/admin/builder/spi-builder-workspace/.derivedData/Build/Products/Debug-xros/MapboxCommon.framework/Modules/MapboxCommon.swiftmodule/arm64-apple-xros.private.swiftinterface:233:32: error: cannot find type '_LocationEssentials' in scope
public var verticalAccuracy: _LocationEssentials.CLLocationAccuracy? {
^~~~~~~~~~~~~~~~~~~
/Users/admin/builder/spi-builder-workspace/.derivedData/Build/Products/Debug-xros/MapboxCommon.framework/Modules/MapboxCommon.swiftmodule/arm64-apple-xros.private.swiftinterface:236:21: error: cannot find type '_LocationEssentials' in scope
public var speed: _LocationEssentials.CLLocationSpeed? {
^~~~~~~~~~~~~~~~~~~
/Users/admin/builder/spi-builder-workspace/.derivedData/Build/Products/Debug-xros/MapboxCommon.framework/Modules/MapboxCommon.swiftmodule/arm64-apple-xros.private.swiftinterface:239:29: error: cannot find type '_LocationEssentials' in scope
public var speedAccuracy: _LocationEssentials.CLLocationSpeedAccuracy? {
^~~~~~~~~~~~~~~~~~~
/Users/admin/builder/spi-builder-workspace/.derivedData/Build/Products/Debug-xros/MapboxCommon.framework/Modules/MapboxCommon.swiftmodule/arm64-apple-xros.private.swiftinterface:242:23: error: cannot find type '_LocationEssentials' in scope
public var bearing: _LocationEssentials.CLLocationDirection? {
^~~~~~~~~~~~~~~~~~~
/Users/admin/builder/spi-builder-workspace/.derivedData/Build/Products/Debug-xros/MapboxCommon.framework/Modules/MapboxCommon.swiftmodule/arm64-apple-xros.private.swiftinterface:245:31: error: cannot find type '_LocationEssentials' in scope
public var bearingAccuracy: _LocationEssentials.CLLocationDirectionAccuracy? {
^~~~~~~~~~~~~~~~~~~
/Users/admin/builder/spi-builder-workspace/.derivedData/Build/Products/Debug-xros/MapboxCommon.framework/Modules/MapboxCommon.swiftmodule/arm64-apple-xros.private.swiftinterface:206:25: error: cannot find type '_LocationEssentials' in scope
public var direction: _LocationEssentials.CLLocationDirection
^~~~~~~~~~~~~~~~~~~
/Users/admin/builder/spi-builder-workspace/.derivedData/Build/Products/Debug-xros/MapboxCommon.framework/Modules/MapboxCommon.swiftmodule/arm64-apple-xros.private.swiftinterface:207:24: error: cannot find type '_LocationEssentials' in scope
public var accuracy: _LocationEssentials.CLLocationDirection
^~~~~~~~~~~~~~~~~~~
/Users/admin/builder/spi-builder-workspace/.derivedData/Build/Products/Debug-xros/MapboxCommon.framework/Modules/MapboxCommon.swiftmodule/arm64-apple-xros.private.swiftinterface:209:26: error: cannot find type '_LocationEssentials' in scope
public init(direction: _LocationEssentials.CLLocationDirection, accuracy: _LocationEssentials.CLLocationDirection, timestamp: Foundation.Date = Date())
^~~~~~~~~~~~~~~~~~~
/Users/admin/builder/spi-builder-workspace/.derivedData/Build/Products/Debug-xros/MapboxCommon.framework/Modules/MapboxCommon.swiftmodule/arm64-apple-xros.private.swiftinterface:209:77: error: cannot find type '_LocationEssentials' in scope
public init(direction: _LocationEssentials.CLLocationDirection, accuracy: _LocationEssentials.CLLocationDirection, timestamp: Foundation.Date = Date())
^~~~~~~~~~~~~~~~~~~
/Users/admin/builder/spi-builder-workspace/.derivedData/Build/Products/Debug-xros/MapboxCommon.framework/Modules/MapboxCommon.swiftmodule/arm64-apple-xros.private.swiftinterface:220:39: error: cannot find type '_LocationEssentials' in scope
convenience public init(coordinate: _LocationEssentials.CLLocationCoordinate2D, timestamp: Foundation.Date = Date(), altitude: _LocationEssentials.CLLocationDistance? = nil, horizontalAccuracy: _LocationEssentials.CLLocationAccuracy? = nil, verticalAccuracy: _LocationEssentials.CLLocationAccuracy? = nil, speed: _LocationEssentials.CLLocationSpeed? = nil, speedAccuracy: _LocationEssentials.CLLocationSpeedAccuracy? = nil, bearing: _LocationEssentials.CLLocationDirection? = nil, bearingAccuracy: _LocationEssentials.CLLocationDirectionAccuracy? = nil, floor: Swift.Int? = nil, source: Swift.String? = nil, extra: Any? = nil)
^~~~~~~~~~~~~~~~~~~
/Users/admin/builder/spi-builder-workspace/.derivedData/Build/Products/Debug-xros/MapboxCommon.framework/Modules/MapboxCommon.swiftmodule/arm64-apple-xros.private.swiftinterface:220:130: error: cannot find type '_LocationEssentials' in scope
convenience public init(coordinate: _LocationEssentials.CLLocationCoordinate2D, timestamp: Foundation.Date = Date(), altitude: _LocationEssentials.CLLocationDistance? = nil, horizontalAccuracy: _LocationEssentials.CLLocationAccuracy? = nil, verticalAccuracy: _LocationEssentials.CLLocationAccuracy? = nil, speed: _LocationEssentials.CLLocationSpeed? = nil, speedAccuracy: _LocationEssentials.CLLocationSpeedAccuracy? = nil, bearing: _LocationEssentials.CLLocationDirection? = nil, bearingAccuracy: _LocationEssentials.CLLocationDirectionAccuracy? = nil, floor: Swift.Int? = nil, source: Swift.String? = nil, extra: Any? = nil)
^~~~~~~~~~~~~~~~~~~
/Users/admin/builder/spi-builder-workspace/.derivedData/Build/Products/Debug-xros/MapboxCommon.framework/Modules/MapboxCommon.swiftmodule/arm64-apple-xros.private.swiftinterface:220:197: error: cannot find type '_LocationEssentials' in scope
convenience public init(coordinate: _LocationEssentials.CLLocationCoordinate2D, timestamp: Foundation.Date = Date(), altitude: _LocationEssentials.CLLocationDistance? = nil, horizontalAccuracy: _LocationEssentials.CLLocationAccuracy? = nil, verticalAccuracy: _LocationEssentials.CLLocationAccuracy? = nil, speed: _LocationEssentials.CLLocationSpeed? = nil, speedAccuracy: _LocationEssentials.CLLocationSpeedAccuracy? = nil, bearing: _LocationEssentials.CLLocationDirection? = nil, bearingAccuracy: _LocationEssentials.CLLocationDirectionAccuracy? = nil, floor: Swift.Int? = nil, source: Swift.String? = nil, extra: Any? = nil)
^~~~~~~~~~~~~~~~~~~
/Users/admin/builder/spi-builder-workspace/.derivedData/Build/Products/Debug-xros/MapboxCommon.framework/Modules/MapboxCommon.swiftmodule/arm64-apple-xros.private.swiftinterface:220:262: error: cannot find type '_LocationEssentials' in scope
convenience public init(coordinate: _LocationEssentials.CLLocationCoordinate2D, timestamp: Foundation.Date = Date(), altitude: _LocationEssentials.CLLocationDistance? = nil, horizontalAccuracy: _LocationEssentials.CLLocationAccuracy? = nil, verticalAccuracy: _LocationEssentials.CLLocationAccuracy? = nil, speed: _LocationEssentials.CLLocationSpeed? = nil, speedAccuracy: _LocationEssentials.CLLocationSpeedAccuracy? = nil, bearing: _LocationEssentials.CLLocationDirection? = nil, bearingAccuracy: _LocationEssentials.CLLocationDirectionAccuracy? = nil, floor: Swift.Int? = nil, source: Swift.String? = nil, extra: Any? = nil)
^~~~~~~~~~~~~~~~~~~
/Users/admin/builder/spi-builder-workspace/.derivedData/Build/Products/Debug-xros/MapboxCommon.framework/Modules/MapboxCommon.swiftmodule/arm64-apple-xros.private.swiftinterface:220:316: error: cannot find type '_LocationEssentials' in scope
convenience public init(coordinate: _LocationEssentials.CLLocationCoordinate2D, timestamp: Foundation.Date = Date(), altitude: _LocationEssentials.CLLocationDistance? = nil, horizontalAccuracy: _LocationEssentials.CLLocationAccuracy? = nil, verticalAccuracy: _LocationEssentials.CLLocationAccuracy? = nil, speed: _LocationEssentials.CLLocationSpeed? = nil, speedAccuracy: _LocationEssentials.CLLocationSpeedAccuracy? = nil, bearing: _LocationEssentials.CLLocationDirection? = nil, bearingAccuracy: _LocationEssentials.CLLocationDirectionAccuracy? = nil, floor: Swift.Int? = nil, source: Swift.String? = nil, extra: Any? = nil)
^~~~~~~~~~~~~~~~~~~
/Users/admin/builder/spi-builder-workspace/.derivedData/Build/Products/Debug-xros/MapboxCommon.framework/Modules/MapboxCommon.swiftmodule/arm64-apple-xros.private.swiftinterface:220:375: error: cannot find type '_LocationEssentials' in scope
convenience public init(coordinate: _LocationEssentials.CLLocationCoordinate2D, timestamp: Foundation.Date = Date(), altitude: _LocationEssentials.CLLocationDistance? = nil, horizontalAccuracy: _LocationEssentials.CLLocationAccuracy? = nil, verticalAccuracy: _LocationEssentials.CLLocationAccuracy? = nil, speed: _LocationEssentials.CLLocationSpeed? = nil, speedAccuracy: _LocationEssentials.CLLocationSpeedAccuracy? = nil, bearing: _LocationEssentials.CLLocationDirection? = nil, bearingAccuracy: _LocationEssentials.CLLocationDirectionAccuracy? = nil, floor: Swift.Int? = nil, source: Swift.String? = nil, extra: Any? = nil)
^~~~~~~~~~~~~~~~~~~
/Users/admin/builder/spi-builder-workspace/.derivedData/Build/Products/Debug-xros/MapboxCommon.framework/Modules/MapboxCommon.swiftmodule/arm64-apple-xros.private.swiftinterface:220:436: error: cannot find type '_LocationEssentials' in scope
convenience public init(coordinate: _LocationEssentials.CLLocationCoordinate2D, timestamp: Foundation.Date = Date(), altitude: _LocationEssentials.CLLocationDistance? = nil, horizontalAccuracy: _LocationEssentials.CLLocationAccuracy? = nil, verticalAccuracy: _LocationEssentials.CLLocationAccuracy? = nil, speed: _LocationEssentials.CLLocationSpeed? = nil, speedAccuracy: _LocationEssentials.CLLocationSpeedAccuracy? = nil, bearing: _LocationEssentials.CLLocationDirection? = nil, bearingAccuracy: _LocationEssentials.CLLocationDirectionAccuracy? = nil, floor: Swift.Int? = nil, source: Swift.String? = nil, extra: Any? = nil)
^~~~~~~~~~~~~~~~~~~
/Users/admin/builder/spi-builder-workspace/.derivedData/Build/Products/Debug-xros/MapboxCommon.framework/Modules/MapboxCommon.swiftmodule/arm64-apple-xros.private.swiftinterface:220:501: error: cannot find type '_LocationEssentials' in scope
convenience public init(coordinate: _LocationEssentials.CLLocationCoordinate2D, timestamp: Foundation.Date = Date(), altitude: _LocationEssentials.CLLocationDistance? = nil, horizontalAccuracy: _LocationEssentials.CLLocationAccuracy? = nil, verticalAccuracy: _LocationEssentials.CLLocationAccuracy? = nil, speed: _LocationEssentials.CLLocationSpeed? = nil, speedAccuracy: _LocationEssentials.CLLocationSpeedAccuracy? = nil, bearing: _LocationEssentials.CLLocationDirection? = nil, bearingAccuracy: _LocationEssentials.CLLocationDirectionAccuracy? = nil, floor: Swift.Int? = nil, source: Swift.String? = nil, extra: Any? = nil)
^~~~~~~~~~~~~~~~~~~
/Users/admin/builder/spi-builder-workspace/.derivedData/Build/Products/Debug-xros/MapboxCommon.framework/Modules/MapboxCommon.swiftmodule/arm64-apple-xros.private.swiftinterface:221:26: error: cannot find type '_LocationEssentials' in scope
public var coordinate: _LocationEssentials.CLLocationCoordinate2D {
^~~~~~~~~~~~~~~~~~~
/Users/admin/builder/spi-builder-workspace/.derivedData/Build/Products/Debug-xros/MapboxCommon.framework/Modules/MapboxCommon.swiftmodule/arm64-apple-xros.private.swiftinterface:227:24: error: cannot find type '_LocationEssentials' in scope
public var altitude: _LocationEssentials.CLLocationDistance? {
^~~~~~~~~~~~~~~~~~~
/Users/admin/builder/spi-builder-workspace/.derivedData/Build/Products/Debug-xros/MapboxCommon.framework/Modules/MapboxCommon.swiftmodule/arm64-apple-xros.private.swiftinterface:230:34: error: cannot find type '_LocationEssentials' in scope
public var horizontalAccuracy: _LocationEssentials.CLLocationAccuracy? {
^~~~~~~~~~~~~~~~~~~
/Users/admin/builder/spi-builder-workspace/.derivedData/Build/Products/Debug-xros/MapboxCommon.framework/Modules/MapboxCommon.swiftmodule/arm64-apple-xros.private.swiftinterface:233:32: error: cannot find type '_LocationEssentials' in scope
public var verticalAccuracy: _LocationEssentials.CLLocationAccuracy? {
^~~~~~~~~~~~~~~~~~~
/Users/admin/builder/spi-builder-workspace/.derivedData/Build/Products/Debug-xros/MapboxCommon.framework/Modules/MapboxCommon.swiftmodule/arm64-apple-xros.private.swiftinterface:236:21: error: cannot find type '_LocationEssentials' in scope
public var speed: _LocationEssentials.CLLocationSpeed? {
^~~~~~~~~~~~~~~~~~~
/Users/admin/builder/spi-builder-workspace/.derivedData/Build/Products/Debug-xros/MapboxCommon.framework/Modules/MapboxCommon.swiftmodule/arm64-apple-xros.private.swiftinterface:239:29: error: cannot find type '_LocationEssentials' in scope
public var speedAccuracy: _LocationEssentials.CLLocationSpeedAccuracy? {
^~~~~~~~~~~~~~~~~~~
/Users/admin/builder/spi-builder-workspace/.derivedData/Build/Products/Debug-xros/MapboxCommon.framework/Modules/MapboxCommon.swiftmodule/arm64-apple-xros.private.swiftinterface:242:23: error: cannot find type '_LocationEssentials' in scope
public var bearing: _LocationEssentials.CLLocationDirection? {
^~~~~~~~~~~~~~~~~~~
/Users/admin/builder/spi-builder-workspace/.derivedData/Build/Products/Debug-xros/MapboxCommon.framework/Modules/MapboxCommon.swiftmodule/arm64-apple-xros.private.swiftinterface:245:31: error: cannot find type '_LocationEssentials' in scope
public var bearingAccuracy: _LocationEssentials.CLLocationDirectionAccuracy? {
^~~~~~~~~~~~~~~~~~~
SwiftEmitModule normal arm64 Emitting\ module\ for\ MapboxMaps (in target 'MapboxMaps' from project 'MapboxMaps')
Command SwiftEmitModule failed with a nonzero exit code
** BUILD FAILED **
The following build commands failed:
SwiftCompile normal arm64 Compiling\ Location.swift,\ LocationInterpolator.swift,\ LocationManager.swift,\ LocationOptions.swift,\ LocationPermissionsDelegate.swift,\ ModelAdapters.swift,\ Puck2DRenderer.swift,\ Puck3DRenderer.swift,\ PuckManager.swift,\ PuckRenderer.swift,\ PuckRendererState.swift,\ PuckRenderingData.swift,\ PuckType.swift,\ CoreEventsExtensions.swift,\ MapEvents+Deprecated.swift,\ MapEvents.swift,\ ClearCacheError.swift,\ OfflineCallbacks.swift,\ OfflineErrors.swift,\ OfflineManager+MapboxMaps.swift,\ StylePackLoadOptions+MapboxMaps.swift,\ TileRegionLoadOptions+MapboxMaps.swift,\ TileStore+MapboxMaps.swift,\ TileStoreObserver.swift,\ TileStoreObserverCancelable.swift /Users/admin/builder/spi-builder-workspace/Sources/MapboxMaps/Location/Location.swift /Users/admin/builder/spi-builder-workspace/Sources/MapboxMaps/Location/LocationInterpolator.swift /Users/admin/builder/spi-builder-workspace/Sources/MapboxMaps/Location/LocationManager.swift /Users/admin/builder/spi-builder-workspace/Sources/MapboxMaps/Location/LocationOptions.swift /Users/admin/builder/spi-builder-workspace/Sources/MapboxMaps/Location/LocationPermissionsDelegate.swift /Users/admin/builder/spi-builder-workspace/Sources/MapboxMaps/Location/ModelAdapters.swift /Users/admin/builder/spi-builder-workspace/Sources/MapboxMaps/Location/Puck/Puck2DRenderer.swift /Users/admin/builder/spi-builder-workspace/Sources/MapboxMaps/Location/Puck/Puck3DRenderer.swift /Users/admin/builder/spi-builder-workspace/Sources/MapboxMaps/Location/Puck/PuckManager.swift /Users/admin/builder/spi-builder-workspace/Sources/MapboxMaps/Location/Puck/PuckRenderer.swift /Users/admin/builder/spi-builder-workspace/Sources/MapboxMaps/Location/Puck/PuckRendererState.swift /Users/admin/builder/spi-builder-workspace/Sources/MapboxMaps/Location/Puck/PuckRenderingData.swift /Users/admin/builder/spi-builder-workspace/Sources/MapboxMaps/Location/Puck/PuckType.swift /Users/admin/builder/spi-builder-workspace/Sources/MapboxMaps/MapEvents/CoreEventsExtensions.swift /Users/admin/builder/spi-builder-workspace/Sources/MapboxMaps/MapEvents/MapEvents+Deprecated.swift /Users/admin/builder/spi-builder-workspace/Sources/MapboxMaps/MapEvents/MapEvents.swift /Users/admin/builder/spi-builder-workspace/Sources/MapboxMaps/Offline/ClearCacheError.swift /Users/admin/builder/spi-builder-workspace/Sources/MapboxMaps/Offline/OfflineCallbacks.swift /Users/admin/builder/spi-builder-workspace/Sources/MapboxMaps/Offline/OfflineErrors.swift /Users/admin/builder/spi-builder-workspace/Sources/MapboxMaps/Offline/OfflineManager+MapboxMaps.swift /Users/admin/builder/spi-builder-workspace/Sources/MapboxMaps/Offline/StylePackLoadOptions+MapboxMaps.swift /Users/admin/builder/spi-builder-workspace/Sources/MapboxMaps/Offline/TileRegionLoadOptions+MapboxMaps.swift /Users/admin/builder/spi-builder-workspace/Sources/MapboxMaps/Offline/TileStore+MapboxMaps.swift /Users/admin/builder/spi-builder-workspace/Sources/MapboxMaps/Offline/TileStoreObserver.swift /Users/admin/builder/spi-builder-workspace/Sources/MapboxMaps/Offline/TileStoreObserverCancelable.swift (in target 'MapboxMaps' from project 'MapboxMaps')
SwiftCompile normal arm64 /Users/admin/builder/spi-builder-workspace/Sources/MapboxMaps/Location/Location.swift (in target 'MapboxMaps' from project 'MapboxMaps')
SwiftCompile normal arm64 /Users/admin/builder/spi-builder-workspace/Sources/MapboxMaps/Location/LocationInterpolator.swift (in target 'MapboxMaps' from project 'MapboxMaps')
SwiftCompile normal arm64 /Users/admin/builder/spi-builder-workspace/Sources/MapboxMaps/Location/LocationManager.swift (in target 'MapboxMaps' from project 'MapboxMaps')
SwiftCompile normal arm64 /Users/admin/builder/spi-builder-workspace/Sources/MapboxMaps/Location/LocationOptions.swift (in target 'MapboxMaps' from project 'MapboxMaps')
SwiftCompile normal arm64 /Users/admin/builder/spi-builder-workspace/Sources/MapboxMaps/Location/LocationPermissionsDelegate.swift (in target 'MapboxMaps' from project 'MapboxMaps')
SwiftCompile normal arm64 /Users/admin/builder/spi-builder-workspace/Sources/MapboxMaps/Location/ModelAdapters.swift (in target 'MapboxMaps' from project 'MapboxMaps')
SwiftCompile normal arm64 /Users/admin/builder/spi-builder-workspace/Sources/MapboxMaps/Location/Puck/Puck2DRenderer.swift (in target 'MapboxMaps' from project 'MapboxMaps')
SwiftCompile normal arm64 /Users/admin/builder/spi-builder-workspace/Sources/MapboxMaps/Location/Puck/Puck3DRenderer.swift (in target 'MapboxMaps' from project 'MapboxMaps')
SwiftCompile normal arm64 /Users/admin/builder/spi-builder-workspace/Sources/MapboxMaps/Location/Puck/PuckManager.swift (in target 'MapboxMaps' from project 'MapboxMaps')
SwiftCompile normal arm64 /Users/admin/builder/spi-builder-workspace/Sources/MapboxMaps/Location/Puck/PuckRenderer.swift (in target 'MapboxMaps' from project 'MapboxMaps')
SwiftCompile normal arm64 /Users/admin/builder/spi-builder-workspace/Sources/MapboxMaps/Location/Puck/PuckRendererState.swift (in target 'MapboxMaps' from project 'MapboxMaps')
SwiftCompile normal arm64 /Users/admin/builder/spi-builder-workspace/Sources/MapboxMaps/Location/Puck/PuckRenderingData.swift (in target 'MapboxMaps' from project 'MapboxMaps')
SwiftCompile normal arm64 /Users/admin/builder/spi-builder-workspace/Sources/MapboxMaps/Location/Puck/PuckType.swift (in target 'MapboxMaps' from project 'MapboxMaps')
SwiftCompile normal arm64 /Users/admin/builder/spi-builder-workspace/Sources/MapboxMaps/MapEvents/CoreEventsExtensions.swift (in target 'MapboxMaps' from project 'MapboxMaps')
SwiftCompile normal arm64 /Users/admin/builder/spi-builder-workspace/Sources/MapboxMaps/MapEvents/MapEvents+Deprecated.swift (in target 'MapboxMaps' from project 'MapboxMaps')
SwiftCompile normal arm64 /Users/admin/builder/spi-builder-workspace/Sources/MapboxMaps/MapEvents/MapEvents.swift (in target 'MapboxMaps' from project 'MapboxMaps')
SwiftCompile normal arm64 /Users/admin/builder/spi-builder-workspace/Sources/MapboxMaps/Offline/ClearCacheError.swift (in target 'MapboxMaps' from project 'MapboxMaps')
SwiftCompile normal arm64 /Users/admin/builder/spi-builder-workspace/Sources/MapboxMaps/Offline/OfflineCallbacks.swift (in target 'MapboxMaps' from project 'MapboxMaps')
SwiftCompile normal arm64 /Users/admin/builder/spi-builder-workspace/Sources/MapboxMaps/Offline/OfflineErrors.swift (in target 'MapboxMaps' from project 'MapboxMaps')
SwiftCompile normal arm64 /Users/admin/builder/spi-builder-workspace/Sources/MapboxMaps/Offline/OfflineManager+MapboxMaps.swift (in target 'MapboxMaps' from project 'MapboxMaps')
SwiftCompile normal arm64 /Users/admin/builder/spi-builder-workspace/Sources/MapboxMaps/Offline/StylePackLoadOptions+MapboxMaps.swift (in target 'MapboxMaps' from project 'MapboxMaps')
SwiftCompile normal arm64 /Users/admin/builder/spi-builder-workspace/Sources/MapboxMaps/Offline/TileRegionLoadOptions+MapboxMaps.swift (in target 'MapboxMaps' from project 'MapboxMaps')
SwiftCompile normal arm64 /Users/admin/builder/spi-builder-workspace/Sources/MapboxMaps/Offline/TileStore+MapboxMaps.swift (in target 'MapboxMaps' from project 'MapboxMaps')
SwiftCompile normal arm64 /Users/admin/builder/spi-builder-workspace/Sources/MapboxMaps/Offline/TileStoreObserver.swift (in target 'MapboxMaps' from project 'MapboxMaps')
SwiftCompile normal arm64 /Users/admin/builder/spi-builder-workspace/Sources/MapboxMaps/Offline/TileStoreObserverCancelable.swift (in target 'MapboxMaps' from project 'MapboxMaps')
SwiftEmitModule normal arm64 Emitting\ module\ for\ MapboxMaps (in target 'MapboxMaps' from project 'MapboxMaps')
Building workspace spi-builder-workspace with scheme MapboxMaps
(28 failures)
BUILD FAILURE 6.1 visionOS