The Swift Package Index logo.Swift Package Index

Build Information

Failed to build WWNetworking-UIImage, reference main (7d64fc), with Swift 6.1 for Wasm on 12 Aug 2026 21:39:06 UTC.

Build Command

bash -c docker run --pull=always --rm -v "checkouts-53886770-0":/host -w "$PWD" -e JAVA_HOME="/root/.sdkman/candidates/java/current" -e SPI_BUILD="1" -e SPI_PROCESSING="1" registry.gitlab.com/saguaro1/spi-images:wasm-6.1-latest swift build --swift-sdk wasm32-unknown-wasi 2>&1

Build Log

========================================
RunAll
========================================
Builder version: 5.0.1
Interrupt handler set up.
========================================
Checkout
========================================
Clone URL: https://github.com/William-Weng/WWNetworking-UIImage.git
Reference: main
Initialized empty Git repository in /host/spi-builder-workspace/.git/
hint: Using 'master' as the name for the initial branch. This default branch name
hint: is subject to change. To configure the initial branch name to use in all
hint: of your new repositories, which will suppress this warning, call:
hint:
hint: 	git config --global init.defaultBranch <name>
hint:
hint: Names commonly chosen instead of 'master' are 'main', 'trunk' and
hint: 'development'. The just-created branch can be renamed via this command:
hint:
hint: 	git branch -m <name>
From https://github.com/William-Weng/WWNetworking-UIImage
 * branch            main       -> FETCH_HEAD
 * [new branch]      main       -> origin/main
HEAD is now at 7d64fcf Update README.md
Cloned https://github.com/William-Weng/WWNetworking-UIImage.git
Revision (git rev-parse @):
7d64fcf54a190a033ee85537c26543aa32c23998
SUCCESS checkout https://github.com/William-Weng/WWNetworking-UIImage.git at main
========================================
Build
========================================
Selected platform:         wasm
Swift version:             6.1
Building package at path:  $PWD
https://github.com/William-Weng/WWNetworking-UIImage.git
https://github.com/William-Weng/WWNetworking-UIImage.git
WARNING: environment variable SUPPRESS_SWIFT_6_FLAGS is not set
Running build ...
bash -c docker run --pull=always --rm -v "checkouts-53886770-0":/host -w "$PWD" -e JAVA_HOME="/root/.sdkman/candidates/java/current" -e SPI_BUILD="1" -e SPI_PROCESSING="1" registry.gitlab.com/saguaro1/spi-images:wasm-6.1-latest swift build --swift-sdk wasm32-unknown-wasi -Xswiftc -Xfrontend -Xswiftc -stats-output-dir -Xswiftc -Xfrontend -Xswiftc .stats -Xswiftc -strict-concurrency=complete -Xswiftc -enable-upcoming-feature -Xswiftc StrictConcurrency -Xswiftc -enable-upcoming-feature -Xswiftc DisableOutwardActorInference -Xswiftc -enable-upcoming-feature -Xswiftc GlobalActorIsolatedTypesUsability -Xswiftc -enable-upcoming-feature -Xswiftc InferSendableFromCaptures 2>&1
wasm-6.1-latest: Pulling from saguaro1/spi-images
Digest: sha256:290f441d1f5b7bf0dbbe61e8b7514208804cdcb507d57b3c762463ad036298f7
Status: Image is up to date for registry.gitlab.com/saguaro1/spi-images:wasm-6.1-latest
Fetching https://github.com/William-Weng/WWNetworking.git
Fetching https://github.com/William-Weng/WWOrderedSet.git
Fetching https://github.com/William-Weng/WWSQLite3Manager.git
Fetching https://github.com/William-Weng/WWCacheManager.git
[1/73] Fetching wworderedset
Fetched https://github.com/William-Weng/WWOrderedSet.git from cache (0.49s)
[1/874] Fetching wwsqlite3manager
[875/1720] Fetching wwsqlite3manager, wwnetworking
[1400/1824] Fetching wwsqlite3manager, wwnetworking, wwcachemanager
Fetched https://github.com/William-Weng/WWCacheManager.git from cache (1.14s)
[1450/1720] Fetching wwsqlite3manager, wwnetworking
Fetched https://github.com/William-Weng/WWSQLite3Manager.git from cache (1.19s)
Fetched https://github.com/William-Weng/WWNetworking.git from cache (1.19s)
Computing version for https://github.com/William-Weng/WWOrderedSet.git
Computed https://github.com/William-Weng/WWOrderedSet.git at 1.0.2 (1.43s)
Computing version for https://github.com/William-Weng/WWSQLite3Manager.git
Computed https://github.com/William-Weng/WWSQLite3Manager.git at 1.5.2 (0.24s)
Computing version for https://github.com/William-Weng/WWCacheManager.git
Computed https://github.com/William-Weng/WWCacheManager.git at 1.1.0 (0.23s)
Computing version for https://github.com/William-Weng/WWNetworking.git
Computed https://github.com/William-Weng/WWNetworking.git at 1.9.1 (0.23s)
Creating working copy for https://github.com/William-Weng/WWSQLite3Manager.git
Working copy of https://github.com/William-Weng/WWSQLite3Manager.git resolved at 1.5.2
Creating working copy for https://github.com/William-Weng/WWOrderedSet.git
Working copy of https://github.com/William-Weng/WWOrderedSet.git resolved at 1.0.2
Creating working copy for https://github.com/William-Weng/WWCacheManager.git
Working copy of https://github.com/William-Weng/WWCacheManager.git resolved at 1.1.0
Creating working copy for https://github.com/William-Weng/WWNetworking.git
Working copy of https://github.com/William-Weng/WWNetworking.git resolved at 1.9.1
Building for debugging...
[0/10] Write sources
[5/10] Copying Privacy
[9/10] Write swift-version-24593BA9C3E375BF.txt
[11/37] Compiling WWSQLite3Manager Extension.swift
/host/spi-builder-workspace/.build/checkouts/WWSQLite3Manager/Sources/WWSQLite3Manager/Condition/SQLite3Condition.swift:9:8: error: no such module 'UIKit'
  7 | //  http://tw.gitbook.net/sqlite/sqlite_where_clause.html
  8 |
  9 | import UIKit
    |        `- error: no such module 'UIKit'
 10 |
 11 | // MARK: - Where主設定
[12/37] Compiling WWSQLite3Manager SQLite3Method.swift
/host/spi-builder-workspace/.build/checkouts/WWSQLite3Manager/Sources/WWSQLite3Manager/Condition/SQLite3Condition.swift:9:8: error: no such module 'UIKit'
  7 | //  http://tw.gitbook.net/sqlite/sqlite_where_clause.html
  8 |
  9 | import UIKit
    |        `- error: no such module 'UIKit'
 10 |
 11 | // MARK: - Where主設定
[13/37] Compiling WWOrderedSet WWOrderedSet.swift
[14/38] Emitting module WWOrderedSet
[15/39] Compiling WWCacheManager WWCacheValue.swift
/host/spi-builder-workspace/.build/checkouts/WWCacheManager/Sources/WWCacheManager/WWCacheManager.swift:21:25: error: cannot find 'DispatchQueue' in scope
 19 |     /// - sync: 讀取可並行(多 reader)
 20 |     /// - barrier: 寫入互斥(單 writer)
 21 |     private let queue = DispatchQueue(label: "com.wwcache.async", attributes: .concurrent)
    |                         `- error: cannot find 'DispatchQueue' in scope
 22 |
 23 |     private var cache: [KeyType: ObjectType] = [:]      // 快取資料:Key -> Value
/host/spi-builder-workspace/.build/checkouts/WWCacheManager/Sources/WWCacheManager/WWCacheManager.swift:21:80: error: cannot infer contextual base in reference to member 'concurrent'
 19 |     /// - sync: 讀取可並行(多 reader)
 20 |     /// - barrier: 寫入互斥(單 writer)
 21 |     private let queue = DispatchQueue(label: "com.wwcache.async", attributes: .concurrent)
    |                                                                                `- error: cannot infer contextual base in reference to member 'concurrent'
 22 |
 23 |     private var cache: [KeyType: ObjectType] = [:]      // 快取資料:Key -> Value
error: emit-module command failed with exit code 1 (use -v to see invocation)
[16/39] Emitting module WWCacheManager
/host/spi-builder-workspace/.build/checkouts/WWCacheManager/Sources/WWCacheManager/WWCacheManager.swift:21:25: error: cannot find 'DispatchQueue' in scope
 19 |     /// - sync: 讀取可並行(多 reader)
 20 |     /// - barrier: 寫入互斥(單 writer)
 21 |     private let queue = DispatchQueue(label: "com.wwcache.async", attributes: .concurrent)
    |                         `- error: cannot find 'DispatchQueue' in scope
 22 |
 23 |     private var cache: [KeyType: ObjectType] = [:]      // 快取資料:Key -> Value
/host/spi-builder-workspace/.build/checkouts/WWCacheManager/Sources/WWCacheManager/WWCacheManager.swift:21:80: error: cannot infer contextual base in reference to member 'concurrent'
 19 |     /// - sync: 讀取可並行(多 reader)
 20 |     /// - barrier: 寫入互斥(單 writer)
 21 |     private let queue = DispatchQueue(label: "com.wwcache.async", attributes: .concurrent)
    |                                                                                `- error: cannot infer contextual base in reference to member 'concurrent'
 22 |
 23 |     private var cache: [KeyType: ObjectType] = [:]      // 快取資料:Key -> Value
[17/39] Compiling WWCacheManager WWCacheManager.swift
/host/spi-builder-workspace/.build/checkouts/WWCacheManager/Sources/WWCacheManager/WWCacheManager.swift:21:25: error: cannot find 'DispatchQueue' in scope
 19 |     /// - sync: 讀取可並行(多 reader)
 20 |     /// - barrier: 寫入互斥(單 writer)
 21 |     private let queue = DispatchQueue(label: "com.wwcache.async", attributes: .concurrent)
    |                         `- error: cannot find 'DispatchQueue' in scope
 22 |
 23 |     private var cache: [KeyType: ObjectType] = [:]      // 快取資料:Key -> Value
/host/spi-builder-workspace/.build/checkouts/WWCacheManager/Sources/WWCacheManager/WWCacheManager.swift:21:80: error: cannot infer contextual base in reference to member 'concurrent'
 19 |     /// - sync: 讀取可並行(多 reader)
 20 |     /// - barrier: 寫入互斥(單 writer)
 21 |     private let queue = DispatchQueue(label: "com.wwcache.async", attributes: .concurrent)
    |                                                                                `- error: cannot infer contextual base in reference to member 'concurrent'
 22 |
 23 |     private var cache: [KeyType: ObjectType] = [:]      // 快取資料:Key -> Value
/host/spi-builder-workspace/.build/checkouts/WWCacheManager/Sources/WWCacheManager/WWCacheManager.swift:79:29: error: cannot infer contextual base in reference to member 'barrier'
 77 |     func setValue(_ value: ObjectType, forKey key: KeyType, cost: Int = 0) {
 78 |
 79 |         queue.async(flags: .barrier) { [self] in
    |                             `- error: cannot infer contextual base in reference to member 'barrier'
 80 |             cache[key] = value
 81 |             costs[key] = cost
/host/spi-builder-workspace/.build/checkouts/WWCacheManager/Sources/WWCacheManager/WWCacheManager.swift:89:29: error: cannot infer contextual base in reference to member 'barrier'
 87 |     func removeValue(forKey key: KeyType) {
 88 |
 89 |         queue.async(flags: .barrier) { [self] in
    |                             `- error: cannot infer contextual base in reference to member 'barrier'
 90 |             cache.removeValue(forKey: key)
 91 |             costs.removeValue(forKey: key)
/host/spi-builder-workspace/.build/checkouts/WWCacheManager/Sources/WWCacheManager/WWCacheManager.swift:98:29: error: cannot infer contextual base in reference to member 'barrier'
 96 |     func removeAll() {
 97 |
 98 |         queue.async(flags: .barrier) { [self] in
    |                             `- error: cannot infer contextual base in reference to member 'barrier'
 99 |             cache.removeAll()
100 |             costs.removeAll()
/host/spi-builder-workspace/.build/checkouts/WWCacheManager/Sources/WWCacheManager/WWCacheManager.swift:108:29: error: cannot infer contextual base in reference to member 'barrier'
106 |     func setCountLimit(_ limit: Int) {
107 |
108 |         queue.async(flags: .barrier) { [self] in
    |                             `- error: cannot infer contextual base in reference to member 'barrier'
109 |             _countLimit = limit
110 |         }
/host/spi-builder-workspace/.build/checkouts/WWCacheManager/Sources/WWCacheManager/WWCacheManager.swift:117:29: error: cannot infer contextual base in reference to member 'barrier'
115 |     func setTotalCostLimit(_ limit: Int) {
116 |
117 |         queue.async(flags: .barrier) { [self] in
    |                             `- error: cannot infer contextual base in reference to member 'barrier'
118 |             _totalCostLimit = limit
119 |         }
[18/39] Compiling WWSQLite3Manager SQLite3Condition.swift
/host/spi-builder-workspace/.build/checkouts/WWSQLite3Manager/Sources/WWSQLite3Manager/Condition/SQLite3Condition.swift:9:8: error: no such module 'UIKit'
  7 | //  http://tw.gitbook.net/sqlite/sqlite_where_clause.html
  8 |
  9 | import UIKit
    |        `- error: no such module 'UIKit'
 10 |
 11 | // MARK: - Where主設定
[19/39] Compiling WWSQLite3Manager Constant.swift
/host/spi-builder-workspace/.build/checkouts/WWSQLite3Manager/Sources/WWSQLite3Manager/Condition/SQLite3Condition.swift:9:8: error: no such module 'UIKit'
  7 | //  http://tw.gitbook.net/sqlite/sqlite_where_clause.html
  8 |
  9 | import UIKit
    |        `- error: no such module 'UIKit'
 10 |
 11 | // MARK: - Where主設定
[20/39] Compiling WWSQLite3Manager SQLite3SchemeDelegate.swift
/host/spi-builder-workspace/.build/checkouts/WWSQLite3Manager/Sources/WWSQLite3Manager/Condition/SQLite3Condition.swift:9:8: error: no such module 'UIKit'
  7 | //  http://tw.gitbook.net/sqlite/sqlite_where_clause.html
  8 |
  9 | import UIKit
    |        `- error: no such module 'UIKit'
 10 |
 11 | // MARK: - Where主設定
[21/39] Compiling WWSQLite3Manager SQLite3TableSchemeInfomation.swift
/host/spi-builder-workspace/.build/checkouts/WWSQLite3Manager/Sources/WWSQLite3Manager/Condition/SQLite3Condition.swift:9:8: error: no such module 'UIKit'
  7 | //  http://tw.gitbook.net/sqlite/sqlite_where_clause.html
  8 |
  9 | import UIKit
    |        `- error: no such module 'UIKit'
 10 |
 11 | // MARK: - Where主設定
[22/39] Compiling WWSQLite3Manager SQLite3Database.swift
/host/spi-builder-workspace/.build/checkouts/WWSQLite3Manager/Sources/WWSQLite3Manager/Condition/SQLite3Condition.swift:9:8: error: no such module 'UIKit'
  7 | //  http://tw.gitbook.net/sqlite/sqlite_where_clause.html
  8 |
  9 | import UIKit
    |        `- error: no such module 'UIKit'
 10 |
 11 | // MARK: - Where主設定
[23/39] Compiling WWSQLite3Manager SQLite3Manager.swift
/host/spi-builder-workspace/.build/checkouts/WWSQLite3Manager/Sources/WWSQLite3Manager/Condition/SQLite3Condition.swift:9:8: error: no such module 'UIKit'
  7 | //  http://tw.gitbook.net/sqlite/sqlite_where_clause.html
  8 |
  9 | import UIKit
    |        `- error: no such module 'UIKit'
 10 |
 11 | // MARK: - Where主設定
[25/39] Compiling WWSQLite3Manager resource_bundle_accessor.swift
/host/spi-builder-workspace/.build/checkouts/WWSQLite3Manager/Sources/WWSQLite3Manager/Condition/SQLite3Condition.swift:9:8: error: no such module 'UIKit'
  7 | //  http://tw.gitbook.net/sqlite/sqlite_where_clause.html
  8 |
  9 | import UIKit
    |        `- error: no such module 'UIKit'
 10 |
 11 | // MARK: - Where主設定
[26/39] Compiling WWSQLite3Manager SQLite3Condition+Having.swift
/host/spi-builder-workspace/.build/checkouts/WWSQLite3Manager/Sources/WWSQLite3Manager/Condition/SQLite3Condition.swift:9:8: error: no such module 'UIKit'
  7 | //  http://tw.gitbook.net/sqlite/sqlite_where_clause.html
  8 |
  9 | import UIKit
    |        `- error: no such module 'UIKit'
 10 |
 11 | // MARK: - Where主設定
[27/39] Compiling WWSQLite3Manager SQLite3Condition+Limit.swift
/host/spi-builder-workspace/.build/checkouts/WWSQLite3Manager/Sources/WWSQLite3Manager/Condition/SQLite3Condition.swift:9:8: error: no such module 'UIKit'
  7 | //  http://tw.gitbook.net/sqlite/sqlite_where_clause.html
  8 |
  9 | import UIKit
    |        `- error: no such module 'UIKit'
 10 |
 11 | // MARK: - Where主設定
[28/39] Compiling WWSQLite3Manager SQLite3Condition+DataType.swift
/host/spi-builder-workspace/.build/checkouts/WWSQLite3Manager/Sources/WWSQLite3Manager/Condition/SQLite3Condition.swift:9:8: error: no such module 'UIKit'
  7 | //  http://tw.gitbook.net/sqlite/sqlite_where_clause.html
  8 |
  9 | import UIKit
    |        `- error: no such module 'UIKit'
 10 |
 11 | // MARK: - Where主設定
[29/39] Compiling WWSQLite3Manager SQLite3Condition+GroupBy.swift
/host/spi-builder-workspace/.build/checkouts/WWSQLite3Manager/Sources/WWSQLite3Manager/Condition/SQLite3Condition.swift:9:8: error: no such module 'UIKit'
  7 | //  http://tw.gitbook.net/sqlite/sqlite_where_clause.html
  8 |
  9 | import UIKit
    |        `- error: no such module 'UIKit'
 10 |
 11 | // MARK: - Where主設定
error: emit-module command failed with exit code 1 (use -v to see invocation)
[30/39] Emitting module WWSQLite3Manager
/host/spi-builder-workspace/.build/checkouts/WWSQLite3Manager/Sources/WWSQLite3Manager/Condition/SQLite3Condition.swift:9:8: error: no such module 'UIKit'
  7 | //  http://tw.gitbook.net/sqlite/sqlite_where_clause.html
  8 |
  9 | import UIKit
    |        `- error: no such module 'UIKit'
 10 |
 11 | // MARK: - Where主設定
[31/39] Compiling WWNetworking resource_bundle_accessor.swift
/host/spi-builder-workspace/.build/checkouts/WWNetworking/Sources/WWNetworking/Utility/Constant.swift:8:8: error: no such module 'UIKit'
  6 | //
  7 |
  8 | import UIKit
    |        `- error: no such module 'UIKit'
  9 |
 10 | // MARK: - typealias
[32/39] Compiling WWSQLite3Manager SQLite3Condition+OrderBy.swift
/host/spi-builder-workspace/.build/checkouts/WWSQLite3Manager/Sources/WWSQLite3Manager/Condition/SQLite3Condition.swift:9:8: error: no such module 'UIKit'
  7 | //  http://tw.gitbook.net/sqlite/sqlite_where_clause.html
  8 |
  9 | import UIKit
    |        `- error: no such module 'UIKit'
 10 |
 11 | // MARK: - Where主設定
[33/39] Compiling WWSQLite3Manager SQLite3Condition+Where.swift
/host/spi-builder-workspace/.build/checkouts/WWSQLite3Manager/Sources/WWSQLite3Manager/Condition/SQLite3Condition.swift:9:8: error: no such module 'UIKit'
  7 | //  http://tw.gitbook.net/sqlite/sqlite_where_clause.html
  8 |
  9 | import UIKit
    |        `- error: no such module 'UIKit'
 10 |
 11 | // MARK: - Where主設定
[34/39] Compiling WWCacheManager resource_bundle_accessor.swift
[35/39] Compiling WWNetworking Networking.swift
/host/spi-builder-workspace/.build/checkouts/WWNetworking/Sources/WWNetworking/Utility/Constant.swift:8:8: error: no such module 'UIKit'
  6 | //
  7 |
  8 | import UIKit
    |        `- error: no such module 'UIKit'
  9 |
 10 | // MARK: - typealias
error: emit-module command failed with exit code 1 (use -v to see invocation)
[36/39] Emitting module WWNetworking
/host/spi-builder-workspace/.build/checkouts/WWNetworking/Sources/WWNetworking/Utility/Constant.swift:8:8: error: no such module 'UIKit'
  6 | //
  7 |
  8 | import UIKit
    |        `- error: no such module 'UIKit'
  9 |
 10 | // MARK: - typealias
Running build ...
bash -c docker run --pull=always --rm -v "checkouts-53886770-0":/host -w "$PWD" -e JAVA_HOME="/root/.sdkman/candidates/java/current" -e SPI_BUILD="1" -e SPI_PROCESSING="1" registry.gitlab.com/saguaro1/spi-images:wasm-6.1-latest swift build --swift-sdk wasm32-unknown-wasi 2>&1
wasm-6.1-latest: Pulling from saguaro1/spi-images
Digest: sha256:290f441d1f5b7bf0dbbe61e8b7514208804cdcb507d57b3c762463ad036298f7
Status: Image is up to date for registry.gitlab.com/saguaro1/spi-images:wasm-6.1-latest
[0/1] Planning build
Building for debugging...
[0/1] Write swift-version-24593BA9C3E375BF.txt
[2/28] Compiling WWCacheManager WWCacheValue.swift
/host/spi-builder-workspace/.build/checkouts/WWCacheManager/Sources/WWCacheManager/WWCacheManager.swift:21:25: error: cannot find 'DispatchQueue' in scope
 19 |     /// - sync: 讀取可並行(多 reader)
 20 |     /// - barrier: 寫入互斥(單 writer)
 21 |     private let queue = DispatchQueue(label: "com.wwcache.async", attributes: .concurrent)
    |                         `- error: cannot find 'DispatchQueue' in scope
 22 |
 23 |     private var cache: [KeyType: ObjectType] = [:]      // 快取資料:Key -> Value
/host/spi-builder-workspace/.build/checkouts/WWCacheManager/Sources/WWCacheManager/WWCacheManager.swift:21:80: error: cannot infer contextual base in reference to member 'concurrent'
 19 |     /// - sync: 讀取可並行(多 reader)
 20 |     /// - barrier: 寫入互斥(單 writer)
 21 |     private let queue = DispatchQueue(label: "com.wwcache.async", attributes: .concurrent)
    |                                                                                `- error: cannot infer contextual base in reference to member 'concurrent'
 22 |
 23 |     private var cache: [KeyType: ObjectType] = [:]      // 快取資料:Key -> Value
[3/28] Compiling WWSQLite3Manager SQLite3Condition+DataType.swift
/host/spi-builder-workspace/.build/checkouts/WWSQLite3Manager/Sources/WWSQLite3Manager/Condition/SQLite3Condition.swift:9:8: error: no such module 'UIKit'
  7 | //  http://tw.gitbook.net/sqlite/sqlite_where_clause.html
  8 |
  9 | import UIKit
    |        `- error: no such module 'UIKit'
 10 |
 11 | // MARK: - Where主設定
[4/28] Compiling WWSQLite3Manager SQLite3Condition+GroupBy.swift
/host/spi-builder-workspace/.build/checkouts/WWSQLite3Manager/Sources/WWSQLite3Manager/Condition/SQLite3Condition.swift:9:8: error: no such module 'UIKit'
  7 | //  http://tw.gitbook.net/sqlite/sqlite_where_clause.html
  8 |
  9 | import UIKit
    |        `- error: no such module 'UIKit'
 10 |
 11 | // MARK: - Where主設定
[5/29] Compiling WWCacheManager WWCacheManager.swift
/host/spi-builder-workspace/.build/checkouts/WWCacheManager/Sources/WWCacheManager/WWCacheManager.swift:21:25: error: cannot find 'DispatchQueue' in scope
 19 |     /// - sync: 讀取可並行(多 reader)
 20 |     /// - barrier: 寫入互斥(單 writer)
 21 |     private let queue = DispatchQueue(label: "com.wwcache.async", attributes: .concurrent)
    |                         `- error: cannot find 'DispatchQueue' in scope
 22 |
 23 |     private var cache: [KeyType: ObjectType] = [:]      // 快取資料:Key -> Value
/host/spi-builder-workspace/.build/checkouts/WWCacheManager/Sources/WWCacheManager/WWCacheManager.swift:21:80: error: cannot infer contextual base in reference to member 'concurrent'
 19 |     /// - sync: 讀取可並行(多 reader)
 20 |     /// - barrier: 寫入互斥(單 writer)
 21 |     private let queue = DispatchQueue(label: "com.wwcache.async", attributes: .concurrent)
    |                                                                                `- error: cannot infer contextual base in reference to member 'concurrent'
 22 |
 23 |     private var cache: [KeyType: ObjectType] = [:]      // 快取資料:Key -> Value
/host/spi-builder-workspace/.build/checkouts/WWCacheManager/Sources/WWCacheManager/WWCacheManager.swift:79:29: error: cannot infer contextual base in reference to member 'barrier'
 77 |     func setValue(_ value: ObjectType, forKey key: KeyType, cost: Int = 0) {
 78 |
 79 |         queue.async(flags: .barrier) { [self] in
    |                             `- error: cannot infer contextual base in reference to member 'barrier'
 80 |             cache[key] = value
 81 |             costs[key] = cost
/host/spi-builder-workspace/.build/checkouts/WWCacheManager/Sources/WWCacheManager/WWCacheManager.swift:89:29: error: cannot infer contextual base in reference to member 'barrier'
 87 |     func removeValue(forKey key: KeyType) {
 88 |
 89 |         queue.async(flags: .barrier) { [self] in
    |                             `- error: cannot infer contextual base in reference to member 'barrier'
 90 |             cache.removeValue(forKey: key)
 91 |             costs.removeValue(forKey: key)
/host/spi-builder-workspace/.build/checkouts/WWCacheManager/Sources/WWCacheManager/WWCacheManager.swift:98:29: error: cannot infer contextual base in reference to member 'barrier'
 96 |     func removeAll() {
 97 |
 98 |         queue.async(flags: .barrier) { [self] in
    |                             `- error: cannot infer contextual base in reference to member 'barrier'
 99 |             cache.removeAll()
100 |             costs.removeAll()
/host/spi-builder-workspace/.build/checkouts/WWCacheManager/Sources/WWCacheManager/WWCacheManager.swift:108:29: error: cannot infer contextual base in reference to member 'barrier'
106 |     func setCountLimit(_ limit: Int) {
107 |
108 |         queue.async(flags: .barrier) { [self] in
    |                             `- error: cannot infer contextual base in reference to member 'barrier'
109 |             _countLimit = limit
110 |         }
/host/spi-builder-workspace/.build/checkouts/WWCacheManager/Sources/WWCacheManager/WWCacheManager.swift:117:29: error: cannot infer contextual base in reference to member 'barrier'
115 |     func setTotalCostLimit(_ limit: Int) {
116 |
117 |         queue.async(flags: .barrier) { [self] in
    |                             `- error: cannot infer contextual base in reference to member 'barrier'
118 |             _totalCostLimit = limit
119 |         }
error: emit-module command failed with exit code 1 (use -v to see invocation)
[6/29] Emitting module WWCacheManager
/host/spi-builder-workspace/.build/checkouts/WWCacheManager/Sources/WWCacheManager/WWCacheManager.swift:21:25: error: cannot find 'DispatchQueue' in scope
 19 |     /// - sync: 讀取可並行(多 reader)
 20 |     /// - barrier: 寫入互斥(單 writer)
 21 |     private let queue = DispatchQueue(label: "com.wwcache.async", attributes: .concurrent)
    |                         `- error: cannot find 'DispatchQueue' in scope
 22 |
 23 |     private var cache: [KeyType: ObjectType] = [:]      // 快取資料:Key -> Value
/host/spi-builder-workspace/.build/checkouts/WWCacheManager/Sources/WWCacheManager/WWCacheManager.swift:21:80: error: cannot infer contextual base in reference to member 'concurrent'
 19 |     /// - sync: 讀取可並行(多 reader)
 20 |     /// - barrier: 寫入互斥(單 writer)
 21 |     private let queue = DispatchQueue(label: "com.wwcache.async", attributes: .concurrent)
    |                                                                                `- error: cannot infer contextual base in reference to member 'concurrent'
 22 |
 23 |     private var cache: [KeyType: ObjectType] = [:]      // 快取資料:Key -> Value
[7/29] Compiling WWNetworking Extension.swift
/host/spi-builder-workspace/.build/checkouts/WWNetworking/Sources/WWNetworking/Utility/Constant.swift:8:8: error: no such module 'UIKit'
  6 | //
  7 |
  8 | import UIKit
    |        `- error: no such module 'UIKit'
  9 |
 10 | // MARK: - typealias
[8/29] Emitting module WWOrderedSet
[9/29] Compiling WWOrderedSet WWOrderedSet.swift
[10/30] Compiling WWSQLite3Manager resource_bundle_accessor.swift
/host/spi-builder-workspace/.build/checkouts/WWSQLite3Manager/Sources/WWSQLite3Manager/Condition/SQLite3Condition.swift:9:8: error: no such module 'UIKit'
  7 | //  http://tw.gitbook.net/sqlite/sqlite_where_clause.html
  8 |
  9 | import UIKit
    |        `- error: no such module 'UIKit'
 10 |
 11 | // MARK: - Where主設定
[11/30] Compiling WWCacheManager resource_bundle_accessor.swift
[12/30] Compiling WWNetworking resource_bundle_accessor.swift
/host/spi-builder-workspace/.build/checkouts/WWNetworking/Sources/WWNetworking/Utility/Constant.swift:8:8: error: no such module 'UIKit'
  6 | //
  7 |
  8 | import UIKit
    |        `- error: no such module 'UIKit'
  9 |
 10 | // MARK: - typealias
[13/30] Compiling WWNetworking Model.swift
/host/spi-builder-workspace/.build/checkouts/WWNetworking/Sources/WWNetworking/Utility/Constant.swift:8:8: error: no such module 'UIKit'
  6 | //
  7 |
  8 | import UIKit
    |        `- error: no such module 'UIKit'
  9 |
 10 | // MARK: - typealias
error: emit-module command failed with exit code 1 (use -v to see invocation)
[14/30] Emitting module WWSQLite3Manager
/host/spi-builder-workspace/.build/checkouts/WWSQLite3Manager/Sources/WWSQLite3Manager/Condition/SQLite3Condition.swift:9:8: error: no such module 'UIKit'
  7 | //  http://tw.gitbook.net/sqlite/sqlite_where_clause.html
  8 |
  9 | import UIKit
    |        `- error: no such module 'UIKit'
 10 |
 11 | // MARK: - Where主設定
/host/spi-builder-workspace/.build/checkouts/WWSQLite3Manager/Sources/WWSQLite3Manager/Condition/SQLite3Condition.swift:9:8: error: no such module 'UIKit'
  7 | //  http://tw.gitbook.net/sqlite/sqlite_where_clause.html
  8 |
  9 | import UIKit
    |        `- error: no such module 'UIKit'
 10 |
 11 | // MARK: - Where主設定
BUILD FAILURE 6.1 wasm